INSERT INTO connectathon (keyword, name, year, location, region) VALUES ('EU18', 'Europe 2018', 2018, 'Den Haag', 2);

--INSERT INTO company (keyword,name,url,integration_statement_url) VALUES ('IHE USA', 'IHE USA', 'http://www.iheusa.org', '');
--INSERT INTO company (keyword,name,url,integration_statement_url) VALUES ('EKSTREM', 'Ekstrem Bir Bilgisayar', 'http://www.extremepacs.com', '');
--INSERT INTO company (keyword,name,url,integration_statement_url) VALUES ('UPTIME', 'Uptime Services AG', 'http://www.arts-universalarchiv.ch', '');
--INSERT INTO company (keyword,name,url,integration_statement_url) VALUES ('DEDALUS', 'Dedalus SpA', 'http://www.dedalus.eu', 'http://www.dedalus.eu/ihe-is.cfm');
--INSERT INTO company (keyword,name,url,integration_statement_url) VALUES ('Guerbet', 'Medex By Guerbet', 'http://www.medexbyguerbet.com', '');
INSERT INTO company (keyword,name,url,integration_statement_url) VALUES ('ALCON', 'Alcon Laboratories Ltd', 'http://www.alcon.com', '');
--INSERT INTO company (keyword,name,url,integration_statement_url) VALUES ('TELEMIS', 'Telemis SA', 'http://www.telemis.com/', 'http://www.telemis.com/ihe');
INSERT INTO company (keyword,name,url,integration_statement_url) VALUES ('FIDUS', 'FIDUS - Arztservice Wente GmbH', 'http://www.fidus.de', '');
--INSERT INTO company (keyword,name,url,integration_statement_url) VALUES ('ENG', 'Engineering Ingegneria Informatica', 'http://www.eng.it', 'http://www.eng.it/dotAsset/422b5ad4-f803-48f6-b501-666091e64c1a.pdf');
INSERT INTO company (keyword,name,url,integration_statement_url) VALUES ('SA', 'SA Documents S.r.l.', 'http://www.sadocuments.it', '');
--INSERT INTO company (keyword,name,url,integration_statement_url) VALUES ('Medasys', 'Medasys', 'http://www.medasys.com', 'http://www.medasys.com/ihe/index.html');
--INSERT INTO company (keyword,name,url,integration_statement_url) VALUES ('BAYER', 'Bayer Healthcare', 'https://radiology.bayer.com/home', 'https://radiology.bayer.com/products/informatics/radimetrics-enterprise-platform/conformance-statements');
--INSERT INTO company (keyword,name,url,integration_statement_url) VALUES ('SYSTELAB', 'Systelab Technologies S.A.', 'http://www.systelabsw.com', '');
--INSERT INTO company (keyword,name,url,integration_statement_url) VALUES ('RZV', 'RZV Rechenzentrum Volmarstein GmbH', 'http://www.rzv.de', '');
INSERT INTO company (keyword,name,url,integration_statement_url) VALUES ('BD', 'Becton Dickinson (BD)', 'http://www.bd.com', '');
INSERT INTO company (keyword,name,url,integration_statement_url) VALUES ('MedEye', 'MedEye', 'http://medeye.io', 'null');
INSERT INTO company (keyword,name,url,integration_statement_url) VALUES ('GESI SL', 'GESI SL', 'http://www.gesi.es', '');
INSERT INTO company (keyword,name,url,integration_statement_url) VALUES ('Bit4ID', 'Bit4ID s.r.l.', 'https://www.bit4id.com', 'https://www.bit4id.com/en/integrating-healthcare-enterprise');
--INSERT INTO company (keyword,name,url,integration_statement_url) VALUES ('VITAL', 'Vital Images', 'http://www.vitalimages.com', 'http://www.vitalimages.com/our-company/compliance-documents');
--INSERT INTO company (keyword,name,url,integration_statement_url) VALUES ('OPEN', 'MS SYSTEM', 'http://www.mssystem.com', 'null');
--INSERT INTO company (keyword,name,url,integration_statement_url) VALUES ('INES', 'Ines GmBH', 'http://ines.ch', 'null');
--INSERT INTO company (keyword,name,url,integration_statement_url) VALUES ('xtention-soffico', 'xtention-soffico', 'http://www.x-tention.at', 'https://www.x-tention.at/orchestra/');
--INSERT INTO company (keyword,name,url,integration_statement_url) VALUES ('GPI', 'GPI SPA', 'http://www.gpi.it', 'http://www.gpi.it/ihe');
--INSERT INTO company (keyword,name,url,integration_statement_url) VALUES ('CA', 'Comarch Healthcare SA', 'http://www.comarch.com', '');
--INSERT INTO company (keyword,name,url,integration_statement_url) VALUES ('CZM', 'Carl Zeiss Meditec', 'http://www.zeiss.com/meditec/en_de/home.html', 'https://www.zeiss.com/ihe');
--INSERT INTO company (keyword,name,url,integration_statement_url) VALUES ('FORCARE', 'Forcare BV', 'http://www.forcare.com', 'http://www.forcare.com/integration-statements');
--INSERT INTO company (keyword,name,url,integration_statement_url) VALUES ('HYLAND', 'Hyland Software', 'https://www.onbase.com/', '');
INSERT INTO company (keyword,name,url,integration_statement_url) VALUES ('OSVB', 'OPTIMAL SYSTEMS Vertriebsgesellschaft mbH Berlin', 'http://www.optimal-systems.de', '');
INSERT INTO company (keyword,name,url,integration_statement_url) VALUES ('Samsung', 'Samsung Electronics Co.,Ltd.', 'http://www.samsung.com/global/business/healthcare/', '');
--INSERT INTO company (keyword,name,url,integration_statement_url) VALUES ('MEDISYS', 'Medical Systems Co. Ltd', 'http://medisys.com.sa', 'http://www.medisys.com.sa/ihe');
INSERT INTO company (keyword,name,url,integration_statement_url) VALUES ('ZEN', 'Zen Health Care IT', 'http://www.consultzen.com', 'null');
--INSERT INTO company (keyword,name,url,integration_statement_url) VALUES ('SUPERSONIC', 'SuperSonic Imagine', 'http://www.supersonicimagine.com/', 'http://www.supersonicimagine.com/ihe');
--INSERT INTO company (keyword,name,url,integration_statement_url) VALUES ('OCULUS', 'OCULUS Optikgeräte GmbH', 'http://www.oculus.de', '');
--INSERT INTO company (keyword,name,url,integration_statement_url) VALUES ('BINT', 'BINT GmbH', 'http://www.bint.ch', '');
--INSERT INTO company (keyword,name,url,integration_statement_url) VALUES ('VARIAN', 'Varian Medical Systems', 'http://www.varian.com', '');
--INSERT INTO company (keyword,name,url,integration_statement_url) VALUES ('AID', 'Aidence B.V.', 'http://aidence.com', 'http://aidence.com/ihe');
--INSERT INTO company (keyword,name,url,integration_statement_url) VALUES ('MEDIWARE', 'MEDIWARE', 'http://www.mediware.fr', 'http://www.mediware.fr/blog/?p=2159');
--INSERT INTO company (keyword,name,url,integration_statement_url) VALUES ('DataMed', 'DataMed Ltd.', 'http://www.datamed.com.tr/', 'http://www.datamed.com.tr/ihe');
--INSERT INTO company (keyword,name,url,integration_statement_url) VALUES ('Parsek', 'Parsek, d.o.o.', 'http://www.parsek.net', 'http://parsek.com/enterprise-solutions/industries/parsek-healthcare-division/integration-statement');
--INSERT INTO company (keyword,name,url,integration_statement_url) VALUES ('ATHON', 'A-thon srl', 'http://www.a-thon.it', '');
--INSERT INTO company (keyword,name,url,integration_statement_url) VALUES ('INTERSYSTEMS', 'InterSystems Corporation', 'http://www.intersystems.com', 'http://www.intersystems.com/healthshare/ihe/index.html');
--INSERT INTO company (keyword,name,url,integration_statement_url) VALUES ('GE', 'GE Medical Systems - SCS', 'http://http://www.gehealthcare.com/usen/interoperability/index.html', '');
INSERT INTO company (keyword,name,url,integration_statement_url) VALUES ('DEEPLINK SERVIER', 'DEEPLINK MEDICAL / SERVIER', 'http://www.deeplink-medical.com/', '');
--INSERT INTO company (keyword,name,url,integration_statement_url) VALUES ('CSAM Health', 'CSAM Health', 'http://www.csamhealth.com', '');
--INSERT INTO company (keyword,name,url,integration_statement_url) VALUES ('mediDOK', 'mediDOK Software Entwicklungsgesellschaft mbH', 'http://medidok.de', '');
--INSERT INTO company (keyword,name,url,integration_statement_url) VALUES ('Reply', 'SANTER Reply Spa', 'http://www.reply.it', '');
--INSERT INTO company (keyword,name,url,integration_statement_url) VALUES ('J4C', 'J4Care GmbH', 'http://www.j4care.com', '');
--INSERT INTO company (keyword,name,url,integration_statement_url) VALUES ('OHIE', 'OpenHIE', 'https://ohie.org/', 'https://wiki.ohie.org/display/documents/OpenHIE+IHE+Integration+Statements');
--INSERT INTO company (keyword,name,url,integration_statement_url) VALUES ('ezCaretech', 'ezCaretech', 'http://www.ezcaretech.com', '');
INSERT INTO company (keyword,name,url,integration_statement_url) VALUES ('IMSGIOTTO', 'IMS GIOTTO S.p.A.', 'http://www.imsgiotto.com', 'http://www.imsgiotto.com/IHE');
INSERT INTO company (keyword,name,url,integration_statement_url) VALUES ('NETCARE', 'NETCARE Sağlık Bilişim Tic. Ltd. Şti.', 'http://www.netcare.com.tr', '');
INSERT INTO company (keyword,name,url,integration_statement_url) VALUES ('OpenApp', 'Open Applications Consulting limited', 'http://www.openapp.ie', '');
--INSERT INTO company (keyword,name,url,integration_statement_url) VALUES ('MEDAVIS', 'medavis GmbH', 'http://www.medavis.com', 'http://www.medavis.com/en/downloads.html#interfaces');
--INSERT INTO company (keyword,name,url,integration_statement_url) VALUES ('NIST', 'NIST', 'http://ihexds.nist.gov', '');
--INSERT INTO company (keyword,name,url,integration_statement_url) VALUES ('SIEMENS', 'Siemens Healthcare GmbH', 'http://www.siemens.com', 'http://www.siemens.com/ihe');
INSERT INTO company (keyword,name,url,integration_statement_url) VALUES ('Asseco', 'Asseco Poland S.A.', 'http://asseco.pl', '');
--INSERT INTO company (keyword,name,url,integration_statement_url) VALUES ('Commvault', 'Commvault', 'http://www.commvault.com', 'https://www.commvault.com/resource-library/57eaaa83aed55008570001cc/commvault-clinical-archive-4-dot-0-integrating-the-healthcare-enterprise-ihe-integration-statement-1.pdf');
--INSERT INTO company (keyword,name,url,integration_statement_url) VALUES ('VANAD Enovation', 'VANAD Enovation', 'http://www.vanadenovation.nl', 'http://www.xdsconnect.nl/ihe');
--INSERT INTO company (keyword,name,url,integration_statement_url) VALUES ('InfoDif', 'InfoDif Yazılım ve Bilişim Teknolojileri San. ve Tic. A.Ş', 'http://www.infodif.com', '');
--INSERT INTO company (keyword,name,url,integration_statement_url) VALUES ('GMED', 'Gmed Srl', 'http://www.gmed.it', 'http://www2.gmed.it/gmed/certificazioni/');
--INSERT INTO company (keyword,name,url,integration_statement_url) VALUES ('AGFA', 'Agfa Healthcare', 'http://agfa.com/healthcare', 'http://agfa.com/healthcare/ihe');
--INSERT INTO company (keyword,name,url,integration_statement_url) VALUES ('ICOSERVE', 'ITH icoserve technology for healthcare GmbH ', 'http://www.ith-icoserve.com', 'http://ith-icoserve.com/IHE');
--INSERT INTO company (keyword,name,url,integration_statement_url) VALUES ('ICW', 'InterComponentWare AG', 'http://www.icw-global.com', 'https://icw-global.com/company/memberships/ihe/');
INSERT INTO company (keyword,name,url,integration_statement_url) VALUES ('optisolin', 'Optisolin consulting', 'http://optisolin.com', 'null');
--INSERT INTO company (keyword,name,url,integration_statement_url) VALUES ('VISUS', 'VISUS Health IT GmbH', 'http://www.visus.com', 'http://www.visus.com/download');
INSERT INTO company (keyword,name,url,integration_statement_url) VALUES ('IPL', 'Invetech', 'http://www.invetech.us/', '');
--INSERT INTO company (keyword,name,url,integration_statement_url) VALUES ('PHILIPS', 'Philips Medical Systems Nederland B.V.', 'http://www.healthcare.philips.com', '');
--INSERT INTO company (keyword,name,url,integration_statement_url) VALUES ('CGM Clinical', 'CGM Clinical Österreich', 'http://www.cgm.com/at/index.de.jsp', 'http://www.cgm.com/at/krankenhaus_klinik_1/kommunikationsloesungen_1/cgm_ihe_1/downloads_8/downloads_ihe.de.jsp');
--INSERT INTO company (keyword,name,url,integration_statement_url) VALUES ('ASHVINS', 'MedicalCommunications', 'http://www.ashvins.de', '');
--INSERT INTO company (keyword,name,url,integration_statement_url) VALUES ('ATS', 'Adaptive TechSoft', 'http://ats-ware.com', '');
--INSERT INTO company (keyword,name,url,integration_statement_url) VALUES ('SYNEDRA', 'synedra information technologies GmbH', 'https://www.synedra.com', 'https://www.synedra.com/standards/ihe/');
INSERT INTO company (keyword,name,url,integration_statement_url) VALUES ('YYT', 'YIYANG Technology Co. Ltd', 'http://www.boco.com.cn:8080/bocoit/index.asp', 'null');
--INSERT INTO company (keyword,name,url,integration_statement_url) VALUES ('EVOLUCARE', 'Evolucare Technologies', 'http://www.evolucare.com', '');
--INSERT INTO company (keyword,name,url,integration_statement_url) VALUES ('TIANI-SPIRIT', 'Tiani "Spirit" GmbH', 'http://www.tiani-spirit.com', 'http://www.tiani-spirit.com/documents/IS_Europe.pdf');
INSERT INTO company (keyword,name,url,integration_statement_url) VALUES ('Digital Health', 'm.Doc GmbH', 'http://www.mdoc.one', '');
--INSERT INTO company (keyword,name,url,integration_statement_url) VALUES ('Meddex', 'Meddex', 'http://www.meddex.nl', 'http://www.meddex.nl/uk/product_1');
--INSERT INTO company (keyword,name,url,integration_statement_url) VALUES ('DMI', 'DMI GmbH and Co. KG', 'http://www.dmi.de/', 'http://www.dmi.de/IHE');
--INSERT INTO company (keyword,name,url,integration_statement_url) VALUES ('Biyomod', 'Biyomod Biyomedikal Modül Çözümleri', 'http://www.biyomod.com.tr', 'null');
--INSERT INTO company (keyword,name,url,integration_statement_url) VALUES ('RVC', 'RVC', 'http://www.rvc.nl', '');
INSERT INTO company (keyword,name,url,integration_statement_url) VALUES ('TC SB - TR MoH', 'Türkiye Cumhuriyeti Sağlık Bakanlığı', 'http://www.saglik.gov.tr', '');
INSERT INTO company (keyword,name,url,integration_statement_url) VALUES ('MSTe', 'Medical Student Test', 'http://www.mste.es', 'null');
--INSERT INTO company (keyword,name,url,integration_statement_url) VALUES ('MDES', 'März DES GmbH', 'http://www.maerz-network.de/unternehmen-maerz/maerz-des-gmbh', '');
INSERT INTO company (keyword,name,url,integration_statement_url) VALUES ('Heyex', 'Heidelberg Engineering', 'http://www.heidelbergengineering.com', '');
--INSERT INTO company (keyword,name,url,integration_statement_url) VALUES ('IRM', 'IRM, Inc.', 'http://www.irm.kr', '');
--INSERT INTO company (keyword,name,url,integration_statement_url) VALUES ('ROG', 'Rogan-Delft', 'http://www.rogan-delft.com', 'http://rogan-delft.com/documents/ihe-documents.html');

--Company information
INSERT INTO company_actor_profiles (company ,integration_profile ,actor ,connectathon) VALUES ('AGFA', 'XD-LAB', 'CONTENT_CONSUMER', 'EU18');
INSERT INTO company_actor_profiles (company ,integration_profile ,actor ,connectathon) VALUES ('AGFA', 'XDS-MS', 'CONTENT_CONSUMER', 'EU18');
INSERT INTO company_actor_profiles (company ,integration_profile ,actor ,connectathon) VALUES ('AGFA', 'XDS-SD', 'CONTENT_CONSUMER', 'EU18');
INSERT INTO company_actor_profiles (company ,integration_profile ,actor ,connectathon) VALUES ('AGFA', 'XPHR', 'CONTENT_CONSUMER', 'EU18');
INSERT INTO company_actor_profiles (company ,integration_profile ,actor ,connectathon) VALUES ('AGFA', 'XDS-SD', 'CONTENT_CREATOR', 'EU18');
INSERT INTO company_actor_profiles (company ,integration_profile ,actor ,connectathon) VALUES ('AGFA', 'XDS.b', 'DOC_CONSUMER', 'EU18');
INSERT INTO company_actor_profiles (company ,integration_profile ,actor ,connectathon) VALUES ('AGFA', 'MHD', 'DOC_RECIPIENT', 'EU18');
INSERT INTO company_actor_profiles (company ,integration_profile ,actor ,connectathon) VALUES ('AGFA', 'XDS.b', 'DOC_REGISTRY', 'EU18');
INSERT INTO company_actor_profiles (company ,integration_profile ,actor ,connectathon) VALUES ('AGFA', 'XPID', 'DOC_REGISTRY', 'EU18');
INSERT INTO company_actor_profiles (company ,integration_profile ,actor ,connectathon) VALUES ('AGFA', 'XDS.b', 'DOC_REPOSITORY', 'EU18');
INSERT INTO company_actor_profiles (company ,integration_profile ,actor ,connectathon) VALUES ('AGFA', 'MHD', 'DOC_RESPONDER', 'EU18');
INSERT INTO company_actor_profiles (company ,integration_profile ,actor ,connectathon) VALUES ('AGFA', 'XDS.b', 'DOC_SOURCE', 'EU18');
INSERT INTO company_actor_profiles (company ,integration_profile ,actor ,connectathon) VALUES ('AGFA', 'CPI', 'EC', 'EU18');
INSERT INTO company_actor_profiles (company ,integration_profile ,actor ,connectathon) VALUES ('AGFA', 'XDS.b', 'EMBED_REPOS', 'EU18');
INSERT INTO company_actor_profiles (company ,integration_profile ,actor ,connectathon) VALUES ('AGFA', 'CPI', 'ID', 'EU18');
INSERT INTO company_actor_profiles (company ,integration_profile ,actor ,connectathon) VALUES ('AGFA', 'KIN', 'ID', 'EU18');
INSERT INTO company_actor_profiles (company ,integration_profile ,actor ,connectathon) VALUES ('AGFA', 'U-EYECARE', 'ID', 'EU18');
INSERT INTO company_actor_profiles (company ,integration_profile ,actor ,connectathon) VALUES ('AGFA', 'WIC', 'IMG_CAPTURER', 'EU18');
INSERT INTO company_actor_profiles (company ,integration_profile ,actor ,connectathon) VALUES ('AGFA', 'IID', 'IMG_DISPLAY_INVOKER', 'EU18');
INSERT INTO company_actor_profiles (company ,integration_profile ,actor ,connectathon) VALUES ('AGFA', 'XDS-I.b', 'IMG_DOC_CONSUMER', 'EU18');
INSERT INTO company_actor_profiles (company ,integration_profile ,actor ,connectathon) VALUES ('AGFA', 'XCA-I', 'IMG_DOC_SOURCE', 'EU18');
INSERT INTO company_actor_profiles (company ,integration_profile ,actor ,connectathon) VALUES ('AGFA', 'XDS-I.b', 'IMG_DOC_SOURCE', 'EU18');
INSERT INTO company_actor_profiles (company ,integration_profile ,actor ,connectathon) VALUES ('AGFA', 'XCA', 'INIT_GATEWAY', 'EU18');
INSERT INTO company_actor_profiles (company ,integration_profile ,actor ,connectathon) VALUES ('AGFA', 'XCA-I', 'INIT_IMG_GATEWAY', 'EU18');
INSERT INTO company_actor_profiles (company ,integration_profile ,actor ,connectathon) VALUES ('AGFA', 'PIX', 'PAT_IDENTITY_CONSUMER', 'EU18');
INSERT INTO company_actor_profiles (company ,integration_profile ,actor ,connectathon) VALUES ('AGFA', 'PIXV3', 'PAT_IDENTITY_CONSUMER', 'EU18');
INSERT INTO company_actor_profiles (company ,integration_profile ,actor ,connectathon) VALUES ('AGFA', 'PDQ', 'PDC', 'EU18');
INSERT INTO company_actor_profiles (company ,integration_profile ,actor ,connectathon) VALUES ('AGFA', 'PDQm', 'PDC', 'EU18');
INSERT INTO company_actor_profiles (company ,integration_profile ,actor ,connectathon) VALUES ('AGFA', 'PDQ', 'PDS', 'EU18');
INSERT INTO company_actor_profiles (company ,integration_profile ,actor ,connectathon) VALUES ('AGFA', 'XDM', 'PMC', 'EU18');
INSERT INTO company_actor_profiles (company ,integration_profile ,actor ,connectathon) VALUES ('AGFA', 'IUA', 'RESOURCE_SERVER', 'EU18');
INSERT INTO company_actor_profiles (company ,integration_profile ,actor ,connectathon) VALUES ('AGFA', 'XCA', 'RESP_GATEWAY', 'EU18');
INSERT INTO company_actor_profiles (company ,integration_profile ,actor ,connectathon) VALUES ('AGFA', 'XCA-I', 'RESP_IMG_GATEWAY', 'EU18');
INSERT INTO company_actor_profiles (company ,integration_profile ,actor ,connectathon) VALUES ('AGFA', 'ATNA', 'SA', 'EU18');
INSERT INTO company_actor_profiles (company ,integration_profile ,actor ,connectathon) VALUES ('AGFA', 'CT', 'TIME_CLIENT', 'EU18');
INSERT INTO company_actor_profiles (company ,integration_profile ,actor ,connectathon) VALUES ('AGFA', 'XUA', 'X-SERVICE-PROVIDER', 'EU18');
INSERT INTO company_actor_profiles (company ,integration_profile ,actor ,connectathon) VALUES ('AGFA', 'XUA', 'X-SERVICE-USER', 'EU18');

INSERT INTO company_actor_profiles (company ,integration_profile ,actor ,connectathon) VALUES ('UPTIME', 'XDS.b', 'DOC_ADMINISTRATOR', 'EU18');
INSERT INTO company_actor_profiles (company ,integration_profile ,actor ,connectathon) VALUES ('UPTIME', 'XDS.b', 'DOC_CONSUMER', 'EU18');
INSERT INTO company_actor_profiles (company ,integration_profile ,actor ,connectathon) VALUES ('UPTIME', 'XDR', 'DOC_RECIPIENT', 'EU18');
INSERT INTO company_actor_profiles (company ,integration_profile ,actor ,connectathon) VALUES ('UPTIME', 'XDS.b', 'DOC_REPOSITORY', 'EU18');
INSERT INTO company_actor_profiles (company ,integration_profile ,actor ,connectathon) VALUES ('UPTIME', 'XDS-I.b', 'DOC_REPOSITORY', 'EU18');
INSERT INTO company_actor_profiles (company ,integration_profile ,actor ,connectathon) VALUES ('UPTIME', 'XDR', 'DOC_SOURCE', 'EU18');
INSERT INTO company_actor_profiles (company ,integration_profile ,actor ,connectathon) VALUES ('UPTIME', 'XDS.b', 'EMBED_REPOS', 'EU18');
INSERT INTO company_actor_profiles (company ,integration_profile ,actor ,connectathon) VALUES ('UPTIME', 'PIXV3', 'PAT_IDENTITY_CONSUMER', 'EU18');
INSERT INTO company_actor_profiles (company ,integration_profile ,actor ,connectathon) VALUES ('UPTIME', 'PDQV3', 'PDC', 'EU18');
INSERT INTO company_actor_profiles (company ,integration_profile ,actor ,connectathon) VALUES ('UPTIME', 'ATNA', 'SN', 'EU18');
INSERT INTO company_actor_profiles (company ,integration_profile ,actor ,connectathon) VALUES ('UPTIME', 'CT', 'TIME_CLIENT', 'EU18');
INSERT INTO company_actor_profiles (company ,integration_profile ,actor ,connectathon) VALUES ('UPTIME', 'SVS', 'VALUE_SET_CONSUMER', 'EU18');




INSERT INTO company_actor_profiles (company ,integration_profile ,actor ,connectathon) VALUES ('ASHVINS', 'U-EYECARE', 'APPT_CONSUMER', 'EU18');
INSERT INTO company_actor_profiles (company ,integration_profile ,actor ,connectathon) VALUES ('ASHVINS', 'WIC', 'IMG_MANAGER', 'EU18');
INSERT INTO company_actor_profiles (company ,integration_profile ,actor ,connectathon) VALUES ('ASHVINS', 'U-EYECARE', 'IM_Model_I', 'EU18');
INSERT INTO company_actor_profiles (company ,integration_profile ,actor ,connectathon) VALUES ('ASHVINS', 'U-EYECARE', 'IM_Model_III', 'EU18');
INSERT INTO company_actor_profiles (company ,integration_profile ,actor ,connectathon) VALUES ('ASHVINS', 'U-EYECARE', 'OF_Model_I', 'EU18');
INSERT INTO company_actor_profiles (company ,integration_profile ,actor ,connectathon) VALUES ('ASHVINS', 'U-EYECARE', 'OF_Model_III', 'EU18');
INSERT INTO company_actor_profiles (company ,integration_profile ,actor ,connectathon) VALUES ('ASHVINS', 'U-EYECARE', 'PAT_REGISTRATION_CONS', 'EU18');
INSERT INTO company_actor_profiles (company ,integration_profile ,actor ,connectathon) VALUES ('ASHVINS', 'CT', 'TIME_CLIENT', 'EU18');


INSERT INTO company_actor_profiles (company ,integration_profile ,actor ,connectathon) VALUES ('Asseco', 'XDS.b', 'DOC_CONSUMER', 'EU18');
INSERT INTO company_actor_profiles (company ,integration_profile ,actor ,connectathon) VALUES ('Asseco', 'XDS.b', 'DOC_REGISTRY', 'EU18');
INSERT INTO company_actor_profiles (company ,integration_profile ,actor ,connectathon) VALUES ('Asseco', 'XDS.b', 'DOC_SOURCE', 'EU18');
INSERT INTO company_actor_profiles (company ,integration_profile ,actor ,connectathon) VALUES ('Asseco', 'PIXV3', 'PAT_IDENTITY_CONSUMER', 'EU18');
INSERT INTO company_actor_profiles (company ,integration_profile ,actor ,connectathon) VALUES ('Asseco', 'PIXV3', 'PAT_IDENTITY_SRC', 'EU18');
INSERT INTO company_actor_profiles (company ,integration_profile ,actor ,connectathon) VALUES ('Asseco', 'XDS.b', 'PAT_IDENTITY_SRC', 'EU18');
INSERT INTO company_actor_profiles (company ,integration_profile ,actor ,connectathon) VALUES ('Asseco', 'PIXV3', 'PAT_IDENTITY_X_REF_MGR', 'EU18');
INSERT INTO company_actor_profiles (company ,integration_profile ,actor ,connectathon) VALUES ('Asseco', 'PDQV3', 'PDC', 'EU18');
INSERT INTO company_actor_profiles (company ,integration_profile ,actor ,connectathon) VALUES ('Asseco', 'PDQV3', 'PDS', 'EU18');
INSERT INTO company_actor_profiles (company ,integration_profile ,actor ,connectathon) VALUES ('Asseco', 'ATNA', 'SA', 'EU18');
INSERT INTO company_actor_profiles (company ,integration_profile ,actor ,connectathon) VALUES ('Asseco', 'ATNA', 'SN', 'EU18');
INSERT INTO company_actor_profiles (company ,integration_profile ,actor ,connectathon) VALUES ('Asseco', 'CT', 'TIME_CLIENT', 'EU18');

INSERT INTO company_actor_profiles (company ,integration_profile ,actor ,connectathon) VALUES ('ATHON', 'ATNA', 'AUDIT_CONSUMER', 'EU18');
INSERT INTO company_actor_profiles (company ,integration_profile ,actor ,connectathon) VALUES ('ATHON', 'MHD', 'DOC_CONSUMER', 'EU18');
INSERT INTO company_actor_profiles (company ,integration_profile ,actor ,connectathon) VALUES ('ATHON', 'XDS.b', 'DOC_CONSUMER', 'EU18');
INSERT INTO company_actor_profiles (company ,integration_profile ,actor ,connectathon) VALUES ('ATHON', 'MHD', 'DOC_RECIPIENT', 'EU18');
INSERT INTO company_actor_profiles (company ,integration_profile ,actor ,connectathon) VALUES ('ATHON', 'XDS.b', 'DOC_REGISTRY', 'EU18');
INSERT INTO company_actor_profiles (company ,integration_profile ,actor ,connectathon) VALUES ('ATHON', 'XDS.b', 'DOC_REPOSITORY', 'EU18');
INSERT INTO company_actor_profiles (company ,integration_profile ,actor ,connectathon) VALUES ('ATHON', 'MHD', 'DOC_SOURCE', 'EU18');
INSERT INTO company_actor_profiles (company ,integration_profile ,actor ,connectathon) VALUES ('ATHON', 'XDS.b', 'DOC_SOURCE', 'EU18');
INSERT INTO company_actor_profiles (company ,integration_profile ,actor ,connectathon) VALUES ('ATHON', 'PDQm', 'PDC', 'EU18');
INSERT INTO company_actor_profiles (company ,integration_profile ,actor ,connectathon) VALUES ('ATHON', 'ATNA', 'SA', 'EU18');
INSERT INTO company_actor_profiles (company ,integration_profile ,actor ,connectathon) VALUES ('ATHON', 'CT', 'TIME_CLIENT', 'EU18');

INSERT INTO company_actor_profiles (company ,integration_profile ,actor ,connectathon) VALUES ('ATS', 'ATNA', 'ARR', 'EU18');
INSERT INTO company_actor_profiles (company ,integration_profile ,actor ,connectathon) VALUES ('ATS', 'IC', 'CONTENT_CONSUMER', 'EU18');
INSERT INTO company_actor_profiles (company ,integration_profile ,actor ,connectathon) VALUES ('ATS', 'IC', 'CONTENT_CREATOR', 'EU18');
INSERT INTO company_actor_profiles (company ,integration_profile ,actor ,connectathon) VALUES ('ATS', 'XPHR', 'CONTENT_CREATOR', 'EU18');
INSERT INTO company_actor_profiles (company ,integration_profile ,actor ,connectathon) VALUES ('ATS', 'XDS.b', 'DOC_CONSUMER', 'EU18');
INSERT INTO company_actor_profiles (company ,integration_profile ,actor ,connectathon) VALUES ('ATS', 'XDS.b', 'DOC_SOURCE', 'EU18');
INSERT INTO company_actor_profiles (company ,integration_profile ,actor ,connectathon) VALUES ('ATS', 'ATNA', 'SA', 'EU18');
INSERT INTO company_actor_profiles (company ,integration_profile ,actor ,connectathon) VALUES ('ATS', 'CT', 'TIME_CLIENT', 'EU18');

INSERT INTO company_actor_profiles (company ,integration_profile ,actor ,connectathon) VALUES ('BAYER', 'REM', 'DOSE_INFO_CONSUMER', 'EU18');
INSERT INTO company_actor_profiles (company ,integration_profile ,actor ,connectathon) VALUES ('BAYER', 'REM', 'DOSE_INFO_REPORTER', 'EU18');
INSERT INTO company_actor_profiles (company ,integration_profile ,actor ,connectathon) VALUES ('BAYER', 'REM', 'DOSE_REGISTER', 'EU18');
INSERT INTO company_actor_profiles (company ,integration_profile ,actor ,connectathon) VALUES ('BAYER', 'CT', 'TIME_CLIENT', 'EU18');
INSERT INTO company_actor_profiles (company ,integration_profile ,actor ,connectathon) VALUES ('BD', 'DEC', 'DEV_OBS_REPORTER', 'EU18');
INSERT INTO company_actor_profiles (company ,integration_profile ,actor ,connectathon) VALUES ('BD', 'IPEC', 'DEV_OBS_REPORTER', 'EU18');
INSERT INTO company_actor_profiles (company ,integration_profile ,actor ,connectathon) VALUES ('BD', 'CT', 'TIME_CLIENT', 'EU18');

INSERT INTO company_actor_profiles (company ,integration_profile ,actor ,connectathon) VALUES ('Bit4ID', 'ATNA', 'ARR', 'EU18');
INSERT INTO company_actor_profiles (company ,integration_profile ,actor ,connectathon) VALUES ('Bit4ID', 'CT', 'TIME_CLIENT', 'EU18');

INSERT INTO company_actor_profiles (company ,integration_profile ,actor ,connectathon) VALUES ('CA', 'XDS-SD', 'CONTENT_CREATOR', 'EU18');
INSERT INTO company_actor_profiles (company ,integration_profile ,actor ,connectathon) VALUES ('CA', 'XDS.b', 'DOC_SOURCE', 'EU18');
INSERT INTO company_actor_profiles (company ,integration_profile ,actor ,connectathon) VALUES ('CA', 'XCA', 'INIT_GATEWAY', 'EU18');
INSERT INTO company_actor_profiles (company ,integration_profile ,actor ,connectathon) VALUES ('CA', 'XCPD', 'INIT_GATEWAY', 'EU18');
INSERT INTO company_actor_profiles (company ,integration_profile ,actor ,connectathon) VALUES ('CA', 'PIXV3', 'PAT_IDENTITY_CONSUMER', 'EU18');
INSERT INTO company_actor_profiles (company ,integration_profile ,actor ,connectathon) VALUES ('CA', 'PIX', 'PAT_IDENTITY_SRC', 'EU18');
INSERT INTO company_actor_profiles (company ,integration_profile ,actor ,connectathon) VALUES ('CA', 'XDS.b', 'PAT_IDENTITY_SRC', 'EU18');
INSERT INTO company_actor_profiles (company ,integration_profile ,actor ,connectathon) VALUES ('CA', 'PDQm', 'PDC', 'EU18');
INSERT INTO company_actor_profiles (company ,integration_profile ,actor ,connectathon) VALUES ('CA', 'PDQm', 'PDS', 'EU18');
INSERT INTO company_actor_profiles (company ,integration_profile ,actor ,connectathon) VALUES ('CA', 'HPD', 'PROV_INFO_DIR', 'EU18');
INSERT INTO company_actor_profiles (company ,integration_profile ,actor ,connectathon) VALUES ('CA', 'XCA', 'RESP_GATEWAY', 'EU18');
INSERT INTO company_actor_profiles (company ,integration_profile ,actor ,connectathon) VALUES ('CA', 'XCPD', 'RESP_GATEWAY', 'EU18');
INSERT INTO company_actor_profiles (company ,integration_profile ,actor ,connectathon) VALUES ('CA', 'ATNA', 'SA', 'EU18');
INSERT INTO company_actor_profiles (company ,integration_profile ,actor ,connectathon) VALUES ('CA', 'ATNA', 'SN', 'EU18');
INSERT INTO company_actor_profiles (company ,integration_profile ,actor ,connectathon) VALUES ('CA', 'CT', 'TIME_CLIENT', 'EU18');


INSERT INTO company_actor_profiles (company ,integration_profile ,actor ,connectathon) VALUES ('CGM Clinical', 'DIS', 'CONTENT_CONSUMER', 'EU18');
INSERT INTO company_actor_profiles (company ,integration_profile ,actor ,connectathon) VALUES ('CGM Clinical', 'PADV', 'CONTENT_CONSUMER', 'EU18');
INSERT INTO company_actor_profiles (company ,integration_profile ,actor ,connectathon) VALUES ('CGM Clinical', 'PRE', 'CONTENT_CONSUMER', 'EU18');
INSERT INTO company_actor_profiles (company ,integration_profile ,actor ,connectathon) VALUES ('CGM Clinical', 'XDS-SD', 'CONTENT_CONSUMER', 'EU18');
INSERT INTO company_actor_profiles (company ,integration_profile ,actor ,connectathon) VALUES ('CGM Clinical', 'DSUB', 'DM_NOTIF_RECIPIENT', 'EU18');
INSERT INTO company_actor_profiles (company ,integration_profile ,actor ,connectathon) VALUES ('CGM Clinical', 'DSUB', 'DM_SUBSCRIBER', 'EU18');
INSERT INTO company_actor_profiles (company ,integration_profile ,actor ,connectathon) VALUES ('CGM Clinical', 'XDS.b', 'DOC_ADMINISTRATOR', 'EU18');
INSERT INTO company_actor_profiles (company ,integration_profile ,actor ,connectathon) VALUES ('CGM Clinical', 'XDS.b', 'DOC_CONSUMER', 'EU18');
INSERT INTO company_actor_profiles (company ,integration_profile ,actor ,connectathon) VALUES ('CGM Clinical', 'XDS-I.b', 'DOC_CONSUMER', 'EU18');
INSERT INTO company_actor_profiles (company ,integration_profile ,actor ,connectathon) VALUES ('CGM Clinical', 'XDR', 'DOC_SOURCE', 'EU18');
INSERT INTO company_actor_profiles (company ,integration_profile ,actor ,connectathon) VALUES ('CGM Clinical', 'XDS.b', 'DOC_SOURCE', 'EU18');
INSERT INTO company_actor_profiles (company ,integration_profile ,actor ,connectathon) VALUES ('CGM Clinical', 'eCR', 'eCR Client', 'EU18');
INSERT INTO company_actor_profiles (company ,integration_profile ,actor ,connectathon) VALUES ('CGM Clinical', 'XDS-I.b', 'IMG_DOC_CONSUMER', 'EU18');
INSERT INTO company_actor_profiles (company ,integration_profile ,actor ,connectathon) VALUES ('CGM Clinical', 'XDR', 'METADATA_LTD_DOC_SOURCE', 'EU18');
INSERT INTO company_actor_profiles (company ,integration_profile ,actor ,connectathon) VALUES ('CGM Clinical', 'PIX', 'PAT_IDENTITY_CONSUMER', 'EU18');
INSERT INTO company_actor_profiles (company ,integration_profile ,actor ,connectathon) VALUES ('CGM Clinical', 'PIXV3', 'PAT_IDENTITY_CONSUMER', 'EU18');
INSERT INTO company_actor_profiles (company ,integration_profile ,actor ,connectathon) VALUES ('CGM Clinical', 'PIX', 'PAT_IDENTITY_SRC', 'EU18');
INSERT INTO company_actor_profiles (company ,integration_profile ,actor ,connectathon) VALUES ('CGM Clinical', 'PIXV3', 'PAT_IDENTITY_SRC', 'EU18');
INSERT INTO company_actor_profiles (company ,integration_profile ,actor ,connectathon) VALUES ('CGM Clinical', 'PDQ', 'PDC', 'EU18');
INSERT INTO company_actor_profiles (company ,integration_profile ,actor ,connectathon) VALUES ('CGM Clinical', 'PDQV3', 'PDC', 'EU18');
INSERT INTO company_actor_profiles (company ,integration_profile ,actor ,connectathon) VALUES ('CGM Clinical', 'ATNA', 'SA', 'EU18');
INSERT INTO company_actor_profiles (company ,integration_profile ,actor ,connectathon) VALUES ('CGM Clinical', 'CT', 'TIME_CLIENT', 'EU18');
INSERT INTO company_actor_profiles (company ,integration_profile ,actor ,connectathon) VALUES ('CGM Clinical', 'XUA', 'X-SERVICE-USER', 'EU18');

INSERT INTO company_actor_profiles (company ,integration_profile ,actor ,connectathon) VALUES ('Commvault', 'XDS.b', 'DOC_REGISTRY', 'EU18');
INSERT INTO company_actor_profiles (company ,integration_profile ,actor ,connectathon) VALUES ('Commvault', 'XDS-I.b', 'DOC_REGISTRY', 'EU18');
INSERT INTO company_actor_profiles (company ,integration_profile ,actor ,connectathon) VALUES ('Commvault', 'XDS.b', 'DOC_REPOSITORY', 'EU18');
INSERT INTO company_actor_profiles (company ,integration_profile ,actor ,connectathon) VALUES ('Commvault', 'XDS-I.b', 'DOC_REPOSITORY', 'EU18');
INSERT INTO company_actor_profiles (company ,integration_profile ,actor ,connectathon) VALUES ('Commvault', 'ARI', 'IM', 'EU18');
INSERT INTO company_actor_profiles (company ,integration_profile ,actor ,connectathon) VALUES ('Commvault', 'DBT', 'IM', 'EU18');
INSERT INTO company_actor_profiles (company ,integration_profile ,actor ,connectathon) VALUES ('Commvault', 'ED', 'IM', 'EU18');
INSERT INTO company_actor_profiles (company ,integration_profile ,actor ,connectathon) VALUES ('Commvault', 'KIN', 'IM', 'EU18');
INSERT INTO company_actor_profiles (company ,integration_profile ,actor ,connectathon) VALUES ('Commvault', 'MAMMO', 'IM', 'EU18');
INSERT INTO company_actor_profiles (company ,integration_profile ,actor ,connectathon) VALUES ('Commvault', 'NMI', 'IM', 'EU18');
INSERT INTO company_actor_profiles (company ,integration_profile ,actor ,connectathon) VALUES ('Commvault', 'REM', 'IM', 'EU18');
INSERT INTO company_actor_profiles (company ,integration_profile ,actor ,connectathon) VALUES ('Commvault', 'ATNA', 'SA', 'EU18');
INSERT INTO company_actor_profiles (company ,integration_profile ,actor ,connectathon) VALUES ('Commvault', 'CT', 'TIME_CLIENT', 'EU18');
INSERT INTO company_actor_profiles (company ,integration_profile ,actor ,connectathon) VALUES ('Commvault', 'ARI', 'XRA', 'EU18');

INSERT INTO company_actor_profiles (company ,integration_profile ,actor ,connectathon) VALUES ('CSAM Health', 'XDS.b', 'DOC_CONSUMER', 'EU18');
INSERT INTO company_actor_profiles (company ,integration_profile ,actor ,connectathon) VALUES ('CSAM Health', 'XDS.b', 'DOC_REGISTRY', 'EU18');
INSERT INTO company_actor_profiles (company ,integration_profile ,actor ,connectathon) VALUES ('CSAM Health', 'XDS.b', 'DOC_REPOSITORY', 'EU18');
INSERT INTO company_actor_profiles (company ,integration_profile ,actor ,connectathon) VALUES ('CSAM Health', 'XDS.b', 'DOC_SOURCE', 'EU18');
INSERT INTO company_actor_profiles (company ,integration_profile ,actor ,connectathon) VALUES ('CSAM Health', 'XCA', 'INIT_GATEWAY', 'EU18');
INSERT INTO company_actor_profiles (company ,integration_profile ,actor ,connectathon) VALUES ('CSAM Health', 'XCA', 'RESP_GATEWAY', 'EU18');
INSERT INTO company_actor_profiles (company ,integration_profile ,actor ,connectathon) VALUES ('CSAM Health', 'ATNA', 'SN', 'EU18');
INSERT INTO company_actor_profiles (company ,integration_profile ,actor ,connectathon) VALUES ('CSAM Health', 'CT', 'TIME_CLIENT', 'EU18');

INSERT INTO company_actor_profiles (company ,integration_profile ,actor ,connectathon) VALUES ('CZM', 'U-EYECARE', 'IM_Model_I', 'EU18');
INSERT INTO company_actor_profiles (company ,integration_profile ,actor ,connectathon) VALUES ('CZM', 'U-EYECARE', 'IM_Model_III', 'EU18');
INSERT INTO company_actor_profiles (company ,integration_profile ,actor ,connectathon) VALUES ('CZM', 'U-EYECARE', 'MOD', 'EU18');
INSERT INTO company_actor_profiles (company ,integration_profile ,actor ,connectathon) VALUES ('CZM', 'U-EYECARE', 'MOD_Model_II', 'EU18');

INSERT INTO company_actor_profiles (company ,integration_profile ,actor ,connectathon) VALUES ('DEEPLINK SERVIER', 'PAM', 'PDC', 'EU18');


INSERT INTO company_actor_profiles (company ,integration_profile ,actor ,connectathon) VALUES ('DMI', 'XDS-SD', 'CONTENT_CREATOR', 'EU18');
INSERT INTO company_actor_profiles (company ,integration_profile ,actor ,connectathon) VALUES ('DMI', 'PIX', 'PAT_IDENTITY_CONSUMER', 'EU18');
INSERT INTO company_actor_profiles (company ,integration_profile ,actor ,connectathon) VALUES ('DMI', 'PDQ', 'PDC', 'EU18');
INSERT INTO company_actor_profiles (company ,integration_profile ,actor ,connectathon) VALUES ('DMI', 'ATNA', 'SA', 'EU18');
INSERT INTO company_actor_profiles (company ,integration_profile ,actor ,connectathon) VALUES ('DMI', 'CT', 'TIME_CLIENT', 'EU18');

INSERT INTO company_actor_profiles (company ,integration_profile ,actor ,connectathon) VALUES ('EKSTREM', 'ARI', 'ID', 'EU18');
INSERT INTO company_actor_profiles (company ,integration_profile ,actor ,connectathon) VALUES ('EKSTREM', 'SWF.b', 'ID', 'EU18');
INSERT INTO company_actor_profiles (company ,integration_profile ,actor ,connectathon) VALUES ('EKSTREM', 'ARI', 'IM', 'EU18');
INSERT INTO company_actor_profiles (company ,integration_profile ,actor ,connectathon) VALUES ('EKSTREM', 'IRWF.b', 'IM', 'EU18');
INSERT INTO company_actor_profiles (company ,integration_profile ,actor ,connectathon) VALUES ('EKSTREM', 'NMI', 'IM', 'EU18');
INSERT INTO company_actor_profiles (company ,integration_profile ,actor ,connectathon) VALUES ('EKSTREM', 'SWF.b', 'IM', 'EU18');
INSERT INTO company_actor_profiles (company ,integration_profile ,actor ,connectathon) VALUES ('EKSTREM', 'XDS-I.b', 'IMG_DOC_SOURCE', 'EU18');
INSERT INTO company_actor_profiles (company ,integration_profile ,actor ,connectathon) VALUES ('EKSTREM', 'CATH', 'PPSM', 'EU18');
INSERT INTO company_actor_profiles (company ,integration_profile ,actor ,connectathon) VALUES ('EKSTREM', 'SWF.b', 'PPSM', 'EU18');
INSERT INTO company_actor_profiles (company ,integration_profile ,actor ,connectathon) VALUES ('EKSTREM', 'ATNA', 'SA', 'EU18');
INSERT INTO company_actor_profiles (company ,integration_profile ,actor ,connectathon) VALUES ('EKSTREM', 'ATNA', 'SN', 'EU18');
INSERT INTO company_actor_profiles (company ,integration_profile ,actor ,connectathon) VALUES ('EKSTREM', 'CT', 'TIME_CLIENT', 'EU18');

INSERT INTO company_actor_profiles (company ,integration_profile ,actor ,connectathon) VALUES ('ENG', 'XDS.b', 'DOC_CONSUMER', 'EU18');
INSERT INTO company_actor_profiles (company ,integration_profile ,actor ,connectathon) VALUES ('ENG', 'XDR', 'DOC_RECIPIENT', 'EU18');
INSERT INTO company_actor_profiles (company ,integration_profile ,actor ,connectathon) VALUES ('ENG', 'XDS.b', 'DOC_SOURCE', 'EU18');
INSERT INTO company_actor_profiles (company ,integration_profile ,actor ,connectathon) VALUES ('ENG', 'XDS.b', 'EMBED_REPOS', 'EU18');
INSERT INTO company_actor_profiles (company ,integration_profile ,actor ,connectathon) VALUES ('ENG', 'XDS.b', 'ON_DEMAND_DOC_SOURCE', 'EU18');
INSERT INTO company_actor_profiles (company ,integration_profile ,actor ,connectathon) VALUES ('ENG', 'PAM', 'PEC', 'EU18');
INSERT INTO company_actor_profiles (company ,integration_profile ,actor ,connectathon) VALUES ('ENG', 'ATNA', 'SN', 'EU18');
INSERT INTO company_actor_profiles (company ,integration_profile ,actor ,connectathon) VALUES ('ENG', 'CT', 'TIME_CLIENT', 'EU18');

INSERT INTO company_actor_profiles (company ,integration_profile ,actor ,connectathon) VALUES ('EVOLUCARE', 'XDS.b', 'DOC_CONSUMER', 'EU18');
INSERT INTO company_actor_profiles (company ,integration_profile ,actor ,connectathon) VALUES ('EVOLUCARE', 'XDS.b', 'DOC_SOURCE', 'EU18');
INSERT INTO company_actor_profiles (company ,integration_profile ,actor ,connectathon) VALUES ('EVOLUCARE', 'PDQ', 'PDC', 'EU18');
INSERT INTO company_actor_profiles (company ,integration_profile ,actor ,connectathon) VALUES ('EVOLUCARE', 'PAM', 'PDS', 'EU18');
INSERT INTO company_actor_profiles (company ,integration_profile ,actor ,connectathon) VALUES ('EVOLUCARE', 'PAM', 'PES', 'EU18');
INSERT INTO company_actor_profiles (company ,integration_profile ,actor ,connectathon) VALUES ('EVOLUCARE', 'ATNA', 'SA', 'EU18');
INSERT INTO company_actor_profiles (company ,integration_profile ,actor ,connectathon) VALUES ('EVOLUCARE', 'CT', 'TIME_CLIENT', 'EU18');
INSERT INTO company_actor_profiles (company ,integration_profile ,actor ,connectathon) VALUES ('EVOLUCARE', 'SVS', 'VALUE_SET_CONSUMER', 'EU18');

INSERT INTO company_actor_profiles (company ,integration_profile ,actor ,connectathon) VALUES ('ezCaretech', 'ATNA', 'ARR', 'EU18');
INSERT INTO company_actor_profiles (company ,integration_profile ,actor ,connectathon) VALUES ('ezCaretech', 'XDS-SD', 'CONTENT_CONSUMER', 'EU18');
INSERT INTO company_actor_profiles (company ,integration_profile ,actor ,connectathon) VALUES ('ezCaretech', 'XDS-SD', 'CONTENT_CREATOR', 'EU18');
INSERT INTO company_actor_profiles (company ,integration_profile ,actor ,connectathon) VALUES ('ezCaretech', 'MHD', 'DOC_CONSUMER', 'EU18');
INSERT INTO company_actor_profiles (company ,integration_profile ,actor ,connectathon) VALUES ('ezCaretech', 'XDS.b', 'DOC_CONSUMER', 'EU18');
INSERT INTO company_actor_profiles (company ,integration_profile ,actor ,connectathon) VALUES ('ezCaretech', 'MHD', 'DOC_RECIPIENT', 'EU18');
INSERT INTO company_actor_profiles (company ,integration_profile ,actor ,connectathon) VALUES ('ezCaretech', 'XDR', 'DOC_RECIPIENT', 'EU18');
INSERT INTO company_actor_profiles (company ,integration_profile ,actor ,connectathon) VALUES ('ezCaretech', 'XDS.b', 'DOC_REGISTRY', 'EU18');
INSERT INTO company_actor_profiles (company ,integration_profile ,actor ,connectathon) VALUES ('ezCaretech', 'XDS-I.b', 'DOC_REGISTRY', 'EU18');
INSERT INTO company_actor_profiles (company ,integration_profile ,actor ,connectathon) VALUES ('ezCaretech', 'XDS.b', 'DOC_REPOSITORY', 'EU18');
INSERT INTO company_actor_profiles (company ,integration_profile ,actor ,connectathon) VALUES ('ezCaretech', 'XDS-I.b', 'DOC_REPOSITORY', 'EU18');
INSERT INTO company_actor_profiles (company ,integration_profile ,actor ,connectathon) VALUES ('ezCaretech', 'MHD', 'DOC_RESPONDER', 'EU18');
INSERT INTO company_actor_profiles (company ,integration_profile ,actor ,connectathon) VALUES ('ezCaretech', 'MHD', 'DOC_SOURCE', 'EU18');
INSERT INTO company_actor_profiles (company ,integration_profile ,actor ,connectathon) VALUES ('ezCaretech', 'XDR', 'DOC_SOURCE', 'EU18');
INSERT INTO company_actor_profiles (company ,integration_profile ,actor ,connectathon) VALUES ('ezCaretech', 'XDS.b', 'DOC_SOURCE', 'EU18');
INSERT INTO company_actor_profiles (company ,integration_profile ,actor ,connectathon) VALUES ('ezCaretech', 'XDS-I.b', 'IMG_DOC_CONSUMER', 'EU18');
INSERT INTO company_actor_profiles (company ,integration_profile ,actor ,connectathon) VALUES ('ezCaretech', 'XDS-I.b', 'IMG_DOC_SOURCE', 'EU18');
INSERT INTO company_actor_profiles (company ,integration_profile ,actor ,connectathon) VALUES ('ezCaretech', 'XCA', 'INIT_GATEWAY', 'EU18');
INSERT INTO company_actor_profiles (company ,integration_profile ,actor ,connectathon) VALUES ('ezCaretech', 'PIXV3', 'PAT_IDENTITY_CONSUMER', 'EU18');
INSERT INTO company_actor_profiles (company ,integration_profile ,actor ,connectathon) VALUES ('ezCaretech', 'PIXV3', 'PAT_IDENTITY_SRC', 'EU18');
INSERT INTO company_actor_profiles (company ,integration_profile ,actor ,connectathon) VALUES ('ezCaretech', 'XDS.b', 'PAT_IDENTITY_SRC', 'EU18');
INSERT INTO company_actor_profiles (company ,integration_profile ,actor ,connectathon) VALUES ('ezCaretech', 'PDQV3', 'PDC', 'EU18');
INSERT INTO company_actor_profiles (company ,integration_profile ,actor ,connectathon) VALUES ('ezCaretech', 'XDM', 'PMC', 'EU18');
INSERT INTO company_actor_profiles (company ,integration_profile ,actor ,connectathon) VALUES ('ezCaretech', 'XCA', 'RESP_GATEWAY', 'EU18');
INSERT INTO company_actor_profiles (company ,integration_profile ,actor ,connectathon) VALUES ('ezCaretech', 'ATNA', 'SN', 'EU18');
INSERT INTO company_actor_profiles (company ,integration_profile ,actor ,connectathon) VALUES ('ezCaretech', 'CT', 'TIME_CLIENT', 'EU18');


INSERT INTO actor (keyword, name, description, rank, combined, last_changed) VALUES ('RMC', 'Refractive Measurement Consumer', '', 1, 'f', 'now');
INSERT INTO actor (keyword, name, description, rank, combined, last_changed) VALUES ('RMS', 'Refractive Measurement Source', '', 1, 'f', 'now');

INSERT INTO company_actor_profiles (company ,integration_profile ,actor ,connectathon) VALUES ('FIDUS', 'U-EYECARE', 'APPT_SCHEDULER', 'EU18');
INSERT INTO company_actor_profiles (company ,integration_profile ,actor ,connectathon) VALUES ('FIDUS', 'ECED', 'EC', 'EU18');
INSERT INTO company_actor_profiles (company ,integration_profile ,actor ,connectathon) VALUES ('FIDUS', 'U-EYECARE', 'ID', 'EU18');
INSERT INTO company_actor_profiles (company ,integration_profile ,actor ,connectathon) VALUES ('FIDUS', 'U-EYECARE', 'IMG_STORAGE-DISPLAY', 'EU18');
INSERT INTO company_actor_profiles (company ,integration_profile ,actor ,connectathon) VALUES ('FIDUS', 'U-EYECARE', 'IM_Model_I', 'EU18');
INSERT INTO company_actor_profiles (company ,integration_profile ,actor ,connectathon) VALUES ('FIDUS', 'U-EYECARE', 'OF_Model_I', 'EU18');
INSERT INTO company_actor_profiles (company ,integration_profile ,actor ,connectathon) VALUES ('FIDUS', 'U-EYECARE', 'OF_Model_II', 'EU18');
INSERT INTO company_actor_profiles (company ,integration_profile ,actor ,connectathon) VALUES ('FIDUS', 'U-EYECARE', 'PAT_REGISTRATION_CONS', 'EU18');
INSERT INTO company_actor_profiles (company ,integration_profile ,actor ,connectathon) VALUES ('FIDUS', 'U-EYECARE', 'PAT_REGISTRATION_SRC', 'EU18');
INSERT INTO company_actor_profiles (company ,integration_profile ,actor ,connectathon) VALUES ('FIDUS', 'U-EYECARE', 'RMC', 'EU18');

INSERT INTO company_actor_profiles (company ,integration_profile ,actor ,connectathon) VALUES ('FORCARE', 'ATNA', 'ARR', 'EU18');
INSERT INTO company_actor_profiles (company ,integration_profile ,actor ,connectathon) VALUES ('FORCARE', 'APPC', 'CONTENT_CONSUMER', 'EU18');
INSERT INTO company_actor_profiles (company ,integration_profile ,actor ,connectathon) VALUES ('FORCARE', 'APPC', 'CONTENT_CREATOR', 'EU18');
INSERT INTO company_actor_profiles (company ,integration_profile ,actor ,connectathon) VALUES ('FORCARE', 'RMD', 'DOC_ADMINISTRATOR', 'EU18');
INSERT INTO company_actor_profiles (company ,integration_profile ,actor ,connectathon) VALUES ('FORCARE', 'MHD', 'DOC_CONSUMER', 'EU18');
INSERT INTO company_actor_profiles (company ,integration_profile ,actor ,connectathon) VALUES ('FORCARE', 'MPQ', 'DOC_CONSUMER', 'EU18');
INSERT INTO company_actor_profiles (company ,integration_profile ,actor ,connectathon) VALUES ('FORCARE', 'XDS.b', 'DOC_CONSUMER', 'EU18');
INSERT INTO company_actor_profiles (company ,integration_profile ,actor ,connectathon) VALUES ('FORCARE', 'XDS-I.b', 'DOC_CONSUMER', 'EU18');
INSERT INTO company_actor_profiles (company ,integration_profile ,actor ,connectathon) VALUES ('FORCARE', 'MHD', 'DOC_RECIPIENT', 'EU18');
INSERT INTO company_actor_profiles (company ,integration_profile ,actor ,connectathon) VALUES ('FORCARE', 'XDS.b', 'DOC_REGISTRY', 'EU18');
INSERT INTO company_actor_profiles (company ,integration_profile ,actor ,connectathon) VALUES ('FORCARE', 'XDS-I.b', 'DOC_REGISTRY', 'EU18');
INSERT INTO company_actor_profiles (company ,integration_profile ,actor ,connectathon) VALUES ('FORCARE', 'XDS.b', 'DOC_REPOSITORY', 'EU18');
INSERT INTO company_actor_profiles (company ,integration_profile ,actor ,connectathon) VALUES ('FORCARE', 'XDS-I.b', 'DOC_REPOSITORY', 'EU18');
INSERT INTO company_actor_profiles (company ,integration_profile ,actor ,connectathon) VALUES ('FORCARE', 'MHD', 'DOC_RESPONDER', 'EU18');
INSERT INTO company_actor_profiles (company ,integration_profile ,actor ,connectathon) VALUES ('FORCARE', 'MHD', 'DOC_SOURCE', 'EU18');
INSERT INTO company_actor_profiles (company ,integration_profile ,actor ,connectathon) VALUES ('FORCARE', 'XDS.b', 'DOC_SOURCE', 'EU18');
INSERT INTO company_actor_profiles (company ,integration_profile ,actor ,connectathon) VALUES ('FORCARE', 'XCA-I', 'IMG_DOC_CONSUMER', 'EU18');
INSERT INTO company_actor_profiles (company ,integration_profile ,actor ,connectathon) VALUES ('FORCARE', 'XDS-I.b', 'IMG_DOC_CONSUMER', 'EU18');
INSERT INTO company_actor_profiles (company ,integration_profile ,actor ,connectathon) VALUES ('FORCARE', 'XDS-I.b', 'IMG_DOC_SOURCE', 'EU18');
INSERT INTO company_actor_profiles (company ,integration_profile ,actor ,connectathon) VALUES ('FORCARE', 'XCA', 'INIT_GATEWAY', 'EU18');
INSERT INTO company_actor_profiles (company ,integration_profile ,actor ,connectathon) VALUES ('FORCARE', 'XCDR', 'INIT_GATEWAY', 'EU18');
INSERT INTO company_actor_profiles (company ,integration_profile ,actor ,connectathon) VALUES ('FORCARE', 'XCPD', 'INIT_GATEWAY', 'EU18');
INSERT INTO company_actor_profiles (company ,integration_profile ,actor ,connectathon) VALUES ('FORCARE', 'PDQm', 'PDC', 'EU18');
INSERT INTO company_actor_profiles (company ,integration_profile ,actor ,connectathon) VALUES ('FORCARE', 'XCA', 'RESP_GATEWAY', 'EU18');
INSERT INTO company_actor_profiles (company ,integration_profile ,actor ,connectathon) VALUES ('FORCARE', 'XCPD', 'RESP_GATEWAY', 'EU18');
INSERT INTO company_actor_profiles (company ,integration_profile ,actor ,connectathon) VALUES ('FORCARE', 'XCA-I', 'RESP_IMG_GATEWAY', 'EU18');
INSERT INTO company_actor_profiles (company ,integration_profile ,actor ,connectathon) VALUES ('FORCARE', 'ATNA', 'SA', 'EU18');
INSERT INTO company_actor_profiles (company ,integration_profile ,actor ,connectathon) VALUES ('FORCARE', 'CT', 'TIME_CLIENT', 'EU18');
INSERT INTO company_actor_profiles (company ,integration_profile ,actor ,connectathon) VALUES ('FORCARE', 'XUA', 'X-SERVICE-PROVIDER', 'EU18');


INSERT INTO company_actor_profiles (company ,integration_profile ,actor ,connectathon) VALUES ('GE', 'APPC', 'CONTENT_CONSUMER', 'EU18');
INSERT INTO company_actor_profiles (company ,integration_profile ,actor ,connectathon) VALUES ('GE', 'BPPC', 'CONTENT_CONSUMER', 'EU18');
INSERT INTO company_actor_profiles (company ,integration_profile ,actor ,connectathon) VALUES ('GE', 'XDS-SD', 'CONTENT_CONSUMER', 'EU18');
INSERT INTO company_actor_profiles (company ,integration_profile ,actor ,connectathon) VALUES ('GE', 'APPC', 'CONTENT_CREATOR', 'EU18');
INSERT INTO company_actor_profiles (company ,integration_profile ,actor ,connectathon) VALUES ('GE', 'BPPC', 'CONTENT_CREATOR', 'EU18');
INSERT INTO company_actor_profiles (company ,integration_profile ,actor ,connectathon) VALUES ('GE', 'DSUB', 'DM_NOTIF_BROKER', 'EU18');
INSERT INTO company_actor_profiles (company ,integration_profile ,actor ,connectathon) VALUES ('GE', 'DSUB', 'DM_SUBSCRIBER', 'EU18');
INSERT INTO company_actor_profiles (company ,integration_profile ,actor ,connectathon) VALUES ('GE', 'XDS.b', 'DOC_ADMINISTRATOR', 'EU18');
INSERT INTO company_actor_profiles (company ,integration_profile ,actor ,connectathon) VALUES ('GE', 'XDS.b', 'DOC_CONSUMER', 'EU18');
INSERT INTO company_actor_profiles (company ,integration_profile ,actor ,connectathon) VALUES ('GE', 'MHD', 'DOC_RECIPIENT', 'EU18');
INSERT INTO company_actor_profiles (company ,integration_profile ,actor ,connectathon) VALUES ('GE', 'MPQ', 'DOC_REGISTRY', 'EU18');
INSERT INTO company_actor_profiles (company ,integration_profile ,actor ,connectathon) VALUES ('GE', 'XDS.b', 'DOC_REGISTRY', 'EU18');
INSERT INTO company_actor_profiles (company ,integration_profile ,actor ,connectathon) VALUES ('GE', 'XDS-I.b', 'DOC_REGISTRY', 'EU18');
INSERT INTO company_actor_profiles (company ,integration_profile ,actor ,connectathon) VALUES ('GE', 'XPID', 'DOC_REGISTRY', 'EU18');
INSERT INTO company_actor_profiles (company ,integration_profile ,actor ,connectathon) VALUES ('GE', 'XDS.b', 'DOC_REPOSITORY', 'EU18');
INSERT INTO company_actor_profiles (company ,integration_profile ,actor ,connectathon) VALUES ('GE', 'XDS-I.b', 'DOC_REPOSITORY', 'EU18');
INSERT INTO company_actor_profiles (company ,integration_profile ,actor ,connectathon) VALUES ('GE', 'MHD', 'DOC_RESPONDER', 'EU18');
INSERT INTO company_actor_profiles (company ,integration_profile ,actor ,connectathon) VALUES ('GE', 'XDS.b', 'DOC_SOURCE', 'EU18');
INSERT INTO company_actor_profiles (company ,integration_profile ,actor ,connectathon) VALUES ('GE', 'REM', 'DOSE_INFO_CONSUMER', 'EU18');
INSERT INTO company_actor_profiles (company ,integration_profile ,actor ,connectathon) VALUES ('GE', 'REM', 'DOSE_INFO_REPORTER', 'EU18');
INSERT INTO company_actor_profiles (company ,integration_profile ,actor ,connectathon) VALUES ('GE', 'REM', 'DOSE_REGISTER', 'EU18');

INSERT INTO company_actor_profiles (company ,integration_profile ,actor ,connectathon) VALUES ('GE', 'KIN', 'EC', 'EU18');
INSERT INTO company_actor_profiles (company ,integration_profile ,actor ,connectathon) VALUES ('GE', 'ARI', 'ID', 'EU18');
INSERT INTO company_actor_profiles (company ,integration_profile ,actor ,connectathon) VALUES ('GE', 'KIN', 'ID', 'EU18');
INSERT INTO company_actor_profiles (company ,integration_profile ,actor ,connectathon) VALUES ('GE', 'PDI', 'ID', 'EU18');
INSERT INTO company_actor_profiles (company ,integration_profile ,actor ,connectathon) VALUES ('GE', 'SWF.b', 'ID', 'EU18');
INSERT INTO company_actor_profiles (company ,integration_profile ,actor ,connectathon) VALUES ('GE', 'ARI', 'IM', 'EU18');
INSERT INTO company_actor_profiles (company ,integration_profile ,actor ,connectathon) VALUES ('GE', 'CPI', 'IM', 'EU18');
INSERT INTO company_actor_profiles (company ,integration_profile ,actor ,connectathon) VALUES ('GE', 'NMI', 'IM', 'EU18');
INSERT INTO company_actor_profiles (company ,integration_profile ,actor ,connectathon) VALUES ('GE', 'WIC', 'IMG_CAPTURER', 'EU18');
INSERT INTO company_actor_profiles (company ,integration_profile ,actor ,connectathon) VALUES ('GE', 'XDS-I.b', 'IMG_DOC_SOURCE', 'EU18');
INSERT INTO company_actor_profiles (company ,integration_profile ,actor ,connectathon) VALUES ('GE', 'WIC', 'IMG_MANAGER', 'EU18');
INSERT INTO company_actor_profiles (company ,integration_profile ,actor ,connectathon) VALUES ('GE', 'XCA', 'INIT_GATEWAY', 'EU18');
INSERT INTO company_actor_profiles (company ,integration_profile ,actor ,connectathon) VALUES ('GE', 'XCPD', 'INIT_GATEWAY', 'EU18');
INSERT INTO company_actor_profiles (company ,integration_profile ,actor ,connectathon) VALUES ('GE', 'CATH', 'MOD', 'EU18');
INSERT INTO company_actor_profiles (company ,integration_profile ,actor ,connectathon) VALUES ('GE', 'REM', 'MOD', 'EU18');
INSERT INTO company_actor_profiles (company ,integration_profile ,actor ,connectathon) VALUES ('GE', 'SWF.b', 'MOD', 'EU18');
INSERT INTO company_actor_profiles (company ,integration_profile ,actor ,connectathon) VALUES ('GE', 'XDS.b', 'ON_DEMAND_DOC_SOURCE', 'EU18');
INSERT INTO company_actor_profiles (company ,integration_profile ,actor ,connectathon) VALUES ('GE', 'PIX', 'PAT_IDENTITY_CONSUMER', 'EU18');
INSERT INTO company_actor_profiles (company ,integration_profile ,actor ,connectathon) VALUES ('GE', 'PIXm', 'PAT_IDENTITY_CONSUMER', 'EU18');
INSERT INTO company_actor_profiles (company ,integration_profile ,actor ,connectathon) VALUES ('GE', 'XDS.b', 'PAT_IDENTITY_SRC', 'EU18');
INSERT INTO company_actor_profiles (company ,integration_profile ,actor ,connectathon) VALUES ('GE', 'PIX', 'PAT_IDENTITY_X_REF_MGR', 'EU18');
INSERT INTO company_actor_profiles (company ,integration_profile ,actor ,connectathon) VALUES ('GE', 'PIXm', 'PAT_IDENTITY_X_REF_MGR', 'EU18');
INSERT INTO company_actor_profiles (company ,integration_profile ,actor ,connectathon) VALUES ('GE', 'PIXV3', 'PAT_IDENTITY_X_REF_MGR', 'EU18');
INSERT INTO company_actor_profiles (company ,integration_profile ,actor ,connectathon) VALUES ('GE', 'PAM', 'PDC', 'EU18');
INSERT INTO company_actor_profiles (company ,integration_profile ,actor ,connectathon) VALUES ('GE', 'PDQ', 'PDC', 'EU18');
INSERT INTO company_actor_profiles (company ,integration_profile ,actor ,connectathon) VALUES ('GE', 'PDQ', 'PDS', 'EU18');
INSERT INTO company_actor_profiles (company ,integration_profile ,actor ,connectathon) VALUES ('GE', 'PDQm', 'PDS', 'EU18');
INSERT INTO company_actor_profiles (company ,integration_profile ,actor ,connectathon) VALUES ('GE', 'PDQV3', 'PDS', 'EU18');
INSERT INTO company_actor_profiles (company ,integration_profile ,actor ,connectathon) VALUES ('GE', 'PAM', 'PEC', 'EU18');
INSERT INTO company_actor_profiles (company ,integration_profile ,actor ,connectathon) VALUES ('GE', 'PDI', 'PMC', 'EU18');
INSERT INTO company_actor_profiles (company ,integration_profile ,actor ,connectathon) VALUES ('GE', 'PDI', 'PMI', 'EU18');
INSERT INTO company_actor_profiles (company ,integration_profile ,actor ,connectathon) VALUES ('GE', 'SWF.b', 'PPSM', 'EU18');

INSERT INTO company_actor_profiles (company ,integration_profile ,actor ,connectathon) VALUES ('GE', 'HPD', 'PROV_INFO_DIR', 'EU18');
INSERT INTO company_actor_profiles (company ,integration_profile ,actor ,connectathon) VALUES ('GE', 'XCA', 'RESP_GATEWAY', 'EU18');
INSERT INTO company_actor_profiles (company ,integration_profile ,actor ,connectathon) VALUES ('GE', 'XCF', 'RESP_GATEWAY', 'EU18');
INSERT INTO company_actor_profiles (company ,integration_profile ,actor ,connectathon) VALUES ('GE', 'XCPD', 'RESP_GATEWAY', 'EU18');
INSERT INTO company_actor_profiles (company ,integration_profile ,actor ,connectathon) VALUES ('GE', 'ATNA', 'SA', 'EU18');
INSERT INTO company_actor_profiles (company ,integration_profile ,actor ,connectathon) VALUES ('GE', 'ATNA', 'SN', 'EU18');
INSERT INTO company_actor_profiles (company ,integration_profile ,actor ,connectathon) VALUES ('GE', 'CT', 'TIME_CLIENT', 'EU18');
INSERT INTO company_actor_profiles (company ,integration_profile ,actor ,connectathon) VALUES ('GE', 'SVS', 'VALUE_SET_CONSUMER', 'EU18');
INSERT INTO company_actor_profiles (company ,integration_profile ,actor ,connectathon) VALUES ('GE', 'XUA', 'X-SERVICE-PROVIDER', 'EU18');
INSERT INTO company_actor_profiles (company ,integration_profile ,actor ,connectathon) VALUES ('GE', 'XUA', 'X-SERVICE-USER', 'EU18');




INSERT INTO company_actor_profiles (company ,integration_profile ,actor ,connectathon) VALUES ('GESI SL', 'ARI', 'ID', 'EU18');
INSERT INTO company_actor_profiles (company ,integration_profile ,actor ,connectathon) VALUES ('GESI SL', 'SWF.b', 'OF', 'EU18');
INSERT INTO company_actor_profiles (company ,integration_profile ,actor ,connectathon) VALUES ('GESI SL', 'SWF.b', 'PPSM', 'EU18');
INSERT INTO company_actor_profiles (company ,integration_profile ,actor ,connectathon) VALUES ('GESI SL', 'CT', 'TIME_CLIENT', 'EU18');

INSERT INTO company_actor_profiles (company ,integration_profile ,actor ,connectathon) VALUES ('GMED', 'ATNA', 'ARR', 'EU18');
INSERT INTO company_actor_profiles (company ,integration_profile ,actor ,connectathon) VALUES ('GMED', 'DSUB', 'DM_NOTIF_RECIPIENT', 'EU18');
INSERT INTO company_actor_profiles (company ,integration_profile ,actor ,connectathon) VALUES ('GMED', 'DSUB', 'DM_PUBLISHER', 'EU18');
INSERT INTO company_actor_profiles (company ,integration_profile ,actor ,connectathon) VALUES ('GMED', 'DSUB', 'DM_SUBSCRIBER', 'EU18');
INSERT INTO company_actor_profiles (company ,integration_profile ,actor ,connectathon) VALUES ('GMED', 'XDS.b', 'DOC_CONSUMER', 'EU18');
INSERT INTO company_actor_profiles (company ,integration_profile ,actor ,connectathon) VALUES ('GMED', 'ATNA', 'SA', 'EU18');
INSERT INTO company_actor_profiles (company ,integration_profile ,actor ,connectathon) VALUES ('GMED', 'CT', 'TIME_CLIENT', 'EU18');

INSERT INTO company_actor_profiles (company ,integration_profile ,actor ,connectathon) VALUES ('GPI', 'APPC', 'CONTENT_CONSUMER', 'EU18');
INSERT INTO company_actor_profiles (company ,integration_profile ,actor ,connectathon) VALUES ('GPI', 'APPC', 'CONTENT_CREATOR', 'EU18');
INSERT INTO company_actor_profiles (company ,integration_profile ,actor ,connectathon) VALUES ('GPI', 'PIX', 'PAT_IDENTITY_CONSUMER', 'EU18');
INSERT INTO company_actor_profiles (company ,integration_profile ,actor ,connectathon) VALUES ('GPI', 'PIXm', 'PAT_IDENTITY_CONSUMER', 'EU18');
INSERT INTO company_actor_profiles (company ,integration_profile ,actor ,connectathon) VALUES ('GPI', 'PIX', 'PAT_IDENTITY_SRC', 'EU18');
INSERT INTO company_actor_profiles (company ,integration_profile ,actor ,connectathon) VALUES ('GPI', 'PIXm', 'PAT_IDENTITY_X_REF_MGR', 'EU18');
INSERT INTO company_actor_profiles (company ,integration_profile ,actor ,connectathon) VALUES ('GPI', 'PDQm', 'PDC', 'EU18');
INSERT INTO company_actor_profiles (company ,integration_profile ,actor ,connectathon) VALUES ('GPI', 'PDQm', 'PDS', 'EU18');
INSERT INTO company_actor_profiles (company ,integration_profile ,actor ,connectathon) VALUES ('GPI', 'ATNA', 'SA', 'EU18');
INSERT INTO company_actor_profiles (company ,integration_profile ,actor ,connectathon) VALUES ('GPI', 'CT', 'TIME_CLIENT', 'EU18');
INSERT INTO company_actor_profiles (company ,integration_profile ,actor ,connectathon) VALUES ('GPI', 'SVS', 'VALUE_SET_CONSUMER', 'EU18');
INSERT INTO company_actor_profiles (company ,integration_profile ,actor ,connectathon) VALUES ('GPI', 'SVS', 'VALUE_SET_REPOSITORY', 'EU18');

INSERT INTO company_actor_profiles (company ,integration_profile ,actor ,connectathon) VALUES ('Heyex', 'U-EYECARE', 'APPT_CONSUMER', 'EU18');
INSERT INTO company_actor_profiles (company ,integration_profile ,actor ,connectathon) VALUES ('Heyex', 'U-EYECARE', 'IM_Model_I', 'EU18');
INSERT INTO company_actor_profiles (company ,integration_profile ,actor ,connectathon) VALUES ('Heyex', 'U-EYECARE', 'IM_Model_III', 'EU18');
INSERT INTO company_actor_profiles (company ,integration_profile ,actor ,connectathon) VALUES ('Heyex', 'U-EYECARE', 'MOD', 'EU18');
INSERT INTO company_actor_profiles (company ,integration_profile ,actor ,connectathon) VALUES ('Heyex', 'U-EYECARE', 'PAT_REGISTRATION_CONS', 'EU18');

INSERT INTO company_actor_profiles (company ,integration_profile ,actor ,connectathon) VALUES ('HYLAND', 'DSUB', 'DM_NOTIF_BROKER', 'EU18');
INSERT INTO company_actor_profiles (company ,integration_profile ,actor ,connectathon) VALUES ('HYLAND', 'XDS.b', 'DOC_CONSUMER', 'EU18');
INSERT INTO company_actor_profiles (company ,integration_profile ,actor ,connectathon) VALUES ('HYLAND', 'XDS-I.b', 'DOC_CONSUMER', 'EU18');
INSERT INTO company_actor_profiles (company ,integration_profile ,actor ,connectathon) VALUES ('HYLAND', 'MHD', 'DOC_RECIPIENT', 'EU18');
INSERT INTO company_actor_profiles (company ,integration_profile ,actor ,connectathon) VALUES ('HYLAND', 'XDR', 'DOC_RECIPIENT', 'EU18');
INSERT INTO company_actor_profiles (company ,integration_profile ,actor ,connectathon) VALUES ('HYLAND', 'XDS.b', 'DOC_REGISTRY', 'EU18');
INSERT INTO company_actor_profiles (company ,integration_profile ,actor ,connectathon) VALUES ('HYLAND', 'XDS-I.b', 'DOC_REGISTRY', 'EU18');
INSERT INTO company_actor_profiles (company ,integration_profile ,actor ,connectathon) VALUES ('HYLAND', 'XPID', 'DOC_REGISTRY', 'EU18');
INSERT INTO company_actor_profiles (company ,integration_profile ,actor ,connectathon) VALUES ('HYLAND', 'XDS.b', 'DOC_REPOSITORY', 'EU18');
INSERT INTO company_actor_profiles (company ,integration_profile ,actor ,connectathon) VALUES ('HYLAND', 'XDS-I.b', 'DOC_REPOSITORY', 'EU18');
INSERT INTO company_actor_profiles (company ,integration_profile ,actor ,connectathon) VALUES ('HYLAND', 'MHD', 'DOC_RESPONDER', 'EU18');
INSERT INTO company_actor_profiles (company ,integration_profile ,actor ,connectathon) VALUES ('HYLAND', 'MHD', 'DOC_SOURCE', 'EU18');
INSERT INTO company_actor_profiles (company ,integration_profile ,actor ,connectathon) VALUES ('HYLAND', 'XDR', 'DOC_SOURCE', 'EU18');
INSERT INTO company_actor_profiles (company ,integration_profile ,actor ,connectathon) VALUES ('HYLAND', 'XDS.b', 'DOC_SOURCE', 'EU18');
INSERT INTO company_actor_profiles (company ,integration_profile ,actor ,connectathon) VALUES ('HYLAND', 'XDS.b', 'EMBED_REPOS', 'EU18');
INSERT INTO company_actor_profiles (company ,integration_profile ,actor ,connectathon) VALUES ('HYLAND', 'PDI', 'ID', 'EU18');
INSERT INTO company_actor_profiles (company ,integration_profile ,actor ,connectathon) VALUES ('HYLAND', 'XDS-I.b', 'IMG_DOC_CONSUMER', 'EU18');
INSERT INTO company_actor_profiles (company ,integration_profile ,actor ,connectathon) VALUES ('HYLAND', 'XDR', 'METADATA_LTD_DOC_SOURCE', 'EU18');
INSERT INTO company_actor_profiles (company ,integration_profile ,actor ,connectathon) VALUES ('HYLAND', 'PIX', 'PAT_IDENTITY_CONSUMER', 'EU18');
INSERT INTO company_actor_profiles (company ,integration_profile ,actor ,connectathon) VALUES ('HYLAND', 'PIXV3', 'PAT_IDENTITY_CONSUMER', 'EU18');
INSERT INTO company_actor_profiles (company ,integration_profile ,actor ,connectathon) VALUES ('HYLAND', 'PIX', 'PAT_IDENTITY_X_REF_MGR', 'EU18');
INSERT INTO company_actor_profiles (company ,integration_profile ,actor ,connectathon) VALUES ('HYLAND', 'PIXm', 'PAT_IDENTITY_X_REF_MGR', 'EU18');
INSERT INTO company_actor_profiles (company ,integration_profile ,actor ,connectathon) VALUES ('HYLAND', 'PIXV3', 'PAT_IDENTITY_X_REF_MGR', 'EU18');
INSERT INTO company_actor_profiles (company ,integration_profile ,actor ,connectathon) VALUES ('HYLAND', 'XPID', 'PAT_IDENTITY_X_REF_MGR', 'EU18');
INSERT INTO company_actor_profiles (company ,integration_profile ,actor ,connectathon) VALUES ('HYLAND', 'PDQ', 'PDC', 'EU18');
INSERT INTO company_actor_profiles (company ,integration_profile ,actor ,connectathon) VALUES ('HYLAND', 'PDQV3', 'PDC', 'EU18');
INSERT INTO company_actor_profiles (company ,integration_profile ,actor ,connectathon) VALUES ('HYLAND', 'PDQ', 'PDS', 'EU18');
INSERT INTO company_actor_profiles (company ,integration_profile ,actor ,connectathon) VALUES ('HYLAND', 'PDQm', 'PDS', 'EU18');
INSERT INTO company_actor_profiles (company ,integration_profile ,actor ,connectathon) VALUES ('HYLAND', 'PDQV3', 'PDS', 'EU18');
INSERT INTO company_actor_profiles (company ,integration_profile ,actor ,connectathon) VALUES ('HYLAND', 'XDM', 'PMC', 'EU18');
INSERT INTO company_actor_profiles (company ,integration_profile ,actor ,connectathon) VALUES ('HYLAND', 'PDI', 'PMI', 'EU18');
INSERT INTO company_actor_profiles (company ,integration_profile ,actor ,connectathon) VALUES ('HYLAND', 'ATNA', 'SN', 'EU18');
INSERT INTO company_actor_profiles (company ,integration_profile ,actor ,connectathon) VALUES ('HYLAND', 'CT', 'TIME_CLIENT', 'EU18');
INSERT INTO company_actor_profiles (company ,integration_profile ,actor ,connectathon) VALUES ('HYLAND', 'SVS', 'VALUE_SET_REPOSITORY', 'EU18');

INSERT INTO company_actor_profiles (company ,integration_profile ,actor ,connectathon) VALUES ('ICW', 'APPC', 'CONTENT_CONSUMER', 'EU18');
INSERT INTO company_actor_profiles (company ,integration_profile ,actor ,connectathon) VALUES ('ICW', 'BPPC', 'CONTENT_CONSUMER', 'EU18');
INSERT INTO company_actor_profiles (company ,integration_profile ,actor ,connectathon) VALUES ('ICW', 'XDS-SD', 'CONTENT_CONSUMER', 'EU18');
INSERT INTO company_actor_profiles (company ,integration_profile ,actor ,connectathon) VALUES ('ICW', 'BPPC', 'CONTENT_CREATOR', 'EU18');
INSERT INTO company_actor_profiles (company ,integration_profile ,actor ,connectathon) VALUES ('ICW', 'DSUB', 'DM_NOTIF_BROKER', 'EU18');
INSERT INTO company_actor_profiles (company ,integration_profile ,actor ,connectathon) VALUES ('ICW', 'DSUB', 'DM_SUBSCRIBER', 'EU18');
INSERT INTO company_actor_profiles (company ,integration_profile ,actor ,connectathon) VALUES ('ICW', 'XDS.b', 'DOC_CONSUMER', 'EU18');
INSERT INTO company_actor_profiles (company ,integration_profile ,actor ,connectathon) VALUES ('ICW', 'MHD', 'DOC_RECIPIENT', 'EU18');
INSERT INTO company_actor_profiles (company ,integration_profile ,actor ,connectathon) VALUES ('ICW', 'MPQ', 'DOC_REGISTRY', 'EU18');
INSERT INTO company_actor_profiles (company ,integration_profile ,actor ,connectathon) VALUES ('ICW', 'XDS.b', 'DOC_REGISTRY', 'EU18');
INSERT INTO company_actor_profiles (company ,integration_profile ,actor ,connectathon) VALUES ('ICW', 'XDS-I.b', 'DOC_REGISTRY', 'EU18');
INSERT INTO company_actor_profiles (company ,integration_profile ,actor ,connectathon) VALUES ('ICW', 'XPID', 'DOC_REGISTRY', 'EU18');
INSERT INTO company_actor_profiles (company ,integration_profile ,actor ,connectathon) VALUES ('ICW', 'XDS.b', 'DOC_REPOSITORY', 'EU18');
INSERT INTO company_actor_profiles (company ,integration_profile ,actor ,connectathon) VALUES ('ICW', 'XDS-I.b', 'DOC_REPOSITORY', 'EU18');
INSERT INTO company_actor_profiles (company ,integration_profile ,actor ,connectathon) VALUES ('ICW', 'MHD', 'DOC_RESPONDER', 'EU18');
INSERT INTO company_actor_profiles (company ,integration_profile ,actor ,connectathon) VALUES ('ICW', 'XDS.b', 'DOC_SOURCE', 'EU18');
INSERT INTO company_actor_profiles (company ,integration_profile ,actor ,connectathon) VALUES ('ICW', 'XCA', 'INIT_GATEWAY', 'EU18');
INSERT INTO company_actor_profiles (company ,integration_profile ,actor ,connectathon) VALUES ('ICW', 'XCPD', 'INIT_GATEWAY', 'EU18');
INSERT INTO company_actor_profiles (company ,integration_profile ,actor ,connectathon) VALUES ('ICW', 'XDS.b', 'ON_DEMAND_DOC_SOURCE', 'EU18');
INSERT INTO company_actor_profiles (company ,integration_profile ,actor ,connectathon) VALUES ('ICW', 'XDS.b', 'PAT_IDENTITY_SRC', 'EU18');
INSERT INTO company_actor_profiles (company ,integration_profile ,actor ,connectathon) VALUES ('ICW', 'PIX', 'PAT_IDENTITY_X_REF_MGR', 'EU18');
INSERT INTO company_actor_profiles (company ,integration_profile ,actor ,connectathon) VALUES ('ICW', 'PIXm', 'PAT_IDENTITY_X_REF_MGR', 'EU18');
INSERT INTO company_actor_profiles (company ,integration_profile ,actor ,connectathon) VALUES ('ICW', 'PIXV3', 'PAT_IDENTITY_X_REF_MGR', 'EU18');
INSERT INTO company_actor_profiles (company ,integration_profile ,actor ,connectathon) VALUES ('ICW', 'PDQ', 'PDC', 'EU18');
INSERT INTO company_actor_profiles (company ,integration_profile ,actor ,connectathon) VALUES ('ICW', 'PDQ', 'PDS', 'EU18');
INSERT INTO company_actor_profiles (company ,integration_profile ,actor ,connectathon) VALUES ('ICW', 'PDQm', 'PDS', 'EU18');
INSERT INTO company_actor_profiles (company ,integration_profile ,actor ,connectathon) VALUES ('ICW', 'PDQV3', 'PDS', 'EU18');
INSERT INTO company_actor_profiles (company ,integration_profile ,actor ,connectathon) VALUES ('ICW', 'PAM', 'PEC', 'EU18');
INSERT INTO company_actor_profiles (company ,integration_profile ,actor ,connectathon) VALUES ('ICW', 'HPD', 'PROV_INFO_DIR', 'EU18');
INSERT INTO company_actor_profiles (company ,integration_profile ,actor ,connectathon) VALUES ('ICW', 'XCA', 'RESP_GATEWAY', 'EU18');
INSERT INTO company_actor_profiles (company ,integration_profile ,actor ,connectathon) VALUES ('ICW', 'XCF', 'RESP_GATEWAY', 'EU18');
INSERT INTO company_actor_profiles (company ,integration_profile ,actor ,connectathon) VALUES ('ICW', 'XCPD', 'RESP_GATEWAY', 'EU18');
INSERT INTO company_actor_profiles (company ,integration_profile ,actor ,connectathon) VALUES ('ICW', 'ATNA', 'SA', 'EU18');
INSERT INTO company_actor_profiles (company ,integration_profile ,actor ,connectathon) VALUES ('ICW', 'CT', 'TIME_CLIENT', 'EU18');
INSERT INTO company_actor_profiles (company ,integration_profile ,actor ,connectathon) VALUES ('ICW', 'SVS', 'VALUE_SET_CONSUMER', 'EU18');
INSERT INTO company_actor_profiles (company ,integration_profile ,actor ,connectathon) VALUES ('ICW', 'XUA', 'X-SERVICE-PROVIDER', 'EU18');
INSERT INTO company_actor_profiles (company ,integration_profile ,actor ,connectathon) VALUES ('ICW', 'XUA', 'X-SERVICE-USER', 'EU18');


INSERT INTO company_actor_profiles (company ,integration_profile ,actor ,connectathon) VALUES ('IMSGIOTTO', 'PDI', 'DISPLAY', 'EU18');
INSERT INTO company_actor_profiles (company ,integration_profile ,actor ,connectathon) VALUES ('IMSGIOTTO', 'DBT', 'EC', 'EU18');
INSERT INTO company_actor_profiles (company ,integration_profile ,actor ,connectathon) VALUES ('IMSGIOTTO', 'KIN', 'EC', 'EU18');
INSERT INTO company_actor_profiles (company ,integration_profile ,actor ,connectathon) VALUES ('IMSGIOTTO', 'ARI', 'ID', 'EU18');
INSERT INTO company_actor_profiles (company ,integration_profile ,actor ,connectathon) VALUES ('IMSGIOTTO', 'PDI', 'ID', 'EU18');
INSERT INTO company_actor_profiles (company ,integration_profile ,actor ,connectathon) VALUES ('IMSGIOTTO', 'SWF.b', 'ID', 'EU18');
INSERT INTO company_actor_profiles (company ,integration_profile ,actor ,connectathon) VALUES ('IMSGIOTTO', 'DBT', 'MOD', 'EU18');
INSERT INTO company_actor_profiles (company ,integration_profile ,actor ,connectathon) VALUES ('IMSGIOTTO', 'MAMMO', 'MOD', 'EU18');
INSERT INTO company_actor_profiles (company ,integration_profile ,actor ,connectathon) VALUES ('IMSGIOTTO', 'REM', 'MOD', 'EU18');
INSERT INTO company_actor_profiles (company ,integration_profile ,actor ,connectathon) VALUES ('IMSGIOTTO', 'SWF.b', 'MOD', 'EU18');
INSERT INTO company_actor_profiles (company ,integration_profile ,actor ,connectathon) VALUES ('IMSGIOTTO', 'DBT', 'PC', 'EU18');
INSERT INTO company_actor_profiles (company ,integration_profile ,actor ,connectathon) VALUES ('IMSGIOTTO', 'MAMMO', 'PC', 'EU18');
INSERT INTO company_actor_profiles (company ,integration_profile ,actor ,connectathon) VALUES ('IMSGIOTTO', 'PDI', 'PC', 'EU18');
INSERT INTO company_actor_profiles (company ,integration_profile ,actor ,connectathon) VALUES ('IMSGIOTTO', 'PDI', 'PMC', 'EU18');
INSERT INTO company_actor_profiles (company ,integration_profile ,actor ,connectathon) VALUES ('IMSGIOTTO', 'PDI', 'PMI', 'EU18');
INSERT INTO company_actor_profiles (company ,integration_profile ,actor ,connectathon) VALUES ('IMSGIOTTO', 'CT', 'TIME_CLIENT', 'EU18');

INSERT INTO company_actor_profiles (company ,integration_profile ,actor ,connectathon) VALUES ('InfoDif', 'ARI', 'ID', 'EU18');
INSERT INTO company_actor_profiles (company ,integration_profile ,actor ,connectathon) VALUES ('InfoDif', 'KIN', 'IM', 'EU18');
INSERT INTO company_actor_profiles (company ,integration_profile ,actor ,connectathon) VALUES ('InfoDif', 'SWF.b', 'PPSM', 'EU18');
INSERT INTO company_actor_profiles (company ,integration_profile ,actor ,connectathon) VALUES ('InfoDif', 'ATNA', 'SN', 'EU18');
INSERT INTO company_actor_profiles (company ,integration_profile ,actor ,connectathon) VALUES ('InfoDif', 'CT', 'TIME_CLIENT', 'EU18');

INSERT INTO company_actor_profiles (company ,integration_profile ,actor ,connectathon) VALUES ('INTERSYSTEMS', 'DSUB', 'DM_NOTIF_BROKER', 'EU18');
INSERT INTO company_actor_profiles (company ,integration_profile ,actor ,connectathon) VALUES ('INTERSYSTEMS', 'MHD', 'DOC_CONSUMER', 'EU18');
INSERT INTO company_actor_profiles (company ,integration_profile ,actor ,connectathon) VALUES ('INTERSYSTEMS', 'MHD', 'DOC_RECIPIENT', 'EU18');
INSERT INTO company_actor_profiles (company ,integration_profile ,actor ,connectathon) VALUES ('INTERSYSTEMS', 'XDS.b', 'DOC_REGISTRY', 'EU18');
INSERT INTO company_actor_profiles (company ,integration_profile ,actor ,connectathon) VALUES ('INTERSYSTEMS', 'MHD', 'DOC_RESPONDER', 'EU18');
INSERT INTO company_actor_profiles (company ,integration_profile ,actor ,connectathon) VALUES ('INTERSYSTEMS', 'MHD', 'DOC_SOURCE', 'EU18');
INSERT INTO company_actor_profiles (company ,integration_profile ,actor ,connectathon) VALUES ('INTERSYSTEMS', 'XCPD', 'INIT_GATEWAY', 'EU18');
INSERT INTO company_actor_profiles (company ,integration_profile ,actor ,connectathon) VALUES ('INTERSYSTEMS', 'PIXm', 'PAT_IDENTITY_CONSUMER', 'EU18');
INSERT INTO company_actor_profiles (company ,integration_profile ,actor ,connectathon) VALUES ('INTERSYSTEMS', 'PIXm', 'PAT_IDENTITY_X_REF_MGR', 'EU18');
INSERT INTO company_actor_profiles (company ,integration_profile ,actor ,connectathon) VALUES ('INTERSYSTEMS', 'PDQm', 'PDC', 'EU18');
INSERT INTO company_actor_profiles (company ,integration_profile ,actor ,connectathon) VALUES ('INTERSYSTEMS', 'PDQm', 'PDS', 'EU18');
INSERT INTO company_actor_profiles (company ,integration_profile ,actor ,connectathon) VALUES ('INTERSYSTEMS', 'XCPD', 'RESP_GATEWAY', 'EU18');
INSERT INTO company_actor_profiles (company ,integration_profile ,actor ,connectathon) VALUES ('INTERSYSTEMS', 'ATNA', 'SA', 'EU18');
INSERT INTO company_actor_profiles (company ,integration_profile ,actor ,connectathon) VALUES ('INTERSYSTEMS', 'CT', 'TIME_CLIENT', 'EU18');

INSERT INTO company_actor_profiles (company ,integration_profile ,actor ,connectathon) VALUES ('IRM', 'DEN', 'CONTENT_CONSUMER', 'EU18');
INSERT INTO company_actor_profiles (company ,integration_profile ,actor ,connectathon) VALUES ('IRM', 'DEN', 'CONTENT_CREATOR', 'EU18');
INSERT INTO company_actor_profiles (company ,integration_profile ,actor ,connectathon) VALUES ('IRM', 'XDS.b', 'DOC_ADMINISTRATOR', 'EU18');
INSERT INTO company_actor_profiles (company ,integration_profile ,actor ,connectathon) VALUES ('IRM', 'XDS.b', 'DOC_CONSUMER', 'EU18');
INSERT INTO company_actor_profiles (company ,integration_profile ,actor ,connectathon) VALUES ('IRM', 'MHD', 'DOC_RECIPIENT', 'EU18');
INSERT INTO company_actor_profiles (company ,integration_profile ,actor ,connectathon) VALUES ('IRM', 'XDS.b', 'DOC_REGISTRY', 'EU18');
INSERT INTO company_actor_profiles (company ,integration_profile ,actor ,connectathon) VALUES ('IRM', 'XDS.b', 'DOC_REPOSITORY', 'EU18');
INSERT INTO company_actor_profiles (company ,integration_profile ,actor ,connectathon) VALUES ('IRM', 'MHD', 'DOC_RESPONDER', 'EU18');
INSERT INTO company_actor_profiles (company ,integration_profile ,actor ,connectathon) VALUES ('IRM', 'XDS.b', 'DOC_SOURCE', 'EU18');
INSERT INTO company_actor_profiles (company ,integration_profile ,actor ,connectathon) VALUES ('IRM', 'ARI', 'ID', 'EU18');
INSERT INTO company_actor_profiles (company ,integration_profile ,actor ,connectathon) VALUES ('IRM', 'SWF.b', 'ID', 'EU18');
INSERT INTO company_actor_profiles (company ,integration_profile ,actor ,connectathon) VALUES ('IRM', 'ATNA', 'SA', 'EU18');
INSERT INTO company_actor_profiles (company ,integration_profile ,actor ,connectathon) VALUES ('IRM', 'CT', 'TIME_CLIENT', 'EU18');

INSERT INTO company_actor_profiles (company ,integration_profile ,actor ,connectathon) VALUES ('ICOSERVE', 'ATNA', 'ARR', 'EU18');
INSERT INTO company_actor_profiles (company ,integration_profile ,actor ,connectathon) VALUES ('ICOSERVE', 'IUA', 'AUTH_CLIENT', 'EU18');
INSERT INTO company_actor_profiles (company ,integration_profile ,actor ,connectathon) VALUES ('ICOSERVE', 'IUA', 'AUTH_SERVER', 'EU18');
INSERT INTO company_actor_profiles (company ,integration_profile ,actor ,connectathon) VALUES ('ICOSERVE', 'APPC', 'CONTENT_CREATOR', 'EU18');
INSERT INTO company_actor_profiles (company ,integration_profile ,actor ,connectathon) VALUES ('ICOSERVE', 'MHD', 'DOC_CONSUMER', 'EU18');
INSERT INTO company_actor_profiles (company ,integration_profile ,actor ,connectathon) VALUES ('ICOSERVE', 'XDS.b', 'DOC_CONSUMER', 'EU18');
INSERT INTO company_actor_profiles (company ,integration_profile ,actor ,connectathon) VALUES ('ICOSERVE', 'MHD', 'DOC_RECIPIENT', 'EU18');
INSERT INTO company_actor_profiles (company ,integration_profile ,actor ,connectathon) VALUES ('ICOSERVE', 'MHD', 'DOC_SOURCE', 'EU18');
INSERT INTO company_actor_profiles (company ,integration_profile ,actor ,connectathon) VALUES ('ICOSERVE', 'XDS.b', 'DOC_SOURCE', 'EU18');
INSERT INTO company_actor_profiles (company ,integration_profile ,actor ,connectathon) VALUES ('ICOSERVE', 'eCR', 'eCR Client', 'EU18');
INSERT INTO company_actor_profiles (company ,integration_profile ,actor ,connectathon) VALUES ('ICOSERVE', 'ARI', 'IM', 'EU18');
INSERT INTO company_actor_profiles (company ,integration_profile ,actor ,connectathon) VALUES ('ICOSERVE', 'ED', 'IM', 'EU18');
INSERT INTO company_actor_profiles (company ,integration_profile ,actor ,connectathon) VALUES ('ICOSERVE', 'IOCM', 'IM', 'EU18');
INSERT INTO company_actor_profiles (company ,integration_profile ,actor ,connectathon) VALUES ('ICOSERVE', 'MAMMO', 'IM', 'EU18');
INSERT INTO company_actor_profiles (company ,integration_profile ,actor ,connectathon) VALUES ('ICOSERVE', 'SWF.b', 'IM', 'EU18');
INSERT INTO company_actor_profiles (company ,integration_profile ,actor ,connectathon) VALUES ('ICOSERVE', 'IRWF.b', 'IMPORTER', 'EU18');
INSERT INTO company_actor_profiles (company ,integration_profile ,actor ,connectathon) VALUES ('ICOSERVE', 'XCF', 'INIT_GATEWAY', 'EU18');
INSERT INTO company_actor_profiles (company ,integration_profile ,actor ,connectathon) VALUES ('ICOSERVE', 'XDS.b', 'ON_DEMAND_DOC_SOURCE', 'EU18');
INSERT INTO company_actor_profiles (company ,integration_profile ,actor ,connectathon) VALUES ('ICOSERVE', 'PIX', 'PAT_IDENTITY_CONSUMER', 'EU18');
INSERT INTO company_actor_profiles (company ,integration_profile ,actor ,connectathon) VALUES ('ICOSERVE', 'PIXm', 'PAT_IDENTITY_CONSUMER', 'EU18');
INSERT INTO company_actor_profiles (company ,integration_profile ,actor ,connectathon) VALUES ('ICOSERVE', 'PIXm', 'PAT_IDENTITY_X_REF_MGR', 'EU18');
INSERT INTO company_actor_profiles (company ,integration_profile ,actor ,connectathon) VALUES ('ICOSERVE', 'PAM', 'PDC', 'EU18');
INSERT INTO company_actor_profiles (company ,integration_profile ,actor ,connectathon) VALUES ('ICOSERVE', 'PDQ', 'PDC', 'EU18');
INSERT INTO company_actor_profiles (company ,integration_profile ,actor ,connectathon) VALUES ('ICOSERVE', 'PDQm', 'PDC', 'EU18');
INSERT INTO company_actor_profiles (company ,integration_profile ,actor ,connectathon) VALUES ('ICOSERVE', 'PDQm', 'PDS', 'EU18');
INSERT INTO company_actor_profiles (company ,integration_profile ,actor ,connectathon) VALUES ('ICOSERVE', 'PAM', 'PEC', 'EU18');
INSERT INTO company_actor_profiles (company ,integration_profile ,actor ,connectathon) VALUES ('ICOSERVE', 'SWF.b', 'PPSM', 'EU18');
INSERT INTO company_actor_profiles (company ,integration_profile ,actor ,connectathon) VALUES ('ICOSERVE', 'IUA', 'RESOURCE_SERVER', 'EU18');
INSERT INTO company_actor_profiles (company ,integration_profile ,actor ,connectathon) VALUES ('ICOSERVE', 'XCF', 'RESP_GATEWAY', 'EU18');
INSERT INTO company_actor_profiles (company ,integration_profile ,actor ,connectathon) VALUES ('ICOSERVE', 'ATNA', 'SN', 'EU18');
INSERT INTO company_actor_profiles (company ,integration_profile ,actor ,connectathon) VALUES ('ICOSERVE', 'CT', 'TIME_CLIENT', 'EU18');
INSERT INTO company_actor_profiles (company ,integration_profile ,actor ,connectathon) VALUES ('ICOSERVE', 'CT', 'TS', 'EU18');
INSERT INTO company_actor_profiles (company ,integration_profile ,actor ,connectathon) VALUES ('ICOSERVE', 'SVS', 'VALUE_SET_CONSUMER', 'EU18');
INSERT INTO company_actor_profiles (company ,integration_profile ,actor ,connectathon) VALUES ('ICOSERVE', 'SVS', 'VALUE_SET_REPOSITORY', 'EU18');
INSERT INTO company_actor_profiles (company ,integration_profile ,actor ,connectathon) VALUES ('ICOSERVE', 'XUA', 'X-SERVICE-PROVIDER', 'EU18');
INSERT INTO company_actor_profiles (company ,integration_profile ,actor ,connectathon) VALUES ('ICOSERVE', 'XUA', 'X-SERVICE-USER', 'EU18');

INSERT INTO company_actor_profiles (company ,integration_profile ,actor ,connectathon) VALUES ('J4C', 'ATNA', 'ARR', 'EU18');
INSERT INTO company_actor_profiles (company ,integration_profile ,actor ,connectathon) VALUES ('J4C', 'APE', 'CONTENT_CONSUMER', 'EU18');
INSERT INTO company_actor_profiles (company ,integration_profile ,actor ,connectathon) VALUES ('J4C', 'APHP', 'CONTENT_CONSUMER', 'EU18');
INSERT INTO company_actor_profiles (company ,integration_profile ,actor ,connectathon) VALUES ('J4C', 'APL', 'CONTENT_CONSUMER', 'EU18');
INSERT INTO company_actor_profiles (company ,integration_profile ,actor ,connectathon) VALUES ('J4C', 'APS', 'CONTENT_CONSUMER', 'EU18');
INSERT INTO company_actor_profiles (company ,integration_profile ,actor ,connectathon) VALUES ('J4C', 'BPPC', 'CONTENT_CONSUMER', 'EU18');
INSERT INTO company_actor_profiles (company ,integration_profile ,actor ,connectathon) VALUES ('J4C', 'CTNN', 'CONTENT_CONSUMER', 'EU18');
INSERT INTO company_actor_profiles (company ,integration_profile ,actor ,connectathon) VALUES ('J4C', 'DIS', 'CONTENT_CONSUMER', 'EU18');
INSERT INTO company_actor_profiles (company ,integration_profile ,actor ,connectathon) VALUES ('J4C', 'EDPN', 'CONTENT_CONSUMER', 'EU18');
INSERT INTO company_actor_profiles (company ,integration_profile ,actor ,connectathon) VALUES ('J4C', 'EDR', 'CONTENT_CONSUMER', 'EU18');
INSERT INTO company_actor_profiles (company ,integration_profile ,actor ,connectathon) VALUES ('J4C', 'IC', 'CONTENT_CONSUMER', 'EU18');
INSERT INTO company_actor_profiles (company ,integration_profile ,actor ,connectathon) VALUES ('J4C', 'LDHP', 'CONTENT_CONSUMER', 'EU18');
INSERT INTO company_actor_profiles (company ,integration_profile ,actor ,connectathon) VALUES ('J4C', 'LDS', 'CONTENT_CONSUMER', 'EU18');
INSERT INTO company_actor_profiles (company ,integration_profile ,actor ,connectathon) VALUES ('J4C', 'MDS', 'CONTENT_CONSUMER', 'EU18');
INSERT INTO company_actor_profiles (company ,integration_profile ,actor ,connectathon) VALUES ('J4C', 'NN', 'CONTENT_CONSUMER', 'EU18');
INSERT INTO company_actor_profiles (company ,integration_profile ,actor ,connectathon) VALUES ('J4C', 'PADV', 'CONTENT_CONSUMER', 'EU18');
INSERT INTO company_actor_profiles (company ,integration_profile ,actor ,connectathon) VALUES ('J4C', 'PRE', 'CONTENT_CONSUMER', 'EU18');
INSERT INTO company_actor_profiles (company ,integration_profile ,actor ,connectathon) VALUES ('J4C', 'PRPH-Ca', 'CONTENT_CONSUMER', 'EU18');
INSERT INTO company_actor_profiles (company ,integration_profile ,actor ,connectathon) VALUES ('J4C', 'TN', 'CONTENT_CONSUMER', 'EU18');
INSERT INTO company_actor_profiles (company ,integration_profile ,actor ,connectathon) VALUES ('J4C', 'XD-LAB', 'CONTENT_CONSUMER', 'EU18');
INSERT INTO company_actor_profiles (company ,integration_profile ,actor ,connectathon) VALUES ('J4C', 'XDS-MS', 'CONTENT_CONSUMER', 'EU18');
INSERT INTO company_actor_profiles (company ,integration_profile ,actor ,connectathon) VALUES ('J4C', 'XPHR', 'CONTENT_CONSUMER', 'EU18');

INSERT INTO company_actor_profiles (company ,integration_profile ,actor ,connectathon) VALUES ('J4C', 'ARI', 'ID', 'EU18');
INSERT INTO company_actor_profiles (company ,integration_profile ,actor ,connectathon) VALUES ('J4C', 'CPI', 'ID', 'EU18');
INSERT INTO company_actor_profiles (company ,integration_profile ,actor ,connectathon) VALUES ('J4C', 'ECHO', 'ID', 'EU18');
INSERT INTO company_actor_profiles (company ,integration_profile ,actor ,connectathon) VALUES ('J4C', 'IID', 'ID', 'EU18');
INSERT INTO company_actor_profiles (company ,integration_profile ,actor ,connectathon) VALUES ('J4C', 'KIN', 'ID', 'EU18');
INSERT INTO company_actor_profiles (company ,integration_profile ,actor ,connectathon) VALUES ('J4C', 'SWF.b', 'ID', 'EU18');
INSERT INTO company_actor_profiles (company ,integration_profile ,actor ,connectathon) VALUES ('J4C', 'U-EYECARE', 'ID', 'EU18');
INSERT INTO company_actor_profiles (company ,integration_profile ,actor ,connectathon) VALUES ('J4C', 'ARI', 'IM', 'EU18');
INSERT INTO company_actor_profiles (company ,integration_profile ,actor ,connectathon) VALUES ('J4C', 'CATH', 'IM', 'EU18');
INSERT INTO company_actor_profiles (company ,integration_profile ,actor ,connectathon) VALUES ('J4C', 'CPI', 'IM', 'EU18');
INSERT INTO company_actor_profiles (company ,integration_profile ,actor ,connectathon) VALUES ('J4C', 'DBT', 'IM', 'EU18');
INSERT INTO company_actor_profiles (company ,integration_profile ,actor ,connectathon) VALUES ('J4C', 'ECHO', 'IM', 'EU18');
INSERT INTO company_actor_profiles (company ,integration_profile ,actor ,connectathon) VALUES ('J4C', 'ED', 'IM', 'EU18');
INSERT INTO company_actor_profiles (company ,integration_profile ,actor ,connectathon) VALUES ('J4C', 'ED-CARD', 'IM', 'EU18');
INSERT INTO company_actor_profiles (company ,integration_profile ,actor ,connectathon) VALUES ('J4C', 'IOCM', 'IM', 'EU18');
INSERT INTO company_actor_profiles (company ,integration_profile ,actor ,connectathon) VALUES ('J4C', 'IRWF.b', 'IM', 'EU18');
INSERT INTO company_actor_profiles (company ,integration_profile ,actor ,connectathon) VALUES ('J4C', 'KIN', 'IM', 'EU18');
INSERT INTO company_actor_profiles (company ,integration_profile ,actor ,connectathon) VALUES ('J4C', 'MAMMO', 'IM', 'EU18');
INSERT INTO company_actor_profiles (company ,integration_profile ,actor ,connectathon) VALUES ('J4C', 'NMI', 'IM', 'EU18');
INSERT INTO company_actor_profiles (company ,integration_profile ,actor ,connectathon) VALUES ('J4C', 'STRESS', 'IM', 'EU18');
INSERT INTO company_actor_profiles (company ,integration_profile ,actor ,connectathon) VALUES ('J4C', 'SWF.b', 'IM', 'EU18');
INSERT INTO company_actor_profiles (company ,integration_profile ,actor ,connectathon) VALUES ('J4C', 'WIC', 'IMG_CAPTURER', 'EU18');
INSERT INTO company_actor_profiles (company ,integration_profile ,actor ,connectathon) VALUES ('J4C', 'IID', 'IMG_DISPLAY_INVOKER', 'EU18');
INSERT INTO company_actor_profiles (company ,integration_profile ,actor ,connectathon) VALUES ('J4C', 'XDS-I.b', 'IMG_DOC_SOURCE', 'EU18');
INSERT INTO company_actor_profiles (company ,integration_profile ,actor ,connectathon) VALUES ('J4C', 'WIC', 'IMG_MANAGER', 'EU18');
INSERT INTO company_actor_profiles (company ,integration_profile ,actor ,connectathon) VALUES ('J4C', 'U-EYECARE', 'IM_Model_I', 'EU18');
INSERT INTO company_actor_profiles (company ,integration_profile ,actor ,connectathon) VALUES ('J4C', 'CATH', 'PPSM', 'EU18');
INSERT INTO company_actor_profiles (company ,integration_profile ,actor ,connectathon) VALUES ('J4C', 'ECHO', 'PPSM', 'EU18');
INSERT INTO company_actor_profiles (company ,integration_profile ,actor ,connectathon) VALUES ('J4C', 'SWF.b', 'PPSM', 'EU18');
INSERT INTO company_actor_profiles (company ,integration_profile ,actor ,connectathon) VALUES ('J4C', 'U-EYECARE', 'PPSM', 'EU18');
INSERT INTO company_actor_profiles (company ,integration_profile ,actor ,connectathon) VALUES ('J4C', 'ARI', 'RRD', 'EU18');
INSERT INTO company_actor_profiles (company ,integration_profile ,actor ,connectathon) VALUES ('J4C', 'ARI', 'RRP', 'EU18');
INSERT INTO company_actor_profiles (company ,integration_profile ,actor ,connectathon) VALUES ('J4C', 'ATNA', 'SA', 'EU18');
INSERT INTO company_actor_profiles (company ,integration_profile ,actor ,connectathon) VALUES ('J4C', 'CT', 'TIME_CLIENT', 'EU18');

INSERT INTO company_actor_profiles (company ,integration_profile ,actor ,connectathon) VALUES ('MDES', 'XDS.b', 'DOC_ADMINISTRATOR', 'EU18');
INSERT INTO company_actor_profiles (company ,integration_profile ,actor ,connectathon) VALUES ('MDES', 'XDS.b', 'DOC_CONSUMER', 'EU18');
INSERT INTO company_actor_profiles (company ,integration_profile ,actor ,connectathon) VALUES ('MDES', 'XDR', 'DOC_RECIPIENT', 'EU18');
INSERT INTO company_actor_profiles (company ,integration_profile ,actor ,connectathon) VALUES ('MDES', 'XDR', 'DOC_SOURCE', 'EU18');
INSERT INTO company_actor_profiles (company ,integration_profile ,actor ,connectathon) VALUES ('MDES', 'XDS.b', 'DOC_SOURCE', 'EU18');
INSERT INTO company_actor_profiles (company ,integration_profile ,actor ,connectathon) VALUES ('MDES', 'ARI', 'ID', 'EU18');
INSERT INTO company_actor_profiles (company ,integration_profile ,actor ,connectathon) VALUES ('MDES', 'CPI', 'ID', 'EU18');
INSERT INTO company_actor_profiles (company ,integration_profile ,actor ,connectathon) VALUES ('MDES', 'IID', 'ID', 'EU18');
INSERT INTO company_actor_profiles (company ,integration_profile ,actor ,connectathon) VALUES ('MDES', 'KIN', 'ID', 'EU18');
INSERT INTO company_actor_profiles (company ,integration_profile ,actor ,connectathon) VALUES ('MDES', 'XCA', 'INIT_GATEWAY', 'EU18');
INSERT INTO company_actor_profiles (company ,integration_profile ,actor ,connectathon) VALUES ('MDES', 'PIX', 'PAT_IDENTITY_CONSUMER', 'EU18');
INSERT INTO company_actor_profiles (company ,integration_profile ,actor ,connectathon) VALUES ('MDES', 'PIXV3', 'PAT_IDENTITY_CONSUMER', 'EU18');
INSERT INTO company_actor_profiles (company ,integration_profile ,actor ,connectathon) VALUES ('MDES', 'PIX', 'PAT_IDENTITY_SRC', 'EU18');
INSERT INTO company_actor_profiles (company ,integration_profile ,actor ,connectathon) VALUES ('MDES', 'PIXV3', 'PAT_IDENTITY_SRC', 'EU18');
INSERT INTO company_actor_profiles (company ,integration_profile ,actor ,connectathon) VALUES ('MDES', 'PDQ', 'PDC', 'EU18');
INSERT INTO company_actor_profiles (company ,integration_profile ,actor ,connectathon) VALUES ('MDES', 'PDQV3', 'PDC', 'EU18');
INSERT INTO company_actor_profiles (company ,integration_profile ,actor ,connectathon) VALUES ('MDES', 'PDQ', 'PDS', 'EU18');
INSERT INTO company_actor_profiles (company ,integration_profile ,actor ,connectathon) VALUES ('MDES', 'XCA', 'RESP_GATEWAY', 'EU18');
INSERT INTO company_actor_profiles (company ,integration_profile ,actor ,connectathon) VALUES ('MDES', 'XCDR', 'RESP_GATEWAY', 'EU18');
INSERT INTO company_actor_profiles (company ,integration_profile ,actor ,connectathon) VALUES ('MDES', 'ATNA', 'SA', 'EU18');
INSERT INTO company_actor_profiles (company ,integration_profile ,actor ,connectathon) VALUES ('MDES', 'CT', 'TIME_CLIENT', 'EU18');

INSERT INTO company_actor_profiles (company ,integration_profile ,actor ,connectathon) VALUES ('MEDAVIS', 'XDS.b', 'DOC_CONSUMER', 'EU18');
INSERT INTO company_actor_profiles (company ,integration_profile ,actor ,connectathon) VALUES ('MEDAVIS', 'XDS.b', 'DOC_SOURCE', 'EU18');
INSERT INTO company_actor_profiles (company ,integration_profile ,actor ,connectathon) VALUES ('MEDAVIS', 'PIXV3', 'PAT_IDENTITY_CONSUMER', 'EU18');
INSERT INTO company_actor_profiles (company ,integration_profile ,actor ,connectathon) VALUES ('MEDAVIS', 'ATNA', 'SA', 'EU18');
INSERT INTO company_actor_profiles (company ,integration_profile ,actor ,connectathon) VALUES ('MEDAVIS', 'CT', 'TIME_CLIENT', 'EU18');



INSERT INTO company_actor_profiles (company ,integration_profile ,actor ,connectathon) VALUES ('Meddex', 'PRE', 'CONTENT_CONSUMER', 'EU18');
INSERT INTO company_actor_profiles (company ,integration_profile ,actor ,connectathon) VALUES ('Meddex', 'XD-LAB', 'CONTENT_CONSUMER', 'EU18');
INSERT INTO company_actor_profiles (company ,integration_profile ,actor ,connectathon) VALUES ('Meddex', 'PRE', 'CONTENT_CREATOR', 'EU18');
INSERT INTO company_actor_profiles (company ,integration_profile ,actor ,connectathon) VALUES ('Meddex', 'XD-LAB', 'CONTENT_CREATOR', 'EU18');
INSERT INTO company_actor_profiles (company ,integration_profile ,actor ,connectathon) VALUES ('Meddex', 'XPHR', 'CONTENT_CREATOR', 'EU18');
INSERT INTO company_actor_profiles (company ,integration_profile ,actor ,connectathon) VALUES ('Meddex', 'XDS.b', 'DOC_CONSUMER', 'EU18');
INSERT INTO company_actor_profiles (company ,integration_profile ,actor ,connectathon) VALUES ('Meddex', 'XDS.b', 'DOC_SOURCE', 'EU18');
INSERT INTO company_actor_profiles (company ,integration_profile ,actor ,connectathon) VALUES ('Meddex', 'PDQV3', 'PDC', 'EU18');
INSERT INTO company_actor_profiles (company ,integration_profile ,actor ,connectathon) VALUES ('Meddex', 'ATNA', 'SN', 'EU18');
INSERT INTO company_actor_profiles (company ,integration_profile ,actor ,connectathon) VALUES ('Meddex', 'CT', 'TIME_CLIENT', 'EU18');
INSERT INTO company_actor_profiles (company ,integration_profile ,actor ,connectathon) VALUES ('Meddex', 'XUA', 'X-SERVICE-USER', 'EU18');

INSERT INTO company_actor_profiles (company ,integration_profile ,actor ,connectathon) VALUES ('MEDIWARE', 'PAM', 'PEC', 'EU18');
INSERT INTO company_actor_profiles (company ,integration_profile ,actor ,connectathon) VALUES ('MEDIWARE', 'PAM', 'PES', 'EU18');

INSERT INTO company_actor_profiles (company ,integration_profile ,actor ,connectathon) VALUES ('mediDOK', 'XDS.b', 'DOC_CONSUMER', 'EU18');
INSERT INTO company_actor_profiles (company ,integration_profile ,actor ,connectathon) VALUES ('mediDOK', 'XDS.b', 'DOC_REGISTRY', 'EU18');
INSERT INTO company_actor_profiles (company ,integration_profile ,actor ,connectathon) VALUES ('mediDOK', 'XDS.b', 'DOC_REPOSITORY', 'EU18');
INSERT INTO company_actor_profiles (company ,integration_profile ,actor ,connectathon) VALUES ('mediDOK', 'XDS.b', 'DOC_SOURCE', 'EU18');
INSERT INTO company_actor_profiles (company ,integration_profile ,actor ,connectathon) VALUES ('mediDOK', 'XDS.b', 'EMBED_REPOS', 'EU18');
INSERT INTO company_actor_profiles (company ,integration_profile ,actor ,connectathon) VALUES ('mediDOK', 'ATNA', 'SN', 'EU18');
INSERT INTO company_actor_profiles (company ,integration_profile ,actor ,connectathon) VALUES ('mediDOK', 'CT', 'TIME_CLIENT', 'EU18');

INSERT INTO company_actor_profiles (company ,integration_profile ,actor ,connectathon) VALUES ('OCULUS', 'U-EYECARE', 'MOD', 'EU18');
INSERT INTO company_actor_profiles (company ,integration_profile ,actor ,connectathon) VALUES ('OCULUS', 'U-EYECARE', 'MOD_Model_II', 'EU18');
INSERT INTO company_actor_profiles (company ,integration_profile ,actor ,connectathon) VALUES ('OCULUS', 'U-EYECARE', 'RMS', 'EU18');

INSERT INTO company_actor_profiles (company ,integration_profile ,actor ,connectathon) VALUES ('OpenApp', 'XDS-SD', 'CONTENT_CONSUMER', 'EU18');
INSERT INTO company_actor_profiles (company ,integration_profile ,actor ,connectathon) VALUES ('OpenApp', 'XDS.b', 'DOC_CONSUMER', 'EU18');
INSERT INTO company_actor_profiles (company ,integration_profile ,actor ,connectathon) VALUES ('OpenApp', 'XCA', 'INIT_GATEWAY', 'EU18');
INSERT INTO company_actor_profiles (company ,integration_profile ,actor ,connectathon) VALUES ('OpenApp', 'XCPD', 'INIT_GATEWAY', 'EU18');
INSERT INTO company_actor_profiles (company ,integration_profile ,actor ,connectathon) VALUES ('OpenApp', 'PDQV3', 'PDC', 'EU18');
INSERT INTO company_actor_profiles (company ,integration_profile ,actor ,connectathon) VALUES ('OpenApp', 'ATNA', 'SA', 'EU18');
INSERT INTO company_actor_profiles (company ,integration_profile ,actor ,connectathon) VALUES ('OpenApp', 'CT', 'TIME_CLIENT', 'EU18');

INSERT INTO company_actor_profiles (company ,integration_profile ,actor ,connectathon) VALUES ('OSVB', 'XDS.b', 'DOC_ADMINISTRATOR', 'EU18');
INSERT INTO company_actor_profiles (company ,integration_profile ,actor ,connectathon) VALUES ('OSVB', 'XDS.b', 'DOC_CONSUMER', 'EU18');
INSERT INTO company_actor_profiles (company ,integration_profile ,actor ,connectathon) VALUES ('OSVB', 'XDS.b', 'DOC_SOURCE', 'EU18');
INSERT INTO company_actor_profiles (company ,integration_profile ,actor ,connectathon) VALUES ('OSVB', 'PIXV3', 'PAT_IDENTITY_CONSUMER', 'EU18');
INSERT INTO company_actor_profiles (company ,integration_profile ,actor ,connectathon) VALUES ('OSVB', 'PDQV3', 'PDC', 'EU18');
INSERT INTO company_actor_profiles (company ,integration_profile ,actor ,connectathon) VALUES ('OSVB', 'ATNA', 'SA', 'EU18');
INSERT INTO company_actor_profiles (company ,integration_profile ,actor ,connectathon) VALUES ('OSVB', 'CT', 'TIME_CLIENT', 'EU18');

INSERT INTO company_actor_profiles (company ,integration_profile ,actor ,connectathon) VALUES ('Parsek', 'ATNA', 'ARR', 'EU18');
INSERT INTO company_actor_profiles (company ,integration_profile ,actor ,connectathon) VALUES ('Parsek', 'IUA', 'AUTH_CLIENT', 'EU18');
INSERT INTO company_actor_profiles (company ,integration_profile ,actor ,connectathon) VALUES ('Parsek', 'IUA', 'AUTH_SERVER', 'EU18');
INSERT INTO company_actor_profiles (company ,integration_profile ,actor ,connectathon) VALUES ('Parsek', 'XD-LAB', 'CONTENT_CONSUMER', 'EU18');
INSERT INTO company_actor_profiles (company ,integration_profile ,actor ,connectathon) VALUES ('Parsek', 'XDS-MS', 'CONTENT_CONSUMER', 'EU18');
INSERT INTO company_actor_profiles (company ,integration_profile ,actor ,connectathon) VALUES ('Parsek', 'XDS-SD', 'CONTENT_CONSUMER', 'EU18');
INSERT INTO company_actor_profiles (company ,integration_profile ,actor ,connectathon) VALUES ('Parsek', 'XPHR', 'CONTENT_CONSUMER', 'EU18');
INSERT INTO company_actor_profiles (company ,integration_profile ,actor ,connectathon) VALUES ('Parsek', 'MHD', 'DOC_CONSUMER', 'EU18');
INSERT INTO company_actor_profiles (company ,integration_profile ,actor ,connectathon) VALUES ('Parsek', 'XDS.b', 'DOC_CONSUMER', 'EU18');
INSERT INTO company_actor_profiles (company ,integration_profile ,actor ,connectathon) VALUES ('Parsek', 'MHD', 'DOC_RECIPIENT', 'EU18');
INSERT INTO company_actor_profiles (company ,integration_profile ,actor ,connectathon) VALUES ('Parsek', 'XDS.b', 'DOC_REGISTRY', 'EU18');
INSERT INTO company_actor_profiles (company ,integration_profile ,actor ,connectathon) VALUES ('Parsek', 'MHD', 'DOC_RESPONDER', 'EU18');
INSERT INTO company_actor_profiles (company ,integration_profile ,actor ,connectathon) VALUES ('Parsek', 'MHD', 'DOC_SOURCE', 'EU18');
INSERT INTO company_actor_profiles (company ,integration_profile ,actor ,connectathon) VALUES ('Parsek', 'XCA', 'INIT_GATEWAY', 'EU18');
INSERT INTO company_actor_profiles (company ,integration_profile ,actor ,connectathon) VALUES ('Parsek', 'PIX', 'PAT_IDENTITY_CONSUMER', 'EU18');
INSERT INTO company_actor_profiles (company ,integration_profile ,actor ,connectathon) VALUES ('Parsek', 'PIXm', 'PAT_IDENTITY_CONSUMER', 'EU18');
INSERT INTO company_actor_profiles (company ,integration_profile ,actor ,connectathon) VALUES ('Parsek', 'PIXV3', 'PAT_IDENTITY_CONSUMER', 'EU18');
INSERT INTO company_actor_profiles (company ,integration_profile ,actor ,connectathon) VALUES ('Parsek', 'PIX', 'PAT_IDENTITY_SRC', 'EU18');
INSERT INTO company_actor_profiles (company ,integration_profile ,actor ,connectathon) VALUES ('Parsek', 'PIXV3', 'PAT_IDENTITY_SRC', 'EU18');
INSERT INTO company_actor_profiles (company ,integration_profile ,actor ,connectathon) VALUES ('Parsek', 'PDQ', 'PDC', 'EU18');
INSERT INTO company_actor_profiles (company ,integration_profile ,actor ,connectathon) VALUES ('Parsek', 'PDQm', 'PDC', 'EU18');
INSERT INTO company_actor_profiles (company ,integration_profile ,actor ,connectathon) VALUES ('Parsek', 'PDQV3', 'PDC', 'EU18');
INSERT INTO company_actor_profiles (company ,integration_profile ,actor ,connectathon) VALUES ('Parsek', 'PDQ', 'PDS', 'EU18');
INSERT INTO company_actor_profiles (company ,integration_profile ,actor ,connectathon) VALUES ('Parsek', 'PDQm', 'PDS', 'EU18');
INSERT INTO company_actor_profiles (company ,integration_profile ,actor ,connectathon) VALUES ('Parsek', 'PDQV3', 'PDS', 'EU18');
INSERT INTO company_actor_profiles (company ,integration_profile ,actor ,connectathon) VALUES ('Parsek', 'HPD', 'PROV_INFO_CONS', 'EU18');
INSERT INTO company_actor_profiles (company ,integration_profile ,actor ,connectathon) VALUES ('Parsek', 'HPD', 'PROV_INFO_DIR', 'EU18');
INSERT INTO company_actor_profiles (company ,integration_profile ,actor ,connectathon) VALUES ('Parsek', 'HPD', 'PROV_INFO_SRC', 'EU18');
INSERT INTO company_actor_profiles (company ,integration_profile ,actor ,connectathon) VALUES ('Parsek', 'IUA', 'RESOURCE_SERVER', 'EU18');
INSERT INTO company_actor_profiles (company ,integration_profile ,actor ,connectathon) VALUES ('Parsek', 'XCA', 'RESP_GATEWAY', 'EU18');
INSERT INTO company_actor_profiles (company ,integration_profile ,actor ,connectathon) VALUES ('Parsek', 'ATNA', 'SN', 'EU18');
INSERT INTO company_actor_profiles (company ,integration_profile ,actor ,connectathon) VALUES ('Parsek', 'CT', 'TIME_CLIENT', 'EU18');
INSERT INTO company_actor_profiles (company ,integration_profile ,actor ,connectathon) VALUES ('Parsek', 'CT', 'TS', 'EU18');
INSERT INTO company_actor_profiles (company ,integration_profile ,actor ,connectathon) VALUES ('Parsek', 'XUA', 'X-SERVICE-PROVIDER', 'EU18');

INSERT INTO company_actor_profiles (company ,integration_profile ,actor ,connectathon) VALUES ('PHILIPS', 'KIN', 'EC', 'EU18');
INSERT INTO company_actor_profiles (company ,integration_profile ,actor ,connectathon) VALUES ('PHILIPS', 'SWF.b', 'EC', 'EU18');
INSERT INTO company_actor_profiles (company ,integration_profile ,actor ,connectathon) VALUES ('PHILIPS', 'ARI', 'ID', 'EU18');
INSERT INTO company_actor_profiles (company ,integration_profile ,actor ,connectathon) VALUES ('PHILIPS', 'KIN', 'ID', 'EU18');
INSERT INTO company_actor_profiles (company ,integration_profile ,actor ,connectathon) VALUES ('PHILIPS', 'CATH', 'MOD', 'EU18');
INSERT INTO company_actor_profiles (company ,integration_profile ,actor ,connectathon) VALUES ('PHILIPS', 'CPI', 'MOD', 'EU18');
INSERT INTO company_actor_profiles (company ,integration_profile ,actor ,connectathon) VALUES ('PHILIPS', 'REM', 'MOD', 'EU18');
INSERT INTO company_actor_profiles (company ,integration_profile ,actor ,connectathon) VALUES ('PHILIPS', 'SWF.b', 'MOD', 'EU18');
INSERT INTO company_actor_profiles (company ,integration_profile ,actor ,connectathon) VALUES ('PHILIPS', 'PDI', 'PMC', 'EU18');
INSERT INTO company_actor_profiles (company ,integration_profile ,actor ,connectathon) VALUES ('PHILIPS', 'ATNA', 'SN', 'EU18');
INSERT INTO company_actor_profiles (company ,integration_profile ,actor ,connectathon) VALUES ('PHILIPS', 'CT', 'TIME_CLIENT', 'EU18');

INSERT INTO company_actor_profiles (company ,integration_profile ,actor ,connectathon) VALUES ('ROG', 'ARI', 'IM', 'EU18');
INSERT INTO company_actor_profiles (company ,integration_profile ,actor ,connectathon) VALUES ('ROG', 'CPI', 'IM', 'EU18');
INSERT INTO company_actor_profiles (company ,integration_profile ,actor ,connectathon) VALUES ('ROG', 'DBT', 'IM', 'EU18');
INSERT INTO company_actor_profiles (company ,integration_profile ,actor ,connectathon) VALUES ('ROG', 'ED', 'IM', 'EU18');
INSERT INTO company_actor_profiles (company ,integration_profile ,actor ,connectathon) VALUES ('ROG', 'KIN', 'IM', 'EU18');
INSERT INTO company_actor_profiles (company ,integration_profile ,actor ,connectathon) VALUES ('ROG', 'NMI', 'IM', 'EU18');
INSERT INTO company_actor_profiles (company ,integration_profile ,actor ,connectathon) VALUES ('ROG', 'REM', 'IM', 'EU18');
INSERT INTO company_actor_profiles (company ,integration_profile ,actor ,connectathon) VALUES ('ROG', 'XDS-I.b', 'IMG_DOC_SOURCE', 'EU18');
INSERT INTO company_actor_profiles (company ,integration_profile ,actor ,connectathon) VALUES ('ROG', 'ATNA', 'SA', 'EU18');
INSERT INTO company_actor_profiles (company ,integration_profile ,actor ,connectathon) VALUES ('ROG', 'CT', 'TIME_CLIENT', 'EU18');
INSERT INTO company_actor_profiles (company ,integration_profile ,actor ,connectathon) VALUES ('ROG', 'XUA', 'X-SERVICE-PROVIDER', 'EU18');

INSERT INTO company_actor_profiles (company ,integration_profile ,actor ,connectathon) VALUES ('RVC', 'IOCM', 'CHANGE_REQUESTER', 'EU18');
INSERT INTO company_actor_profiles (company ,integration_profile ,actor ,connectathon) VALUES ('RVC', 'BPPC', 'CONTENT_CREATOR', 'EU18');
INSERT INTO company_actor_profiles (company ,integration_profile ,actor ,connectathon) VALUES ('RVC', 'XDS.b', 'DOC_CONSUMER', 'EU18');
INSERT INTO company_actor_profiles (company ,integration_profile ,actor ,connectathon) VALUES ('RVC', 'XDS-I.b', 'DOC_CONSUMER', 'EU18');
INSERT INTO company_actor_profiles (company ,integration_profile ,actor ,connectathon) VALUES ('RVC', 'XDS.b', 'EMBED_REPOS', 'EU18');
INSERT INTO company_actor_profiles (company ,integration_profile ,actor ,connectathon) VALUES ('RVC', 'CPI', 'IM', 'EU18');
INSERT INTO company_actor_profiles (company ,integration_profile ,actor ,connectathon) VALUES ('RVC', 'KIN', 'IM', 'EU18');
INSERT INTO company_actor_profiles (company ,integration_profile ,actor ,connectathon) VALUES ('RVC', 'XDS-I.b', 'IMG_DOC_CONSUMER', 'EU18');
INSERT INTO company_actor_profiles (company ,integration_profile ,actor ,connectathon) VALUES ('RVC', 'SWF.b', 'PPSM', 'EU18');
INSERT INTO company_actor_profiles (company ,integration_profile ,actor ,connectathon) VALUES ('RVC', 'ATNA', 'SN', 'EU18');
INSERT INTO company_actor_profiles (company ,integration_profile ,actor ,connectathon) VALUES ('RVC', 'CT', 'TIME_CLIENT', 'EU18');
INSERT INTO company_actor_profiles (company ,integration_profile ,actor ,connectathon) VALUES ('RVC', 'XUA', 'X-SERVICE-USER', 'EU18');

INSERT INTO company_actor_profiles (company ,integration_profile ,actor ,connectathon) VALUES ('RZV', 'ATNA', 'ARR', 'EU18');
INSERT INTO company_actor_profiles (company ,integration_profile ,actor ,connectathon) VALUES ('RZV', 'XDS.b', 'DOC_ADMINISTRATOR', 'EU18');
INSERT INTO company_actor_profiles (company ,integration_profile ,actor ,connectathon) VALUES ('RZV', 'XDS.b', 'DOC_CONSUMER', 'EU18');
INSERT INTO company_actor_profiles (company ,integration_profile ,actor ,connectathon) VALUES ('RZV', 'XDS.b', 'DOC_REGISTRY', 'EU18');
INSERT INTO company_actor_profiles (company ,integration_profile ,actor ,connectathon) VALUES ('RZV', 'XDS.b', 'DOC_REPOSITORY', 'EU18');
INSERT INTO company_actor_profiles (company ,integration_profile ,actor ,connectathon) VALUES ('RZV', 'XDS.b', 'DOC_SOURCE', 'EU18');
INSERT INTO company_actor_profiles (company ,integration_profile ,actor ,connectathon) VALUES ('RZV', 'eCR', 'eCR Client', 'EU18');
INSERT INTO company_actor_profiles (company ,integration_profile ,actor ,connectathon) VALUES ('RZV', 'eCR', 'eCR Provider', 'EU18');
INSERT INTO company_actor_profiles (company ,integration_profile ,actor ,connectathon) VALUES ('RZV', 'PIX', 'PAT_IDENTITY_CONSUMER', 'EU18');
INSERT INTO company_actor_profiles (company ,integration_profile ,actor ,connectathon) VALUES ('RZV', 'PIXV3', 'PAT_IDENTITY_CONSUMER', 'EU18');
INSERT INTO company_actor_profiles (company ,integration_profile ,actor ,connectathon) VALUES ('RZV', 'XDS.b', 'PAT_IDENTITY_SRC', 'EU18');
INSERT INTO company_actor_profiles (company ,integration_profile ,actor ,connectathon) VALUES ('RZV', 'PDQ', 'PDC', 'EU18');
INSERT INTO company_actor_profiles (company ,integration_profile ,actor ,connectathon) VALUES ('RZV', 'PDQV3', 'PDC', 'EU18');
INSERT INTO company_actor_profiles (company ,integration_profile ,actor ,connectathon) VALUES ('RZV', 'PDQ', 'PDS', 'EU18');
INSERT INTO company_actor_profiles (company ,integration_profile ,actor ,connectathon) VALUES ('RZV', 'PDQV3', 'PDS', 'EU18');
INSERT INTO company_actor_profiles (company ,integration_profile ,actor ,connectathon) VALUES ('RZV', 'HPD', 'PROV_INFO_CONS', 'EU18');
INSERT INTO company_actor_profiles (company ,integration_profile ,actor ,connectathon) VALUES ('RZV', 'HPD', 'PROV_INFO_DIR', 'EU18');
INSERT INTO company_actor_profiles (company ,integration_profile ,actor ,connectathon) VALUES ('RZV', 'ATNA', 'SN', 'EU18');
INSERT INTO company_actor_profiles (company ,integration_profile ,actor ,connectathon) VALUES ('RZV', 'CT', 'TIME_CLIENT', 'EU18');
INSERT INTO company_actor_profiles (company ,integration_profile ,actor ,connectathon) VALUES ('RZV', 'XUA', 'X-SERVICE-PROVIDER', 'EU18');
INSERT INTO company_actor_profiles (company ,integration_profile ,actor ,connectathon) VALUES ('RZV', 'XUA', 'X-SERVICE-USER', 'EU18');

INSERT INTO company_actor_profiles (company ,integration_profile ,actor ,connectathon) VALUES ('SA', 'XDS.b', 'DOC_CONSUMER', 'EU18');
INSERT INTO company_actor_profiles (company ,integration_profile ,actor ,connectathon) VALUES ('SA', 'XDS.b', 'DOC_SOURCE', 'EU18');
INSERT INTO company_actor_profiles (company ,integration_profile ,actor ,connectathon) VALUES ('SA', 'PIX', 'PAT_IDENTITY_CONSUMER', 'EU18');
INSERT INTO company_actor_profiles (company ,integration_profile ,actor ,connectathon) VALUES ('SA', 'PDQ', 'PDC', 'EU18');
INSERT INTO company_actor_profiles (company ,integration_profile ,actor ,connectathon) VALUES ('SA', 'XDM', 'PMC', 'EU18');
INSERT INTO company_actor_profiles (company ,integration_profile ,actor ,connectathon) VALUES ('SA', 'ATNA', 'SA', 'EU18');
INSERT INTO company_actor_profiles (company ,integration_profile ,actor ,connectathon) VALUES ('SA', 'CT', 'TIME_CLIENT', 'EU18');
INSERT INTO company_actor_profiles (company ,integration_profile ,actor ,connectathon) VALUES ('SA', 'XUA', 'X-SERVICE-USER', 'EU18');

INSERT INTO company_actor_profiles (company ,integration_profile ,actor ,connectathon) VALUES ('Samsung', 'ED', 'MOD', 'EU18');
INSERT INTO company_actor_profiles (company ,integration_profile ,actor ,connectathon) VALUES ('Samsung', 'SWF.b', 'MOD', 'EU18');
INSERT INTO company_actor_profiles (company ,integration_profile ,actor ,connectathon) VALUES ('Samsung', 'PDI', 'PMC', 'EU18');

INSERT INTO company_actor_profiles (company ,integration_profile ,actor ,connectathon) VALUES ('SIEMENS', 'IOCM', 'CHANGE_REQUESTER', 'EU18');
INSERT INTO company_actor_profiles (company ,integration_profile ,actor ,connectathon) VALUES ('SIEMENS', 'SWF.b', 'IM', 'EU18');
INSERT INTO company_actor_profiles (company ,integration_profile ,actor ,connectathon) VALUES ('SIEMENS', 'PDQm', 'PDC', 'EU18');
INSERT INTO company_actor_profiles (company ,integration_profile ,actor ,connectathon) VALUES ('SIEMENS', 'SWF.b', 'PPSM', 'EU18');

INSERT INTO company_actor_profiles (company ,integration_profile ,actor ,connectathon) VALUES ('SUPERSONIC', 'ECHO', 'MOD', 'EU18');
INSERT INTO company_actor_profiles (company ,integration_profile ,actor ,connectathon) VALUES ('SUPERSONIC', 'ED', 'MOD', 'EU18');
INSERT INTO company_actor_profiles (company ,integration_profile ,actor ,connectathon) VALUES ('SUPERSONIC', 'ED-CARD', 'MOD', 'EU18');
INSERT INTO company_actor_profiles (company ,integration_profile ,actor ,connectathon) VALUES ('SUPERSONIC', 'SWF.b', 'MOD', 'EU18');
INSERT INTO company_actor_profiles (company ,integration_profile ,actor ,connectathon) VALUES ('SUPERSONIC', 'PDI', 'PMC', 'EU18');
INSERT INTO company_actor_profiles (company ,integration_profile ,actor ,connectathon) VALUES ('SUPERSONIC', 'CT', 'TIME_CLIENT', 'EU18');

INSERT INTO company_actor_profiles (company ,integration_profile ,actor ,connectathon) VALUES ('SYNEDRA', 'ATNA', 'ARR', 'EU18');
INSERT INTO company_actor_profiles (company ,integration_profile ,actor ,connectathon) VALUES ('SYNEDRA', 'ATNA', 'AUDIT_CONSUMER', 'EU18');
INSERT INTO company_actor_profiles (company ,integration_profile ,actor ,connectathon) VALUES ('SYNEDRA', 'ATNA', 'AUDIT_RECORD_FORWARDER', 'EU18');
INSERT INTO company_actor_profiles (company ,integration_profile ,actor ,connectathon) VALUES ('SYNEDRA', 'XDS.b', 'DOC_ADMINISTRATOR', 'EU18');
INSERT INTO company_actor_profiles (company ,integration_profile ,actor ,connectathon) VALUES ('SYNEDRA', 'XDS.b', 'DOC_CONSUMER', 'EU18');
INSERT INTO company_actor_profiles (company ,integration_profile ,actor ,connectathon) VALUES ('SYNEDRA', 'XDS-I.b', 'DOC_CONSUMER', 'EU18');
INSERT INTO company_actor_profiles (company ,integration_profile ,actor ,connectathon) VALUES ('SYNEDRA', 'XDR', 'DOC_RECIPIENT', 'EU18');
INSERT INTO company_actor_profiles (company ,integration_profile ,actor ,connectathon) VALUES ('SYNEDRA', 'XDS.b', 'DOC_REPOSITORY', 'EU18');
INSERT INTO company_actor_profiles (company ,integration_profile ,actor ,connectathon) VALUES ('SYNEDRA', 'XDS-I.b', 'DOC_REPOSITORY', 'EU18');
INSERT INTO company_actor_profiles (company ,integration_profile ,actor ,connectathon) VALUES ('SYNEDRA', 'XDR', 'DOC_SOURCE', 'EU18');
INSERT INTO company_actor_profiles (company ,integration_profile ,actor ,connectathon) VALUES ('SYNEDRA', 'XDS.b', 'DOC_SOURCE', 'EU18');
INSERT INTO company_actor_profiles (company ,integration_profile ,actor ,connectathon) VALUES ('SYNEDRA', 'XDS.b', 'EMBED_REPOS', 'EU18');
INSERT INTO company_actor_profiles (company ,integration_profile ,actor ,connectathon) VALUES ('SYNEDRA', 'ARI', 'ID', 'EU18');
INSERT INTO company_actor_profiles (company ,integration_profile ,actor ,connectathon) VALUES ('SYNEDRA', 'ARI', 'IM', 'EU18');
INSERT INTO company_actor_profiles (company ,integration_profile ,actor ,connectathon) VALUES ('SYNEDRA', 'IOCM', 'IM', 'EU18');
INSERT INTO company_actor_profiles (company ,integration_profile ,actor ,connectathon) VALUES ('SYNEDRA', 'SWF.b', 'IM', 'EU18');
INSERT INTO company_actor_profiles (company ,integration_profile ,actor ,connectathon) VALUES ('SYNEDRA', 'XDS-I.b', 'IMG_DOC_CONSUMER', 'EU18');
INSERT INTO company_actor_profiles (company ,integration_profile ,actor ,connectathon) VALUES ('SYNEDRA', 'XDS-I.b', 'IMG_DOC_SOURCE', 'EU18');
INSERT INTO company_actor_profiles (company ,integration_profile ,actor ,connectathon) VALUES ('SYNEDRA', 'SWF.b', 'MOD', 'EU18');
INSERT INTO company_actor_profiles (company ,integration_profile ,actor ,connectathon) VALUES ('SYNEDRA', 'PIX', 'PAT_IDENTITY_CONSUMER', 'EU18');
INSERT INTO company_actor_profiles (company ,integration_profile ,actor ,connectathon) VALUES ('SYNEDRA', 'PIXV3', 'PAT_IDENTITY_CONSUMER', 'EU18');
INSERT INTO company_actor_profiles (company ,integration_profile ,actor ,connectathon) VALUES ('SYNEDRA', 'PIXV3', 'PAT_IDENTITY_SRC', 'EU18');
INSERT INTO company_actor_profiles (company ,integration_profile ,actor ,connectathon) VALUES ('SYNEDRA', 'XDS.b', 'PAT_IDENTITY_SRC', 'EU18');
INSERT INTO company_actor_profiles (company ,integration_profile ,actor ,connectathon) VALUES ('SYNEDRA', 'PAM', 'PDC', 'EU18');
INSERT INTO company_actor_profiles (company ,integration_profile ,actor ,connectathon) VALUES ('SYNEDRA', 'PDQ', 'PDC', 'EU18');
INSERT INTO company_actor_profiles (company ,integration_profile ,actor ,connectathon) VALUES ('SYNEDRA', 'PDQV3', 'PDC', 'EU18');
INSERT INTO company_actor_profiles (company ,integration_profile ,actor ,connectathon) VALUES ('SYNEDRA', 'PAM', 'PEC', 'EU18');
INSERT INTO company_actor_profiles (company ,integration_profile ,actor ,connectathon) VALUES ('SYNEDRA', 'SWF.b', 'PPSM', 'EU18');
INSERT INTO company_actor_profiles (company ,integration_profile ,actor ,connectathon) VALUES ('SYNEDRA', 'ARI', 'RRD', 'EU18');
INSERT INTO company_actor_profiles (company ,integration_profile ,actor ,connectathon) VALUES ('SYNEDRA', 'ATNA', 'SA', 'EU18');
INSERT INTO company_actor_profiles (company ,integration_profile ,actor ,connectathon) VALUES ('SYNEDRA', 'ATNA', 'SN', 'EU18');
INSERT INTO company_actor_profiles (company ,integration_profile ,actor ,connectathon) VALUES ('SYNEDRA', 'CT', 'TIME_CLIENT', 'EU18');
INSERT INTO company_actor_profiles (company ,integration_profile ,actor ,connectathon) VALUES ('SYNEDRA', 'XUA', 'X-SERVICE-PROVIDER', 'EU18');
INSERT INTO company_actor_profiles (company ,integration_profile ,actor ,connectathon) VALUES ('SYNEDRA', 'XUA', 'X-SERVICE-USER', 'EU18');

INSERT INTO company_actor_profiles (company ,integration_profile ,actor ,connectathon) VALUES ('SYSTELAB', 'DIS', 'CONTENT_CONSUMER', 'EU18');
INSERT INTO company_actor_profiles (company ,integration_profile ,actor ,connectathon) VALUES ('SYSTELAB', 'PADV', 'CONTENT_CONSUMER', 'EU18');
INSERT INTO company_actor_profiles (company ,integration_profile ,actor ,connectathon) VALUES ('SYSTELAB', 'PRE', 'CONTENT_CONSUMER', 'EU18');
INSERT INTO company_actor_profiles (company ,integration_profile ,actor ,connectathon) VALUES ('SYSTELAB', 'XD-LAB', 'CONTENT_CONSUMER', 'EU18');
INSERT INTO company_actor_profiles (company ,integration_profile ,actor ,connectathon) VALUES ('SYSTELAB', 'XDS-SD', 'CONTENT_CONSUMER', 'EU18');
INSERT INTO company_actor_profiles (company ,integration_profile ,actor ,connectathon) VALUES ('SYSTELAB', 'XPHR', 'CONTENT_CONSUMER', 'EU18');
INSERT INTO company_actor_profiles (company ,integration_profile ,actor ,connectathon) VALUES ('SYSTELAB', 'XD-LAB', 'CONTENT_CREATOR', 'EU18');
INSERT INTO company_actor_profiles (company ,integration_profile ,actor ,connectathon) VALUES ('SYSTELAB', 'XDS-SD', 'CONTENT_CREATOR', 'EU18');
INSERT INTO company_actor_profiles (company ,integration_profile ,actor ,connectathon) VALUES ('SYSTELAB', 'DEC', 'DEV_OBS_CONSUMER', 'EU18');
INSERT INTO company_actor_profiles (company ,integration_profile ,actor ,connectathon) VALUES ('SYSTELAB', 'MHD', 'DOC_CONSUMER', 'EU18');
INSERT INTO company_actor_profiles (company ,integration_profile ,actor ,connectathon) VALUES ('SYSTELAB', 'MHD', 'DOC_SOURCE', 'EU18');
INSERT INTO company_actor_profiles (company ,integration_profile ,actor ,connectathon) VALUES ('SYSTELAB', 'PIXm', 'PAT_IDENTITY_CONSUMER', 'EU18');
INSERT INTO company_actor_profiles (company ,integration_profile ,actor ,connectathon) VALUES ('SYSTELAB', 'PDQm', 'PDC', 'EU18');
INSERT INTO company_actor_profiles (company ,integration_profile ,actor ,connectathon) VALUES ('SYSTELAB', 'PDQm', 'PDS', 'EU18');
INSERT INTO company_actor_profiles (company ,integration_profile ,actor ,connectathon) VALUES ('SYSTELAB', 'PAM', 'PEC', 'EU18');
INSERT INTO company_actor_profiles (company ,integration_profile ,actor ,connectathon) VALUES ('SYSTELAB', 'XDM', 'PMC', 'EU18');
INSERT INTO company_actor_profiles (company ,integration_profile ,actor ,connectathon) VALUES ('SYSTELAB', 'XDM', 'PMI', 'EU18');
INSERT INTO company_actor_profiles (company ,integration_profile ,actor ,connectathon) VALUES ('SYSTELAB', 'ATNA', 'SN', 'EU18');
INSERT INTO company_actor_profiles (company ,integration_profile ,actor ,connectathon) VALUES ('SYSTELAB', 'CT', 'TIME_CLIENT', 'EU18');

INSERT INTO company_actor_profiles (company ,integration_profile ,actor ,connectathon) VALUES ('TELEMIS', 'REM', 'DOSE_INFO_CONSUMER', 'EU18');
INSERT INTO company_actor_profiles (company ,integration_profile ,actor ,connectathon) VALUES ('TELEMIS', 'KIN', 'ID', 'EU18');
INSERT INTO company_actor_profiles (company ,integration_profile ,actor ,connectathon) VALUES ('TELEMIS', 'SWF.b', 'ID', 'EU18');
INSERT INTO company_actor_profiles (company ,integration_profile ,actor ,connectathon) VALUES ('TELEMIS', 'KIN', 'IM', 'EU18');
INSERT INTO company_actor_profiles (company ,integration_profile ,actor ,connectathon) VALUES ('TELEMIS', 'MAMMO', 'IM', 'EU18');
INSERT INTO company_actor_profiles (company ,integration_profile ,actor ,connectathon) VALUES ('TELEMIS', 'REM', 'IM', 'EU18');
INSERT INTO company_actor_profiles (company ,integration_profile ,actor ,connectathon) VALUES ('TELEMIS', 'SWF.b', 'IM', 'EU18');
INSERT INTO company_actor_profiles (company ,integration_profile ,actor ,connectathon) VALUES ('TELEMIS', 'SWF.b', 'PPSM', 'EU18');
INSERT INTO company_actor_profiles (company ,integration_profile ,actor ,connectathon) VALUES ('TELEMIS', 'ATNA', 'SA', 'EU18');
INSERT INTO company_actor_profiles (company ,integration_profile ,actor ,connectathon) VALUES ('TELEMIS', 'CT', 'TIME_CLIENT', 'EU18');

INSERT INTO company_actor_profiles (company ,integration_profile ,actor ,connectathon) VALUES ('TIANI-SPIRIT', 'SWF.b', 'ADT', 'EU18');
INSERT INTO company_actor_profiles (company ,integration_profile ,actor ,connectathon) VALUES ('TIANI-SPIRIT', 'ATNA', 'ARR', 'EU18');
INSERT INTO company_actor_profiles (company ,integration_profile ,actor ,connectathon) VALUES ('TIANI-SPIRIT', 'ATNA', 'AUDIT_CONSUMER', 'EU18');
INSERT INTO company_actor_profiles (company ,integration_profile ,actor ,connectathon) VALUES ('TIANI-SPIRIT', 'ATNA', 'AUDIT_RECORD_FORWARDER', 'EU18');
INSERT INTO company_actor_profiles (company ,integration_profile ,actor ,connectathon) VALUES ('TIANI-SPIRIT', 'IUA', 'AUTH_CLIENT', 'EU18');
INSERT INTO company_actor_profiles (company ,integration_profile ,actor ,connectathon) VALUES ('TIANI-SPIRIT', 'IUA', 'AUTH_SERVER', 'EU18');
INSERT INTO company_actor_profiles (company ,integration_profile ,actor ,connectathon) VALUES ('TIANI-SPIRIT', 'APS', 'CONTENT_CONSUMER', 'EU18');
INSERT INTO company_actor_profiles (company ,integration_profile ,actor ,connectathon) VALUES ('TIANI-SPIRIT', 'BPPC', 'CONTENT_CONSUMER', 'EU18');
INSERT INTO company_actor_profiles (company ,integration_profile ,actor ,connectathon) VALUES ('TIANI-SPIRIT', 'DEN', 'CONTENT_CONSUMER', 'EU18');
INSERT INTO company_actor_profiles (company ,integration_profile ,actor ,connectathon) VALUES ('TIANI-SPIRIT', 'IC', 'CONTENT_CONSUMER', 'EU18');
INSERT INTO company_actor_profiles (company ,integration_profile ,actor ,connectathon) VALUES ('TIANI-SPIRIT', 'XD-LAB', 'CONTENT_CONSUMER', 'EU18');
INSERT INTO company_actor_profiles (company ,integration_profile ,actor ,connectathon) VALUES ('TIANI-SPIRIT', 'XDS-SD', 'CONTENT_CONSUMER', 'EU18');
INSERT INTO company_actor_profiles (company ,integration_profile ,actor ,connectathon) VALUES ('TIANI-SPIRIT', 'XDW', 'CONTENT_CONSUMER', 'EU18');
INSERT INTO company_actor_profiles (company ,integration_profile ,actor ,connectathon) VALUES ('TIANI-SPIRIT', 'XPHR', 'CONTENT_CONSUMER', 'EU18');
INSERT INTO company_actor_profiles (company ,integration_profile ,actor ,connectathon) VALUES ('TIANI-SPIRIT', 'APE', 'CONTENT_CREATOR', 'EU18');
INSERT INTO company_actor_profiles (company ,integration_profile ,actor ,connectathon) VALUES ('TIANI-SPIRIT', 'APHP', 'CONTENT_CREATOR', 'EU18');
INSERT INTO company_actor_profiles (company ,integration_profile ,actor ,connectathon) VALUES ('TIANI-SPIRIT', 'APL', 'CONTENT_CREATOR', 'EU18');
INSERT INTO company_actor_profiles (company ,integration_profile ,actor ,connectathon) VALUES ('TIANI-SPIRIT', 'APS', 'CONTENT_CREATOR', 'EU18');
INSERT INTO company_actor_profiles (company ,integration_profile ,actor ,connectathon) VALUES ('TIANI-SPIRIT', 'BPPC', 'CONTENT_CREATOR', 'EU18');
INSERT INTO company_actor_profiles (company ,integration_profile ,actor ,connectathon) VALUES ('TIANI-SPIRIT', 'CTNN', 'CONTENT_CREATOR', 'EU18');
INSERT INTO company_actor_profiles (company ,integration_profile ,actor ,connectathon) VALUES ('TIANI-SPIRIT', 'DEN', 'CONTENT_CREATOR', 'EU18');
INSERT INTO company_actor_profiles (company ,integration_profile ,actor ,connectathon) VALUES ('TIANI-SPIRIT', 'DIS', 'CONTENT_CREATOR', 'EU18');
INSERT INTO company_actor_profiles (company ,integration_profile ,actor ,connectathon) VALUES ('TIANI-SPIRIT', 'EDPN', 'CONTENT_CREATOR', 'EU18');
INSERT INTO company_actor_profiles (company ,integration_profile ,actor ,connectathon) VALUES ('TIANI-SPIRIT', 'EDR', 'CONTENT_CREATOR', 'EU18');
INSERT INTO company_actor_profiles (company ,integration_profile ,actor ,connectathon) VALUES ('TIANI-SPIRIT', 'IC', 'CONTENT_CREATOR', 'EU18');
INSERT INTO company_actor_profiles (company ,integration_profile ,actor ,connectathon) VALUES ('TIANI-SPIRIT', 'LDHP', 'CONTENT_CREATOR', 'EU18');
INSERT INTO company_actor_profiles (company ,integration_profile ,actor ,connectathon) VALUES ('TIANI-SPIRIT', 'LDS', 'CONTENT_CREATOR', 'EU18');
INSERT INTO company_actor_profiles (company ,integration_profile ,actor ,connectathon) VALUES ('TIANI-SPIRIT', 'MDS', 'CONTENT_CREATOR', 'EU18');
INSERT INTO company_actor_profiles (company ,integration_profile ,actor ,connectathon) VALUES ('TIANI-SPIRIT', 'NN', 'CONTENT_CREATOR', 'EU18');
INSERT INTO company_actor_profiles (company ,integration_profile ,actor ,connectathon) VALUES ('TIANI-SPIRIT', 'PADV', 'CONTENT_CREATOR', 'EU18');
INSERT INTO company_actor_profiles (company ,integration_profile ,actor ,connectathon) VALUES ('TIANI-SPIRIT', 'PRE', 'CONTENT_CREATOR', 'EU18');
INSERT INTO company_actor_profiles (company ,integration_profile ,actor ,connectathon) VALUES ('TIANI-SPIRIT', 'PRPH-Ca', 'CONTENT_CREATOR', 'EU18');
INSERT INTO company_actor_profiles (company ,integration_profile ,actor ,connectathon) VALUES ('TIANI-SPIRIT', 'TN', 'CONTENT_CREATOR', 'EU18');
INSERT INTO company_actor_profiles (company ,integration_profile ,actor ,connectathon) VALUES ('TIANI-SPIRIT', 'XD-LAB', 'CONTENT_CREATOR', 'EU18');
INSERT INTO company_actor_profiles (company ,integration_profile ,actor ,connectathon) VALUES ('TIANI-SPIRIT', 'XDS-MS', 'CONTENT_CREATOR', 'EU18');
INSERT INTO company_actor_profiles (company ,integration_profile ,actor ,connectathon) VALUES ('TIANI-SPIRIT', 'XDS-SD', 'CONTENT_CREATOR', 'EU18');
INSERT INTO company_actor_profiles (company ,integration_profile ,actor ,connectathon) VALUES ('TIANI-SPIRIT', 'XDW', 'CONTENT_CREATOR', 'EU18');
INSERT INTO company_actor_profiles (company ,integration_profile ,actor ,connectathon) VALUES ('TIANI-SPIRIT', 'XPHR', 'CONTENT_CREATOR', 'EU18');
INSERT INTO company_actor_profiles (company ,integration_profile ,actor ,connectathon) VALUES ('TIANI-SPIRIT', 'XDW', 'CONTENT_UPDATER', 'EU18');

INSERT INTO company_actor_profiles (company ,integration_profile ,actor ,connectathon) VALUES ('TIANI-SPIRIT', 'DSUB', 'DM_NOTIF_BROKER', 'EU18');
INSERT INTO company_actor_profiles (company ,integration_profile ,actor ,connectathon) VALUES ('TIANI-SPIRIT', 'XDS.b', 'DOC_ADMINISTRATOR', 'EU18');
INSERT INTO company_actor_profiles (company ,integration_profile ,actor ,connectathon) VALUES ('TIANI-SPIRIT', 'MHD', 'DOC_CONSUMER', 'EU18');
INSERT INTO company_actor_profiles (company ,integration_profile ,actor ,connectathon) VALUES ('TIANI-SPIRIT', 'XDS.b', 'DOC_CONSUMER', 'EU18');
INSERT INTO company_actor_profiles (company ,integration_profile ,actor ,connectathon) VALUES ('TIANI-SPIRIT', 'XDS-I.b', 'DOC_CONSUMER', 'EU18');
INSERT INTO company_actor_profiles (company ,integration_profile ,actor ,connectathon) VALUES ('TIANI-SPIRIT', 'MHD', 'DOC_RECIPIENT', 'EU18');
INSERT INTO company_actor_profiles (company ,integration_profile ,actor ,connectathon) VALUES ('TIANI-SPIRIT', 'XDR', 'DOC_RECIPIENT', 'EU18');
INSERT INTO company_actor_profiles (company ,integration_profile ,actor ,connectathon) VALUES ('TIANI-SPIRIT', 'MPQ', 'DOC_REGISTRY', 'EU18');
INSERT INTO company_actor_profiles (company ,integration_profile ,actor ,connectathon) VALUES ('TIANI-SPIRIT', 'XDS.b', 'DOC_REGISTRY', 'EU18');
INSERT INTO company_actor_profiles (company ,integration_profile ,actor ,connectathon) VALUES ('TIANI-SPIRIT', 'XDS-I.b', 'DOC_REGISTRY', 'EU18');
INSERT INTO company_actor_profiles (company ,integration_profile ,actor ,connectathon) VALUES ('TIANI-SPIRIT', 'XPID', 'DOC_REGISTRY', 'EU18');
INSERT INTO integration_profile (keyword, name, description)  VALUES ('XCHT-WD', 'Cross-Enterprise Cardiovascular Heart Team Workflow Definition', '');

INSERT INTO company_actor_profiles (company ,integration_profile ,actor ,connectathon) VALUES ('TIANI-SPIRIT', 'XCHT-WD', 'DOC_REPOSITORY', 'EU18');
INSERT INTO company_actor_profiles (company ,integration_profile ,actor ,connectathon) VALUES ('TIANI-SPIRIT', 'XDS.b', 'DOC_REPOSITORY', 'EU18');
INSERT INTO company_actor_profiles (company ,integration_profile ,actor ,connectathon) VALUES ('TIANI-SPIRIT', 'XDS-I.b', 'DOC_REPOSITORY', 'EU18');
INSERT INTO company_actor_profiles (company ,integration_profile ,actor ,connectathon) VALUES ('TIANI-SPIRIT', 'MHD', 'DOC_RESPONDER', 'EU18');
INSERT INTO company_actor_profiles (company ,integration_profile ,actor ,connectathon) VALUES ('TIANI-SPIRIT', 'MHD', 'DOC_SOURCE', 'EU18');
INSERT INTO company_actor_profiles (company ,integration_profile ,actor ,connectathon) VALUES ('TIANI-SPIRIT', 'XDR', 'DOC_SOURCE', 'EU18');
INSERT INTO company_actor_profiles (company ,integration_profile ,actor ,connectathon) VALUES ('TIANI-SPIRIT', 'XDS.b', 'DOC_SOURCE', 'EU18');
INSERT INTO company_actor_profiles (company ,integration_profile ,actor ,connectathon) VALUES ('TIANI-SPIRIT', 'KIN', 'EC', 'EU18');
INSERT INTO company_actor_profiles (company ,integration_profile ,actor ,connectathon) VALUES ('TIANI-SPIRIT', 'eCR', 'eCR Provider', 'EU18');
INSERT INTO company_actor_profiles (company ,integration_profile ,actor ,connectathon) VALUES ('TIANI-SPIRIT', 'XDS.b', 'EMBED_REPOS', 'EU18');
INSERT INTO company_actor_profiles (company ,integration_profile ,actor ,connectathon) VALUES ('TIANI-SPIRIT', 'ARI', 'ID', 'EU18');
INSERT INTO company_actor_profiles (company ,integration_profile ,actor ,connectathon) VALUES ('TIANI-SPIRIT', 'CATH', 'ID', 'EU18');
INSERT INTO company_actor_profiles (company ,integration_profile ,actor ,connectathon) VALUES ('TIANI-SPIRIT', 'CPI', 'ID', 'EU18');
INSERT INTO company_actor_profiles (company ,integration_profile ,actor ,connectathon) VALUES ('TIANI-SPIRIT', 'DBT', 'ID', 'EU18');
INSERT INTO company_actor_profiles (company ,integration_profile ,actor ,connectathon) VALUES ('TIANI-SPIRIT', 'ED', 'ID', 'EU18');
INSERT INTO company_actor_profiles (company ,integration_profile ,actor ,connectathon) VALUES ('TIANI-SPIRIT', 'ED-CARD', 'ID', 'EU18');
INSERT INTO company_actor_profiles (company ,integration_profile ,actor ,connectathon) VALUES ('TIANI-SPIRIT', 'IID', 'ID', 'EU18');
INSERT INTO company_actor_profiles (company ,integration_profile ,actor ,connectathon) VALUES ('TIANI-SPIRIT', 'KIN', 'ID', 'EU18');
INSERT INTO company_actor_profiles (company ,integration_profile ,actor ,connectathon) VALUES ('TIANI-SPIRIT', 'MAMMO', 'ID', 'EU18');
INSERT INTO company_actor_profiles (company ,integration_profile ,actor ,connectathon) VALUES ('TIANI-SPIRIT', 'SWF.b', 'ID', 'EU18');
INSERT INTO company_actor_profiles (company ,integration_profile ,actor ,connectathon) VALUES ('TIANI-SPIRIT', 'ARI', 'IM', 'EU18');
INSERT INTO company_actor_profiles (company ,integration_profile ,actor ,connectathon) VALUES ('TIANI-SPIRIT', 'CATH', 'IM', 'EU18');
INSERT INTO company_actor_profiles (company ,integration_profile ,actor ,connectathon) VALUES ('TIANI-SPIRIT', 'CPI', 'IM', 'EU18');
INSERT INTO company_actor_profiles (company ,integration_profile ,actor ,connectathon) VALUES ('TIANI-SPIRIT', 'DBT', 'IM', 'EU18');
INSERT INTO company_actor_profiles (company ,integration_profile ,actor ,connectathon) VALUES ('TIANI-SPIRIT', 'ECHO', 'IM', 'EU18');
INSERT INTO company_actor_profiles (company ,integration_profile ,actor ,connectathon) VALUES ('TIANI-SPIRIT', 'ED', 'IM', 'EU18');
INSERT INTO company_actor_profiles (company ,integration_profile ,actor ,connectathon) VALUES ('TIANI-SPIRIT', 'ED-CARD', 'IM', 'EU18');

INSERT INTO company_actor_profiles (company ,integration_profile ,actor ,connectathon) VALUES ('TIANI-SPIRIT', 'KIN', 'IM', 'EU18');
INSERT INTO company_actor_profiles (company ,integration_profile ,actor ,connectathon) VALUES ('TIANI-SPIRIT', 'MAMMO', 'IM', 'EU18');
INSERT INTO company_actor_profiles (company ,integration_profile ,actor ,connectathon) VALUES ('TIANI-SPIRIT', 'NMI', 'IM', 'EU18');
INSERT INTO company_actor_profiles (company ,integration_profile ,actor ,connectathon) VALUES ('TIANI-SPIRIT', 'REM', 'IM', 'EU18');
INSERT INTO company_actor_profiles (company ,integration_profile ,actor ,connectathon) VALUES ('TIANI-SPIRIT', 'SWF.b', 'IM', 'EU18');
INSERT INTO company_actor_profiles (company ,integration_profile ,actor ,connectathon) VALUES ('TIANI-SPIRIT', 'XCA-I', 'IMG_DOC_CONSUMER', 'EU18');
INSERT INTO company_actor_profiles (company ,integration_profile ,actor ,connectathon) VALUES ('TIANI-SPIRIT', 'XDS-I.b', 'IMG_DOC_CONSUMER', 'EU18');
INSERT INTO company_actor_profiles (company ,integration_profile ,actor ,connectathon) VALUES ('TIANI-SPIRIT', 'XCA-I', 'IMG_DOC_SOURCE', 'EU18');
INSERT INTO company_actor_profiles (company ,integration_profile ,actor ,connectathon) VALUES ('TIANI-SPIRIT', 'XDS-I.b', 'IMG_DOC_SOURCE', 'EU18');
INSERT INTO company_actor_profiles (company ,integration_profile ,actor ,connectathon) VALUES ('TIANI-SPIRIT', 'XCA', 'INIT_GATEWAY', 'EU18');
INSERT INTO company_actor_profiles (company ,integration_profile ,actor ,connectathon) VALUES ('TIANI-SPIRIT', 'XCF', 'INIT_GATEWAY', 'EU18');
INSERT INTO company_actor_profiles (company ,integration_profile ,actor ,connectathon) VALUES ('TIANI-SPIRIT', 'XCPD', 'INIT_GATEWAY', 'EU18');
INSERT INTO company_actor_profiles (company ,integration_profile ,actor ,connectathon) VALUES ('TIANI-SPIRIT', 'XCA-I', 'INIT_IMG_GATEWAY', 'EU18');
INSERT INTO company_actor_profiles (company ,integration_profile ,actor ,connectathon) VALUES ('TIANI-SPIRIT', 'XDS.b', 'ON_DEMAND_DOC_SOURCE', 'EU18');
INSERT INTO company_actor_profiles (company ,integration_profile ,actor ,connectathon) VALUES ('TIANI-SPIRIT', 'PIX', 'PAT_IDENTITY_CONSUMER', 'EU18');
INSERT INTO company_actor_profiles (company ,integration_profile ,actor ,connectathon) VALUES ('TIANI-SPIRIT', 'PIXV3', 'PAT_IDENTITY_CONSUMER', 'EU18');
INSERT INTO company_actor_profiles (company ,integration_profile ,actor ,connectathon) VALUES ('TIANI-SPIRIT', 'PIX', 'PAT_IDENTITY_SRC', 'EU18');
INSERT INTO company_actor_profiles (company ,integration_profile ,actor ,connectathon) VALUES ('TIANI-SPIRIT', 'PIXV3', 'PAT_IDENTITY_SRC', 'EU18');
INSERT INTO company_actor_profiles (company ,integration_profile ,actor ,connectathon) VALUES ('TIANI-SPIRIT', 'XDS.b', 'PAT_IDENTITY_SRC', 'EU18');
INSERT INTO company_actor_profiles (company ,integration_profile ,actor ,connectathon) VALUES ('TIANI-SPIRIT', 'PIX', 'PAT_IDENTITY_X_REF_MGR', 'EU18');
INSERT INTO company_actor_profiles (company ,integration_profile ,actor ,connectathon) VALUES ('TIANI-SPIRIT', 'PIXm', 'PAT_IDENTITY_X_REF_MGR', 'EU18');
INSERT INTO company_actor_profiles (company ,integration_profile ,actor ,connectathon) VALUES ('TIANI-SPIRIT', 'PIXV3', 'PAT_IDENTITY_X_REF_MGR', 'EU18');
INSERT INTO company_actor_profiles (company ,integration_profile ,actor ,connectathon) VALUES ('TIANI-SPIRIT', 'XPID', 'PAT_IDENTITY_X_REF_MGR', 'EU18');
INSERT INTO company_actor_profiles (company ,integration_profile ,actor ,connectathon) VALUES ('TIANI-SPIRIT', 'PAM', 'PDC', 'EU18');
INSERT INTO company_actor_profiles (company ,integration_profile ,actor ,connectathon) VALUES ('TIANI-SPIRIT', 'PDQ', 'PDC', 'EU18');
INSERT INTO company_actor_profiles (company ,integration_profile ,actor ,connectathon) VALUES ('TIANI-SPIRIT', 'PDQV3', 'PDC', 'EU18');
INSERT INTO company_actor_profiles (company ,integration_profile ,actor ,connectathon) VALUES ('TIANI-SPIRIT', 'PDQ', 'PDS', 'EU18');
INSERT INTO company_actor_profiles (company ,integration_profile ,actor ,connectathon) VALUES ('TIANI-SPIRIT', 'PDQm', 'PDS', 'EU18');
INSERT INTO company_actor_profiles (company ,integration_profile ,actor ,connectathon) VALUES ('TIANI-SPIRIT', 'PDQV3', 'PDS', 'EU18');
INSERT INTO company_actor_profiles (company ,integration_profile ,actor ,connectathon) VALUES ('TIANI-SPIRIT', 'PAM', 'PEC', 'EU18');
INSERT INTO company_actor_profiles (company ,integration_profile ,actor ,connectathon) VALUES ('TIANI-SPIRIT', 'XDM', 'PMC', 'EU18');
INSERT INTO company_actor_profiles (company ,integration_profile ,actor ,connectathon) VALUES ('TIANI-SPIRIT', 'XDM', 'PMI', 'EU18');
INSERT INTO company_actor_profiles (company ,integration_profile ,actor ,connectathon) VALUES ('TIANI-SPIRIT', 'CATH', 'PPSM', 'EU18');
INSERT INTO company_actor_profiles (company ,integration_profile ,actor ,connectathon) VALUES ('TIANI-SPIRIT', 'ECHO', 'PPSM', 'EU18');
INSERT INTO company_actor_profiles (company ,integration_profile ,actor ,connectathon) VALUES ('TIANI-SPIRIT', 'SWF.b', 'PPSM', 'EU18');
INSERT INTO company_actor_profiles (company ,integration_profile ,actor ,connectathon) VALUES ('TIANI-SPIRIT', 'HPD', 'PROV_INFO_CONS', 'EU18');
INSERT INTO company_actor_profiles (company ,integration_profile ,actor ,connectathon) VALUES ('TIANI-SPIRIT', 'HPD', 'PROV_INFO_DIR', 'EU18');
INSERT INTO company_actor_profiles (company ,integration_profile ,actor ,connectathon) VALUES ('TIANI-SPIRIT', 'HPD', 'PROV_INFO_SRC', 'EU18');

INSERT INTO company_actor_profiles (company ,integration_profile ,actor ,connectathon) VALUES ('TIANI-SPIRIT', 'XBeR-WD', 'REFERRAL_PERFORMER', 'EU18');
INSERT INTO company_actor_profiles (company ,integration_profile ,actor ,connectathon) VALUES ('TIANI-SPIRIT', 'XBeR-WD', 'REFERRAL_REQUESTER', 'EU18');
INSERT INTO company_actor_profiles (company ,integration_profile ,actor ,connectathon) VALUES ('TIANI-SPIRIT', 'XBeR-WD', 'REFERRAL_SCHEDULER', 'EU18');
INSERT INTO company_actor_profiles (company ,integration_profile ,actor ,connectathon) VALUES ('TIANI-SPIRIT', 'XCA', 'RESP_GATEWAY', 'EU18');
INSERT INTO company_actor_profiles (company ,integration_profile ,actor ,connectathon) VALUES ('TIANI-SPIRIT', 'XCDR', 'RESP_GATEWAY', 'EU18');
INSERT INTO company_actor_profiles (company ,integration_profile ,actor ,connectathon) VALUES ('TIANI-SPIRIT', 'XCF', 'RESP_GATEWAY', 'EU18');
INSERT INTO company_actor_profiles (company ,integration_profile ,actor ,connectathon) VALUES ('TIANI-SPIRIT', 'XCPD', 'RESP_GATEWAY', 'EU18');
INSERT INTO company_actor_profiles (company ,integration_profile ,actor ,connectathon) VALUES ('TIANI-SPIRIT', 'XCA-I', 'RESP_IMG_GATEWAY', 'EU18');
INSERT INTO company_actor_profiles (company ,integration_profile ,actor ,connectathon) VALUES ('TIANI-SPIRIT', 'ARI', 'RRD', 'EU18');
INSERT INTO company_actor_profiles (company ,integration_profile ,actor ,connectathon) VALUES ('TIANI-SPIRIT', 'ARI', 'RRP', 'EU18');
INSERT INTO company_actor_profiles (company ,integration_profile ,actor ,connectathon) VALUES ('TIANI-SPIRIT', 'ATNA', 'SA', 'EU18');
INSERT INTO company_actor_profiles (company ,integration_profile ,actor ,connectathon) VALUES ('TIANI-SPIRIT', 'ATNA', 'SN', 'EU18');
INSERT INTO company_actor_profiles (company ,integration_profile ,actor ,connectathon) VALUES ('TIANI-SPIRIT', 'CT', 'TIME_CLIENT', 'EU18');
INSERT INTO company_actor_profiles (company ,integration_profile ,actor ,connectathon) VALUES ('TIANI-SPIRIT', 'CT', 'TS', 'EU18');
INSERT INTO company_actor_profiles (company ,integration_profile ,actor ,connectathon) VALUES ('TIANI-SPIRIT', 'SVS', 'VALUE_SET_CONSUMER', 'EU18');
INSERT INTO company_actor_profiles (company ,integration_profile ,actor ,connectathon) VALUES ('TIANI-SPIRIT', 'SVS', 'VALUE_SET_REPOSITORY', 'EU18');
INSERT INTO company_actor_profiles (company ,integration_profile ,actor ,connectathon) VALUES ('TIANI-SPIRIT', 'ARI', 'XRA', 'EU18');
INSERT INTO company_actor_profiles (company ,integration_profile ,actor ,connectathon) VALUES ('TIANI-SPIRIT', 'XUA', 'X-SERVICE-PROVIDER', 'EU18');
INSERT INTO company_actor_profiles (company ,integration_profile ,actor ,connectathon) VALUES ('TIANI-SPIRIT', 'XUA', 'X-SERVICE-USER', 'EU18');

INSERT INTO company_actor_profiles (company ,integration_profile ,actor ,connectathon) VALUES ('VANAD Enovation', 'ATNA', 'ARR', 'EU18');
INSERT INTO company_actor_profiles (company ,integration_profile ,actor ,connectathon) VALUES ('VANAD Enovation', 'XDW', 'CONTENT_CONSUMER', 'EU18');
INSERT INTO company_actor_profiles (company ,integration_profile ,actor ,connectathon) VALUES ('VANAD Enovation', 'XDW', 'CONTENT_CREATOR', 'EU18');
INSERT INTO company_actor_profiles (company ,integration_profile ,actor ,connectathon) VALUES ('VANAD Enovation', 'XDS.b', 'DOC_REGISTRY', 'EU18');
INSERT INTO company_actor_profiles (company ,integration_profile ,actor ,connectathon) VALUES ('VANAD Enovation', 'XDS-I.b', 'DOC_REGISTRY', 'EU18');
INSERT INTO company_actor_profiles (company ,integration_profile ,actor ,connectathon) VALUES ('VANAD Enovation', 'XDS.b', 'DOC_REPOSITORY', 'EU18');
INSERT INTO company_actor_profiles (company ,integration_profile ,actor ,connectathon) VALUES ('VANAD Enovation', 'XDS-I.b', 'DOC_REPOSITORY', 'EU18');
INSERT INTO company_actor_profiles (company ,integration_profile ,actor ,connectathon) VALUES ('VANAD Enovation', 'XDR', 'DOC_SOURCE', 'EU18');
INSERT INTO company_actor_profiles (company ,integration_profile ,actor ,connectathon) VALUES ('VANAD Enovation', 'XDS.b', 'DOC_SOURCE', 'EU18');
INSERT INTO company_actor_profiles (company ,integration_profile ,actor ,connectathon) VALUES ('VANAD Enovation', 'XCDR', 'INIT_GATEWAY', 'EU18');
INSERT INTO company_actor_profiles (company ,integration_profile ,actor ,connectathon) VALUES ('VANAD Enovation', 'XCPD', 'INIT_GATEWAY', 'EU18');
INSERT INTO company_actor_profiles (company ,integration_profile ,actor ,connectathon) VALUES ('VANAD Enovation', 'XBeR-WD', 'REFERRAL_PERFORMER', 'EU18');
INSERT INTO company_actor_profiles (company ,integration_profile ,actor ,connectathon) VALUES ('VANAD Enovation', 'XBeR-WD', 'REFERRAL_REQUESTER', 'EU18');
INSERT INTO company_actor_profiles (company ,integration_profile ,actor ,connectathon) VALUES ('VANAD Enovation', 'XBeR-WD', 'REFERRAL_SCHEDULER', 'EU18');
INSERT INTO company_actor_profiles (company ,integration_profile ,actor ,connectathon) VALUES ('VANAD Enovation', 'XCA', 'RESP_GATEWAY', 'EU18');
INSERT INTO company_actor_profiles (company ,integration_profile ,actor ,connectathon) VALUES ('VANAD Enovation', 'XCPD', 'RESP_GATEWAY', 'EU18');
INSERT INTO company_actor_profiles (company ,integration_profile ,actor ,connectathon) VALUES ('VANAD Enovation', 'XCA-I', 'RESP_IMG_GATEWAY', 'EU18');
INSERT INTO company_actor_profiles (company ,integration_profile ,actor ,connectathon) VALUES ('VANAD Enovation', 'ATNA', 'SN', 'EU18');
INSERT INTO company_actor_profiles (company ,integration_profile ,actor ,connectathon) VALUES ('VANAD Enovation', 'CT', 'TIME_CLIENT', 'EU18');

INSERT INTO company_actor_profiles (company ,integration_profile ,actor ,connectathon) VALUES ('VISUS', 'IOCM', 'CHANGE_REQUESTER', 'EU18');
INSERT INTO company_actor_profiles (company ,integration_profile ,actor ,connectathon) VALUES ('VISUS', 'BPPC', 'CONTENT_CONSUMER', 'EU18');
INSERT INTO company_actor_profiles (company ,integration_profile ,actor ,connectathon) VALUES ('VISUS', 'XDS-SD', 'CONTENT_CONSUMER', 'EU18');
INSERT INTO company_actor_profiles (company ,integration_profile ,actor ,connectathon) VALUES ('VISUS', 'DSUB', 'DM_NOTIF_RECIPIENT', 'EU18');
INSERT INTO company_actor_profiles (company ,integration_profile ,actor ,connectathon) VALUES ('VISUS', 'DSUB', 'DM_SUBSCRIBER', 'EU18');
INSERT INTO company_actor_profiles (company ,integration_profile ,actor ,connectathon) VALUES ('VISUS', 'MHD', 'DOC_CONSUMER', 'EU18');
INSERT INTO company_actor_profiles (company ,integration_profile ,actor ,connectathon) VALUES ('VISUS', 'XDS.b', 'DOC_CONSUMER', 'EU18');
INSERT INTO company_actor_profiles (company ,integration_profile ,actor ,connectathon) VALUES ('VISUS', 'MHD', 'DOC_RECIPIENT', 'EU18');
INSERT INTO company_actor_profiles (company ,integration_profile ,actor ,connectathon) VALUES ('VISUS', 'XDR', 'DOC_RECIPIENT', 'EU18');
INSERT INTO company_actor_profiles (company ,integration_profile ,actor ,connectathon) VALUES ('VISUS', 'XDS.b', 'DOC_REGISTRY', 'EU18');
INSERT INTO company_actor_profiles (company ,integration_profile ,actor ,connectathon) VALUES ('VISUS', 'XDS.b', 'DOC_REPOSITORY', 'EU18');
INSERT INTO company_actor_profiles (company ,integration_profile ,actor ,connectathon) VALUES ('VISUS', 'MHD', 'DOC_SOURCE', 'EU18');
INSERT INTO company_actor_profiles (company ,integration_profile ,actor ,connectathon) VALUES ('VISUS', 'XDR', 'DOC_SOURCE', 'EU18');
INSERT INTO company_actor_profiles (company ,integration_profile ,actor ,connectathon) VALUES ('VISUS', 'XDS.b', 'DOC_SOURCE', 'EU18');
INSERT INTO company_actor_profiles (company ,integration_profile ,actor ,connectathon) VALUES ('VISUS', 'XDS.b', 'EMBED_REPOS', 'EU18');
INSERT INTO company_actor_profiles (company ,integration_profile ,actor ,connectathon) VALUES ('VISUS', 'IOCM', 'IM', 'EU18');
INSERT INTO company_actor_profiles (company ,integration_profile ,actor ,connectathon) VALUES ('VISUS', 'XDS-I.b', 'IMG_DOC_CONSUMER', 'EU18');
INSERT INTO company_actor_profiles (company ,integration_profile ,actor ,connectathon) VALUES ('VISUS', 'XDS-I.b', 'IMG_DOC_SOURCE', 'EU18');
INSERT INTO company_actor_profiles (company ,integration_profile ,actor ,connectathon) VALUES ('VISUS', 'PAM', 'PDC', 'EU18');
INSERT INTO company_actor_profiles (company ,integration_profile ,actor ,connectathon) VALUES ('VISUS', 'PDQm', 'PDC', 'EU18');
INSERT INTO company_actor_profiles (company ,integration_profile ,actor ,connectathon) VALUES ('VISUS', 'XDM', 'PMC', 'EU18');
INSERT INTO company_actor_profiles (company ,integration_profile ,actor ,connectathon) VALUES ('VISUS', 'XDM', 'PMI', 'EU18');
INSERT INTO company_actor_profiles (company ,integration_profile ,actor ,connectathon) VALUES ('VISUS', 'SWF.b', 'PPSM', 'EU18');
INSERT INTO company_actor_profiles (company ,integration_profile ,actor ,connectathon) VALUES ('VISUS', 'ATNA', 'SA', 'EU18');
INSERT INTO company_actor_profiles (company ,integration_profile ,actor ,connectathon) VALUES ('VISUS', 'CT', 'TIME_CLIENT', 'EU18');
INSERT INTO company_actor_profiles (company ,integration_profile ,actor ,connectathon) VALUES ('VISUS', 'XUA', 'X-SERVICE-PROVIDER', 'EU18');

INSERT INTO company_actor_profiles (company ,integration_profile ,actor ,connectathon) VALUES ('VITAL', 'CPI', 'EC', 'EU18');
INSERT INTO company_actor_profiles (company ,integration_profile ,actor ,connectathon) VALUES ('VITAL', 'KIN', 'EC', 'EU18');
INSERT INTO company_actor_profiles (company ,integration_profile ,actor ,connectathon) VALUES ('VITAL', 'ARI', 'ID', 'EU18');
INSERT INTO company_actor_profiles (company ,integration_profile ,actor ,connectathon) VALUES ('VITAL', 'CPI', 'ID', 'EU18');
INSERT INTO company_actor_profiles (company ,integration_profile ,actor ,connectathon) VALUES ('VITAL', 'DBT', 'ID', 'EU18');
INSERT INTO company_actor_profiles (company ,integration_profile ,actor ,connectathon) VALUES ('VITAL', 'KIN', 'ID', 'EU18');
INSERT INTO company_actor_profiles (company ,integration_profile ,actor ,connectathon) VALUES ('VITAL', 'MAMMO', 'ID', 'EU18');
INSERT INTO company_actor_profiles (company ,integration_profile ,actor ,connectathon) VALUES ('VITAL', 'SWF.b', 'ID', 'EU18');
INSERT INTO company_actor_profiles (company ,integration_profile ,actor ,connectathon) VALUES ('VITAL', 'PDI', 'PMC', 'EU18');
INSERT INTO company_actor_profiles (company ,integration_profile ,actor ,connectathon) VALUES ('VITAL', 'ARI', 'RRD', 'EU18');

INSERT INTO company_actor_profiles (company ,integration_profile ,actor ,connectathon) VALUES ('VARIAN', 'XDS.b', 'DOC_SOURCE', 'EU18');
INSERT INTO company_actor_profiles (company ,integration_profile ,actor ,connectathon) VALUES ('VARIAN', 'PDQ', 'PDC', 'EU18');
INSERT INTO company_actor_profiles (company ,integration_profile ,actor ,connectathon) VALUES ('VARIAN', 'PDQm', 'PDC', 'EU18');
INSERT INTO company_actor_profiles (company ,integration_profile ,actor ,connectathon) VALUES ('VARIAN', 'PDQm', 'PDS', 'EU18');
INSERT INTO company_actor_profiles (company ,integration_profile ,actor ,connectathon) VALUES ('VARIAN', 'ATNA', 'SA', 'EU18');
INSERT INTO company_actor_profiles (company ,integration_profile ,actor ,connectathon) VALUES ('VARIAN', 'CT', 'TIME_CLIENT', 'EU18');

INSERT INTO company_actor_profiles (company ,integration_profile ,actor ,connectathon) VALUES ('xtention-soffico', 'DEN', 'CONTENT_CONSUMER', 'EU18');
INSERT INTO company_actor_profiles (company ,integration_profile ,actor ,connectathon) VALUES ('xtention-soffico', 'PADV', 'CONTENT_CONSUMER', 'EU18');
INSERT INTO company_actor_profiles (company ,integration_profile ,actor ,connectathon) VALUES ('xtention-soffico', 'PRE', 'CONTENT_CONSUMER', 'EU18');
INSERT INTO company_actor_profiles (company ,integration_profile ,actor ,connectathon) VALUES ('xtention-soffico', 'XDW', 'CONTENT_CONSUMER', 'EU18');
INSERT INTO company_actor_profiles (company ,integration_profile ,actor ,connectathon) VALUES ('xtention-soffico', 'DEN', 'CONTENT_CREATOR', 'EU18');
INSERT INTO company_actor_profiles (company ,integration_profile ,actor ,connectathon) VALUES ('xtention-soffico', 'XDS.b', 'DOC_CONSUMER', 'EU18');
INSERT INTO company_actor_profiles (company ,integration_profile ,actor ,connectathon) VALUES ('xtention-soffico', 'RMD', 'DOC_REGISTRY', 'EU18');
INSERT INTO company_actor_profiles (company ,integration_profile ,actor ,connectathon) VALUES ('xtention-soffico', 'XDS.b', 'DOC_REGISTRY', 'EU18');
INSERT INTO company_actor_profiles (company ,integration_profile ,actor ,connectathon) VALUES ('xtention-soffico', 'RMD', 'DOC_REPOSITORY', 'EU18');
INSERT INTO company_actor_profiles (company ,integration_profile ,actor ,connectathon) VALUES ('xtention-soffico', 'XDS.b', 'DOC_REPOSITORY', 'EU18');
INSERT INTO company_actor_profiles (company ,integration_profile ,actor ,connectathon) VALUES ('xtention-soffico', 'XDS.b', 'DOC_SOURCE', 'EU18');
INSERT INTO company_actor_profiles (company ,integration_profile ,actor ,connectathon) VALUES ('xtention-soffico', 'XCA', 'INIT_GATEWAY', 'EU18');
INSERT INTO company_actor_profiles (company ,integration_profile ,actor ,connectathon) VALUES ('xtention-soffico', 'PIX', 'PAT_IDENTITY_CONSUMER', 'EU18');
INSERT INTO company_actor_profiles (company ,integration_profile ,actor ,connectathon) VALUES ('xtention-soffico', 'PIXV3', 'PAT_IDENTITY_CONSUMER', 'EU18');
INSERT INTO company_actor_profiles (company ,integration_profile ,actor ,connectathon) VALUES ('xtention-soffico', 'PIX', 'PAT_IDENTITY_SRC', 'EU18');
INSERT INTO company_actor_profiles (company ,integration_profile ,actor ,connectathon) VALUES ('xtention-soffico', 'PIXV3', 'PAT_IDENTITY_SRC', 'EU18');
INSERT INTO company_actor_profiles (company ,integration_profile ,actor ,connectathon) VALUES ('xtention-soffico', 'PAM', 'PDC', 'EU18');
INSERT INTO company_actor_profiles (company ,integration_profile ,actor ,connectathon) VALUES ('xtention-soffico', 'PDQ', 'PDC', 'EU18');
INSERT INTO company_actor_profiles (company ,integration_profile ,actor ,connectathon) VALUES ('xtention-soffico', 'PDQV3', 'PDC', 'EU18');
INSERT INTO company_actor_profiles (company ,integration_profile ,actor ,connectathon) VALUES ('xtention-soffico', 'PAM', 'PDS', 'EU18');
INSERT INTO company_actor_profiles (company ,integration_profile ,actor ,connectathon) VALUES ('xtention-soffico', 'HPD', 'PROV_INFO_CONS', 'EU18');
INSERT INTO company_actor_profiles (company ,integration_profile ,actor ,connectathon) VALUES ('xtention-soffico', 'HPD', 'PROV_INFO_DIR', 'EU18');
INSERT INTO company_actor_profiles (company ,integration_profile ,actor ,connectathon) VALUES ('xtention-soffico', 'HPD', 'PROV_INFO_SRC', 'EU18');
INSERT INTO company_actor_profiles (company ,integration_profile ,actor ,connectathon) VALUES ('xtention-soffico', 'XCA', 'RESP_GATEWAY', 'EU18');
INSERT INTO company_actor_profiles (company ,integration_profile ,actor ,connectathon) VALUES ('xtention-soffico', 'ATNA', 'SA', 'EU18');
INSERT INTO company_actor_profiles (company ,integration_profile ,actor ,connectathon) VALUES ('xtention-soffico', 'ATNA', 'SN', 'EU18');
INSERT INTO company_actor_profiles (company ,integration_profile ,actor ,connectathon) VALUES ('xtention-soffico', 'CT', 'TIME_CLIENT', 'EU18');
INSERT INTO company_actor_profiles (company ,integration_profile ,actor ,connectathon) VALUES ('xtention-soffico', 'CT', 'TS', 'EU18');
INSERT INTO company_actor_profiles (company ,integration_profile ,actor ,connectathon) VALUES ('xtention-soffico', 'SVS', 'VALUE_SET_CONSUMER', 'EU18');
INSERT INTO company_actor_profiles (company ,integration_profile ,actor ,connectathon) VALUES ('xtention-soffico', 'SVS', 'VALUE_SET_REPOSITORY', 'EU18');
INSERT INTO company_actor_profiles (company ,integration_profile ,actor ,connectathon) VALUES ('xtention-soffico', 'XUA', 'X-SERVICE-PROVIDER', 'EU18');
INSERT INTO company_actor_profiles (company ,integration_profile ,actor ,connectathon) VALUES ('xtention-soffico', 'XUA', 'X-SERVICE-USER', 'EU18');
