INSERT INTO connectathon (keyword, name, year, location, region) VALUES ('NA2017', 'North America 2017', 2017, 'Cleveland', 1);


 INSERT INTO company (keyword,name,url,integration_statement_url) VALUES ('Bernoulli', 'Bernoulli Enterprise, Inc.', 'http://www.bernoullihealth.com', '');
-- INSERT INTO company (keyword,name,url,integration_statement_url) VALUES ('QVERA', 'Qvera', 'http://www.qvera.com/', 'http://www.qvera.com/files/qvera_ihe_integration_statement_2016.pdf');
-- INSERT INTO company (keyword,name,url,integration_statement_url) VALUES ('GuardRFID', 'Guard RFID Solutions', 'http://www.guardrfid.com', 'http://www.guardrfid.com/ihe');
-- INSERT INTO company (keyword,name,url,integration_statement_url) VALUES ('CARADIGM', 'CARADIGM', 'http://www.caradigm.com', '');
-- INSERT INTO company (keyword,name,url,integration_statement_url) VALUES ('GE', 'GE Healthcare', 'http://www.ge.com/interoperability', 'http://www.ge.com/ihe');
-- INSERT INTO company (keyword,name,url,integration_statement_url) VALUES ('ALLSCRIPTS', 'Allscripts', 'http://www.allscripts.com', '');
-- INSERT INTO company (keyword,name,url,integration_statement_url) VALUES ('NEXTGEN', 'NextGen Healthcare', 'http://www.nextgen.com', '');
-- INSERT INTO company (keyword,name,url,integration_statement_url) VALUES ('DRAEGER', 'Draeger Medical Systems, Inc.', 'http://www.draeger.com', '');
-- INSERT INTO company (keyword,name,url,integration_statement_url) VALUES ('NEXTRIALS', 'Nextrials - PRA Health Sciences', 'http://www.nextrials.com', 'http://www.nextrials.com/doc/integrationStatement.pdf ');
-- INSERT INTO company (keyword,name,url,integration_statement_url) VALUES ('IHEUSA', 'IHE USA', 'http://www.iheusa.org', '');
-- INSERT INTO company (keyword,name,url,integration_statement_url) VALUES ('MINDRAY', 'Mindray', 'http://www.mindray.com', '');
-- INSERT INTO company (keyword,name,url,integration_statement_url) VALUES ('CDC', 'Centers for Disease Control and Prevention', 'http://www.cdc.gov', '');
-- INSERT INTO company (keyword,name,url,integration_statement_url) VALUES ('SS', 'Surescripts', 'http://www.surescripts.com/', '');
-- INSERT INTO company (keyword,name,url,integration_statement_url) VALUES ('NantHealth', 'NantHealth', 'http://www.nanthealth.com', '');
 INSERT INTO company (keyword,name,url,integration_statement_url) VALUES ('Ricoh', 'Ricoh USA', 'http://www.ricoh-usa.com', '');
-- INSERT INTO company (keyword,name,url,integration_statement_url) VALUES ('CAPSULETECH', 'Capsule Tech Inc.', 'http://www.capsuletech.com', 'http://webinfo.capsuletech.com/hubfs/Docs/IHE/IntegrationStatement2015_IHE.pdf');
-- INSERT INTO company (keyword,name,url,integration_statement_url) VALUES ('SPOK', 'Spok', 'http://www.spok.com/', '');
-- INSERT INTO company (keyword,name,url,integration_statement_url) VALUES ('LEXMARK', 'Lexmark Healthcare', 'http://www.lexmark.com/en_us/solutions/healthcare.html', '');
-- INSERT INTO company (keyword,name,url,integration_statement_url) VALUES ('KNU', 'Kyungpook National University', 'http://www.knu.ac.kr', '');
-- INSERT INTO company (keyword,name,url,integration_statement_url) VALUES ('CDPH', 'California Department of Public Health', 'http://www.cdph.ca.gov/Pages/DEFAULT.aspx', '');
-- INSERT INTO company (keyword,name,url,integration_statement_url) VALUES ('CAP', 'College of American Pathologists', 'http://cap.org', '');
-- INSERT INTO company (keyword,name,url,integration_statement_url) VALUES ('IHE-EUR', 'IHE-EUR', 'http://www.ihe-europe.net', 'null');
-- INSERT INTO company (keyword,name,url,integration_statement_url) VALUES ('BAXTER', 'Baxter Healthcare', 'http://www.baxter.com', 'http://www.baxter.com/ihe');
-- INSERT INTO company (keyword,name,url,integration_statement_url) VALUES ('DELL', 'Dell', 'http://dell.com/vna', 'http://i.dell.com/sites/doccontent/public/solutions/healthcare/en/Documents/dcca-ihe-integration-statement.pdf');
-- INSERT INTO company (keyword,name,url,integration_statement_url) VALUES ('Nextgate', 'Nextgate', 'http://www.Nextgate.com', 'http://www.Nextgate.com/company/resources/');
-- INSERT INTO company (keyword,name,url,integration_statement_url) VALUES ('Summit', 'Summit Healthcare Services, Inc.', 'http://www.summit-healthcare.com', 'http://www.summit-healthcare.com/Collateral/Documents/English-US/2015_IHE_Summit_Healthcare_Integration_Statement.pdf');
-- INSERT INTO company (keyword,name,url,integration_statement_url) VALUES ('IVENIX', 'Ivenix', 'http://www.ivenix.com', '');
-- INSERT INTO company (keyword,name,url,integration_statement_url) VALUES ('CAREFUSION', 'BD / CareFusion', 'http://www.carefusion.com', '');
-- INSERT INTO company (keyword,name,url,integration_statement_url) VALUES ('GENESIS', 'Genesis Systems, Inc. ', 'http://www.genesisinfo.com', 'http://www.genesisinfo.com/Genesis-IHE-2014-integration-statement.pdf');
-- INSERT INTO company (keyword,name,url,integration_statement_url) VALUES ('BHS', 'Bridgehead Software', 'http://www.bridgeheadsoftware.com', 'http://www.bridgeheadsoftware.com/resources/download/333/');
INSERT INTO company (keyword,name,url,integration_statement_url) VALUES ('WebRecycles', 'WebRecycles Inc', 'http://www.webrecycles.com', '');
-- INSERT INTO company (keyword,name,url,integration_statement_url) VALUES ('ICOSERVE', 'ICOSERVE / Siemens', 'http://www.ith-icoserve.com/', 'http://www.ith-icoserve.com/ihe');
-- INSERT INTO company (keyword,name,url,integration_statement_url) VALUES ('SPIRIT-CISCO', 'Tiani "Spirit" Gmbh - Cisco Systems Inc.', 'http://www.tiani-spirit.com', 'http://www.tiani-spirit.com/documents/IS_US.pdf');
INSERT INTO company (keyword,name,url,integration_statement_url) VALUES ('Hinacom', 'Hinacom Software and Technology, LTD.', 'http://www.hinacom.com', 'http://pan.baidu.com/s/1nv0IYql');
-- INSERT INTO company (keyword,name,url,integration_statement_url) VALUES ('OPTUM', 'Optum', 'http://www.optum.com/', 'http://www.axolotl.com/products/ihe.html');
-- INSERT INTO company (keyword,name,url,integration_statement_url) VALUES ('BBRAUN', 'B.Braun Medical', 'http://www.bbraun.com', '');
-- INSERT INTO company (keyword,name,url,integration_statement_url) VALUES ('Sunquest', 'Sunquest Information Systems', 'http://www.sunquestinfo.com', '');
-- INSERT INTO company (keyword,name,url,integration_statement_url) VALUES ('ENDOSOFT', 'EndoSoft, LLC', 'http://www.endosoft.com', '');
-- INSERT INTO company (keyword,name,url,integration_statement_url) VALUES ('VARIAN', 'VARIAN', 'http://www.VARIAN.com', '');
-- INSERT INTO company (keyword,name,url,integration_statement_url) VALUES ('INTERSYSTEMS', 'INTERSYSTEMStems Corporation', 'http://www.INTERSYSTEMStems.com', 'http://www.INTERSYSTEMStems.com/healthshare/ihe/index.html');
-- INSERT INTO company (keyword,name,url,integration_statement_url) VALUES ('ezCaretech', 'ezCaretech', 'http://www.ezcaretech.com', '');
-- INSERT INTO company (keyword,name,url,integration_statement_url) VALUES ('INFINITT', 'INFINITT Healthcare Co.,Ltd.', 'http://www.infinitt.com', 'http://product-registry.ihe.net/PR/pr/search.seam?date=ANY|1442796545844|1442796545844&institution=133#');
-- INSERT INTO company (keyword,name,url,integration_statement_url) VALUES ('SIEMENS', 'Siemens Healthcare GmbH', 'http://www.siemens.com', 'http://www.siemens.com/ihe');
-- INSERT INTO company (keyword,name,url,integration_statement_url) VALUES ('CPH', 'Corepoint Health', 'http://www.corepointhealth.com', 'http://www.corepointhealth.com/company/corepoint-health-IHE-integration-statement');
-- INSERT INTO company (keyword,name,url,integration_statement_url) VALUES ('Masimo', 'Masimo', 'http://www.masimo.com', '');
-- INSERT INTO company (keyword,name,url,integration_statement_url) VALUES ('OMCL', 'Omnicell', 'http://www.omnicell.com', '');
-- INSERT INTO company (keyword,name,url,integration_statement_url) VALUES ('ECW', 'eClinicalWorks', 'http://www.eclinicalworks.com/', 'http://www.eclinicalworks.com/ihe/2014/statement.pdf');
-- INSERT INTO company (keyword,name,url,integration_statement_url) VALUES ('COVIDIEN', 'COVIDIEN', 'http://www.Covidien.com', '');
-- INSERT INTO company (keyword,name,url,integration_statement_url) VALUES ('BHC', 'Bayer Healthcare', 'http://www.radiologysolutions.bayer.com/products/ct/dosemanagement/rep/', '');
-- INSERT INTO company (keyword,name,url,integration_statement_url) VALUES ('NIST', 'NIST', 'http://www.nist.gov', '');
-- INSERT INTO company (keyword,name,url,integration_statement_url) VALUES ('CERNER', 'Cerner Corporation', 'http://www.cerner.com', 'https://connect.ucern.com/docs/DOC-395297');
INSERT INTO company (keyword,name,url,integration_statement_url) VALUES ('Talis', 'Talis Clinical, LLC', 'http://www.talisclinical.com/', '');
-- INSERT INTO company (keyword,name,url,integration_statement_url) VALUES ('HYLAND', 'Hyland Software', 'http://www.hyland.com/', 'http://www.hyland.com/industry-solutions/healthcare/ihe');
-- INSERT INTO company (keyword,name,url,integration_statement_url) VALUES ('MEDHOST', 'MEDHOST', 'http://www.medhost.com', '');
-- INSERT INTO company (keyword,name,url,integration_statement_url) VALUES ('KAROS', 'Karos Health', 'http://www.karoshealth.com', 'http://www.karoshealth.com/standards');
-- INSERT INTO company (keyword,name,url,integration_statement_url) VALUES ('PHILIPS', 'Philips Medical Systems NL BV', 'http://www.healthcare.philips.com', 'http://www.philips.com/ihe');
-- INSERT INTO company (keyword,name,url,integration_statement_url) VALUES ('Iatric', 'Iatric Systems', 'http://www.iatric.com', '');
-- INSERT INTO company (keyword,name,url,integration_statement_url) VALUES ('lifeIMAGE', 'lifeIMAGE', 'http://www.lifeimage.com/', '');
-- INSERT INTO company (keyword,name,url,integration_statement_url) VALUES ('HOSPIRA', 'Hospira, a Pfizer company', 'http://www.hospira.com', 'https://www.hospira.com/en/products_and_services/iv_clinical_integration');
-- INSERT INTO company (keyword,name,url,integration_statement_url) VALUES ('JBS', 'JBS International,Inc.', 'http://www.jbsinternational.com', '');
-- INSERT INTO company (keyword,name,url,integration_statement_url) VALUES ('MD', 'Moksha Digital Software Pvt. Ltd', 'http://www.mokshadigital.com', '');
-- INSERT INTO company (keyword,name,url,integration_statement_url) VALUES ('FUKUDA', 'Fukuda Denshi', 'http://www.fukuda.com/', 'http://www.fukuda.com/fukuda_usa/pdf/fukudadenshi_ihe_integration_statement.pdf');
-- INSERT INTO company (keyword,name,url,integration_statement_url) VALUES ('EPIC', 'EPIC', 'http://www.EPIC.com', '');
-- INSERT INTO company (keyword,name,url,integration_statement_url) VALUES ('CAREEV', 'CareEvolution', 'http://www.careevolution.com/', 'http://www.careevolution.com/ihe.html');
-- INSERT INTO company (keyword,name,url,integration_statement_url) VALUES ('Logibec', 'Logibec', 'http://www.logibec.com', '');
-- INSERT INTO company (keyword,name,url,integration_statement_url) VALUES ('MERGE', 'Merge Healthcare', 'http://www.merge.com', '');
-- INSERT INTO company (keyword,name,url,integration_statement_url) VALUES ('SMITHS', 'Smiths Medical', 'http://www.smiths-medical.com', 'http://www.pharmguardserver.com/IntegrationStatement/IntegrationStatement_PGIMSIP_2.0.pdf');
-- INSERT INTO company (keyword,name,url,integration_statement_url) VALUES ('UDOH', 'Utah Department of Health', 'http://www.health.utah.gov', '');
INSERT INTO company (keyword,name,url,integration_statement_url) VALUES ('VHA', 'Veterans Health Administration', 'http://www.va.gov/health/aboutVHA.asp', 'http://gforge.hl7.org/gf/project/cbcc/news/?id=92');
-- INSERT INTO company (keyword,name,url,integration_statement_url) VALUES ('Consilience', 'Consilience Software', 'http://www.consiliencesoftware.com/', 'null');


INSERT INTO integration_profile (keyword, name, description)  VALUES ('MCV', '', '');
INSERT INTO integration_profile (keyword, name, description)  VALUES  ('XD-LAB', 'Sharing Lab Report', 'The Sharing Lab Report content integration profile is focussed on the sharing of sets of laboratory results in the form of a laboratory report structured document');
UPDATE company_actor_profiles set integration_profile = 'XD-LAB' WHERE integration_profile ='XD-Lab';
UPDATE domain_profile set integration_profile = 'XD-LAB' where integration_profile = 'XD-Lab';
delete from integration_profile where keyword = 'XD-Lab';
update company_actor_profiles set company = 'SPIRIT-CISCO' where company = 'SPIRIT';
delete from company where keyword = 'SPIRIT';


INSERT INTO integration_profile (keyword, name, description)  VALUES ('MCV', 'Multiple Content Views', 'This profile provides guidance on how text in CDA documents may be tagged to achieve different rendering behaviors. This allows one document to serve different needs based upon the requirements of the person viewing the document. The viewing requirements of a patient differ from the requirements of a healthcare provider. The profile identifies many of the requirements expressed by patients, classifies these requirements, identifies the rendering behavior associated with each, and provides guidance on how to tag CDA content in order to bind it to an identified behavior. Use of this profile allows one CDA document to serve the needs of different Document Consumers. This profile is strictly about the rendering of the narrative, and the view has no relationship to content that may be imported by other actors.	');
INSERT INTO actor (keyword, name, description) VALUES ('INFORMATION_RECIP', 'Information Recipient', 'Receives event notification information from the Information Source, applies matching and filtering rules to determine which content to accept and which content to reject. It receives or rejects event notification information based on the content matching and filtering rules.	');
INSERT INTO actor (keyword, name, description) VALUES ('INFORMATION_SRC', 'Information Src', 'Provides notification of an admission or discharge of a patient or person known to the Information Source. The event message includes information about the patient needed by the Information Resource.');

--Company informationINSERT INTO company_actor_profiles (company ,integration_profile ,actor ,connectathon) VALUES ('ALLSCRIPTS', 'APE', 'CONTENT_CONSUMER', 'NA2017');
INSERT INTO company_actor_profiles (company ,integration_profile ,actor ,connectathon) VALUES ('ALLSCRIPTS', 'APHP', 'CONTENT_CONSUMER', 'NA2017');
INSERT INTO company_actor_profiles (company ,integration_profile ,actor ,connectathon) VALUES ('ALLSCRIPTS', 'APL', 'CONTENT_CONSUMER', 'NA2017');
INSERT INTO company_actor_profiles (company ,integration_profile ,actor ,connectathon) VALUES ('ALLSCRIPTS', 'APS', 'CONTENT_CONSUMER', 'NA2017');
-- INSERT INTO company_actor_profiles (company ,integration_profile ,actor ,connectathon) VALUES ('ALLSCRIPTS', 'C-CDA2.1_CONSUMERS', 'CONTENT_CONSUMER', 'NA2017');
INSERT INTO company_actor_profiles (company ,integration_profile ,actor ,connectathon) VALUES ('ALLSCRIPTS', 'CTNN', 'CONTENT_CONSUMER', 'NA2017');
INSERT INTO company_actor_profiles (company ,integration_profile ,actor ,connectathon) VALUES ('ALLSCRIPTS', 'DIS', 'CONTENT_CONSUMER', 'NA2017');
INSERT INTO company_actor_profiles (company ,integration_profile ,actor ,connectathon) VALUES ('ALLSCRIPTS', 'EDPN', 'CONTENT_CONSUMER', 'NA2017');
INSERT INTO company_actor_profiles (company ,integration_profile ,actor ,connectathon) VALUES ('ALLSCRIPTS', 'EDR', 'CONTENT_CONSUMER', 'NA2017');
INSERT INTO company_actor_profiles (company ,integration_profile ,actor ,connectathon) VALUES ('ALLSCRIPTS', 'LDHP', 'CONTENT_CONSUMER', 'NA2017');
INSERT INTO company_actor_profiles (company ,integration_profile ,actor ,connectathon) VALUES ('ALLSCRIPTS', 'MCV', 'CONTENT_CONSUMER', 'NA2017');
INSERT INTO company_actor_profiles (company ,integration_profile ,actor ,connectathon) VALUES ('ALLSCRIPTS', 'PADV', 'CONTENT_CONSUMER', 'NA2017');
INSERT INTO company_actor_profiles (company ,integration_profile ,actor ,connectathon) VALUES ('ALLSCRIPTS', 'TN', 'CONTENT_CONSUMER', 'NA2017');
INSERT INTO company_actor_profiles (company ,integration_profile ,actor ,connectathon) VALUES ('ALLSCRIPTS', 'XDS-SD', 'CONTENT_CONSUMER', 'NA2017');
-- INSERT INTO company_actor_profiles (company ,integration_profile ,actor ,connectathon) VALUES ('ALLSCRIPTS', 'C-CDA2.1_CCD', 'CONTENT_CREATOR', 'NA2017');
-- INSERT INTO company_actor_profiles (company ,integration_profile ,actor ,connectathon) VALUES ('ALLSCRIPTS', 'C-CDA2.1_DISCHARGE', 'CONTENT_CREATOR', 'NA2017');
-- INSERT INTO company_actor_profiles (company ,integration_profile ,actor ,connectathon) VALUES ('ALLSCRIPTS', 'C-CDA2.1_REFERRAL', 'CONTENT_CREATOR', 'NA2017');
-- INSERT INTO company_actor_profiles (company ,integration_profile ,actor ,connectathon) VALUES ('ALLSCRIPTS', 'C-CDA2.1_UNSTRUCTURED', 'CONTENT_CREATOR', 'NA2017');
INSERT INTO company_actor_profiles (company ,integration_profile ,actor ,connectathon) VALUES ('ALLSCRIPTS', 'MCV', 'CONTENT_CREATOR', 'NA2017');
INSERT INTO company_actor_profiles (company ,integration_profile ,actor ,connectathon) VALUES ('ALLSCRIPTS', 'XDS.b', 'DOC_CONSUMER', 'NA2017');
INSERT INTO company_actor_profiles (company ,integration_profile ,actor ,connectathon) VALUES ('ALLSCRIPTS', 'XDR', 'DOC_RECIPIENT', 'NA2017');
INSERT INTO company_actor_profiles (company ,integration_profile ,actor ,connectathon) VALUES ('ALLSCRIPTS', 'XDS.b', 'DOC_SOURCE', 'NA2017');
INSERT INTO company_actor_profiles (company ,integration_profile ,actor ,connectathon) VALUES ('ALLSCRIPTS', 'XDR', 'METADATA_LTD_DOC_SOURCE', 'NA2017');
INSERT INTO company_actor_profiles (company ,integration_profile ,actor ,connectathon) VALUES ('ALLSCRIPTS', 'PIX', 'PAT_IDENTITY_CONSUMER', 'NA2017');
INSERT INTO company_actor_profiles (company ,integration_profile ,actor ,connectathon) VALUES ('ALLSCRIPTS', 'PIXV3', 'PAT_IDENTITY_CONSUMER', 'NA2017');
INSERT INTO company_actor_profiles (company ,integration_profile ,actor ,connectathon) VALUES ('ALLSCRIPTS', 'PIXV3', 'PAT_IDENTITY_SRC', 'NA2017');
INSERT INTO company_actor_profiles (company ,integration_profile ,actor ,connectathon) VALUES ('ALLSCRIPTS', 'PDQV3', 'PDC', 'NA2017');
INSERT INTO company_actor_profiles (company ,integration_profile ,actor ,connectathon) VALUES ('ALLSCRIPTS', 'ATNA', 'SA', 'NA2017');
INSERT INTO company_actor_profiles (company ,integration_profile ,actor ,connectathon) VALUES ('ALLSCRIPTS', 'CT', 'TIME_CLIENT', 'NA2017');
INSERT INTO company_actor_profiles (company ,integration_profile ,actor ,connectathon) VALUES ('BAXTER', 'ACM', 'ALERT_RPT', 'NA2017');
INSERT INTO company_actor_profiles (company ,integration_profile ,actor ,connectathon) VALUES ('BAXTER', 'DEC', 'DEV_OBS_REPORTER', 'NA2017');
INSERT INTO company_actor_profiles (company ,integration_profile ,actor ,connectathon) VALUES ('BAXTER', 'IPEC', 'DEV_OBS_REPORTER', 'NA2017');
INSERT INTO company_actor_profiles (company ,integration_profile ,actor ,connectathon) VALUES ('BAXTER', 'PIV', 'IOC', 'NA2017');
INSERT INTO company_actor_profiles (company ,integration_profile ,actor ,connectathon) VALUES ('BAXTER', 'MEMLS', 'LOC', 'NA2017');
INSERT INTO company_actor_profiles (company ,integration_profile ,actor ,connectathon) VALUES ('BAXTER', 'CT', 'TIME_CLIENT', 'NA2017');
INSERT INTO company_actor_profiles (company ,integration_profile ,actor ,connectathon) VALUES ('BBRAUN', 'ACM', 'ALERT_RPT', 'NA2017');
INSERT INTO company_actor_profiles (company ,integration_profile ,actor ,connectathon) VALUES ('BBRAUN', 'DEC', 'DEV_OBS_FILTER', 'NA2017');
INSERT INTO company_actor_profiles (company ,integration_profile ,actor ,connectathon) VALUES ('BBRAUN', 'DEC', 'DEV_OBS_REPORTER', 'NA2017');
INSERT INTO company_actor_profiles (company ,integration_profile ,actor ,connectathon) VALUES ('BBRAUN', 'IPEC', 'DEV_OBS_REPORTER', 'NA2017');
INSERT INTO company_actor_profiles (company ,integration_profile ,actor ,connectathon) VALUES ('BBRAUN', 'MEMDMC', 'DMIR', 'NA2017');
INSERT INTO company_actor_profiles (company ,integration_profile ,actor ,connectathon) VALUES ('BBRAUN', 'PIV', 'IOC', 'NA2017');
INSERT INTO company_actor_profiles (company ,integration_profile ,actor ,connectathon) VALUES ('BBRAUN', 'MEMLS', 'LOC', 'NA2017');
INSERT INTO company_actor_profiles (company ,integration_profile ,actor ,connectathon) VALUES ('BBRAUN', 'CT', 'TIME_CLIENT', 'NA2017');
INSERT INTO company_actor_profiles (company ,integration_profile ,actor ,connectathon) VALUES ('Bernoulli', 'ACM', 'ALERT_RPT', 'NA2017');
INSERT INTO company_actor_profiles (company ,integration_profile ,actor ,connectathon) VALUES ('Bernoulli', 'ACM', 'ALRT_COMMUNICATOR', 'NA2017');
INSERT INTO company_actor_profiles (company ,integration_profile ,actor ,connectathon) VALUES ('Bernoulli', 'ACM', 'ALRT_MGR', 'NA2017');
INSERT INTO company_actor_profiles (company ,integration_profile ,actor ,connectathon) VALUES ('Bernoulli', 'DEC', 'DEV_OBS_CONSUMER', 'NA2017');
INSERT INTO company_actor_profiles (company ,integration_profile ,actor ,connectathon) VALUES ('Bernoulli', 'DEC', 'DEV_OBS_REPORTER', 'NA2017');
INSERT INTO company_actor_profiles (company ,integration_profile ,actor ,connectathon) VALUES ('Bernoulli', 'MEMDMC', 'DMIC', 'NA2017');
INSERT INTO company_actor_profiles (company ,integration_profile ,actor ,connectathon) VALUES ('Bernoulli', 'CT', 'TIME_CLIENT', 'NA2017');
INSERT INTO company_actor_profiles (company ,integration_profile ,actor ,connectathon) VALUES ('BHC', 'REM', 'DOSE_INFO_CONSUMER', 'NA2017');
INSERT INTO company_actor_profiles (company ,integration_profile ,actor ,connectathon) VALUES ('BHC', 'REM', 'DOSE_INFO_REPORTER', 'NA2017');
INSERT INTO company_actor_profiles (company ,integration_profile ,actor ,connectathon) VALUES ('BHC', 'REM', 'DOSE_REGISTER', 'NA2017');
INSERT INTO company_actor_profiles (company ,integration_profile ,actor ,connectathon) VALUES ('BHS', 'XDS.b', 'DOC_REGISTRY', 'NA2017');
INSERT INTO company_actor_profiles (company ,integration_profile ,actor ,connectathon) VALUES ('BHS', 'XDS.b', 'EMBED_REPOS', 'NA2017');
INSERT INTO company_actor_profiles (company ,integration_profile ,actor ,connectathon) VALUES ('BHS', 'ATNA', 'SN', 'NA2017');
INSERT INTO company_actor_profiles (company ,integration_profile ,actor ,connectathon) VALUES ('BHS', 'CT', 'TIME_CLIENT', 'NA2017');
INSERT INTO company_actor_profiles (company ,integration_profile ,actor ,connectathon) VALUES ('CAP', 'SDC', 'FORM_FILLER', 'NA2017');
INSERT INTO company_actor_profiles (company ,integration_profile ,actor ,connectathon) VALUES ('CAP', 'SDC', 'FORM_MANAGER', 'NA2017');
INSERT INTO company_actor_profiles (company ,integration_profile ,actor ,connectathon) VALUES ('CAP', 'SDC', 'FORM_PROCESSOR', 'NA2017');
INSERT INTO company_actor_profiles (company ,integration_profile ,actor ,connectathon) VALUES ('CAP', 'SDC', 'FORM_RECEIVER', 'NA2017');
INSERT INTO company_actor_profiles (company ,integration_profile ,actor ,connectathon) VALUES ('CAP', 'CT', 'TIME_CLIENT', 'NA2017');
INSERT INTO company_actor_profiles (company ,integration_profile ,actor ,connectathon) VALUES ('CAPSULETECH', 'ACM', 'ALERT_RPT', 'NA2017');
INSERT INTO company_actor_profiles (company ,integration_profile ,actor ,connectathon) VALUES ('CAPSULETECH', 'DEC', 'DEV_OBS_CONSUMER', 'NA2017');
INSERT INTO company_actor_profiles (company ,integration_profile ,actor ,connectathon) VALUES ('CAPSULETECH', 'DEC', 'DEV_OBS_REPORTER', 'NA2017');
INSERT INTO company_actor_profiles (company ,integration_profile ,actor ,connectathon) VALUES ('CAPSULETECH', 'IPEC', 'DEV_OBS_REPORTER', 'NA2017');
INSERT INTO company_actor_profiles (company ,integration_profile ,actor ,connectathon) VALUES ('CAPSULETECH', 'MEMDMC', 'DMIR', 'NA2017');
INSERT INTO company_actor_profiles (company ,integration_profile ,actor ,connectathon) VALUES ('CAPSULETECH', 'CT', 'TIME_CLIENT', 'NA2017');
INSERT INTO company_actor_profiles (company ,integration_profile ,actor ,connectathon) VALUES ('CARADIGM', 'ATNA', 'ARR', 'NA2017');
-- INSERT INTO company_actor_profiles (company ,integration_profile ,actor ,connectathon) VALUES ('CARADIGM', 'C-CDA2.1_CARE-PLAN', 'CONTENT_CREATOR', 'NA2017');
INSERT INTO company_actor_profiles (company ,integration_profile ,actor ,connectathon) VALUES ('CARADIGM', 'XDS.b', 'DOC_CONSUMER', 'NA2017');
INSERT INTO company_actor_profiles (company ,integration_profile ,actor ,connectathon) VALUES ('CARADIGM', 'XDS.b', 'DOC_REGISTRY', 'NA2017');
INSERT INTO company_actor_profiles (company ,integration_profile ,actor ,connectathon) VALUES ('CARADIGM', 'XDS.b', 'DOC_REPOSITORY', 'NA2017');
INSERT INTO company_actor_profiles (company ,integration_profile ,actor ,connectathon) VALUES ('CARADIGM', 'XDR', 'METADATA_LTD_DOC_SOURCE', 'NA2017');
INSERT INTO company_actor_profiles (company ,integration_profile ,actor ,connectathon) VALUES ('CARADIGM', 'ATNA', 'SN', 'NA2017');
INSERT INTO company_actor_profiles (company ,integration_profile ,actor ,connectathon) VALUES ('CARADIGM', 'CT', 'TIME_CLIENT', 'NA2017');
-- INSERT INTO company_actor_profiles (company ,integration_profile ,actor ,connectathon) VALUES ('CAREEV', 'C-CDA2.1_CONSUMERS', 'CONTENT_CONSUMER', 'NA2017');
INSERT INTO company_actor_profiles (company ,integration_profile ,actor ,connectathon) VALUES ('CAREEV', 'BPPC', 'CONTENT_CREATOR', 'NA2017');
-- INSERT INTO company_actor_profiles (company ,integration_profile ,actor ,connectathon) VALUES ('CAREEV', 'C-CDA2.1_CARE-PLAN', 'CONTENT_CREATOR', 'NA2017');
-- INSERT INTO company_actor_profiles (company ,integration_profile ,actor ,connectathon) VALUES ('CAREEV', 'C-CDA2.1_CCD', 'CONTENT_CREATOR', 'NA2017');
-- INSERT INTO company_actor_profiles (company ,integration_profile ,actor ,connectathon) VALUES ('CAREEV', 'C-CDA2.1_TRANSFER', 'CONTENT_CREATOR', 'NA2017');
-- INSERT INTO company_actor_profiles (company ,integration_profile ,actor ,connectathon) VALUES ('CAREEV', 'C-CDA2.1_UNSTRUCTURED', 'CONTENT_CREATOR', 'NA2017');
INSERT INTO company_actor_profiles (company ,integration_profile ,actor ,connectathon) VALUES ('CAREEV', 'IC', 'CONTENT_CREATOR', 'NA2017');
INSERT INTO company_actor_profiles (company ,integration_profile ,actor ,connectathon) VALUES ('CAREEV', 'XDS-SD', 'CONTENT_CREATOR', 'NA2017');
INSERT INTO company_actor_profiles (company ,integration_profile ,actor ,connectathon) VALUES ('CAREEV', 'XDS.b', 'DOC_ADMINISTRATOR', 'NA2017');
INSERT INTO company_actor_profiles (company ,integration_profile ,actor ,connectathon) VALUES ('CAREEV', 'MHD', 'DOC_CONSUMER', 'NA2017');
INSERT INTO company_actor_profiles (company ,integration_profile ,actor ,connectathon) VALUES ('CAREEV', 'XDS.b', 'DOC_CONSUMER', 'NA2017');
INSERT INTO company_actor_profiles (company ,integration_profile ,actor ,connectathon) VALUES ('CAREEV', 'XDR', 'DOC_RECIPIENT', 'NA2017');
INSERT INTO company_actor_profiles (company ,integration_profile ,actor ,connectathon) VALUES ('CAREEV', 'MPQ', 'DOC_REGISTRY', 'NA2017');
INSERT INTO company_actor_profiles (company ,integration_profile ,actor ,connectathon) VALUES ('CAREEV', 'XDS.b', 'DOC_REGISTRY', 'NA2017');
INSERT INTO company_actor_profiles (company ,integration_profile ,actor ,connectathon) VALUES ('CAREEV', 'XDS.b', 'DOC_REPOSITORY', 'NA2017');
INSERT INTO company_actor_profiles (company ,integration_profile ,actor ,connectathon) VALUES ('CAREEV', 'XDR', 'DOC_SOURCE', 'NA2017');
INSERT INTO company_actor_profiles (company ,integration_profile ,actor ,connectathon) VALUES ('CAREEV', 'XDS.b', 'DOC_SOURCE', 'NA2017');
INSERT INTO company_actor_profiles (company ,integration_profile ,actor ,connectathon) VALUES ('CAREEV', 'XCA', 'INIT_GATEWAY', 'NA2017');
INSERT INTO company_actor_profiles (company ,integration_profile ,actor ,connectathon) VALUES ('CAREEV', 'XCPD', 'INIT_GATEWAY', 'NA2017');
INSERT INTO company_actor_profiles (company ,integration_profile ,actor ,connectathon) VALUES ('CAREEV', 'XDS.b', 'ON_DEMAND_DOC_SOURCE', 'NA2017');
INSERT INTO company_actor_profiles (company ,integration_profile ,actor ,connectathon) VALUES ('CAREEV', 'PIX', 'PAT_IDENTITY_CONSUMER', 'NA2017');
INSERT INTO company_actor_profiles (company ,integration_profile ,actor ,connectathon) VALUES ('CAREEV', 'PIXV3', 'PAT_IDENTITY_CONSUMER', 'NA2017');
INSERT INTO company_actor_profiles (company ,integration_profile ,actor ,connectathon) VALUES ('CAREEV', 'PIX', 'PAT_IDENTITY_SRC', 'NA2017');
INSERT INTO company_actor_profiles (company ,integration_profile ,actor ,connectathon) VALUES ('CAREEV', 'PIXV3', 'PAT_IDENTITY_SRC', 'NA2017');
INSERT INTO company_actor_profiles (company ,integration_profile ,actor ,connectathon) VALUES ('CAREEV', 'PIX', 'PAT_IDENTITY_X_REF_MGR', 'NA2017');
INSERT INTO company_actor_profiles (company ,integration_profile ,actor ,connectathon) VALUES ('CAREEV', 'PIXV3', 'PAT_IDENTITY_X_REF_MGR', 'NA2017');
INSERT INTO company_actor_profiles (company ,integration_profile ,actor ,connectathon) VALUES ('CAREEV', 'PDQm', 'PDC', 'NA2017');
INSERT INTO company_actor_profiles (company ,integration_profile ,actor ,connectathon) VALUES ('CAREEV', 'PDQV3', 'PDC', 'NA2017');
INSERT INTO company_actor_profiles (company ,integration_profile ,actor ,connectathon) VALUES ('CAREEV', 'PDQm', 'PDS', 'NA2017');
INSERT INTO company_actor_profiles (company ,integration_profile ,actor ,connectathon) VALUES ('CAREEV', 'PDQV3', 'PDS', 'NA2017');
INSERT INTO company_actor_profiles (company ,integration_profile ,actor ,connectathon) VALUES ('CAREEV', 'HPD', 'PROV_INFO_CONS', 'NA2017');
INSERT INTO company_actor_profiles (company ,integration_profile ,actor ,connectathon) VALUES ('CAREEV', 'HPD', 'PROV_INFO_DIR', 'NA2017');
INSERT INTO company_actor_profiles (company ,integration_profile ,actor ,connectathon) VALUES ('CAREEV', 'HPD', 'PROV_INFO_SRC', 'NA2017');
INSERT INTO company_actor_profiles (company ,integration_profile ,actor ,connectathon) VALUES ('CAREEV', 'XCA', 'RESP_GATEWAY', 'NA2017');
INSERT INTO company_actor_profiles (company ,integration_profile ,actor ,connectathon) VALUES ('CAREEV', 'XCPD', 'RESP_GATEWAY', 'NA2017');
INSERT INTO company_actor_profiles (company ,integration_profile ,actor ,connectathon) VALUES ('CAREEV', 'ATNA', 'SA', 'NA2017');
INSERT INTO company_actor_profiles (company ,integration_profile ,actor ,connectathon) VALUES ('CAREEV', 'CT', 'TIME_CLIENT', 'NA2017');
INSERT INTO company_actor_profiles (company ,integration_profile ,actor ,connectathon) VALUES ('CAREFUSION', 'ACM', 'ALERT_RPT', 'NA2017');
INSERT INTO company_actor_profiles (company ,integration_profile ,actor ,connectathon) VALUES ('CAREFUSION', 'DEC', 'DEV_OBS_REPORTER', 'NA2017');
INSERT INTO company_actor_profiles (company ,integration_profile ,actor ,connectathon) VALUES ('CAREFUSION', 'IPEC', 'DEV_OBS_REPORTER', 'NA2017');
INSERT INTO company_actor_profiles (company ,integration_profile ,actor ,connectathon) VALUES ('CAREFUSION', 'PIV', 'IOC', 'NA2017');
INSERT INTO company_actor_profiles (company ,integration_profile ,actor ,connectathon) VALUES ('CAREFUSION', 'CT', 'TIME_CLIENT', 'NA2017');
INSERT INTO company_actor_profiles (company ,integration_profile ,actor ,connectathon) VALUES ('CDC', 'BFDR-E', 'CONTENT_CONSUMER', 'NA2017');
INSERT INTO company_actor_profiles (company ,integration_profile ,actor ,connectathon) VALUES ('CDC', 'HW', 'CONTENT_CONSUMER', 'NA2017');
INSERT INTO company_actor_profiles (company ,integration_profile ,actor ,connectathon) VALUES ('CDC', 'PRPH-Ca', 'CONTENT_CONSUMER', 'NA2017');
INSERT INTO company_actor_profiles (company ,integration_profile ,actor ,connectathon) VALUES ('CDC', 'VRDR', 'CONTENT_CONSUMER', 'NA2017');
INSERT INTO company_actor_profiles (company ,integration_profile ,actor ,connectathon) VALUES ('CDC', 'MPQ', 'DOC_CONSUMER', 'NA2017');
INSERT INTO company_actor_profiles (company ,integration_profile ,actor ,connectathon) VALUES ('CDC', 'XDS.b', 'DOC_CONSUMER', 'NA2017');
INSERT INTO company_actor_profiles (company ,integration_profile ,actor ,connectathon) VALUES ('CDC', 'RFD', 'FORM_RECEIVER', 'NA2017');
INSERT INTO company_actor_profiles (company ,integration_profile ,actor ,connectathon) VALUES ('CDC', 'SDC', 'FORM_RECEIVER', 'NA2017');
INSERT INTO company_actor_profiles (company ,integration_profile ,actor ,connectathon) VALUES ('CDC', 'BFDR-E', 'INFO_RECIPIENT_HL7', 'NA2017');
INSERT INTO company_actor_profiles (company ,integration_profile ,actor ,connectathon) VALUES ('CDC', 'VRDR', 'INFO_RECIPIENT_HL7', 'NA2017');
INSERT INTO company_actor_profiles (company ,integration_profile ,actor ,connectathon) VALUES ('CDC', 'VRDR', 'INFO_SRC_HL7', 'NA2017');
INSERT INTO company_actor_profiles (company ,integration_profile ,actor ,connectathon) VALUES ('CDC', 'ATNA', 'SA', 'NA2017');
INSERT INTO company_actor_profiles (company ,integration_profile ,actor ,connectathon) VALUES ('CDC', 'CT', 'TIME_CLIENT', 'NA2017');
INSERT INTO company_actor_profiles (company ,integration_profile ,actor ,connectathon) VALUES ('CDPH', 'RFD', 'FORM_RECEIVER', 'NA2017');
INSERT INTO company_actor_profiles (company ,integration_profile ,actor ,connectathon) VALUES ('CDPH', 'SDC', 'FORM_RECEIVER', 'NA2017');
INSERT INTO company_actor_profiles (company ,integration_profile ,actor ,connectathon) VALUES ('CDPH', 'CT', 'TIME_CLIENT', 'NA2017');
INSERT INTO company_actor_profiles (company ,integration_profile ,actor ,connectathon) VALUES ('CERNER', 'ACM', 'ALRT_MGR', 'NA2017');
INSERT INTO company_actor_profiles (company ,integration_profile ,actor ,connectathon) VALUES ('CERNER', 'DEC', 'DEV_OBS_CONSUMER', 'NA2017');
INSERT INTO company_actor_profiles (company ,integration_profile ,actor ,connectathon) VALUES ('CERNER', 'IPEC', 'DEV_OBS_CONSUMER', 'NA2017');
INSERT INTO company_actor_profiles (company ,integration_profile ,actor ,connectathon) VALUES ('CERNER', 'DEC', 'DEV_OBS_REPORTER', 'NA2017');
INSERT INTO company_actor_profiles (company ,integration_profile ,actor ,connectathon) VALUES ('CERNER', 'XDS.b', 'DOC_CONSUMER', 'NA2017');
INSERT INTO company_actor_profiles (company ,integration_profile ,actor ,connectathon) VALUES ('CERNER', 'XDS-I.b', 'DOC_CONSUMER', 'NA2017');
INSERT INTO company_actor_profiles (company ,integration_profile ,actor ,connectathon) VALUES ('CERNER', 'XDS.b', 'DOC_REGISTRY', 'NA2017');
INSERT INTO company_actor_profiles (company ,integration_profile ,actor ,connectathon) VALUES ('CERNER', 'XDS-I.b', 'DOC_REGISTRY', 'NA2017');
INSERT INTO company_actor_profiles (company ,integration_profile ,actor ,connectathon) VALUES ('CERNER', 'XDS.b', 'DOC_REPOSITORY', 'NA2017');
INSERT INTO company_actor_profiles (company ,integration_profile ,actor ,connectathon) VALUES ('CERNER', 'XDS-I.b', 'DOC_REPOSITORY', 'NA2017');
INSERT INTO company_actor_profiles (company ,integration_profile ,actor ,connectathon) VALUES ('CERNER', 'XDS.b', 'DOC_SOURCE', 'NA2017');
INSERT INTO company_actor_profiles (company ,integration_profile ,actor ,connectathon) VALUES ('CERNER', 'XDS.b', 'EMBED_REPOS', 'NA2017');
INSERT INTO company_actor_profiles (company ,integration_profile ,actor ,connectathon) VALUES ('CERNER', 'XCA-I', 'IMG_DOC_CONSUMER', 'NA2017');
INSERT INTO company_actor_profiles (company ,integration_profile ,actor ,connectathon) VALUES ('CERNER', 'XDS-I.b', 'IMG_DOC_CONSUMER', 'NA2017');
INSERT INTO company_actor_profiles (company ,integration_profile ,actor ,connectathon) VALUES ('CERNER', 'XCA', 'INIT_GATEWAY', 'NA2017');
INSERT INTO company_actor_profiles (company ,integration_profile ,actor ,connectathon) VALUES ('CERNER', 'XCF', 'INIT_GATEWAY', 'NA2017');
INSERT INTO company_actor_profiles (company ,integration_profile ,actor ,connectathon) VALUES ('CERNER', 'XCPD', 'INIT_GATEWAY', 'NA2017');
INSERT INTO company_actor_profiles (company ,integration_profile ,actor ,connectathon) VALUES ('CERNER', 'XCA-I', 'INIT_IMG_GATEWAY', 'NA2017');
INSERT INTO company_actor_profiles (company ,integration_profile ,actor ,connectathon) VALUES ('CERNER', 'PIV', 'IOP', 'NA2017');
INSERT INTO company_actor_profiles (company ,integration_profile ,actor ,connectathon) VALUES ('CERNER', 'XDS.b', 'ON_DEMAND_DOC_SOURCE', 'NA2017');
INSERT INTO company_actor_profiles (company ,integration_profile ,actor ,connectathon) VALUES ('CERNER', 'PIXV3', 'PAT_IDENTITY_CONSUMER', 'NA2017');
INSERT INTO company_actor_profiles (company ,integration_profile ,actor ,connectathon) VALUES ('CERNER', 'PIXV3', 'PAT_IDENTITY_SRC', 'NA2017');
INSERT INTO company_actor_profiles (company ,integration_profile ,actor ,connectathon) VALUES ('CERNER', 'XDS.b', 'PAT_IDENTITY_SRC', 'NA2017');
INSERT INTO company_actor_profiles (company ,integration_profile ,actor ,connectathon) VALUES ('CERNER', 'PIXV3', 'PAT_IDENTITY_X_REF_MGR', 'NA2017');
INSERT INTO company_actor_profiles (company ,integration_profile ,actor ,connectathon) VALUES ('CERNER', 'PDQV3', 'PDC', 'NA2017');
INSERT INTO company_actor_profiles (company ,integration_profile ,actor ,connectathon) VALUES ('CERNER', 'PDQV3', 'PDS', 'NA2017');
INSERT INTO company_actor_profiles (company ,integration_profile ,actor ,connectathon) VALUES ('CERNER', 'XCA', 'RESP_GATEWAY', 'NA2017');
INSERT INTO company_actor_profiles (company ,integration_profile ,actor ,connectathon) VALUES ('CERNER', 'XCF', 'RESP_GATEWAY', 'NA2017');
INSERT INTO company_actor_profiles (company ,integration_profile ,actor ,connectathon) VALUES ('CERNER', 'XCPD', 'RESP_GATEWAY', 'NA2017');
INSERT INTO company_actor_profiles (company ,integration_profile ,actor ,connectathon) VALUES ('CERNER', 'XCA-I', 'RESP_IMG_GATEWAY', 'NA2017');
INSERT INTO company_actor_profiles (company ,integration_profile ,actor ,connectathon) VALUES ('CERNER', 'ATNA', 'SA', 'NA2017');
INSERT INTO company_actor_profiles (company ,integration_profile ,actor ,connectathon) VALUES ('CERNER', 'CT', 'TIME_CLIENT', 'NA2017');
INSERT INTO company_actor_profiles (company ,integration_profile ,actor ,connectathon) VALUES ('CERNER', 'XUA', 'X-SERVICE-PROVIDER', 'NA2017');
INSERT INTO company_actor_profiles (company ,integration_profile ,actor ,connectathon) VALUES ('CERNER', 'XUA', 'X-SERVICE-USER', 'NA2017');
INSERT INTO company_actor_profiles (company ,integration_profile ,actor ,connectathon) VALUES ('COVIDIEN', 'ACM', 'ALERT_RPT', 'NA2017');
INSERT INTO company_actor_profiles (company ,integration_profile ,actor ,connectathon) VALUES ('COVIDIEN', 'DEC', 'DEV_OBS_CONSUMER', 'NA2017');
INSERT INTO company_actor_profiles (company ,integration_profile ,actor ,connectathon) VALUES ('COVIDIEN', 'DEC', 'DEV_OBS_REPORTER', 'NA2017');
INSERT INTO company_actor_profiles (company ,integration_profile ,actor ,connectathon) VALUES ('COVIDIEN', 'MEMLS', 'LOC', 'NA2017');
INSERT INTO company_actor_profiles (company ,integration_profile ,actor ,connectathon) VALUES ('COVIDIEN', 'CT', 'TIME_CLIENT', 'NA2017');
INSERT INTO company_actor_profiles (company ,integration_profile ,actor ,connectathon) VALUES ('CPH', 'mACM', 'ALERT_AGGREGATOR', 'NA2017');
INSERT INTO company_actor_profiles (company ,integration_profile ,actor ,connectathon) VALUES ('CPH', 'MHD', 'DOC_CONSUMER', 'NA2017');
INSERT INTO company_actor_profiles (company ,integration_profile ,actor ,connectathon) VALUES ('CPH', 'MHD', 'DOC_SOURCE', 'NA2017');
INSERT INTO company_actor_profiles (company ,integration_profile ,actor ,connectathon) VALUES ('CPH', 'XDR', 'DOC_SOURCE', 'NA2017');
INSERT INTO company_actor_profiles (company ,integration_profile ,actor ,connectathon) VALUES ('CPH', 'XDS.b', 'DOC_SOURCE', 'NA2017');
INSERT INTO company_actor_profiles (company ,integration_profile ,actor ,connectathon) VALUES ('CPH', 'XCA', 'INIT_GATEWAY', 'NA2017');
INSERT INTO company_actor_profiles (company ,integration_profile ,actor ,connectathon) VALUES ('CPH', 'XCPD', 'INIT_GATEWAY', 'NA2017');
INSERT INTO company_actor_profiles (company ,integration_profile ,actor ,connectathon) VALUES ('CPH', 'PIX', 'PAT_IDENTITY_CONSUMER', 'NA2017');
INSERT INTO company_actor_profiles (company ,integration_profile ,actor ,connectathon) VALUES ('CPH', 'PIXm', 'PAT_IDENTITY_CONSUMER', 'NA2017');
INSERT INTO company_actor_profiles (company ,integration_profile ,actor ,connectathon) VALUES ('CPH', 'PIXm', 'PAT_IDENTITY_X_REF_MGR', 'NA2017');
INSERT INTO company_actor_profiles (company ,integration_profile ,actor ,connectathon) VALUES ('CPH', 'PDQ', 'PDC', 'NA2017');
INSERT INTO company_actor_profiles (company ,integration_profile ,actor ,connectathon) VALUES ('CPH', 'PDQm', 'PDC', 'NA2017');
INSERT INTO company_actor_profiles (company ,integration_profile ,actor ,connectathon) VALUES ('CPH', 'PDQm', 'PDS', 'NA2017');
INSERT INTO company_actor_profiles (company ,integration_profile ,actor ,connectathon) VALUES ('CPH', 'HPD', 'PROV_INFO_CONS', 'NA2017');
INSERT INTO company_actor_profiles (company ,integration_profile ,actor ,connectathon) VALUES ('CPH', 'XCA', 'RESP_GATEWAY', 'NA2017');
INSERT INTO company_actor_profiles (company ,integration_profile ,actor ,connectathon) VALUES ('CPH', 'XCPD', 'RESP_GATEWAY', 'NA2017');
INSERT INTO company_actor_profiles (company ,integration_profile ,actor ,connectathon) VALUES ('CPH', 'ATNA', 'SN', 'NA2017');
INSERT INTO company_actor_profiles (company ,integration_profile ,actor ,connectathon) VALUES ('CPH', 'CT', 'TIME_CLIENT', 'NA2017');
INSERT INTO company_actor_profiles (company ,integration_profile ,actor ,connectathon) VALUES ('DELL', 'IOCM', 'CHANGE_REQUESTER', 'NA2017');
INSERT INTO company_actor_profiles (company ,integration_profile ,actor ,connectathon) VALUES ('DELL', 'XDS.b', 'DOC_SOURCE', 'NA2017');
INSERT INTO company_actor_profiles (company ,integration_profile ,actor ,connectathon) VALUES ('DELL', 'ARI', 'IM', 'NA2017');
INSERT INTO company_actor_profiles (company ,integration_profile ,actor ,connectathon) VALUES ('DELL', 'CATH', 'IM', 'NA2017');
INSERT INTO company_actor_profiles (company ,integration_profile ,actor ,connectathon) VALUES ('DELL', 'CPI', 'IM', 'NA2017');
INSERT INTO company_actor_profiles (company ,integration_profile ,actor ,connectathon) VALUES ('DELL', 'DBT', 'IM', 'NA2017');
INSERT INTO company_actor_profiles (company ,integration_profile ,actor ,connectathon) VALUES ('DELL', 'DIFF', 'IM', 'NA2017');
INSERT INTO company_actor_profiles (company ,integration_profile ,actor ,connectathon) VALUES ('DELL', 'ED', 'IM', 'NA2017');
INSERT INTO company_actor_profiles (company ,integration_profile ,actor ,connectathon) VALUES ('DELL', 'IOCM', 'IM', 'NA2017');
INSERT INTO company_actor_profiles (company ,integration_profile ,actor ,connectathon) VALUES ('DELL', 'KIN', 'IM', 'NA2017');
INSERT INTO company_actor_profiles (company ,integration_profile ,actor ,connectathon) VALUES ('DELL', 'MAMMO', 'IM', 'NA2017');
INSERT INTO company_actor_profiles (company ,integration_profile ,actor ,connectathon) VALUES ('DELL', 'NMI', 'IM', 'NA2017');
INSERT INTO company_actor_profiles (company ,integration_profile ,actor ,connectathon) VALUES ('DELL', 'PERF', 'IM', 'NA2017');
INSERT INTO company_actor_profiles (company ,integration_profile ,actor ,connectathon) VALUES ('DELL', 'REM', 'IM', 'NA2017');
INSERT INTO company_actor_profiles (company ,integration_profile ,actor ,connectathon) VALUES ('DELL', 'SWF.b', 'IM', 'NA2017');
INSERT INTO company_actor_profiles (company ,integration_profile ,actor ,connectathon) VALUES ('DELL', 'IID', 'IMG_DISPLAY_INVOKER', 'NA2017');
INSERT INTO company_actor_profiles (company ,integration_profile ,actor ,connectathon) VALUES ('DELL', 'XDS-I.b', 'IMG_DOC_SOURCE', 'NA2017');
INSERT INTO company_actor_profiles (company ,integration_profile ,actor ,connectathon) VALUES ('DELL', 'PIX', 'PAT_IDENTITY_CONSUMER', 'NA2017');
INSERT INTO company_actor_profiles (company ,integration_profile ,actor ,connectathon) VALUES ('DELL', 'PDQ', 'PDC', 'NA2017');
INSERT INTO company_actor_profiles (company ,integration_profile ,actor ,connectathon) VALUES ('DELL', 'CATH', 'PPSM', 'NA2017');
INSERT INTO company_actor_profiles (company ,integration_profile ,actor ,connectathon) VALUES ('DELL', 'SWF.b', 'PPSM', 'NA2017');
INSERT INTO company_actor_profiles (company ,integration_profile ,actor ,connectathon) VALUES ('DELL', 'ARI', 'RRP', 'NA2017');
INSERT INTO company_actor_profiles (company ,integration_profile ,actor ,connectathon) VALUES ('DELL', 'ATNA', 'SA', 'NA2017');
INSERT INTO company_actor_profiles (company ,integration_profile ,actor ,connectathon) VALUES ('DELL', 'ATNA', 'SN', 'NA2017');
INSERT INTO company_actor_profiles (company ,integration_profile ,actor ,connectathon) VALUES ('DELL', 'CT', 'TIME_CLIENT', 'NA2017');
INSERT INTO company_actor_profiles (company ,integration_profile ,actor ,connectathon) VALUES ('DRAEGER', 'ACM', 'ALERT_RPT', 'NA2017');
INSERT INTO company_actor_profiles (company ,integration_profile ,actor ,connectathon) VALUES ('DRAEGER', 'DEC', 'DEV_OBS_REPORTER', 'NA2017');
INSERT INTO company_actor_profiles (company ,integration_profile ,actor ,connectathon) VALUES ('DRAEGER', 'PAM', 'PDC', 'NA2017');
INSERT INTO company_actor_profiles (company ,integration_profile ,actor ,connectathon) VALUES ('DRAEGER', 'CT', 'TIME_CLIENT', 'NA2017');
-- INSERT INTO company_actor_profiles (company ,integration_profile ,actor ,connectathon) VALUES ('ECW', 'C-CDA2.1_CONSUMERS', 'CONTENT_CONSUMER', 'NA2017');
INSERT INTO company_actor_profiles (company ,integration_profile ,actor ,connectathon) VALUES ('ECW', 'XDS-SD', 'CONTENT_CONSUMER', 'NA2017');
INSERT INTO company_actor_profiles (company ,integration_profile ,actor ,connectathon) VALUES ('ECW', 'XPHR', 'CONTENT_CONSUMER', 'NA2017');
-- INSERT INTO company_actor_profiles (company ,integration_profile ,actor ,connectathon) VALUES ('ECW', 'C-CDA2.1_CCD', 'CONTENT_CREATOR', 'NA2017');
INSERT INTO company_actor_profiles (company ,integration_profile ,actor ,connectathon) VALUES ('ECW', 'XDS-SD', 'CONTENT_CREATOR', 'NA2017');
INSERT INTO company_actor_profiles (company ,integration_profile ,actor ,connectathon) VALUES ('ECW', 'XDS.b', 'DOC_CONSUMER', 'NA2017');
INSERT INTO company_actor_profiles (company ,integration_profile ,actor ,connectathon) VALUES ('ECW', 'XDR', 'DOC_RECIPIENT', 'NA2017');
INSERT INTO company_actor_profiles (company ,integration_profile ,actor ,connectathon) VALUES ('ECW', 'XDS.b', 'DOC_REGISTRY', 'NA2017');
INSERT INTO company_actor_profiles (company ,integration_profile ,actor ,connectathon) VALUES ('ECW', 'XDS.b', 'DOC_REPOSITORY', 'NA2017');
INSERT INTO company_actor_profiles (company ,integration_profile ,actor ,connectathon) VALUES ('ECW', 'XDR', 'DOC_SOURCE', 'NA2017');
INSERT INTO company_actor_profiles (company ,integration_profile ,actor ,connectathon) VALUES ('ECW', 'XDS.b', 'DOC_SOURCE', 'NA2017');
INSERT INTO company_actor_profiles (company ,integration_profile ,actor ,connectathon) VALUES ('ECW', 'XDS.b', 'EMBED_REPOS', 'NA2017');
INSERT INTO company_actor_profiles (company ,integration_profile ,actor ,connectathon) VALUES ('ECW', 'XCA', 'INIT_GATEWAY', 'NA2017');
INSERT INTO company_actor_profiles (company ,integration_profile ,actor ,connectathon) VALUES ('ECW', 'XCPD', 'INIT_GATEWAY', 'NA2017');
INSERT INTO company_actor_profiles (company ,integration_profile ,actor ,connectathon) VALUES ('ECW', 'PIX', 'PAT_IDENTITY_CONSUMER', 'NA2017');
INSERT INTO company_actor_profiles (company ,integration_profile ,actor ,connectathon) VALUES ('ECW', 'PIXV3', 'PAT_IDENTITY_CONSUMER', 'NA2017');
INSERT INTO company_actor_profiles (company ,integration_profile ,actor ,connectathon) VALUES ('ECW', 'PIX', 'PAT_IDENTITY_SRC', 'NA2017');
INSERT INTO company_actor_profiles (company ,integration_profile ,actor ,connectathon) VALUES ('ECW', 'PIXV3', 'PAT_IDENTITY_SRC', 'NA2017');
INSERT INTO company_actor_profiles (company ,integration_profile ,actor ,connectathon) VALUES ('ECW', 'PDQ', 'PDC', 'NA2017');
INSERT INTO company_actor_profiles (company ,integration_profile ,actor ,connectathon) VALUES ('ECW', 'PDQV3', 'PDC', 'NA2017');
INSERT INTO company_actor_profiles (company ,integration_profile ,actor ,connectathon) VALUES ('ECW', 'XCA', 'RESP_GATEWAY', 'NA2017');
INSERT INTO company_actor_profiles (company ,integration_profile ,actor ,connectathon) VALUES ('ECW', 'XCPD', 'RESP_GATEWAY', 'NA2017');
INSERT INTO company_actor_profiles (company ,integration_profile ,actor ,connectathon) VALUES ('ECW', 'ATNA', 'SA', 'NA2017');
INSERT INTO company_actor_profiles (company ,integration_profile ,actor ,connectathon) VALUES ('ECW', 'CT', 'TIME_CLIENT', 'NA2017');
INSERT INTO company_actor_profiles (company ,integration_profile ,actor ,connectathon) VALUES ('ENDOSOFT', 'BPPC', 'CONTENT_CONSUMER', 'NA2017');
-- INSERT INTO company_actor_profiles (company ,integration_profile ,actor ,connectathon) VALUES ('ENDOSOFT', 'C-CDA2.1_CONSUMERS', 'CONTENT_CONSUMER', 'NA2017');
INSERT INTO company_actor_profiles (company ,integration_profile ,actor ,connectathon) VALUES ('ENDOSOFT', 'DEN', 'CONTENT_CONSUMER', 'NA2017');
INSERT INTO company_actor_profiles (company ,integration_profile ,actor ,connectathon) VALUES ('ENDOSOFT', 'IC', 'CONTENT_CONSUMER', 'NA2017');
INSERT INTO company_actor_profiles (company ,integration_profile ,actor ,connectathon) VALUES ('ENDOSOFT', 'NN', 'CONTENT_CONSUMER', 'NA2017');
INSERT INTO company_actor_profiles (company ,integration_profile ,actor ,connectathon) VALUES ('ENDOSOFT', 'PRPH-Ca', 'CONTENT_CONSUMER', 'NA2017');
INSERT INTO company_actor_profiles (company ,integration_profile ,actor ,connectathon) VALUES ('ENDOSOFT', 'XD-LAB', 'CONTENT_CONSUMER', 'NA2017');
INSERT INTO company_actor_profiles (company ,integration_profile ,actor ,connectathon) VALUES ('ENDOSOFT', 'XDS-MS', 'CONTENT_CONSUMER', 'NA2017');
INSERT INTO company_actor_profiles (company ,integration_profile ,actor ,connectathon) VALUES ('ENDOSOFT', 'XDS-SD', 'CONTENT_CONSUMER', 'NA2017');
INSERT INTO company_actor_profiles (company ,integration_profile ,actor ,connectathon) VALUES ('ENDOSOFT', 'XPHR', 'CONTENT_CONSUMER', 'NA2017');
-- INSERT INTO company_actor_profiles (company ,integration_profile ,actor ,connectathon) VALUES ('ENDOSOFT', 'C-CDA2.1_CARE-PLAN', 'CONTENT_CREATOR', 'NA2017');
-- INSERT INTO company_actor_profiles (company ,integration_profile ,actor ,connectathon) VALUES ('ENDOSOFT', 'C-CDA2.1_CCD', 'CONTENT_CREATOR', 'NA2017');
-- INSERT INTO company_actor_profiles (company ,integration_profile ,actor ,connectathon) VALUES ('ENDOSOFT', 'C-CDA2.1_CONSULT', 'CONTENT_CREATOR', 'NA2017');
-- INSERT INTO company_actor_profiles (company ,integration_profile ,actor ,connectathon) VALUES ('ENDOSOFT', 'C-CDA2.1_DISCHARGE', 'CONTENT_CREATOR', 'NA2017');
-- INSERT INTO company_actor_profiles (company ,integration_profile ,actor ,connectathon) VALUES ('ENDOSOFT', 'C-CDA2.1_HandP', 'CONTENT_CREATOR', 'NA2017');
-- INSERT INTO company_actor_profiles (company ,integration_profile ,actor ,connectathon) VALUES ('ENDOSOFT', 'C-CDA2.1_OPERATIVE', 'CONTENT_CREATOR', 'NA2017');
-- INSERT INTO company_actor_profiles (company ,integration_profile ,actor ,connectathon) VALUES ('ENDOSOFT', 'C-CDA2.1_PROCEDURE', 'CONTENT_CREATOR', 'NA2017');
-- INSERT INTO company_actor_profiles (company ,integration_profile ,actor ,connectathon) VALUES ('ENDOSOFT', 'C-CDA2.1_PROGRESS', 'CONTENT_CREATOR', 'NA2017');
-- INSERT INTO company_actor_profiles (company ,integration_profile ,actor ,connectathon) VALUES ('ENDOSOFT', 'C-CDA2.1_REFERRAL', 'CONTENT_CREATOR', 'NA2017');
-- INSERT INTO company_actor_profiles (company ,integration_profile ,actor ,connectathon) VALUES ('ENDOSOFT', 'C-CDA2.1_TRANSFER', 'CONTENT_CREATOR', 'NA2017');
-- INSERT INTO company_actor_profiles (company ,integration_profile ,actor ,connectathon) VALUES ('ENDOSOFT', 'C-CDA2.1_UNSTRUCTURED', 'CONTENT_CREATOR', 'NA2017');
INSERT INTO company_actor_profiles (company ,integration_profile ,actor ,connectathon) VALUES ('ENDOSOFT', 'DEN', 'CONTENT_CREATOR', 'NA2017');
INSERT INTO company_actor_profiles (company ,integration_profile ,actor ,connectathon) VALUES ('ENDOSOFT', 'PRPH-Ca', 'CONTENT_CREATOR', 'NA2017');
INSERT INTO company_actor_profiles (company ,integration_profile ,actor ,connectathon) VALUES ('ENDOSOFT', 'XDS-I.b', 'IMG_DOC_SOURCE', 'NA2017');
INSERT INTO company_actor_profiles (company ,integration_profile ,actor ,connectathon) VALUES ('ENDOSOFT', 'PIX', 'PAT_IDENTITY_CONSUMER', 'NA2017');
INSERT INTO company_actor_profiles (company ,integration_profile ,actor ,connectathon) VALUES ('ENDOSOFT', 'PIXV3', 'PAT_IDENTITY_CONSUMER', 'NA2017');
INSERT INTO company_actor_profiles (company ,integration_profile ,actor ,connectathon) VALUES ('ENDOSOFT', 'PDQ', 'PDC', 'NA2017');
INSERT INTO company_actor_profiles (company ,integration_profile ,actor ,connectathon) VALUES ('ENDOSOFT', 'PDQV3', 'PDC', 'NA2017');
INSERT INTO company_actor_profiles (company ,integration_profile ,actor ,connectathon) VALUES ('ENDOSOFT', 'HPD', 'PROV_INFO_CONS', 'NA2017');
INSERT INTO company_actor_profiles (company ,integration_profile ,actor ,connectathon) VALUES ('ENDOSOFT', 'CT', 'TIME_CLIENT', 'NA2017');
INSERT INTO company_actor_profiles (company ,integration_profile ,actor ,connectathon) VALUES ('EPIC', 'ACM', 'ACON', 'NA2017');
INSERT INTO company_actor_profiles (company ,integration_profile ,actor ,connectathon) VALUES ('EPIC', 'ACM', 'ALRT_COMMUNICATOR', 'NA2017');
-- INSERT INTO company_actor_profiles (company ,integration_profile ,actor ,connectathon) VALUES ('EPIC', 'C-CDA2.1_CONSUMERS', 'CONTENT_CONSUMER', 'NA2017');
INSERT INTO company_actor_profiles (company ,integration_profile ,actor ,connectathon) VALUES ('EPIC', 'LDS', 'CONTENT_CONSUMER', 'NA2017');
INSERT INTO company_actor_profiles (company ,integration_profile ,actor ,connectathon) VALUES ('EPIC', 'MCV', 'CONTENT_CONSUMER', 'NA2017');
INSERT INTO company_actor_profiles (company ,integration_profile ,actor ,connectathon) VALUES ('EPIC', 'PRPH-Ca', 'CONTENT_CONSUMER', 'NA2017');
-- INSERT INTO company_actor_profiles (company ,integration_profile ,actor ,connectathon) VALUES ('EPIC', 'C-CDA2.1_CCD', 'CONTENT_CREATOR', 'NA2017');
-- INSERT INTO company_actor_profiles (company ,integration_profile ,actor ,connectathon) VALUES ('EPIC', 'C-CDA2.1_DISCHARGE', 'CONTENT_CREATOR', 'NA2017');
-- INSERT INTO company_actor_profiles (company ,integration_profile ,actor ,connectathon) VALUES ('EPIC', 'C-CDA2.1_OPERATIVE', 'CONTENT_CREATOR', 'NA2017');
-- INSERT INTO company_actor_profiles (company ,integration_profile ,actor ,connectathon) VALUES ('EPIC', 'C-CDA2.1_PROGRESS', 'CONTENT_CREATOR', 'NA2017');
-- INSERT INTO company_actor_profiles (company ,integration_profile ,actor ,connectathon) VALUES ('EPIC', 'C-CDA2.1_REFERRAL', 'CONTENT_CREATOR', 'NA2017');
INSERT INTO company_actor_profiles (company ,integration_profile ,actor ,connectathon) VALUES ('EPIC', 'MCV', 'CONTENT_CREATOR', 'NA2017');
INSERT INTO company_actor_profiles (company ,integration_profile ,actor ,connectathon) VALUES ('EPIC', 'PRPH-Ca', 'CONTENT_CREATOR', 'NA2017');
INSERT INTO company_actor_profiles (company ,integration_profile ,actor ,connectathon) VALUES ('EPIC', 'DEC', 'DEV_OBS_CONSUMER', 'NA2017');
INSERT INTO company_actor_profiles (company ,integration_profile ,actor ,connectathon) VALUES ('EPIC', 'IPEC', 'DEV_OBS_CONSUMER', 'NA2017');
INSERT INTO company_actor_profiles (company ,integration_profile ,actor ,connectathon) VALUES ('EPIC', 'MEMDMC', 'DMIC', 'NA2017');
INSERT INTO company_actor_profiles (company ,integration_profile ,actor ,connectathon) VALUES ('EPIC', 'XDR', 'DOC_RECIPIENT', 'NA2017');
INSERT INTO company_actor_profiles (company ,integration_profile ,actor ,connectathon) VALUES ('EPIC', 'XDR', 'DOC_SOURCE', 'NA2017');
INSERT INTO company_actor_profiles (company ,integration_profile ,actor ,connectathon) VALUES ('EPIC', 'BFDR-E', 'FORM_FILLER', 'NA2017');
INSERT INTO company_actor_profiles (company ,integration_profile ,actor ,connectathon) VALUES ('EPIC', 'CRD', 'FORM_FILLER', 'NA2017');
INSERT INTO company_actor_profiles (company ,integration_profile ,actor ,connectathon) VALUES ('EPIC', 'DSC', 'FORM_FILLER', 'NA2017');
INSERT INTO company_actor_profiles (company ,integration_profile ,actor ,connectathon) VALUES ('EPIC', 'PRPH-Ca', 'FORM_FILLER', 'NA2017');
INSERT INTO company_actor_profiles (company ,integration_profile ,actor ,connectathon) VALUES ('EPIC', 'RFD', 'FORM_FILLER', 'NA2017');
INSERT INTO company_actor_profiles (company ,integration_profile ,actor ,connectathon) VALUES ('EPIC', 'SDC', 'FORM_FILLER', 'NA2017');
INSERT INTO company_actor_profiles (company ,integration_profile ,actor ,connectathon) VALUES ('EPIC', 'VRDR', 'FORM_FILLER', 'NA2017');
INSERT INTO company_actor_profiles (company ,integration_profile ,actor ,connectathon) VALUES ('EPIC', 'NANI', 'INFORMATION_SRC', 'NA2017');
INSERT INTO company_actor_profiles (company ,integration_profile ,actor ,connectathon) VALUES ('EPIC', 'XCA', 'INIT_GATEWAY', 'NA2017');
INSERT INTO company_actor_profiles (company ,integration_profile ,actor ,connectathon) VALUES ('EPIC', 'XCPD', 'INIT_GATEWAY', 'NA2017');
INSERT INTO company_actor_profiles (company ,integration_profile ,actor ,connectathon) VALUES ('EPIC', 'PIV', 'IOP', 'NA2017');
INSERT INTO company_actor_profiles (company ,integration_profile ,actor ,connectathon) VALUES ('EPIC', 'MEMLS', 'LOC', 'NA2017');
INSERT INTO company_actor_profiles (company ,integration_profile ,actor ,connectathon) VALUES ('EPIC', 'PDQm', 'PDS', 'NA2017');
INSERT INTO company_actor_profiles (company ,integration_profile ,actor ,connectathon) VALUES ('EPIC', 'RPE', 'PROC_ACT_EXECUTOR', 'NA2017');
INSERT INTO company_actor_profiles (company ,integration_profile ,actor ,connectathon) VALUES ('EPIC', 'XCA', 'RESP_GATEWAY', 'NA2017');
INSERT INTO company_actor_profiles (company ,integration_profile ,actor ,connectathon) VALUES ('EPIC', 'XCPD', 'RESP_GATEWAY', 'NA2017');
INSERT INTO company_actor_profiles (company ,integration_profile ,actor ,connectathon) VALUES ('EPIC', 'ATNA', 'SA', 'NA2017');
INSERT INTO company_actor_profiles (company ,integration_profile ,actor ,connectathon) VALUES ('EPIC', 'CT', 'TIME_CLIENT', 'NA2017');
INSERT INTO company_actor_profiles (company ,integration_profile ,actor ,connectathon) VALUES ('ezCaretech', 'ATNA', 'ARR', 'NA2017');
INSERT INTO company_actor_profiles (company ,integration_profile ,actor ,connectathon) VALUES ('ezCaretech', 'BPPC', 'CONTENT_CONSUMER', 'NA2017');
INSERT INTO company_actor_profiles (company ,integration_profile ,actor ,connectathon) VALUES ('ezCaretech', 'XDS-SD', 'CONTENT_CONSUMER', 'NA2017');
INSERT INTO company_actor_profiles (company ,integration_profile ,actor ,connectathon) VALUES ('ezCaretech', 'BPPC', 'CONTENT_CREATOR', 'NA2017');
-- INSERT INTO company_actor_profiles (company ,integration_profile ,actor ,connectathon) VALUES ('ezCaretech', 'C-CDA2.1_DIAG-IMAGING', 'CONTENT_CREATOR', 'NA2017');
-- INSERT INTO company_actor_profiles (company ,integration_profile ,actor ,connectathon) VALUES ('ezCaretech', 'C-CDA2.1_HandP', 'CONTENT_CREATOR', 'NA2017');
INSERT INTO company_actor_profiles (company ,integration_profile ,actor ,connectathon) VALUES ('ezCaretech', 'XDS-SD', 'CONTENT_CREATOR', 'NA2017');
INSERT INTO company_actor_profiles (company ,integration_profile ,actor ,connectathon) VALUES ('ezCaretech', 'MHD', 'DOC_CONSUMER', 'NA2017');
INSERT INTO company_actor_profiles (company ,integration_profile ,actor ,connectathon) VALUES ('ezCaretech', 'XDS.b', 'DOC_CONSUMER', 'NA2017');
INSERT INTO company_actor_profiles (company ,integration_profile ,actor ,connectathon) VALUES ('ezCaretech', 'MHD', 'DOC_RECIPIENT', 'NA2017');
INSERT INTO company_actor_profiles (company ,integration_profile ,actor ,connectathon) VALUES ('ezCaretech', 'XDR', 'DOC_RECIPIENT', 'NA2017');
INSERT INTO company_actor_profiles (company ,integration_profile ,actor ,connectathon) VALUES ('ezCaretech', 'XDS.b', 'DOC_REGISTRY', 'NA2017');
INSERT INTO company_actor_profiles (company ,integration_profile ,actor ,connectathon) VALUES ('ezCaretech', 'XDS.b', 'DOC_REPOSITORY', 'NA2017');
INSERT INTO company_actor_profiles (company ,integration_profile ,actor ,connectathon) VALUES ('ezCaretech', 'MHD', 'DOC_RESPONDER', 'NA2017');
INSERT INTO company_actor_profiles (company ,integration_profile ,actor ,connectathon) VALUES ('ezCaretech', 'MHD', 'DOC_SOURCE', 'NA2017');
INSERT INTO company_actor_profiles (company ,integration_profile ,actor ,connectathon) VALUES ('ezCaretech', 'XDR', 'DOC_SOURCE', 'NA2017');
INSERT INTO company_actor_profiles (company ,integration_profile ,actor ,connectathon) VALUES ('ezCaretech', 'XDS-I.b', 'IMG_DOC_CONSUMER', 'NA2017');
INSERT INTO company_actor_profiles (company ,integration_profile ,actor ,connectathon) VALUES ('ezCaretech', 'XCA', 'INIT_GATEWAY', 'NA2017');
INSERT INTO company_actor_profiles (company ,integration_profile ,actor ,connectathon) VALUES ('ezCaretech', 'XCPD', 'INIT_GATEWAY', 'NA2017');
INSERT INTO company_actor_profiles (company ,integration_profile ,actor ,connectathon) VALUES ('ezCaretech', 'XDM', 'PMC', 'NA2017');
INSERT INTO company_actor_profiles (company ,integration_profile ,actor ,connectathon) VALUES ('ezCaretech', 'XDM', 'PMI', 'NA2017');
INSERT INTO company_actor_profiles (company ,integration_profile ,actor ,connectathon) VALUES ('ezCaretech', 'XCA', 'RESP_GATEWAY', 'NA2017');
INSERT INTO company_actor_profiles (company ,integration_profile ,actor ,connectathon) VALUES ('ezCaretech', 'XCPD', 'RESP_GATEWAY', 'NA2017');
INSERT INTO company_actor_profiles (company ,integration_profile ,actor ,connectathon) VALUES ('ezCaretech', 'ATNA', 'SN', 'NA2017');
INSERT INTO company_actor_profiles (company ,integration_profile ,actor ,connectathon) VALUES ('ezCaretech', 'CT', 'TIME_CLIENT', 'NA2017');
INSERT INTO company_actor_profiles (company ,integration_profile ,actor ,connectathon) VALUES ('FUKUDA', 'DEC', 'DEV_OBS_REPORTER', 'NA2017');
INSERT INTO company_actor_profiles (company ,integration_profile ,actor ,connectathon) VALUES ('FUKUDA', 'PIX', 'PAT_IDENTITY_X_REF_MGR', 'NA2017');
INSERT INTO company_actor_profiles (company ,integration_profile ,actor ,connectathon) VALUES ('FUKUDA', 'PDQ', 'PDC', 'NA2017');
INSERT INTO company_actor_profiles (company ,integration_profile ,actor ,connectathon) VALUES ('FUKUDA', 'PAM', 'PEC', 'NA2017');
INSERT INTO company_actor_profiles (company ,integration_profile ,actor ,connectathon) VALUES ('FUKUDA', 'CT', 'TIME_CLIENT', 'NA2017');
INSERT INTO company_actor_profiles (company ,integration_profile ,actor ,connectathon) VALUES ('GE', 'IOCM', 'CHANGE_REQUESTER', 'NA2017');
-- INSERT INTO company_actor_profiles (company ,integration_profile ,actor ,connectathon) VALUES ('GE', 'C-CDA2.1_CCD', 'CONTENT_CREATOR', 'NA2017');
-- INSERT INTO company_actor_profiles (company ,integration_profile ,actor ,connectathon) VALUES ('GE', 'C-CDA2.1_REFERRAL', 'CONTENT_CREATOR', 'NA2017');
INSERT INTO company_actor_profiles (company ,integration_profile ,actor ,connectathon) VALUES ('GE', 'DEC', 'DEV_OBS_REPORTER', 'NA2017');
INSERT INTO company_actor_profiles (company ,integration_profile ,actor ,connectathon) VALUES ('GE', 'REM', 'DOSE_INFO_CONSUMER', 'NA2017');
INSERT INTO company_actor_profiles (company ,integration_profile ,actor ,connectathon) VALUES ('GE', 'REM', 'DOSE_INFO_REPORTER', 'NA2017');
INSERT INTO company_actor_profiles (company ,integration_profile ,actor ,connectathon) VALUES ('GE', 'REM', 'DOSE_REGISTER', 'NA2017');
INSERT INTO company_actor_profiles (company ,integration_profile ,actor ,connectathon) VALUES ('GE', 'KIN', 'EC', 'NA2017');
INSERT INTO company_actor_profiles (company ,integration_profile ,actor ,connectathon) VALUES ('GE', 'ARI', 'ID', 'NA2017');
INSERT INTO company_actor_profiles (company ,integration_profile ,actor ,connectathon) VALUES ('GE', 'SWF.b', 'ID', 'NA2017');
INSERT INTO company_actor_profiles (company ,integration_profile ,actor ,connectathon) VALUES ('GE', 'ARI', 'IM', 'NA2017');
INSERT INTO company_actor_profiles (company ,integration_profile ,actor ,connectathon) VALUES ('GE', 'CPI', 'IM', 'NA2017');
INSERT INTO company_actor_profiles (company ,integration_profile ,actor ,connectathon) VALUES ('GE', 'REM', 'IM', 'NA2017');
INSERT INTO company_actor_profiles (company ,integration_profile ,actor ,connectathon) VALUES ('GE', 'SWF.b', 'IM', 'NA2017');
INSERT INTO company_actor_profiles (company ,integration_profile ,actor ,connectathon) VALUES ('GE', 'WIC', 'IMG_CAPTURER', 'NA2017');
INSERT INTO company_actor_profiles (company ,integration_profile ,actor ,connectathon) VALUES ('GE', 'CATH', 'MOD', 'NA2017');
INSERT INTO company_actor_profiles (company ,integration_profile ,actor ,connectathon) VALUES ('GE', 'ED', 'MOD', 'NA2017');
INSERT INTO company_actor_profiles (company ,integration_profile ,actor ,connectathon) VALUES ('GE', 'KIN', 'MOD', 'NA2017');
INSERT INTO company_actor_profiles (company ,integration_profile ,actor ,connectathon) VALUES ('GE', 'REM', 'MOD', 'NA2017');
INSERT INTO company_actor_profiles (company ,integration_profile ,actor ,connectathon) VALUES ('GE', 'SWF.b', 'MOD', 'NA2017');
INSERT INTO company_actor_profiles (company ,integration_profile ,actor ,connectathon) VALUES ('GE', 'PIX', 'PAT_IDENTITY_CONSUMER', 'NA2017');
INSERT INTO company_actor_profiles (company ,integration_profile ,actor ,connectathon) VALUES ('GE', 'PIXm', 'PAT_IDENTITY_CONSUMER', 'NA2017');
INSERT INTO company_actor_profiles (company ,integration_profile ,actor ,connectathon) VALUES ('GE', 'PAM', 'PDC', 'NA2017');
INSERT INTO company_actor_profiles (company ,integration_profile ,actor ,connectathon) VALUES ('GE', 'SWF.b', 'PPSM', 'NA2017');
INSERT INTO company_actor_profiles (company ,integration_profile ,actor ,connectathon) VALUES ('GE', 'ATNA', 'SA', 'NA2017');
INSERT INTO company_actor_profiles (company ,integration_profile ,actor ,connectathon) VALUES ('GE', 'CT', 'TIME_CLIENT', 'NA2017');
INSERT INTO company_actor_profiles (company ,integration_profile ,actor ,connectathon) VALUES ('GENESIS', 'BFDR-E', 'CONTENT_CREATOR', 'NA2017');
INSERT INTO company_actor_profiles (company ,integration_profile ,actor ,connectathon) VALUES ('GENESIS', 'VRDR', 'CONTENT_CREATOR', 'NA2017');
INSERT INTO company_actor_profiles (company ,integration_profile ,actor ,connectathon) VALUES ('GENESIS', 'BFDR-E', 'FORM_PROCESSOR', 'NA2017');
INSERT INTO company_actor_profiles (company ,integration_profile ,actor ,connectathon) VALUES ('GENESIS', 'RFD', 'FORM_PROCESSOR', 'NA2017');
INSERT INTO company_actor_profiles (company ,integration_profile ,actor ,connectathon) VALUES ('GENESIS', 'VRDR', 'FORM_PROCESSOR', 'NA2017');
INSERT INTO company_actor_profiles (company ,integration_profile ,actor ,connectathon) VALUES ('GENESIS', 'BFDR-E', 'INFO_RECIPIENT_HL7', 'NA2017');
INSERT INTO company_actor_profiles (company ,integration_profile ,actor ,connectathon) VALUES ('GENESIS', 'BFDR-E', 'INFO_SRC_HL7', 'NA2017');
INSERT INTO company_actor_profiles (company ,integration_profile ,actor ,connectathon) VALUES ('GENESIS', 'VRDR', 'INFO_SRC_HL7', 'NA2017');
INSERT INTO company_actor_profiles (company ,integration_profile ,actor ,connectathon) VALUES ('GENESIS', 'CT', 'TIME_CLIENT', 'NA2017');
INSERT INTO company_actor_profiles (company ,integration_profile ,actor ,connectathon) VALUES ('GuardRFID', 'ACM', 'ALERT_RPT', 'NA2017');
INSERT INTO company_actor_profiles (company ,integration_profile ,actor ,connectathon) VALUES ('GuardRFID', 'MEMLS', 'LOR', 'NA2017');
INSERT INTO company_actor_profiles (company ,integration_profile ,actor ,connectathon) VALUES ('GuardRFID', 'CT', 'TIME_CLIENT', 'NA2017');
INSERT INTO company_actor_profiles (company ,integration_profile ,actor ,connectathon) VALUES ('Hinacom', 'XDS.b', 'DOC_ADMINISTRATOR', 'NA2017');
INSERT INTO company_actor_profiles (company ,integration_profile ,actor ,connectathon) VALUES ('Hinacom', 'XDS.b', 'DOC_CONSUMER', 'NA2017');
INSERT INTO company_actor_profiles (company ,integration_profile ,actor ,connectathon) VALUES ('Hinacom', 'XDS.b', 'DOC_REGISTRY', 'NA2017');
INSERT INTO company_actor_profiles (company ,integration_profile ,actor ,connectathon) VALUES ('Hinacom', 'XDS.b', 'DOC_REPOSITORY', 'NA2017');
INSERT INTO company_actor_profiles (company ,integration_profile ,actor ,connectathon) VALUES ('Hinacom', 'XDS.b', 'DOC_SOURCE', 'NA2017');
INSERT INTO company_actor_profiles (company ,integration_profile ,actor ,connectathon) VALUES ('Hinacom', 'XDS.b', 'EMBED_REPOS', 'NA2017');
INSERT INTO company_actor_profiles (company ,integration_profile ,actor ,connectathon) VALUES ('Hinacom', 'XDS.b', 'ON_DEMAND_DOC_SOURCE', 'NA2017');
INSERT INTO company_actor_profiles (company ,integration_profile ,actor ,connectathon) VALUES ('Hinacom', 'PIX', 'PAT_IDENTITY_CONSUMER', 'NA2017');
INSERT INTO company_actor_profiles (company ,integration_profile ,actor ,connectathon) VALUES ('Hinacom', 'PIX', 'PAT_IDENTITY_SRC', 'NA2017');
INSERT INTO company_actor_profiles (company ,integration_profile ,actor ,connectathon) VALUES ('Hinacom', 'XDS.b', 'PAT_IDENTITY_SRC', 'NA2017');
INSERT INTO company_actor_profiles (company ,integration_profile ,actor ,connectathon) VALUES ('Hinacom', 'PIX', 'PAT_IDENTITY_X_REF_MGR', 'NA2017');
INSERT INTO company_actor_profiles (company ,integration_profile ,actor ,connectathon) VALUES ('Hinacom', 'ATNA', 'SN', 'NA2017');
INSERT INTO company_actor_profiles (company ,integration_profile ,actor ,connectathon) VALUES ('Hinacom', 'CT', 'TIME_CLIENT', 'NA2017');
INSERT INTO company_actor_profiles (company ,integration_profile ,actor ,connectathon) VALUES ('HOSPIRA', 'ACM', 'ALERT_RPT', 'NA2017');
INSERT INTO company_actor_profiles (company ,integration_profile ,actor ,connectathon) VALUES ('HOSPIRA', 'DEC', 'DEV_OBS_REPORTER', 'NA2017');
INSERT INTO company_actor_profiles (company ,integration_profile ,actor ,connectathon) VALUES ('HOSPIRA', 'IPEC', 'DEV_OBS_REPORTER', 'NA2017');
INSERT INTO company_actor_profiles (company ,integration_profile ,actor ,connectathon) VALUES ('HOSPIRA', 'MEMDMC', 'DMIR', 'NA2017');
INSERT INTO company_actor_profiles (company ,integration_profile ,actor ,connectathon) VALUES ('HOSPIRA', 'PIV', 'IOC', 'NA2017');
INSERT INTO company_actor_profiles (company ,integration_profile ,actor ,connectathon) VALUES ('HOSPIRA', 'CT', 'TIME_CLIENT', 'NA2017');
INSERT INTO company_actor_profiles (company ,integration_profile ,actor ,connectathon) VALUES ('HYLAND', 'XDR', 'DOC_RECIPIENT', 'NA2017');
INSERT INTO company_actor_profiles (company ,integration_profile ,actor ,connectathon) VALUES ('HYLAND', 'XDS.b', 'DOC_REGISTRY', 'NA2017');
INSERT INTO company_actor_profiles (company ,integration_profile ,actor ,connectathon) VALUES ('HYLAND', 'XDS.b', 'DOC_REPOSITORY', 'NA2017');
INSERT INTO company_actor_profiles (company ,integration_profile ,actor ,connectathon) VALUES ('HYLAND', 'XDR', 'DOC_SOURCE', 'NA2017');
INSERT INTO company_actor_profiles (company ,integration_profile ,actor ,connectathon) VALUES ('HYLAND', 'XDS.b', 'EMBED_REPOS', 'NA2017');
INSERT INTO company_actor_profiles (company ,integration_profile ,actor ,connectathon) VALUES ('HYLAND', 'XDR', 'METADATA_LTD_DOC_SOURCE', 'NA2017');
INSERT INTO company_actor_profiles (company ,integration_profile ,actor ,connectathon) VALUES ('HYLAND', 'ATNA', 'SA', 'NA2017');
INSERT INTO company_actor_profiles (company ,integration_profile ,actor ,connectathon) VALUES ('HYLAND', 'CT', 'TIME_CLIENT', 'NA2017');
INSERT INTO company_actor_profiles (company ,integration_profile ,actor ,connectathon) VALUES ('Iatric', 'ACM', 'ACON', 'NA2017');
INSERT INTO company_actor_profiles (company ,integration_profile ,actor ,connectathon) VALUES ('Iatric', 'DEC', 'DEV_OBS_CONSUMER', 'NA2017');
INSERT INTO company_actor_profiles (company ,integration_profile ,actor ,connectathon) VALUES ('Iatric', 'IPEC', 'DEV_OBS_CONSUMER', 'NA2017');
INSERT INTO company_actor_profiles (company ,integration_profile ,actor ,connectathon) VALUES ('Iatric', 'DEC', 'DEV_OBS_REPORTER', 'NA2017');
INSERT INTO company_actor_profiles (company ,integration_profile ,actor ,connectathon) VALUES ('Iatric', 'IPEC', 'DEV_OBS_REPORTER', 'NA2017');
INSERT INTO company_actor_profiles (company ,integration_profile ,actor ,connectathon) VALUES ('Iatric', 'PIV', 'IOP', 'NA2017');
INSERT INTO company_actor_profiles (company ,integration_profile ,actor ,connectathon) VALUES ('Iatric', 'CT', 'TIME_CLIENT', 'NA2017');
INSERT INTO company_actor_profiles (company ,integration_profile ,actor ,connectathon) VALUES ('INFINITT', 'ATNA', 'ARR', 'NA2017');
INSERT INTO company_actor_profiles (company ,integration_profile ,actor ,connectathon) VALUES ('INFINITT', 'XDS.b', 'DOC_CONSUMER', 'NA2017');
INSERT INTO company_actor_profiles (company ,integration_profile ,actor ,connectathon) VALUES ('INFINITT', 'SWF.b', 'ID', 'NA2017');
INSERT INTO company_actor_profiles (company ,integration_profile ,actor ,connectathon) VALUES ('INFINITT', 'IOCM', 'IM', 'NA2017');
INSERT INTO company_actor_profiles (company ,integration_profile ,actor ,connectathon) VALUES ('INFINITT', 'SWF.b', 'IM', 'NA2017');
INSERT INTO company_actor_profiles (company ,integration_profile ,actor ,connectathon) VALUES ('INFINITT', 'XCA-I', 'IMG_DOC_CONSUMER', 'NA2017');
INSERT INTO company_actor_profiles (company ,integration_profile ,actor ,connectathon) VALUES ('INFINITT', 'XCA-I', 'IMG_DOC_SOURCE', 'NA2017');
INSERT INTO company_actor_profiles (company ,integration_profile ,actor ,connectathon) VALUES ('INFINITT', 'XCPD', 'INIT_GATEWAY', 'NA2017');
INSERT INTO company_actor_profiles (company ,integration_profile ,actor ,connectathon) VALUES ('INFINITT', 'XCA-I', 'INIT_IMG_GATEWAY', 'NA2017');
INSERT INTO company_actor_profiles (company ,integration_profile ,actor ,connectathon) VALUES ('INFINITT', 'PIXm', 'PAT_IDENTITY_CONSUMER', 'NA2017');
INSERT INTO company_actor_profiles (company ,integration_profile ,actor ,connectathon) VALUES ('INFINITT', 'PIXm', 'PAT_IDENTITY_X_REF_MGR', 'NA2017');
INSERT INTO company_actor_profiles (company ,integration_profile ,actor ,connectathon) VALUES ('INFINITT', 'PDQm', 'PDC', 'NA2017');
INSERT INTO company_actor_profiles (company ,integration_profile ,actor ,connectathon) VALUES ('INFINITT', 'PDQm', 'PDS', 'NA2017');
INSERT INTO company_actor_profiles (company ,integration_profile ,actor ,connectathon) VALUES ('INFINITT', 'SWF.b', 'PPSM', 'NA2017');
INSERT INTO company_actor_profiles (company ,integration_profile ,actor ,connectathon) VALUES ('INFINITT', 'XCPD', 'RESP_GATEWAY', 'NA2017');
INSERT INTO company_actor_profiles (company ,integration_profile ,actor ,connectathon) VALUES ('INFINITT', 'XCA-I', 'RESP_IMG_GATEWAY', 'NA2017');
INSERT INTO company_actor_profiles (company ,integration_profile ,actor ,connectathon) VALUES ('INFINITT', 'ATNA', 'SA', 'NA2017');
INSERT INTO company_actor_profiles (company ,integration_profile ,actor ,connectathon) VALUES ('INFINITT', 'CT', 'TIME_CLIENT', 'NA2017');
INSERT INTO company_actor_profiles (company ,integration_profile ,actor ,connectathon) VALUES ('INTERSYSTEMS', 'ATNA', 'ARR', 'NA2017');
-- INSERT INTO company_actor_profiles (company ,integration_profile ,actor ,connectathon) VALUES ('INTERSYSTEMS', 'C-CDA2.1_CONSUMERS', 'CONTENT_CONSUMER', 'NA2017');
-- INSERT INTO company_actor_profiles (company ,integration_profile ,actor ,connectathon) VALUES ('INTERSYSTEMS', 'C-CDA2.1_CARE-PLAN', 'CONTENT_CREATOR', 'NA2017');
-- INSERT INTO company_actor_profiles (company ,integration_profile ,actor ,connectathon) VALUES ('INTERSYSTEMS', 'C-CDA2.1_CCD', 'CONTENT_CREATOR', 'NA2017');
-- INSERT INTO company_actor_profiles (company ,integration_profile ,actor ,connectathon) VALUES ('INTERSYSTEMS', 'C-CDA2.1_CONSULT', 'CONTENT_CREATOR', 'NA2017');
-- INSERT INTO company_actor_profiles (company ,integration_profile ,actor ,connectathon) VALUES ('INTERSYSTEMS', 'C-CDA2.1_DISCHARGE', 'CONTENT_CREATOR', 'NA2017');
-- INSERT INTO company_actor_profiles (company ,integration_profile ,actor ,connectathon) VALUES ('INTERSYSTEMS', 'C-CDA2.1_PROGRESS', 'CONTENT_CREATOR', 'NA2017');
-- INSERT INTO company_actor_profiles (company ,integration_profile ,actor ,connectathon) VALUES ('INTERSYSTEMS', 'C-CDA2.1_REFERRAL', 'CONTENT_CREATOR', 'NA2017');
-- INSERT INTO company_actor_profiles (company ,integration_profile ,actor ,connectathon) VALUES ('INTERSYSTEMS', 'C-CDA2.1_UNSTRUCTURED', 'CONTENT_CREATOR', 'NA2017');
INSERT INTO company_actor_profiles (company ,integration_profile ,actor ,connectathon) VALUES ('INTERSYSTEMS', 'DSUB', 'DM_NOTIF_BROKER', 'NA2017');
INSERT INTO company_actor_profiles (company ,integration_profile ,actor ,connectathon) VALUES ('INTERSYSTEMS', 'DSUB', 'DM_NOTIF_RECIPIENT', 'NA2017');
INSERT INTO company_actor_profiles (company ,integration_profile ,actor ,connectathon) VALUES ('INTERSYSTEMS', 'DSUB', 'DM_PUBLISHER', 'NA2017');
INSERT INTO company_actor_profiles (company ,integration_profile ,actor ,connectathon) VALUES ('INTERSYSTEMS', 'DSUB', 'DM_SUBSCRIBER', 'NA2017');
INSERT INTO company_actor_profiles (company ,integration_profile ,actor ,connectathon) VALUES ('INTERSYSTEMS', 'XDS.b', 'DOC_ADMINISTRATOR', 'NA2017');
INSERT INTO company_actor_profiles (company ,integration_profile ,actor ,connectathon) VALUES ('INTERSYSTEMS', 'MHD', 'DOC_CONSUMER', 'NA2017');
INSERT INTO company_actor_profiles (company ,integration_profile ,actor ,connectathon) VALUES ('INTERSYSTEMS', 'XDS.b', 'DOC_CONSUMER', 'NA2017');
INSERT INTO company_actor_profiles (company ,integration_profile ,actor ,connectathon) VALUES ('INTERSYSTEMS', 'MHD', 'DOC_RECIPIENT', 'NA2017');
INSERT INTO company_actor_profiles (company ,integration_profile ,actor ,connectathon) VALUES ('INTERSYSTEMS', 'XDR', 'DOC_RECIPIENT', 'NA2017');
INSERT INTO company_actor_profiles (company ,integration_profile ,actor ,connectathon) VALUES ('INTERSYSTEMS', 'XDS.b', 'DOC_REGISTRY', 'NA2017');
INSERT INTO company_actor_profiles (company ,integration_profile ,actor ,connectathon) VALUES ('INTERSYSTEMS', 'XPID', 'DOC_REGISTRY', 'NA2017');
INSERT INTO company_actor_profiles (company ,integration_profile ,actor ,connectathon) VALUES ('INTERSYSTEMS', 'XDS.b', 'DOC_REPOSITORY', 'NA2017');
INSERT INTO company_actor_profiles (company ,integration_profile ,actor ,connectathon) VALUES ('INTERSYSTEMS', 'MHD', 'DOC_RESPONDER', 'NA2017');
INSERT INTO company_actor_profiles (company ,integration_profile ,actor ,connectathon) VALUES ('INTERSYSTEMS', 'MHD', 'DOC_SOURCE', 'NA2017');
INSERT INTO company_actor_profiles (company ,integration_profile ,actor ,connectathon) VALUES ('INTERSYSTEMS', 'XDR', 'DOC_SOURCE', 'NA2017');
INSERT INTO company_actor_profiles (company ,integration_profile ,actor ,connectathon) VALUES ('INTERSYSTEMS', 'XDS.b', 'DOC_SOURCE', 'NA2017');
INSERT INTO company_actor_profiles (company ,integration_profile ,actor ,connectathon) VALUES ('INTERSYSTEMS', 'XCA', 'INIT_GATEWAY', 'NA2017');
INSERT INTO company_actor_profiles (company ,integration_profile ,actor ,connectathon) VALUES ('INTERSYSTEMS', 'XCPD', 'INIT_GATEWAY', 'NA2017');
INSERT INTO company_actor_profiles (company ,integration_profile ,actor ,connectathon) VALUES ('INTERSYSTEMS', 'PIX', 'PAT_IDENTITY_CONSUMER', 'NA2017');
INSERT INTO company_actor_profiles (company ,integration_profile ,actor ,connectathon) VALUES ('INTERSYSTEMS', 'PIXm', 'PAT_IDENTITY_CONSUMER', 'NA2017');
INSERT INTO company_actor_profiles (company ,integration_profile ,actor ,connectathon) VALUES ('INTERSYSTEMS', 'PIXV3', 'PAT_IDENTITY_CONSUMER', 'NA2017');
INSERT INTO company_actor_profiles (company ,integration_profile ,actor ,connectathon) VALUES ('INTERSYSTEMS', 'PIX', 'PAT_IDENTITY_SRC', 'NA2017');
INSERT INTO company_actor_profiles (company ,integration_profile ,actor ,connectathon) VALUES ('INTERSYSTEMS', 'PIXV3', 'PAT_IDENTITY_SRC', 'NA2017');
INSERT INTO company_actor_profiles (company ,integration_profile ,actor ,connectathon) VALUES ('INTERSYSTEMS', 'PIX', 'PAT_IDENTITY_X_REF_MGR', 'NA2017');
INSERT INTO company_actor_profiles (company ,integration_profile ,actor ,connectathon) VALUES ('INTERSYSTEMS', 'PIXm', 'PAT_IDENTITY_X_REF_MGR', 'NA2017');
INSERT INTO company_actor_profiles (company ,integration_profile ,actor ,connectathon) VALUES ('INTERSYSTEMS', 'PIXV3', 'PAT_IDENTITY_X_REF_MGR', 'NA2017');
INSERT INTO company_actor_profiles (company ,integration_profile ,actor ,connectathon) VALUES ('INTERSYSTEMS', 'PDQ', 'PDC', 'NA2017');
INSERT INTO company_actor_profiles (company ,integration_profile ,actor ,connectathon) VALUES ('INTERSYSTEMS', 'PDQm', 'PDC', 'NA2017');
INSERT INTO company_actor_profiles (company ,integration_profile ,actor ,connectathon) VALUES ('INTERSYSTEMS', 'PDQV3', 'PDC', 'NA2017');
INSERT INTO company_actor_profiles (company ,integration_profile ,actor ,connectathon) VALUES ('INTERSYSTEMS', 'PDQ', 'PDS', 'NA2017');
INSERT INTO company_actor_profiles (company ,integration_profile ,actor ,connectathon) VALUES ('INTERSYSTEMS', 'PDQm', 'PDS', 'NA2017');
INSERT INTO company_actor_profiles (company ,integration_profile ,actor ,connectathon) VALUES ('INTERSYSTEMS', 'PDQV3', 'PDS', 'NA2017');
INSERT INTO company_actor_profiles (company ,integration_profile ,actor ,connectathon) VALUES ('INTERSYSTEMS', 'XDM', 'PMC', 'NA2017');
INSERT INTO company_actor_profiles (company ,integration_profile ,actor ,connectathon) VALUES ('INTERSYSTEMS', 'XDM', 'PMI', 'NA2017');
INSERT INTO company_actor_profiles (company ,integration_profile ,actor ,connectathon) VALUES ('INTERSYSTEMS', 'HPD', 'PROV_INFO_DIR', 'NA2017');
INSERT INTO company_actor_profiles (company ,integration_profile ,actor ,connectathon) VALUES ('INTERSYSTEMS', 'XCA', 'RESP_GATEWAY', 'NA2017');
INSERT INTO company_actor_profiles (company ,integration_profile ,actor ,connectathon) VALUES ('INTERSYSTEMS', 'XCPD', 'RESP_GATEWAY', 'NA2017');
INSERT INTO company_actor_profiles (company ,integration_profile ,actor ,connectathon) VALUES ('INTERSYSTEMS', 'ATNA', 'SA', 'NA2017');
INSERT INTO company_actor_profiles (company ,integration_profile ,actor ,connectathon) VALUES ('INTERSYSTEMS', 'CT', 'TIME_CLIENT', 'NA2017');
INSERT INTO company_actor_profiles (company ,integration_profile ,actor ,connectathon) VALUES ('INTERSYSTEMS', 'XUA', 'X-SERVICE-USER', 'NA2017');
INSERT INTO company_actor_profiles (company ,integration_profile ,actor ,connectathon) VALUES ('ICOSERVE', 'ATNA', 'ARR', 'NA2017');
INSERT INTO company_actor_profiles (company ,integration_profile ,actor ,connectathon) VALUES ('ICOSERVE', 'XDW', 'CONTENT_CONSUMER', 'NA2017');
INSERT INTO company_actor_profiles (company ,integration_profile ,actor ,connectathon) VALUES ('ICOSERVE', 'XDW', 'CONTENT_CREATOR', 'NA2017');
INSERT INTO company_actor_profiles (company ,integration_profile ,actor ,connectathon) VALUES ('ICOSERVE', 'XDW', 'CONTENT_UPDATER', 'NA2017');
INSERT INTO company_actor_profiles (company ,integration_profile ,actor ,connectathon) VALUES ('ICOSERVE', 'DSUB', 'DM_NOTIF_BROKER', 'NA2017');
INSERT INTO company_actor_profiles (company ,integration_profile ,actor ,connectathon) VALUES ('ICOSERVE', 'DSUB', 'DM_NOTIF_RECIPIENT', 'NA2017');
INSERT INTO company_actor_profiles (company ,integration_profile ,actor ,connectathon) VALUES ('ICOSERVE', 'DSUB', 'DM_PUBLISHER', 'NA2017');
INSERT INTO company_actor_profiles (company ,integration_profile ,actor ,connectathon) VALUES ('ICOSERVE', 'DSUB', 'DM_SUBSCRIBER', 'NA2017');
INSERT INTO company_actor_profiles (company ,integration_profile ,actor ,connectathon) VALUES ('ICOSERVE', 'XDS.b', 'DOC_ADMINISTRATOR', 'NA2017');
INSERT INTO company_actor_profiles (company ,integration_profile ,actor ,connectathon) VALUES ('ICOSERVE', 'MPQ', 'DOC_CONSUMER', 'NA2017');
INSERT INTO company_actor_profiles (company ,integration_profile ,actor ,connectathon) VALUES ('ICOSERVE', 'XDS.b', 'DOC_CONSUMER', 'NA2017');
INSERT INTO company_actor_profiles (company ,integration_profile ,actor ,connectathon) VALUES ('ICOSERVE', 'XDS-I.b', 'DOC_CONSUMER', 'NA2017');
INSERT INTO company_actor_profiles (company ,integration_profile ,actor ,connectathon) VALUES ('ICOSERVE', 'XDR', 'DOC_RECIPIENT', 'NA2017');
INSERT INTO company_actor_profiles (company ,integration_profile ,actor ,connectathon) VALUES ('ICOSERVE', 'MPQ', 'DOC_REGISTRY', 'NA2017');
INSERT INTO company_actor_profiles (company ,integration_profile ,actor ,connectathon) VALUES ('ICOSERVE', 'XDS.b', 'DOC_REGISTRY', 'NA2017');
INSERT INTO company_actor_profiles (company ,integration_profile ,actor ,connectathon) VALUES ('ICOSERVE', 'XPID', 'DOC_REGISTRY', 'NA2017');
INSERT INTO company_actor_profiles (company ,integration_profile ,actor ,connectathon) VALUES ('ICOSERVE', 'XDS.b', 'DOC_REPOSITORY', 'NA2017');
INSERT INTO company_actor_profiles (company ,integration_profile ,actor ,connectathon) VALUES ('ICOSERVE', 'XDR', 'DOC_SOURCE', 'NA2017');
INSERT INTO company_actor_profiles (company ,integration_profile ,actor ,connectathon) VALUES ('ICOSERVE', 'XDS.b', 'DOC_SOURCE', 'NA2017');
INSERT INTO company_actor_profiles (company ,integration_profile ,actor ,connectathon) VALUES ('ICOSERVE', 'XDS-I.b', 'IMG_DOC_CONSUMER', 'NA2017');
INSERT INTO company_actor_profiles (company ,integration_profile ,actor ,connectathon) VALUES ('ICOSERVE', 'XDS-I.b', 'IMG_DOC_SOURCE', 'NA2017');
INSERT INTO company_actor_profiles (company ,integration_profile ,actor ,connectathon) VALUES ('ICOSERVE', 'XCA', 'INIT_GATEWAY', 'NA2017');
INSERT INTO company_actor_profiles (company ,integration_profile ,actor ,connectathon) VALUES ('ICOSERVE', 'XCPD', 'INIT_GATEWAY', 'NA2017');
INSERT INTO company_actor_profiles (company ,integration_profile ,actor ,connectathon) VALUES ('ICOSERVE', 'XCA-I', 'INIT_IMG_GATEWAY', 'NA2017');
INSERT INTO company_actor_profiles (company ,integration_profile ,actor ,connectathon) VALUES ('ICOSERVE', 'PIX', 'PAT_IDENTITY_CONSUMER', 'NA2017');
INSERT INTO company_actor_profiles (company ,integration_profile ,actor ,connectathon) VALUES ('ICOSERVE', 'PIXV3', 'PAT_IDENTITY_CONSUMER', 'NA2017');
INSERT INTO company_actor_profiles (company ,integration_profile ,actor ,connectathon) VALUES ('ICOSERVE', 'PIX', 'PAT_IDENTITY_SRC', 'NA2017');
INSERT INTO company_actor_profiles (company ,integration_profile ,actor ,connectathon) VALUES ('ICOSERVE', 'PIXV3', 'PAT_IDENTITY_SRC', 'NA2017');
INSERT INTO company_actor_profiles (company ,integration_profile ,actor ,connectathon) VALUES ('ICOSERVE', 'PIX', 'PAT_IDENTITY_X_REF_MGR', 'NA2017');
INSERT INTO company_actor_profiles (company ,integration_profile ,actor ,connectathon) VALUES ('ICOSERVE', 'PIXV3', 'PAT_IDENTITY_X_REF_MGR', 'NA2017');
INSERT INTO company_actor_profiles (company ,integration_profile ,actor ,connectathon) VALUES ('ICOSERVE', 'XPID', 'PAT_IDENTITY_X_REF_MGR', 'NA2017');
INSERT INTO company_actor_profiles (company ,integration_profile ,actor ,connectathon) VALUES ('ICOSERVE', 'PDQ', 'PDC', 'NA2017');
INSERT INTO company_actor_profiles (company ,integration_profile ,actor ,connectathon) VALUES ('ICOSERVE', 'PDQV3', 'PDC', 'NA2017');
INSERT INTO company_actor_profiles (company ,integration_profile ,actor ,connectathon) VALUES ('ICOSERVE', 'PDQ', 'PDS', 'NA2017');
INSERT INTO company_actor_profiles (company ,integration_profile ,actor ,connectathon) VALUES ('ICOSERVE', 'PDQV3', 'PDS', 'NA2017');
INSERT INTO company_actor_profiles (company ,integration_profile ,actor ,connectathon) VALUES ('ICOSERVE', 'HPD', 'PROV_INFO_CONS', 'NA2017');
INSERT INTO company_actor_profiles (company ,integration_profile ,actor ,connectathon) VALUES ('ICOSERVE', 'HPD', 'PROV_INFO_DIR', 'NA2017');
INSERT INTO company_actor_profiles (company ,integration_profile ,actor ,connectathon) VALUES ('ICOSERVE', 'HPD', 'PROV_INFO_SRC', 'NA2017');
INSERT INTO company_actor_profiles (company ,integration_profile ,actor ,connectathon) VALUES ('ICOSERVE', 'XCA', 'RESP_GATEWAY', 'NA2017');
INSERT INTO company_actor_profiles (company ,integration_profile ,actor ,connectathon) VALUES ('ICOSERVE', 'XCPD', 'RESP_GATEWAY', 'NA2017');
INSERT INTO company_actor_profiles (company ,integration_profile ,actor ,connectathon) VALUES ('ICOSERVE', 'XCA-I', 'RESP_IMG_GATEWAY', 'NA2017');
INSERT INTO company_actor_profiles (company ,integration_profile ,actor ,connectathon) VALUES ('ICOSERVE', 'ATNA', 'SA', 'NA2017');
INSERT INTO company_actor_profiles (company ,integration_profile ,actor ,connectathon) VALUES ('ICOSERVE', 'ATNA', 'SN', 'NA2017');
INSERT INTO company_actor_profiles (company ,integration_profile ,actor ,connectathon) VALUES ('ICOSERVE', 'CT', 'TIME_CLIENT', 'NA2017');
INSERT INTO company_actor_profiles (company ,integration_profile ,actor ,connectathon) VALUES ('ICOSERVE', 'CT', 'TS', 'NA2017');
INSERT INTO company_actor_profiles (company ,integration_profile ,actor ,connectathon) VALUES ('IVENIX', 'ACM', 'ALERT_RPT', 'NA2017');
INSERT INTO company_actor_profiles (company ,integration_profile ,actor ,connectathon) VALUES ('IVENIX', 'DEC', 'DEV_OBS_REPORTER', 'NA2017');
INSERT INTO company_actor_profiles (company ,integration_profile ,actor ,connectathon) VALUES ('IVENIX', 'IPEC', 'DEV_OBS_REPORTER', 'NA2017');
INSERT INTO company_actor_profiles (company ,integration_profile ,actor ,connectathon) VALUES ('IVENIX', 'PIV', 'IOC', 'NA2017');
INSERT INTO company_actor_profiles (company ,integration_profile ,actor ,connectathon) VALUES ('IVENIX', 'MEMLS', 'LOC', 'NA2017');
INSERT INTO company_actor_profiles (company ,integration_profile ,actor ,connectathon) VALUES ('IVENIX', 'CT', 'TIME_CLIENT', 'NA2017');
INSERT INTO company_actor_profiles (company ,integration_profile ,actor ,connectathon) VALUES ('JBS', 'SDC', 'FORM_MANAGER', 'NA2017');
INSERT INTO company_actor_profiles (company ,integration_profile ,actor ,connectathon) VALUES ('JBS', 'SDC', 'FORM_PROCESSOR', 'NA2017');
INSERT INTO company_actor_profiles (company ,integration_profile ,actor ,connectathon) VALUES ('JBS', 'SDC', 'FORM_RECEIVER', 'NA2017');
INSERT INTO company_actor_profiles (company ,integration_profile ,actor ,connectathon) VALUES ('JBS', 'CT', 'TIME_CLIENT', 'NA2017');
INSERT INTO company_actor_profiles (company ,integration_profile ,actor ,connectathon) VALUES ('KAROS', 'ATNA', 'ARR', 'NA2017');
INSERT INTO company_actor_profiles (company ,integration_profile ,actor ,connectathon) VALUES ('KAROS', 'MHD', 'DOC_CONSUMER', 'NA2017');
INSERT INTO company_actor_profiles (company ,integration_profile ,actor ,connectathon) VALUES ('KAROS', 'MHD', 'DOC_RECIPIENT', 'NA2017');
INSERT INTO company_actor_profiles (company ,integration_profile ,actor ,connectathon) VALUES ('KAROS', 'MHD', 'DOC_RESPONDER', 'NA2017');
INSERT INTO company_actor_profiles (company ,integration_profile ,actor ,connectathon) VALUES ('KAROS', 'MHD', 'DOC_SOURCE', 'NA2017');
INSERT INTO company_actor_profiles (company ,integration_profile ,actor ,connectathon) VALUES ('KAROS', 'CPI', 'EC', 'NA2017');
INSERT INTO company_actor_profiles (company ,integration_profile ,actor ,connectathon) VALUES ('KAROS', 'KIN', 'EC', 'NA2017');
INSERT INTO company_actor_profiles (company ,integration_profile ,actor ,connectathon) VALUES ('KAROS', 'ARI', 'ID', 'NA2017');
INSERT INTO company_actor_profiles (company ,integration_profile ,actor ,connectathon) VALUES ('KAROS', 'KIN', 'ID', 'NA2017');
INSERT INTO company_actor_profiles (company ,integration_profile ,actor ,connectathon) VALUES ('KAROS', 'MAMMO', 'ID', 'NA2017');
INSERT INTO company_actor_profiles (company ,integration_profile ,actor ,connectathon) VALUES ('KAROS', 'SWF.b', 'ID', 'NA2017');
INSERT INTO company_actor_profiles (company ,integration_profile ,actor ,connectathon) VALUES ('KAROS', 'WIC', 'IMG_CAPTURER', 'NA2017');
INSERT INTO company_actor_profiles (company ,integration_profile ,actor ,connectathon) VALUES ('KAROS', 'WIC', 'IMG_MANAGER', 'NA2017');
INSERT INTO company_actor_profiles (company ,integration_profile ,actor ,connectathon) VALUES ('KAROS', 'PIXm', 'PAT_IDENTITY_CONSUMER', 'NA2017');
INSERT INTO company_actor_profiles (company ,integration_profile ,actor ,connectathon) VALUES ('KAROS', 'PIXm', 'PAT_IDENTITY_X_REF_MGR', 'NA2017');
INSERT INTO company_actor_profiles (company ,integration_profile ,actor ,connectathon) VALUES ('KAROS', 'PDQm', 'PDC', 'NA2017');
INSERT INTO company_actor_profiles (company ,integration_profile ,actor ,connectathon) VALUES ('KAROS', 'PDQm', 'PDS', 'NA2017');
INSERT INTO company_actor_profiles (company ,integration_profile ,actor ,connectathon) VALUES ('KAROS', 'ARI', 'RRD', 'NA2017');
INSERT INTO company_actor_profiles (company ,integration_profile ,actor ,connectathon) VALUES ('KAROS', 'ATNA', 'SA', 'NA2017');
INSERT INTO company_actor_profiles (company ,integration_profile ,actor ,connectathon) VALUES ('KAROS', 'ATNA', 'SN', 'NA2017');
INSERT INTO company_actor_profiles (company ,integration_profile ,actor ,connectathon) VALUES ('KAROS', 'CT', 'TIME_CLIENT', 'NA2017');
INSERT INTO company_actor_profiles (company ,integration_profile ,actor ,connectathon) VALUES ('KNU', 'MHD', 'DOC_CONSUMER', 'NA2017');
INSERT INTO company_actor_profiles (company ,integration_profile ,actor ,connectathon) VALUES ('KNU', 'MHD', 'DOC_RECIPIENT', 'NA2017');
INSERT INTO company_actor_profiles (company ,integration_profile ,actor ,connectathon) VALUES ('KNU', 'MHD', 'DOC_RESPONDER', 'NA2017');
INSERT INTO company_actor_profiles (company ,integration_profile ,actor ,connectathon) VALUES ('KNU', 'MHD', 'DOC_SOURCE', 'NA2017');
INSERT INTO company_actor_profiles (company ,integration_profile ,actor ,connectathon) VALUES ('LEXMARK', 'ATNA', 'ARR', 'NA2017');
INSERT INTO company_actor_profiles (company ,integration_profile ,actor ,connectathon) VALUES ('LEXMARK', 'ATNA', 'AUDIT_CONSUMER', 'NA2017');
INSERT INTO company_actor_profiles (company ,integration_profile ,actor ,connectathon) VALUES ('LEXMARK', 'ATNA', 'AUDIT_RECORD_FORWARDER', 'NA2017');
INSERT INTO company_actor_profiles (company ,integration_profile ,actor ,connectathon) VALUES ('LEXMARK', 'XDS-MS', 'CONTENT_CONSUMER', 'NA2017');
INSERT INTO company_actor_profiles (company ,integration_profile ,actor ,connectathon) VALUES ('LEXMARK', 'XDS-SD', 'CONTENT_CONSUMER', 'NA2017');
INSERT INTO company_actor_profiles (company ,integration_profile ,actor ,connectathon) VALUES ('LEXMARK', 'XDS-SD', 'CONTENT_CREATOR', 'NA2017');
INSERT INTO company_actor_profiles (company ,integration_profile ,actor ,connectathon) VALUES ('LEXMARK', 'XDS.b', 'DOC_CONSUMER', 'NA2017');
INSERT INTO company_actor_profiles (company ,integration_profile ,actor ,connectathon) VALUES ('LEXMARK', 'MHD', 'DOC_RECIPIENT', 'NA2017');
INSERT INTO company_actor_profiles (company ,integration_profile ,actor ,connectathon) VALUES ('LEXMARK', 'MPQ', 'DOC_REGISTRY', 'NA2017');
INSERT INTO company_actor_profiles (company ,integration_profile ,actor ,connectathon) VALUES ('LEXMARK', 'XDS.b', 'DOC_REGISTRY', 'NA2017');
INSERT INTO company_actor_profiles (company ,integration_profile ,actor ,connectathon) VALUES ('LEXMARK', 'XDS.b', 'DOC_REPOSITORY', 'NA2017');
INSERT INTO company_actor_profiles (company ,integration_profile ,actor ,connectathon) VALUES ('LEXMARK', 'MHD', 'DOC_RESPONDER', 'NA2017');
INSERT INTO company_actor_profiles (company ,integration_profile ,actor ,connectathon) VALUES ('LEXMARK', 'XDR', 'DOC_SOURCE', 'NA2017');
INSERT INTO company_actor_profiles (company ,integration_profile ,actor ,connectathon) VALUES ('LEXMARK', 'XDS.b', 'DOC_SOURCE', 'NA2017');
INSERT INTO company_actor_profiles (company ,integration_profile ,actor ,connectathon) VALUES ('LEXMARK', 'PDI', 'ID', 'NA2017');
INSERT INTO company_actor_profiles (company ,integration_profile ,actor ,connectathon) VALUES ('LEXMARK', 'XCA', 'INIT_GATEWAY', 'NA2017');
INSERT INTO company_actor_profiles (company ,integration_profile ,actor ,connectathon) VALUES ('LEXMARK', 'XCPD', 'INIT_GATEWAY', 'NA2017');
INSERT INTO company_actor_profiles (company ,integration_profile ,actor ,connectathon) VALUES ('LEXMARK', 'XCA-I', 'INIT_IMG_GATEWAY', 'NA2017');
INSERT INTO company_actor_profiles (company ,integration_profile ,actor ,connectathon) VALUES ('LEXMARK', 'PIX', 'PAT_IDENTITY_CONSUMER', 'NA2017');
INSERT INTO company_actor_profiles (company ,integration_profile ,actor ,connectathon) VALUES ('LEXMARK', 'PIXV3', 'PAT_IDENTITY_CONSUMER', 'NA2017');
INSERT INTO company_actor_profiles (company ,integration_profile ,actor ,connectathon) VALUES ('LEXMARK', 'PIX', 'PAT_IDENTITY_SRC', 'NA2017');
INSERT INTO company_actor_profiles (company ,integration_profile ,actor ,connectathon) VALUES ('LEXMARK', 'PIXV3', 'PAT_IDENTITY_SRC', 'NA2017');
INSERT INTO company_actor_profiles (company ,integration_profile ,actor ,connectathon) VALUES ('LEXMARK', 'PIX', 'PAT_IDENTITY_X_REF_MGR', 'NA2017');
INSERT INTO company_actor_profiles (company ,integration_profile ,actor ,connectathon) VALUES ('LEXMARK', 'PIXm', 'PAT_IDENTITY_X_REF_MGR', 'NA2017');
INSERT INTO company_actor_profiles (company ,integration_profile ,actor ,connectathon) VALUES ('LEXMARK', 'PIXV3', 'PAT_IDENTITY_X_REF_MGR', 'NA2017');
INSERT INTO company_actor_profiles (company ,integration_profile ,actor ,connectathon) VALUES ('LEXMARK', 'XPID', 'PAT_IDENTITY_X_REF_MGR', 'NA2017');
INSERT INTO company_actor_profiles (company ,integration_profile ,actor ,connectathon) VALUES ('LEXMARK', 'PDQ', 'PDC', 'NA2017');
INSERT INTO company_actor_profiles (company ,integration_profile ,actor ,connectathon) VALUES ('LEXMARK', 'PDQV3', 'PDC', 'NA2017');
INSERT INTO company_actor_profiles (company ,integration_profile ,actor ,connectathon) VALUES ('LEXMARK', 'PDQ', 'PDS', 'NA2017');
INSERT INTO company_actor_profiles (company ,integration_profile ,actor ,connectathon) VALUES ('LEXMARK', 'PDQm', 'PDS', 'NA2017');
INSERT INTO company_actor_profiles (company ,integration_profile ,actor ,connectathon) VALUES ('LEXMARK', 'PDQV3', 'PDS', 'NA2017');
INSERT INTO company_actor_profiles (company ,integration_profile ,actor ,connectathon) VALUES ('LEXMARK', 'XDM', 'PMC', 'NA2017');
INSERT INTO company_actor_profiles (company ,integration_profile ,actor ,connectathon) VALUES ('LEXMARK', 'XDM', 'PMI', 'NA2017');
INSERT INTO company_actor_profiles (company ,integration_profile ,actor ,connectathon) VALUES ('LEXMARK', 'XCA', 'RESP_GATEWAY', 'NA2017');
INSERT INTO company_actor_profiles (company ,integration_profile ,actor ,connectathon) VALUES ('LEXMARK', 'XCPD', 'RESP_GATEWAY', 'NA2017');
INSERT INTO company_actor_profiles (company ,integration_profile ,actor ,connectathon) VALUES ('LEXMARK', 'XCA-I', 'RESP_IMG_GATEWAY', 'NA2017');
INSERT INTO company_actor_profiles (company ,integration_profile ,actor ,connectathon) VALUES ('LEXMARK', 'ATNA', 'SA', 'NA2017');
INSERT INTO company_actor_profiles (company ,integration_profile ,actor ,connectathon) VALUES ('LEXMARK', 'ATNA', 'SN', 'NA2017');
INSERT INTO company_actor_profiles (company ,integration_profile ,actor ,connectathon) VALUES ('LEXMARK', 'CT', 'TIME_CLIENT', 'NA2017');
INSERT INTO company_actor_profiles (company ,integration_profile ,actor ,connectathon) VALUES ('LEXMARK', 'SVS', 'VALUE_SET_REPOSITORY', 'NA2017');
INSERT INTO company_actor_profiles (company ,integration_profile ,actor ,connectathon) VALUES ('lifeIMAGE', 'XDS.b', 'DOC_CONSUMER', 'NA2017');
INSERT INTO company_actor_profiles (company ,integration_profile ,actor ,connectathon) VALUES ('lifeIMAGE', 'XDS.b', 'DOC_REGISTRY', 'NA2017');
INSERT INTO company_actor_profiles (company ,integration_profile ,actor ,connectathon) VALUES ('lifeIMAGE', 'XDS-I.b', 'DOC_REGISTRY', 'NA2017');
INSERT INTO company_actor_profiles (company ,integration_profile ,actor ,connectathon) VALUES ('lifeIMAGE', 'XDS.b', 'DOC_REPOSITORY', 'NA2017');
INSERT INTO company_actor_profiles (company ,integration_profile ,actor ,connectathon) VALUES ('lifeIMAGE', 'XDS-I.b', 'DOC_REPOSITORY', 'NA2017');
INSERT INTO company_actor_profiles (company ,integration_profile ,actor ,connectathon) VALUES ('lifeIMAGE', 'XDR', 'DOC_SOURCE', 'NA2017');
INSERT INTO company_actor_profiles (company ,integration_profile ,actor ,connectathon) VALUES ('lifeIMAGE', 'XDS.b', 'DOC_SOURCE', 'NA2017');
INSERT INTO company_actor_profiles (company ,integration_profile ,actor ,connectathon) VALUES ('lifeIMAGE', 'XDS-I.b', 'IMG_DOC_SOURCE', 'NA2017');
INSERT INTO company_actor_profiles (company ,integration_profile ,actor ,connectathon) VALUES ('lifeIMAGE', 'ATNA', 'SA', 'NA2017');
INSERT INTO company_actor_profiles (company ,integration_profile ,actor ,connectathon) VALUES ('lifeIMAGE', 'CT', 'TIME_CLIENT', 'NA2017');
INSERT INTO company_actor_profiles (company ,integration_profile ,actor ,connectathon) VALUES ('Logibec', 'ATNA', 'ARR', 'NA2017');
INSERT INTO company_actor_profiles (company ,integration_profile ,actor ,connectathon) VALUES ('Logibec', 'XDS.b', 'DOC_ADMINISTRATOR', 'NA2017');
INSERT INTO company_actor_profiles (company ,integration_profile ,actor ,connectathon) VALUES ('Logibec', 'MPQ', 'DOC_CONSUMER', 'NA2017');
INSERT INTO company_actor_profiles (company ,integration_profile ,actor ,connectathon) VALUES ('Logibec', 'XDS.b', 'DOC_CONSUMER', 'NA2017');
INSERT INTO company_actor_profiles (company ,integration_profile ,actor ,connectathon) VALUES ('Logibec', 'MPQ', 'DOC_REGISTRY', 'NA2017');
INSERT INTO company_actor_profiles (company ,integration_profile ,actor ,connectathon) VALUES ('Logibec', 'XDS.b', 'DOC_REGISTRY', 'NA2017');
INSERT INTO company_actor_profiles (company ,integration_profile ,actor ,connectathon) VALUES ('Logibec', 'XPID', 'DOC_REGISTRY', 'NA2017');
INSERT INTO company_actor_profiles (company ,integration_profile ,actor ,connectathon) VALUES ('Logibec', 'XDS.b', 'DOC_REPOSITORY', 'NA2017');
INSERT INTO company_actor_profiles (company ,integration_profile ,actor ,connectathon) VALUES ('Logibec', 'XDS.b', 'DOC_SOURCE', 'NA2017');
INSERT INTO company_actor_profiles (company ,integration_profile ,actor ,connectathon) VALUES ('Logibec', 'XCA', 'INIT_GATEWAY', 'NA2017');
INSERT INTO company_actor_profiles (company ,integration_profile ,actor ,connectathon) VALUES ('Logibec', 'XDS.b', 'ON_DEMAND_DOC_SOURCE', 'NA2017');
INSERT INTO company_actor_profiles (company ,integration_profile ,actor ,connectathon) VALUES ('Logibec', 'PIX', 'PAT_IDENTITY_CONSUMER', 'NA2017');
INSERT INTO company_actor_profiles (company ,integration_profile ,actor ,connectathon) VALUES ('Logibec', 'PDQ', 'PDC', 'NA2017');
INSERT INTO company_actor_profiles (company ,integration_profile ,actor ,connectathon) VALUES ('Logibec', 'PDQV3', 'PDC', 'NA2017');
INSERT INTO company_actor_profiles (company ,integration_profile ,actor ,connectathon) VALUES ('Logibec', 'XDM', 'PMC', 'NA2017');
INSERT INTO company_actor_profiles (company ,integration_profile ,actor ,connectathon) VALUES ('Logibec', 'XDM', 'PMI', 'NA2017');
INSERT INTO company_actor_profiles (company ,integration_profile ,actor ,connectathon) VALUES ('Logibec', 'XCA', 'RESP_GATEWAY', 'NA2017');
INSERT INTO company_actor_profiles (company ,integration_profile ,actor ,connectathon) VALUES ('Logibec', 'ATNA', 'SA', 'NA2017');
INSERT INTO company_actor_profiles (company ,integration_profile ,actor ,connectathon) VALUES ('Logibec', 'CT', 'TIME_CLIENT', 'NA2017');
INSERT INTO company_actor_profiles (company ,integration_profile ,actor ,connectathon) VALUES ('Logibec', 'XUA', 'X-SERVICE-PROVIDER', 'NA2017');
INSERT INTO company_actor_profiles (company ,integration_profile ,actor ,connectathon) VALUES ('Masimo', 'ACM', 'ALERT_RPT', 'NA2017');
INSERT INTO company_actor_profiles (company ,integration_profile ,actor ,connectathon) VALUES ('Masimo', 'DEC', 'DEV_OBS_REPORTER', 'NA2017');
INSERT INTO company_actor_profiles (company ,integration_profile ,actor ,connectathon) VALUES ('Masimo', 'CT', 'TIME_CLIENT', 'NA2017');
INSERT INTO company_actor_profiles (company ,integration_profile ,actor ,connectathon) VALUES ('MD', 'ATNA', 'ARR', 'NA2017');
INSERT INTO company_actor_profiles (company ,integration_profile ,actor ,connectathon) VALUES ('MD', 'XDS.b', 'DOC_REPOSITORY', 'NA2017');
INSERT INTO company_actor_profiles (company ,integration_profile ,actor ,connectathon) VALUES ('MD', 'XDS-I.b', 'DOC_REPOSITORY', 'NA2017');
INSERT INTO company_actor_profiles (company ,integration_profile ,actor ,connectathon) VALUES ('MD', 'XDS.b', 'DOC_SOURCE', 'NA2017');
INSERT INTO company_actor_profiles (company ,integration_profile ,actor ,connectathon) VALUES ('MD', 'ARI', 'IM', 'NA2017');
INSERT INTO company_actor_profiles (company ,integration_profile ,actor ,connectathon) VALUES ('MD', 'CATH', 'IM', 'NA2017');
INSERT INTO company_actor_profiles (company ,integration_profile ,actor ,connectathon) VALUES ('MD', 'CPI', 'IM', 'NA2017');
INSERT INTO company_actor_profiles (company ,integration_profile ,actor ,connectathon) VALUES ('MD', 'KIN', 'IM', 'NA2017');
INSERT INTO company_actor_profiles (company ,integration_profile ,actor ,connectathon) VALUES ('MD', 'REM', 'IM', 'NA2017');
INSERT INTO company_actor_profiles (company ,integration_profile ,actor ,connectathon) VALUES ('MD', 'SWF.b', 'IM', 'NA2017');
INSERT INTO company_actor_profiles (company ,integration_profile ,actor ,connectathon) VALUES ('MD', 'XDS-I.b', 'IMG_DOC_SOURCE', 'NA2017');
INSERT INTO company_actor_profiles (company ,integration_profile ,actor ,connectathon) VALUES ('MD', 'PDI', 'PMC', 'NA2017');
INSERT INTO company_actor_profiles (company ,integration_profile ,actor ,connectathon) VALUES ('MD', 'ARI', 'RRP', 'NA2017');
INSERT INTO company_actor_profiles (company ,integration_profile ,actor ,connectathon) VALUES ('MD', 'ATNA', 'SA', 'NA2017');
INSERT INTO company_actor_profiles (company ,integration_profile ,actor ,connectathon) VALUES ('MD', 'ATNA', 'SN', 'NA2017');
INSERT INTO company_actor_profiles (company ,integration_profile ,actor ,connectathon) VALUES ('MD', 'CT', 'TIME_CLIENT', 'NA2017');
INSERT INTO company_actor_profiles (company ,integration_profile ,actor ,connectathon) VALUES ('MEDHOST', 'ATNA', 'SA', 'NA2017');
INSERT INTO company_actor_profiles (company ,integration_profile ,actor ,connectathon) VALUES ('MEDHOST', 'CT', 'TIME_CLIENT', 'NA2017');
INSERT INTO company_actor_profiles (company ,integration_profile ,actor ,connectathon) VALUES ('MERGE', 'XDS-SD', 'CONTENT_CONSUMER', 'NA2017');
INSERT INTO company_actor_profiles (company ,integration_profile ,actor ,connectathon) VALUES ('MERGE', 'XDS.b', 'DOC_CONSUMER', 'NA2017');
INSERT INTO company_actor_profiles (company ,integration_profile ,actor ,connectathon) VALUES ('MERGE', 'XCA-I', 'IMG_DOC_CONSUMER', 'NA2017');
INSERT INTO company_actor_profiles (company ,integration_profile ,actor ,connectathon) VALUES ('MERGE', 'XDS-I.b', 'IMG_DOC_CONSUMER', 'NA2017');
INSERT INTO company_actor_profiles (company ,integration_profile ,actor ,connectathon) VALUES ('MERGE', 'PIX', 'PAT_IDENTITY_CONSUMER', 'NA2017');
INSERT INTO company_actor_profiles (company ,integration_profile ,actor ,connectathon) VALUES ('MERGE', 'PDQ', 'PDC', 'NA2017');
INSERT INTO company_actor_profiles (company ,integration_profile ,actor ,connectathon) VALUES ('MERGE', 'ATNA', 'SA', 'NA2017');
INSERT INTO company_actor_profiles (company ,integration_profile ,actor ,connectathon) VALUES ('MERGE', 'CT', 'TIME_CLIENT', 'NA2017');
INSERT INTO company_actor_profiles (company ,integration_profile ,actor ,connectathon) VALUES ('MINDRAY', 'ACM', 'ALERT_RPT', 'NA2017');
INSERT INTO company_actor_profiles (company ,integration_profile ,actor ,connectathon) VALUES ('MINDRAY', 'DEC', 'DEV_OBS_REPORTER', 'NA2017');
INSERT INTO company_actor_profiles (company ,integration_profile ,actor ,connectathon) VALUES ('MINDRAY', 'CT', 'TIME_CLIENT', 'NA2017');
INSERT INTO company_actor_profiles (company ,integration_profile ,actor ,connectathon) VALUES ('NantHealth', 'DEC', 'DEV_OBS_CONSUMER', 'NA2017');
INSERT INTO company_actor_profiles (company ,integration_profile ,actor ,connectathon) VALUES ('NantHealth', 'DEC', 'DEV_OBS_REPORTER', 'NA2017');
INSERT INTO company_actor_profiles (company ,integration_profile ,actor ,connectathon) VALUES ('NantHealth', 'CT', 'TIME_CLIENT', 'NA2017');
INSERT INTO company_actor_profiles (company ,integration_profile ,actor ,connectathon) VALUES ('Nextgate', 'ATNA', 'ARR', 'NA2017');
INSERT INTO company_actor_profiles (company ,integration_profile ,actor ,connectathon) VALUES ('Nextgate', 'XDS.b', 'DOC_REGISTRY', 'NA2017');
INSERT INTO company_actor_profiles (company ,integration_profile ,actor ,connectathon) VALUES ('Nextgate', 'XDS-I.b', 'DOC_REGISTRY', 'NA2017');
INSERT INTO company_actor_profiles (company ,integration_profile ,actor ,connectathon) VALUES ('Nextgate', 'XDS.b', 'DOC_REPOSITORY', 'NA2017');
INSERT INTO company_actor_profiles (company ,integration_profile ,actor ,connectathon) VALUES ('Nextgate', 'XDS-I.b', 'DOC_REPOSITORY', 'NA2017');
INSERT INTO company_actor_profiles (company ,integration_profile ,actor ,connectathon) VALUES ('Nextgate', 'XCA', 'INIT_GATEWAY', 'NA2017');
INSERT INTO company_actor_profiles (company ,integration_profile ,actor ,connectathon) VALUES ('Nextgate', 'PIX', 'PAT_IDENTITY_X_REF_MGR', 'NA2017');
INSERT INTO company_actor_profiles (company ,integration_profile ,actor ,connectathon) VALUES ('Nextgate', 'PIXm', 'PAT_IDENTITY_X_REF_MGR', 'NA2017');
INSERT INTO company_actor_profiles (company ,integration_profile ,actor ,connectathon) VALUES ('Nextgate', 'PIXV3', 'PAT_IDENTITY_X_REF_MGR', 'NA2017');
INSERT INTO company_actor_profiles (company ,integration_profile ,actor ,connectathon) VALUES ('Nextgate', 'XPID', 'PAT_IDENTITY_X_REF_MGR', 'NA2017');
INSERT INTO company_actor_profiles (company ,integration_profile ,actor ,connectathon) VALUES ('Nextgate', 'PDQ', 'PDS', 'NA2017');
INSERT INTO company_actor_profiles (company ,integration_profile ,actor ,connectathon) VALUES ('Nextgate', 'PDQm', 'PDS', 'NA2017');
INSERT INTO company_actor_profiles (company ,integration_profile ,actor ,connectathon) VALUES ('Nextgate', 'PDQV3', 'PDS', 'NA2017');
INSERT INTO company_actor_profiles (company ,integration_profile ,actor ,connectathon) VALUES ('Nextgate', 'XCA', 'RESP_GATEWAY', 'NA2017');
INSERT INTO company_actor_profiles (company ,integration_profile ,actor ,connectathon) VALUES ('Nextgate', 'XCPD', 'RESP_GATEWAY', 'NA2017');
INSERT INTO company_actor_profiles (company ,integration_profile ,actor ,connectathon) VALUES ('Nextgate', 'ATNA', 'SA', 'NA2017');
INSERT INTO company_actor_profiles (company ,integration_profile ,actor ,connectathon) VALUES ('Nextgate', 'ATNA', 'SN', 'NA2017');
INSERT INTO company_actor_profiles (company ,integration_profile ,actor ,connectathon) VALUES ('Nextgate', 'CT', 'TIME_CLIENT', 'NA2017');
-- INSERT INTO company_actor_profiles (company ,integration_profile ,actor ,connectathon) VALUES ('NEXTGEN', 'C-CDA2.1_CONSUMERS', 'CONTENT_CONSUMER', 'NA2017');
-- INSERT INTO company_actor_profiles (company ,integration_profile ,actor ,connectathon) VALUES ('NEXTGEN', 'C-CDA2.1_CARE-PLAN', 'CONTENT_CREATOR', 'NA2017');
-- INSERT INTO company_actor_profiles (company ,integration_profile ,actor ,connectathon) VALUES ('NEXTGEN', 'C-CDA2.1_CCD', 'CONTENT_CREATOR', 'NA2017');
-- INSERT INTO company_actor_profiles (company ,integration_profile ,actor ,connectathon) VALUES ('NEXTGEN', 'C-CDA2.1_REFERRAL', 'CONTENT_CREATOR', 'NA2017');
INSERT INTO company_actor_profiles (company ,integration_profile ,actor ,connectathon) VALUES ('NEXTGEN', 'MHD', 'DOC_CONSUMER', 'NA2017');
INSERT INTO company_actor_profiles (company ,integration_profile ,actor ,connectathon) VALUES ('NEXTGEN', 'XDS.b', 'DOC_CONSUMER', 'NA2017');
INSERT INTO company_actor_profiles (company ,integration_profile ,actor ,connectathon) VALUES ('NEXTGEN', 'MHD', 'DOC_SOURCE', 'NA2017');
INSERT INTO company_actor_profiles (company ,integration_profile ,actor ,connectathon) VALUES ('NEXTGEN', 'XDS.b', 'DOC_SOURCE', 'NA2017');
INSERT INTO company_actor_profiles (company ,integration_profile ,actor ,connectathon) VALUES ('NEXTGEN', 'PIXV3', 'PAT_IDENTITY_CONSUMER', 'NA2017');
INSERT INTO company_actor_profiles (company ,integration_profile ,actor ,connectathon) VALUES ('NEXTGEN', 'PDQm', 'PDC', 'NA2017');
INSERT INTO company_actor_profiles (company ,integration_profile ,actor ,connectathon) VALUES ('NEXTGEN', 'PDQV3', 'PDC', 'NA2017');
INSERT INTO company_actor_profiles (company ,integration_profile ,actor ,connectathon) VALUES ('NEXTGEN', 'ATNA', 'SA', 'NA2017');
INSERT INTO company_actor_profiles (company ,integration_profile ,actor ,connectathon) VALUES ('NEXTGEN', 'CT', 'TIME_CLIENT', 'NA2017');
INSERT INTO company_actor_profiles (company ,integration_profile ,actor ,connectathon) VALUES ('NEXTRIALS', 'CRD', 'FORM_ARCHIVER', 'NA2017');
INSERT INTO company_actor_profiles (company ,integration_profile ,actor ,connectathon) VALUES ('NEXTRIALS', 'DSC', 'FORM_ARCHIVER', 'NA2017');
INSERT INTO company_actor_profiles (company ,integration_profile ,actor ,connectathon) VALUES ('NEXTRIALS', 'CRD', 'FORM_MANAGER', 'NA2017');
INSERT INTO company_actor_profiles (company ,integration_profile ,actor ,connectathon) VALUES ('NEXTRIALS', 'DSC', 'FORM_MANAGER', 'NA2017');
INSERT INTO company_actor_profiles (company ,integration_profile ,actor ,connectathon) VALUES ('NEXTRIALS', 'RFD', 'FORM_MANAGER', 'NA2017');
INSERT INTO company_actor_profiles (company ,integration_profile ,actor ,connectathon) VALUES ('NEXTRIALS', 'RFD', 'FORM_PROCESSOR', 'NA2017');
INSERT INTO company_actor_profiles (company ,integration_profile ,actor ,connectathon) VALUES ('NEXTRIALS', 'CRD', 'FORM_RECEIVER', 'NA2017');
INSERT INTO company_actor_profiles (company ,integration_profile ,actor ,connectathon) VALUES ('NEXTRIALS', 'DSC', 'FORM_RECEIVER', 'NA2017');
INSERT INTO company_actor_profiles (company ,integration_profile ,actor ,connectathon) VALUES ('NEXTRIALS', 'RFD', 'FORM_RECEIVER', 'NA2017');
INSERT INTO company_actor_profiles (company ,integration_profile ,actor ,connectathon) VALUES ('NEXTRIALS', 'RPE', 'PROC_STATE_MGR', 'NA2017');
INSERT INTO company_actor_profiles (company ,integration_profile ,actor ,connectathon) VALUES ('NEXTRIALS', 'ATNA', 'SN', 'NA2017');
INSERT INTO company_actor_profiles (company ,integration_profile ,actor ,connectathon) VALUES ('NEXTRIALS', 'CT', 'TIME_CLIENT', 'NA2017');
INSERT INTO company_actor_profiles (company ,integration_profile ,actor ,connectathon) VALUES ('OPTUM', 'XDS.b', 'DOC_REGISTRY', 'NA2017');
INSERT INTO company_actor_profiles (company ,integration_profile ,actor ,connectathon) VALUES ('OPTUM', 'XDS.b', 'DOC_REPOSITORY', 'NA2017');
INSERT INTO company_actor_profiles (company ,integration_profile ,actor ,connectathon) VALUES ('OPTUM', 'XCA', 'INIT_GATEWAY', 'NA2017');
INSERT INTO company_actor_profiles (company ,integration_profile ,actor ,connectathon) VALUES ('OPTUM', 'XCPD', 'INIT_GATEWAY', 'NA2017');
INSERT INTO company_actor_profiles (company ,integration_profile ,actor ,connectathon) VALUES ('OPTUM', 'XDS.b', 'ON_DEMAND_DOC_SOURCE', 'NA2017');
INSERT INTO company_actor_profiles (company ,integration_profile ,actor ,connectathon) VALUES ('OPTUM', 'PIXV3', 'PAT_IDENTITY_X_REF_MGR', 'NA2017');
INSERT INTO company_actor_profiles (company ,integration_profile ,actor ,connectathon) VALUES ('OPTUM', 'PDQV3', 'PDS', 'NA2017');
INSERT INTO company_actor_profiles (company ,integration_profile ,actor ,connectathon) VALUES ('OPTUM', 'XCA', 'RESP_GATEWAY', 'NA2017');
INSERT INTO company_actor_profiles (company ,integration_profile ,actor ,connectathon) VALUES ('OPTUM', 'XCPD', 'RESP_GATEWAY', 'NA2017');
INSERT INTO company_actor_profiles (company ,integration_profile ,actor ,connectathon) VALUES ('OPTUM', 'ATNA', 'SN', 'NA2017');
INSERT INTO company_actor_profiles (company ,integration_profile ,actor ,connectathon) VALUES ('OPTUM', 'CT', 'TIME_CLIENT', 'NA2017');
INSERT INTO company_actor_profiles (company ,integration_profile ,actor ,connectathon) VALUES ('PHILIPS', 'ACM', 'ALERT_RPT', 'NA2017');
INSERT INTO company_actor_profiles (company ,integration_profile ,actor ,connectathon) VALUES ('PHILIPS', 'ACM', 'ALRT_MGR', 'NA2017');
INSERT INTO company_actor_profiles (company ,integration_profile ,actor ,connectathon) VALUES ('PHILIPS', 'DEC', 'DEV_OBS_CONSUMER', 'NA2017');
INSERT INTO company_actor_profiles (company ,integration_profile ,actor ,connectathon) VALUES ('PHILIPS', 'IPEC', 'DEV_OBS_CONSUMER', 'NA2017');
INSERT INTO company_actor_profiles (company ,integration_profile ,actor ,connectathon) VALUES ('PHILIPS', 'DEC', 'DEV_OBS_REPORTER', 'NA2017');
INSERT INTO company_actor_profiles (company ,integration_profile ,actor ,connectathon) VALUES ('PHILIPS', 'MHD', 'DOC_RECIPIENT', 'NA2017');
INSERT INTO company_actor_profiles (company ,integration_profile ,actor ,connectathon) VALUES ('PHILIPS', 'CPI', 'EC', 'NA2017');
INSERT INTO company_actor_profiles (company ,integration_profile ,actor ,connectathon) VALUES ('PHILIPS', 'KIN', 'EC', 'NA2017');
INSERT INTO company_actor_profiles (company ,integration_profile ,actor ,connectathon) VALUES ('PHILIPS', 'ARI', 'ID', 'NA2017');
INSERT INTO company_actor_profiles (company ,integration_profile ,actor ,connectathon) VALUES ('PHILIPS', 'CPI', 'ID', 'NA2017');
INSERT INTO company_actor_profiles (company ,integration_profile ,actor ,connectathon) VALUES ('PHILIPS', 'DBT', 'ID', 'NA2017');
INSERT INTO company_actor_profiles (company ,integration_profile ,actor ,connectathon) VALUES ('PHILIPS', 'IID', 'ID', 'NA2017');
INSERT INTO company_actor_profiles (company ,integration_profile ,actor ,connectathon) VALUES ('PHILIPS', 'KIN', 'ID', 'NA2017');
INSERT INTO company_actor_profiles (company ,integration_profile ,actor ,connectathon) VALUES ('PHILIPS', 'SWF.b', 'ID', 'NA2017');
INSERT INTO company_actor_profiles (company ,integration_profile ,actor ,connectathon) VALUES ('PHILIPS', 'CPI', 'IM', 'NA2017');
INSERT INTO company_actor_profiles (company ,integration_profile ,actor ,connectathon) VALUES ('PHILIPS', 'DBT', 'IM', 'NA2017');
INSERT INTO company_actor_profiles (company ,integration_profile ,actor ,connectathon) VALUES ('PHILIPS', 'KIN', 'IM', 'NA2017');
INSERT INTO company_actor_profiles (company ,integration_profile ,actor ,connectathon) VALUES ('PHILIPS', 'MAMMO', 'IM', 'NA2017');
INSERT INTO company_actor_profiles (company ,integration_profile ,actor ,connectathon) VALUES ('PHILIPS', 'WIC', 'IMG_MANAGER', 'NA2017');
INSERT INTO company_actor_profiles (company ,integration_profile ,actor ,connectathon) VALUES ('PHILIPS', 'CPI', 'MOD', 'NA2017');
INSERT INTO company_actor_profiles (company ,integration_profile ,actor ,connectathon) VALUES ('PHILIPS', 'MAMMO', 'MOD', 'NA2017');
INSERT INTO company_actor_profiles (company ,integration_profile ,actor ,connectathon) VALUES ('PHILIPS', 'SWF.b', 'MOD', 'NA2017');
INSERT INTO company_actor_profiles (company ,integration_profile ,actor ,connectathon) VALUES ('PHILIPS', 'PAM', 'PDC', 'NA2017');
INSERT INTO company_actor_profiles (company ,integration_profile ,actor ,connectathon) VALUES ('PHILIPS', 'PDQm', 'PDC', 'NA2017');
INSERT INTO company_actor_profiles (company ,integration_profile ,actor ,connectathon) VALUES ('PHILIPS', 'PAM', 'PEC', 'NA2017');
INSERT INTO company_actor_profiles (company ,integration_profile ,actor ,connectathon) VALUES ('PHILIPS', 'ATNA', 'SN', 'NA2017');
INSERT INTO company_actor_profiles (company ,integration_profile ,actor ,connectathon) VALUES ('PHILIPS', 'CT', 'TIME_CLIENT', 'NA2017');
INSERT INTO company_actor_profiles (company ,integration_profile ,actor ,connectathon) VALUES ('QVERA', 'mACM', 'ALERT_RPT', 'NA2017');
INSERT INTO company_actor_profiles (company ,integration_profile ,actor ,connectathon) VALUES ('QVERA', 'BPPC', 'CONTENT_CREATOR', 'NA2017');
INSERT INTO company_actor_profiles (company ,integration_profile ,actor ,connectathon) VALUES ('QVERA', 'HW', 'CONTENT_CREATOR', 'NA2017');
INSERT INTO company_actor_profiles (company ,integration_profile ,actor ,connectathon) VALUES ('QVERA', 'MHD', 'DOC_CONSUMER', 'NA2017');
INSERT INTO company_actor_profiles (company ,integration_profile ,actor ,connectathon) VALUES ('QVERA', 'XDS.b', 'DOC_CONSUMER', 'NA2017');
INSERT INTO company_actor_profiles (company ,integration_profile ,actor ,connectathon) VALUES ('QVERA', 'MHD', 'DOC_RECIPIENT', 'NA2017');
INSERT INTO company_actor_profiles (company ,integration_profile ,actor ,connectathon) VALUES ('QVERA', 'XDR', 'DOC_RECIPIENT', 'NA2017');
INSERT INTO company_actor_profiles (company ,integration_profile ,actor ,connectathon) VALUES ('QVERA', 'XDS.b', 'DOC_REPOSITORY', 'NA2017');
INSERT INTO company_actor_profiles (company ,integration_profile ,actor ,connectathon) VALUES ('QVERA', 'MHD', 'DOC_SOURCE', 'NA2017');
INSERT INTO company_actor_profiles (company ,integration_profile ,actor ,connectathon) VALUES ('QVERA', 'XDR', 'DOC_SOURCE', 'NA2017');
INSERT INTO company_actor_profiles (company ,integration_profile ,actor ,connectathon) VALUES ('QVERA', 'XDS.b', 'DOC_SOURCE', 'NA2017');
INSERT INTO company_actor_profiles (company ,integration_profile ,actor ,connectathon) VALUES ('QVERA', 'XDS-I.b', 'IMG_DOC_CONSUMER', 'NA2017');
INSERT INTO company_actor_profiles (company ,integration_profile ,actor ,connectathon) VALUES ('QVERA', 'XCA', 'INIT_GATEWAY', 'NA2017');
INSERT INTO company_actor_profiles (company ,integration_profile ,actor ,connectathon) VALUES ('QVERA', 'XCPD', 'INIT_GATEWAY', 'NA2017');
INSERT INTO company_actor_profiles (company ,integration_profile ,actor ,connectathon) VALUES ('QVERA', 'PIX', 'PAT_IDENTITY_CONSUMER', 'NA2017');
INSERT INTO company_actor_profiles (company ,integration_profile ,actor ,connectathon) VALUES ('QVERA', 'PIXm', 'PAT_IDENTITY_CONSUMER', 'NA2017');
INSERT INTO company_actor_profiles (company ,integration_profile ,actor ,connectathon) VALUES ('QVERA', 'PDQm', 'PDC', 'NA2017');
INSERT INTO company_actor_profiles (company ,integration_profile ,actor ,connectathon) VALUES ('QVERA', 'PDQm', 'PDS', 'NA2017');
INSERT INTO company_actor_profiles (company ,integration_profile ,actor ,connectathon) VALUES ('QVERA', 'HPD', 'PROV_INFO_CONS', 'NA2017');
INSERT INTO company_actor_profiles (company ,integration_profile ,actor ,connectathon) VALUES ('QVERA', 'XCA', 'RESP_GATEWAY', 'NA2017');
INSERT INTO company_actor_profiles (company ,integration_profile ,actor ,connectathon) VALUES ('QVERA', 'XCPD', 'RESP_GATEWAY', 'NA2017');
INSERT INTO company_actor_profiles (company ,integration_profile ,actor ,connectathon) VALUES ('QVERA', 'ATNA', 'SN', 'NA2017');
INSERT INTO company_actor_profiles (company ,integration_profile ,actor ,connectathon) VALUES ('QVERA', 'CT', 'TIME_CLIENT', 'NA2017');
INSERT INTO company_actor_profiles (company ,integration_profile ,actor ,connectathon) VALUES ('QVERA', 'XUA', 'X-SERVICE-PROVIDER', 'NA2017');
INSERT INTO company_actor_profiles (company ,integration_profile ,actor ,connectathon) VALUES ('Ricoh', 'PAM', 'PEC', 'NA2017');
INSERT INTO company_actor_profiles (company ,integration_profile ,actor ,connectathon) VALUES ('SIEMENS', 'XDS.b', 'DOC_CONSUMER', 'NA2017');
INSERT INTO company_actor_profiles (company ,integration_profile ,actor ,connectathon) VALUES ('SIEMENS', 'XDS-I.b', 'DOC_CONSUMER', 'NA2017');
INSERT INTO company_actor_profiles (company ,integration_profile ,actor ,connectathon) VALUES ('SIEMENS', 'KIN', 'EC', 'NA2017');
INSERT INTO company_actor_profiles (company ,integration_profile ,actor ,connectathon) VALUES ('SIEMENS', 'KIN', 'ID', 'NA2017');
INSERT INTO company_actor_profiles (company ,integration_profile ,actor ,connectathon) VALUES ('SIEMENS', 'KIN', 'IM', 'NA2017');
INSERT INTO company_actor_profiles (company ,integration_profile ,actor ,connectathon) VALUES ('SIEMENS', 'XDS-I.b', 'IMG_DOC_CONSUMER', 'NA2017');
INSERT INTO company_actor_profiles (company ,integration_profile ,actor ,connectathon) VALUES ('SIEMENS', 'XDS-I.b', 'IMG_DOC_SOURCE', 'NA2017');
INSERT INTO company_actor_profiles (company ,integration_profile ,actor ,connectathon) VALUES ('SIEMENS', 'ATNA', 'SN', 'NA2017');
INSERT INTO company_actor_profiles (company ,integration_profile ,actor ,connectathon) VALUES ('SIEMENS', 'CT', 'TIME_CLIENT', 'NA2017');
INSERT INTO company_actor_profiles (company ,integration_profile ,actor ,connectathon) VALUES ('SMITHS', 'ACM', 'ALERT_RPT', 'NA2017');
INSERT INTO company_actor_profiles (company ,integration_profile ,actor ,connectathon) VALUES ('SMITHS', 'DEC', 'DEV_OBS_REPORTER', 'NA2017');
INSERT INTO company_actor_profiles (company ,integration_profile ,actor ,connectathon) VALUES ('SMITHS', 'IPEC', 'DEV_OBS_REPORTER', 'NA2017');
INSERT INTO company_actor_profiles (company ,integration_profile ,actor ,connectathon) VALUES ('SMITHS', 'MEMDMC', 'DMIR', 'NA2017');
INSERT INTO company_actor_profiles (company ,integration_profile ,actor ,connectathon) VALUES ('SMITHS', 'PIV', 'IOC', 'NA2017');
INSERT INTO company_actor_profiles (company ,integration_profile ,actor ,connectathon) VALUES ('SMITHS', 'MEMLS', 'LOC', 'NA2017');
INSERT INTO company_actor_profiles (company ,integration_profile ,actor ,connectathon) VALUES ('SMITHS', 'CT', 'TIME_CLIENT', 'NA2017');
INSERT INTO company_actor_profiles (company ,integration_profile ,actor ,connectathon) VALUES ('SPOK', 'ACM', 'ALRT_MGR', 'NA2017');
INSERT INTO company_actor_profiles (company ,integration_profile ,actor ,connectathon) VALUES ('SPOK', 'CT', 'TIME_CLIENT', 'NA2017');
INSERT INTO company_actor_profiles (company ,integration_profile ,actor ,connectathon) VALUES ('SS', 'XCA', 'INIT_GATEWAY', 'NA2017');
INSERT INTO company_actor_profiles (company ,integration_profile ,actor ,connectathon) VALUES ('SS', 'XCPD', 'INIT_GATEWAY', 'NA2017');
INSERT INTO company_actor_profiles (company ,integration_profile ,actor ,connectathon) VALUES ('SS', 'XCA', 'RESP_GATEWAY', 'NA2017');
INSERT INTO company_actor_profiles (company ,integration_profile ,actor ,connectathon) VALUES ('SS', 'XCPD', 'RESP_GATEWAY', 'NA2017');
INSERT INTO company_actor_profiles (company ,integration_profile ,actor ,connectathon) VALUES ('SS', 'ATNA', 'SA', 'NA2017');
INSERT INTO company_actor_profiles (company ,integration_profile ,actor ,connectathon) VALUES ('SS', 'CT', 'TIME_CLIENT', 'NA2017');
INSERT INTO company_actor_profiles (company ,integration_profile ,actor ,connectathon) VALUES ('Summit', 'XDS.b', 'DOC_CONSUMER', 'NA2017');
INSERT INTO company_actor_profiles (company ,integration_profile ,actor ,connectathon) VALUES ('Summit', 'XDR', 'DOC_RECIPIENT', 'NA2017');
INSERT INTO company_actor_profiles (company ,integration_profile ,actor ,connectathon) VALUES ('Summit', 'XDS.b', 'DOC_REPOSITORY', 'NA2017');
INSERT INTO company_actor_profiles (company ,integration_profile ,actor ,connectathon) VALUES ('Summit', 'XDS.b', 'DOC_SOURCE', 'NA2017');
INSERT INTO company_actor_profiles (company ,integration_profile ,actor ,connectathon) VALUES ('Summit', 'XCA', 'INIT_GATEWAY', 'NA2017');
INSERT INTO company_actor_profiles (company ,integration_profile ,actor ,connectathon) VALUES ('Summit', 'XCPD', 'INIT_GATEWAY', 'NA2017');
INSERT INTO company_actor_profiles (company ,integration_profile ,actor ,connectathon) VALUES ('Summit', 'PIX', 'PAT_IDENTITY_CONSUMER', 'NA2017');
INSERT INTO company_actor_profiles (company ,integration_profile ,actor ,connectathon) VALUES ('Summit', 'PIXV3', 'PAT_IDENTITY_CONSUMER', 'NA2017');
INSERT INTO company_actor_profiles (company ,integration_profile ,actor ,connectathon) VALUES ('Summit', 'PIX', 'PAT_IDENTITY_SRC', 'NA2017');
INSERT INTO company_actor_profiles (company ,integration_profile ,actor ,connectathon) VALUES ('Summit', 'PIXV3', 'PAT_IDENTITY_SRC', 'NA2017');
INSERT INTO company_actor_profiles (company ,integration_profile ,actor ,connectathon) VALUES ('Summit', 'PIX', 'PAT_IDENTITY_X_REF_MGR', 'NA2017');
INSERT INTO company_actor_profiles (company ,integration_profile ,actor ,connectathon) VALUES ('Summit', 'PIXV3', 'PAT_IDENTITY_X_REF_MGR', 'NA2017');
INSERT INTO company_actor_profiles (company ,integration_profile ,actor ,connectathon) VALUES ('Summit', 'PDQ', 'PDC', 'NA2017');
INSERT INTO company_actor_profiles (company ,integration_profile ,actor ,connectathon) VALUES ('Summit', 'PDQV3', 'PDC', 'NA2017');
INSERT INTO company_actor_profiles (company ,integration_profile ,actor ,connectathon) VALUES ('Summit', 'PDQ', 'PDS', 'NA2017');
INSERT INTO company_actor_profiles (company ,integration_profile ,actor ,connectathon) VALUES ('Summit', 'PDQV3', 'PDS', 'NA2017');
INSERT INTO company_actor_profiles (company ,integration_profile ,actor ,connectathon) VALUES ('Summit', 'XDM', 'PMI', 'NA2017');
INSERT INTO company_actor_profiles (company ,integration_profile ,actor ,connectathon) VALUES ('Summit', 'XCA', 'RESP_GATEWAY', 'NA2017');
INSERT INTO company_actor_profiles (company ,integration_profile ,actor ,connectathon) VALUES ('Summit', 'XCPD', 'RESP_GATEWAY', 'NA2017');
INSERT INTO company_actor_profiles (company ,integration_profile ,actor ,connectathon) VALUES ('Summit', 'ATNA', 'SA', 'NA2017');
INSERT INTO company_actor_profiles (company ,integration_profile ,actor ,connectathon) VALUES ('Summit', 'CT', 'TIME_CLIENT', 'NA2017');
INSERT INTO company_actor_profiles (company ,integration_profile ,actor ,connectathon) VALUES ('SUNQUEST', 'XDS.b', 'DOC_CONSUMER', 'NA2017');
INSERT INTO company_actor_profiles (company ,integration_profile ,actor ,connectathon) VALUES ('SUNQUEST', 'ATNA', 'SN', 'NA2017');
INSERT INTO company_actor_profiles (company ,integration_profile ,actor ,connectathon) VALUES ('SUNQUEST', 'CT', 'TIME_CLIENT', 'NA2017');
INSERT INTO company_actor_profiles (company ,integration_profile ,actor ,connectathon) VALUES ('Talis', 'DEC', 'DEV_OBS_CONSUMER', 'NA2017');
INSERT INTO company_actor_profiles (company ,integration_profile ,actor ,connectathon) VALUES ('Talis', 'DEC', 'DEV_OBS_REPORTER', 'NA2017');
INSERT INTO company_actor_profiles (company ,integration_profile ,actor ,connectathon) VALUES ('Talis', 'IPEC', 'DEV_OBS_REPORTER', 'NA2017');
INSERT INTO company_actor_profiles (company ,integration_profile ,actor ,connectathon) VALUES ('Talis', 'CT', 'TIME_CLIENT', 'NA2017');
INSERT INTO company_actor_profiles (company ,integration_profile ,actor ,connectathon) VALUES ('SPIRIT-CISCO', 'ATNA', 'ARR', 'NA2017');
INSERT INTO company_actor_profiles (company ,integration_profile ,actor ,connectathon) VALUES ('SPIRIT-CISCO', 'ATNA', 'AUDIT_CONSUMER', 'NA2017');
INSERT INTO company_actor_profiles (company ,integration_profile ,actor ,connectathon) VALUES ('SPIRIT-CISCO', 'ATNA', 'AUDIT_RECORD_FORWARDER', 'NA2017');
INSERT INTO company_actor_profiles (company ,integration_profile ,actor ,connectathon) VALUES ('SPIRIT-CISCO', 'BPPC', 'CONTENT_CONSUMER', 'NA2017');
INSERT INTO company_actor_profiles (company ,integration_profile ,actor ,connectathon) VALUES ('SPIRIT-CISCO', 'DEN', 'CONTENT_CONSUMER', 'NA2017');
INSERT INTO company_actor_profiles (company ,integration_profile ,actor ,connectathon) VALUES ('SPIRIT-CISCO', 'IC', 'CONTENT_CONSUMER', 'NA2017');
INSERT INTO company_actor_profiles (company ,integration_profile ,actor ,connectathon) VALUES ('SPIRIT-CISCO', 'PRPH-Ca', 'CONTENT_CONSUMER', 'NA2017');
INSERT INTO company_actor_profiles (company ,integration_profile ,actor ,connectathon) VALUES ('SPIRIT-CISCO', 'XDS-SD', 'CONTENT_CONSUMER', 'NA2017');
INSERT INTO company_actor_profiles (company ,integration_profile ,actor ,connectathon) VALUES ('SPIRIT-CISCO', 'XDW', 'CONTENT_CONSUMER', 'NA2017');
INSERT INTO company_actor_profiles (company ,integration_profile ,actor ,connectathon) VALUES ('SPIRIT-CISCO', 'APE', 'CONTENT_CREATOR', 'NA2017');
INSERT INTO company_actor_profiles (company ,integration_profile ,actor ,connectathon) VALUES ('SPIRIT-CISCO', 'APHP', 'CONTENT_CREATOR', 'NA2017');
INSERT INTO company_actor_profiles (company ,integration_profile ,actor ,connectathon) VALUES ('SPIRIT-CISCO', 'APL', 'CONTENT_CREATOR', 'NA2017');
INSERT INTO company_actor_profiles (company ,integration_profile ,actor ,connectathon) VALUES ('SPIRIT-CISCO', 'APS', 'CONTENT_CREATOR', 'NA2017');
INSERT INTO company_actor_profiles (company ,integration_profile ,actor ,connectathon) VALUES ('SPIRIT-CISCO', 'BPPC', 'CONTENT_CREATOR', 'NA2017');
INSERT INTO company_actor_profiles (company ,integration_profile ,actor ,connectathon) VALUES ('SPIRIT-CISCO', 'CTNN', 'CONTENT_CREATOR', 'NA2017');
INSERT INTO company_actor_profiles (company ,integration_profile ,actor ,connectathon) VALUES ('SPIRIT-CISCO', 'DEN', 'CONTENT_CREATOR', 'NA2017');
INSERT INTO company_actor_profiles (company ,integration_profile ,actor ,connectathon) VALUES ('SPIRIT-CISCO', 'DIS', 'CONTENT_CREATOR', 'NA2017');
INSERT INTO company_actor_profiles (company ,integration_profile ,actor ,connectathon) VALUES ('SPIRIT-CISCO', 'EDPN', 'CONTENT_CREATOR', 'NA2017');
INSERT INTO company_actor_profiles (company ,integration_profile ,actor ,connectathon) VALUES ('SPIRIT-CISCO', 'EDR', 'CONTENT_CREATOR', 'NA2017');
INSERT INTO company_actor_profiles (company ,integration_profile ,actor ,connectathon) VALUES ('SPIRIT-CISCO', 'IC', 'CONTENT_CREATOR', 'NA2017');
INSERT INTO company_actor_profiles (company ,integration_profile ,actor ,connectathon) VALUES ('SPIRIT-CISCO', 'LDHP', 'CONTENT_CREATOR', 'NA2017');
INSERT INTO company_actor_profiles (company ,integration_profile ,actor ,connectathon) VALUES ('SPIRIT-CISCO', 'LDS', 'CONTENT_CREATOR', 'NA2017');
INSERT INTO company_actor_profiles (company ,integration_profile ,actor ,connectathon) VALUES ('SPIRIT-CISCO', 'NN', 'CONTENT_CREATOR', 'NA2017');
INSERT INTO company_actor_profiles (company ,integration_profile ,actor ,connectathon) VALUES ('SPIRIT-CISCO', 'PADV', 'CONTENT_CREATOR', 'NA2017');
INSERT INTO company_actor_profiles (company ,integration_profile ,actor ,connectathon) VALUES ('SPIRIT-CISCO', 'PRPH-Ca', 'CONTENT_CREATOR', 'NA2017');
INSERT INTO company_actor_profiles (company ,integration_profile ,actor ,connectathon) VALUES ('SPIRIT-CISCO', 'TN', 'CONTENT_CREATOR', 'NA2017');
INSERT INTO company_actor_profiles (company ,integration_profile ,actor ,connectathon) VALUES ('SPIRIT-CISCO', 'XD-LAB', 'CONTENT_CREATOR', 'NA2017');
INSERT INTO company_actor_profiles (company ,integration_profile ,actor ,connectathon) VALUES ('SPIRIT-CISCO', 'XDS-MS', 'CONTENT_CREATOR', 'NA2017');
INSERT INTO company_actor_profiles (company ,integration_profile ,actor ,connectathon) VALUES ('SPIRIT-CISCO', 'XDS-SD', 'CONTENT_CREATOR', 'NA2017');
INSERT INTO company_actor_profiles (company ,integration_profile ,actor ,connectathon) VALUES ('SPIRIT-CISCO', 'XDW', 'CONTENT_CREATOR', 'NA2017');
INSERT INTO company_actor_profiles (company ,integration_profile ,actor ,connectathon) VALUES ('SPIRIT-CISCO', 'XPHR', 'CONTENT_CREATOR', 'NA2017');
INSERT INTO company_actor_profiles (company ,integration_profile ,actor ,connectathon) VALUES ('SPIRIT-CISCO', 'XDW', 'CONTENT_UPDATER', 'NA2017');
INSERT INTO company_actor_profiles (company ,integration_profile ,actor ,connectathon) VALUES ('SPIRIT-CISCO', 'DSUB', 'DM_NOTIF_BROKER', 'NA2017');
INSERT INTO company_actor_profiles (company ,integration_profile ,actor ,connectathon) VALUES ('SPIRIT-CISCO', 'XDS.b', 'DOC_ADMINISTRATOR', 'NA2017');
INSERT INTO company_actor_profiles (company ,integration_profile ,actor ,connectathon) VALUES ('SPIRIT-CISCO', 'XDS.b', 'DOC_CONSUMER', 'NA2017');
INSERT INTO company_actor_profiles (company ,integration_profile ,actor ,connectathon) VALUES ('SPIRIT-CISCO', 'XDS-I.b', 'DOC_CONSUMER', 'NA2017');
INSERT INTO company_actor_profiles (company ,integration_profile ,actor ,connectathon) VALUES ('SPIRIT-CISCO', 'XDR', 'DOC_RECIPIENT', 'NA2017');
INSERT INTO company_actor_profiles (company ,integration_profile ,actor ,connectathon) VALUES ('SPIRIT-CISCO', 'MPQ', 'DOC_REGISTRY', 'NA2017');
INSERT INTO company_actor_profiles (company ,integration_profile ,actor ,connectathon) VALUES ('SPIRIT-CISCO', 'XDS.b', 'DOC_REGISTRY', 'NA2017');
INSERT INTO company_actor_profiles (company ,integration_profile ,actor ,connectathon) VALUES ('SPIRIT-CISCO', 'XDS-I.b', 'DOC_REGISTRY', 'NA2017');
INSERT INTO company_actor_profiles (company ,integration_profile ,actor ,connectathon) VALUES ('SPIRIT-CISCO', 'XPID', 'DOC_REGISTRY', 'NA2017');
INSERT INTO company_actor_profiles (company ,integration_profile ,actor ,connectathon) VALUES ('SPIRIT-CISCO', 'XDS.b', 'DOC_REPOSITORY', 'NA2017');
INSERT INTO company_actor_profiles (company ,integration_profile ,actor ,connectathon) VALUES ('SPIRIT-CISCO', 'XDS-I.b', 'DOC_REPOSITORY', 'NA2017');
INSERT INTO company_actor_profiles (company ,integration_profile ,actor ,connectathon) VALUES ('SPIRIT-CISCO', 'XDR', 'DOC_SOURCE', 'NA2017');
INSERT INTO company_actor_profiles (company ,integration_profile ,actor ,connectathon) VALUES ('SPIRIT-CISCO', 'XDS.b', 'DOC_SOURCE', 'NA2017');
INSERT INTO company_actor_profiles (company ,integration_profile ,actor ,connectathon) VALUES ('SPIRIT-CISCO', 'XDS.b', 'EMBED_REPOS', 'NA2017');
INSERT INTO company_actor_profiles (company ,integration_profile ,actor ,connectathon) VALUES ('SPIRIT-CISCO', 'BFDR-E', 'FORM_FILLER', 'NA2017');
INSERT INTO company_actor_profiles (company ,integration_profile ,actor ,connectathon) VALUES ('SPIRIT-CISCO', 'CRD', 'FORM_FILLER', 'NA2017');
INSERT INTO company_actor_profiles (company ,integration_profile ,actor ,connectathon) VALUES ('SPIRIT-CISCO', 'DSC', 'FORM_FILLER', 'NA2017');
INSERT INTO company_actor_profiles (company ,integration_profile ,actor ,connectathon) VALUES ('SPIRIT-CISCO', 'RFD', 'FORM_FILLER', 'NA2017');
INSERT INTO company_actor_profiles (company ,integration_profile ,actor ,connectathon) VALUES ('SPIRIT-CISCO', 'CRD', 'FORM_MANAGER', 'NA2017');
INSERT INTO company_actor_profiles (company ,integration_profile ,actor ,connectathon) VALUES ('SPIRIT-CISCO', 'DSC', 'FORM_MANAGER', 'NA2017');
INSERT INTO company_actor_profiles (company ,integration_profile ,actor ,connectathon) VALUES ('SPIRIT-CISCO', 'PRPH-Ca', 'FORM_MANAGER', 'NA2017');
INSERT INTO company_actor_profiles (company ,integration_profile ,actor ,connectathon) VALUES ('SPIRIT-CISCO', 'RFD', 'FORM_MANAGER', 'NA2017');
INSERT INTO company_actor_profiles (company ,integration_profile ,actor ,connectathon) VALUES ('SPIRIT-CISCO', 'RFD', 'FORM_PROCESSOR', 'NA2017');
INSERT INTO company_actor_profiles (company ,integration_profile ,actor ,connectathon) VALUES ('SPIRIT-CISCO', 'RFD', 'FORM_RECEIVER', 'NA2017');
INSERT INTO company_actor_profiles (company ,integration_profile ,actor ,connectathon) VALUES ('SPIRIT-CISCO', 'ARI', 'ID', 'NA2017');
INSERT INTO company_actor_profiles (company ,integration_profile ,actor ,connectathon) VALUES ('SPIRIT-CISCO', 'CATH', 'ID', 'NA2017');
INSERT INTO company_actor_profiles (company ,integration_profile ,actor ,connectathon) VALUES ('SPIRIT-CISCO', 'CPI', 'ID', 'NA2017');
INSERT INTO company_actor_profiles (company ,integration_profile ,actor ,connectathon) VALUES ('SPIRIT-CISCO', 'DBT', 'ID', 'NA2017');
INSERT INTO company_actor_profiles (company ,integration_profile ,actor ,connectathon) VALUES ('SPIRIT-CISCO', 'ED', 'ID', 'NA2017');
INSERT INTO company_actor_profiles (company ,integration_profile ,actor ,connectathon) VALUES ('SPIRIT-CISCO', 'KIN', 'ID', 'NA2017');
INSERT INTO company_actor_profiles (company ,integration_profile ,actor ,connectathon) VALUES ('SPIRIT-CISCO', 'MAMMO', 'ID', 'NA2017');
INSERT INTO company_actor_profiles (company ,integration_profile ,actor ,connectathon) VALUES ('SPIRIT-CISCO', 'NMI', 'ID', 'NA2017');
INSERT INTO company_actor_profiles (company ,integration_profile ,actor ,connectathon) VALUES ('SPIRIT-CISCO', 'SWF.b', 'ID', 'NA2017');
INSERT INTO company_actor_profiles (company ,integration_profile ,actor ,connectathon) VALUES ('SPIRIT-CISCO', 'ARI', 'IM', 'NA2017');
INSERT INTO company_actor_profiles (company ,integration_profile ,actor ,connectathon) VALUES ('SPIRIT-CISCO', 'CATH', 'IM', 'NA2017');
INSERT INTO company_actor_profiles (company ,integration_profile ,actor ,connectathon) VALUES ('SPIRIT-CISCO', 'CPI', 'IM', 'NA2017');
INSERT INTO company_actor_profiles (company ,integration_profile ,actor ,connectathon) VALUES ('SPIRIT-CISCO', 'DBT', 'IM', 'NA2017');
INSERT INTO company_actor_profiles (company ,integration_profile ,actor ,connectathon) VALUES ('SPIRIT-CISCO', 'DIFF', 'IM', 'NA2017');
INSERT INTO company_actor_profiles (company ,integration_profile ,actor ,connectathon) VALUES ('SPIRIT-CISCO', 'ED', 'IM', 'NA2017');
INSERT INTO company_actor_profiles (company ,integration_profile ,actor ,connectathon) VALUES ('SPIRIT-CISCO', 'KIN', 'IM', 'NA2017');
INSERT INTO company_actor_profiles (company ,integration_profile ,actor ,connectathon) VALUES ('SPIRIT-CISCO', 'MAMMO', 'IM', 'NA2017');
INSERT INTO company_actor_profiles (company ,integration_profile ,actor ,connectathon) VALUES ('SPIRIT-CISCO', 'PERF', 'IM', 'NA2017');
INSERT INTO company_actor_profiles (company ,integration_profile ,actor ,connectathon) VALUES ('SPIRIT-CISCO', 'REM', 'IM', 'NA2017');
INSERT INTO company_actor_profiles (company ,integration_profile ,actor ,connectathon) VALUES ('SPIRIT-CISCO', 'SWF.b', 'IM', 'NA2017');
INSERT INTO company_actor_profiles (company ,integration_profile ,actor ,connectathon) VALUES ('SPIRIT-CISCO', 'XCA-I', 'IMG_DOC_CONSUMER', 'NA2017');
INSERT INTO company_actor_profiles (company ,integration_profile ,actor ,connectathon) VALUES ('SPIRIT-CISCO', 'XDS-I.b', 'IMG_DOC_CONSUMER', 'NA2017');
INSERT INTO company_actor_profiles (company ,integration_profile ,actor ,connectathon) VALUES ('SPIRIT-CISCO', 'XCA-I', 'IMG_DOC_SOURCE', 'NA2017');
INSERT INTO company_actor_profiles (company ,integration_profile ,actor ,connectathon) VALUES ('SPIRIT-CISCO', 'XDS-I.b', 'IMG_DOC_SOURCE', 'NA2017');
INSERT INTO company_actor_profiles (company ,integration_profile ,actor ,connectathon) VALUES ('SPIRIT-CISCO', 'XCA', 'INIT_GATEWAY', 'NA2017');
INSERT INTO company_actor_profiles (company ,integration_profile ,actor ,connectathon) VALUES ('SPIRIT-CISCO', 'XCF', 'INIT_GATEWAY', 'NA2017');
INSERT INTO company_actor_profiles (company ,integration_profile ,actor ,connectathon) VALUES ('SPIRIT-CISCO', 'XCPD', 'INIT_GATEWAY', 'NA2017');
INSERT INTO company_actor_profiles (company ,integration_profile ,actor ,connectathon) VALUES ('SPIRIT-CISCO', 'XCA-I', 'INIT_IMG_GATEWAY', 'NA2017');
INSERT INTO company_actor_profiles (company ,integration_profile ,actor ,connectathon) VALUES ('SPIRIT-CISCO', 'XDS.b', 'ON_DEMAND_DOC_SOURCE', 'NA2017');
INSERT INTO company_actor_profiles (company ,integration_profile ,actor ,connectathon) VALUES ('SPIRIT-CISCO', 'PIX', 'PAT_IDENTITY_CONSUMER', 'NA2017');
INSERT INTO company_actor_profiles (company ,integration_profile ,actor ,connectathon) VALUES ('SPIRIT-CISCO', 'PIXV3', 'PAT_IDENTITY_CONSUMER', 'NA2017');
INSERT INTO company_actor_profiles (company ,integration_profile ,actor ,connectathon) VALUES ('SPIRIT-CISCO', 'PIX', 'PAT_IDENTITY_SRC', 'NA2017');
INSERT INTO company_actor_profiles (company ,integration_profile ,actor ,connectathon) VALUES ('SPIRIT-CISCO', 'PIXV3', 'PAT_IDENTITY_SRC', 'NA2017');
INSERT INTO company_actor_profiles (company ,integration_profile ,actor ,connectathon) VALUES ('SPIRIT-CISCO', 'XDS.b', 'PAT_IDENTITY_SRC', 'NA2017');
INSERT INTO company_actor_profiles (company ,integration_profile ,actor ,connectathon) VALUES ('SPIRIT-CISCO', 'PIX', 'PAT_IDENTITY_X_REF_MGR', 'NA2017');
INSERT INTO company_actor_profiles (company ,integration_profile ,actor ,connectathon) VALUES ('SPIRIT-CISCO', 'PIXm', 'PAT_IDENTITY_X_REF_MGR', 'NA2017');
INSERT INTO company_actor_profiles (company ,integration_profile ,actor ,connectathon) VALUES ('SPIRIT-CISCO', 'PIXV3', 'PAT_IDENTITY_X_REF_MGR', 'NA2017');
INSERT INTO company_actor_profiles (company ,integration_profile ,actor ,connectathon) VALUES ('SPIRIT-CISCO', 'XPID', 'PAT_IDENTITY_X_REF_MGR', 'NA2017');
INSERT INTO company_actor_profiles (company ,integration_profile ,actor ,connectathon) VALUES ('SPIRIT-CISCO', 'PAM', 'PDC', 'NA2017');
INSERT INTO company_actor_profiles (company ,integration_profile ,actor ,connectathon) VALUES ('SPIRIT-CISCO', 'PDQ', 'PDC', 'NA2017');
INSERT INTO company_actor_profiles (company ,integration_profile ,actor ,connectathon) VALUES ('SPIRIT-CISCO', 'PDQV3', 'PDC', 'NA2017');
INSERT INTO company_actor_profiles (company ,integration_profile ,actor ,connectathon) VALUES ('SPIRIT-CISCO', 'PDQ', 'PDS', 'NA2017');
INSERT INTO company_actor_profiles (company ,integration_profile ,actor ,connectathon) VALUES ('SPIRIT-CISCO', 'PDQm', 'PDS', 'NA2017');
INSERT INTO company_actor_profiles (company ,integration_profile ,actor ,connectathon) VALUES ('SPIRIT-CISCO', 'PDQV3', 'PDS', 'NA2017');
INSERT INTO company_actor_profiles (company ,integration_profile ,actor ,connectathon) VALUES ('SPIRIT-CISCO', 'PAM', 'PEC', 'NA2017');
INSERT INTO company_actor_profiles (company ,integration_profile ,actor ,connectathon) VALUES ('SPIRIT-CISCO', 'XDM', 'PMC', 'NA2017');
INSERT INTO company_actor_profiles (company ,integration_profile ,actor ,connectathon) VALUES ('SPIRIT-CISCO', 'XDM', 'PMI', 'NA2017');
INSERT INTO company_actor_profiles (company ,integration_profile ,actor ,connectathon) VALUES ('SPIRIT-CISCO', 'SWF.b', 'PPSM', 'NA2017');
INSERT INTO company_actor_profiles (company ,integration_profile ,actor ,connectathon) VALUES ('SPIRIT-CISCO', 'HPD', 'PROV_INFO_CONS', 'NA2017');
INSERT INTO company_actor_profiles (company ,integration_profile ,actor ,connectathon) VALUES ('SPIRIT-CISCO', 'HPD', 'PROV_INFO_DIR', 'NA2017');
INSERT INTO company_actor_profiles (company ,integration_profile ,actor ,connectathon) VALUES ('SPIRIT-CISCO', 'HPD', 'PROV_INFO_SRC', 'NA2017');
INSERT INTO company_actor_profiles (company ,integration_profile ,actor ,connectathon) VALUES ('SPIRIT-CISCO', 'XCA', 'RESP_GATEWAY', 'NA2017');
INSERT INTO company_actor_profiles (company ,integration_profile ,actor ,connectathon) VALUES ('SPIRIT-CISCO', 'XCF', 'RESP_GATEWAY', 'NA2017');
INSERT INTO company_actor_profiles (company ,integration_profile ,actor ,connectathon) VALUES ('SPIRIT-CISCO', 'XCPD', 'RESP_GATEWAY', 'NA2017');
INSERT INTO company_actor_profiles (company ,integration_profile ,actor ,connectathon) VALUES ('SPIRIT-CISCO', 'XCA-I', 'RESP_IMG_GATEWAY', 'NA2017');
INSERT INTO company_actor_profiles (company ,integration_profile ,actor ,connectathon) VALUES ('SPIRIT-CISCO', 'ATNA', 'SA', 'NA2017');
INSERT INTO company_actor_profiles (company ,integration_profile ,actor ,connectathon) VALUES ('SPIRIT-CISCO', 'ATNA', 'SN', 'NA2017');
INSERT INTO company_actor_profiles (company ,integration_profile ,actor ,connectathon) VALUES ('SPIRIT-CISCO', 'CT', 'TIME_CLIENT', 'NA2017');
INSERT INTO company_actor_profiles (company ,integration_profile ,actor ,connectathon) VALUES ('SPIRIT-CISCO', 'CT', 'TS', 'NA2017');
INSERT INTO company_actor_profiles (company ,integration_profile ,actor ,connectathon) VALUES ('SPIRIT-CISCO', 'SVS', 'VALUE_SET_CONSUMER', 'NA2017');
INSERT INTO company_actor_profiles (company ,integration_profile ,actor ,connectathon) VALUES ('SPIRIT-CISCO', 'XUA', 'X-SERVICE-PROVIDER', 'NA2017');
INSERT INTO company_actor_profiles (company ,integration_profile ,actor ,connectathon) VALUES ('SPIRIT-CISCO', 'XUA', 'X-SERVICE-USER', 'NA2017');
INSERT INTO company_actor_profiles (company ,integration_profile ,actor ,connectathon) VALUES ('UDOH', 'BFDR-E', 'CONTENT_CONSUMER', 'NA2017');
INSERT INTO company_actor_profiles (company ,integration_profile ,actor ,connectathon) VALUES ('UDOH', 'VRDR', 'FORM_RCVR_MSG_EXPORTER', 'NA2017');
INSERT INTO company_actor_profiles (company ,integration_profile ,actor ,connectathon) VALUES ('UDOH', 'BFDR-E', 'INFO_RECIPIENT_HL7', 'NA2017');
INSERT INTO company_actor_profiles (company ,integration_profile ,actor ,connectathon) VALUES ('UDOH', 'VRDR', 'INFO_RECIPIENT_HL7', 'NA2017');
INSERT INTO company_actor_profiles (company ,integration_profile ,actor ,connectathon) VALUES ('UDOH', 'NANI', 'INFORMATION_RECIP', 'NA2017');
INSERT INTO company_actor_profiles (company ,integration_profile ,actor ,connectathon) VALUES ('UDOH', 'VRDR', 'INFO_SRC_HL7', 'NA2017');
INSERT INTO company_actor_profiles (company ,integration_profile ,actor ,connectathon) VALUES ('UDOH', 'CT', 'TIME_CLIENT', 'NA2017');
INSERT INTO company_actor_profiles (company ,integration_profile ,actor ,connectathon) VALUES ('VARIAN', 'PAM', 'PDC', 'NA2017');
INSERT INTO company_actor_profiles (company ,integration_profile ,actor ,connectathon) VALUES ('VARIAN', 'PAM', 'PEC', 'NA2017');
INSERT INTO company_actor_profiles (company ,integration_profile ,actor ,connectathon) VALUES ('VARIAN', 'CT', 'TIME_CLIENT', 'NA2017');
INSERT INTO company_actor_profiles (company ,integration_profile ,actor ,connectathon) VALUES ('VHA', 'DEC', 'DEV_OBS_CONSUMER', 'NA2017');
INSERT INTO company_actor_profiles (company ,integration_profile ,actor ,connectathon) VALUES ('VHA', 'IPEC', 'DEV_OBS_CONSUMER', 'NA2017');
INSERT INTO company_actor_profiles (company ,integration_profile ,actor ,connectathon) VALUES ('VHA', 'CT', 'TIME_CLIENT', 'NA2017');
-- INSERT INTO company_actor_profiles (company ,integration_profile ,actor ,connectathon) VALUES ('WebRecycles', 'C-CDA2.1_CONSUMERS', 'CONTENT_CONSUMER', 'NA2017');
INSERT INTO company_actor_profiles (company ,integration_profile ,actor ,connectathon) VALUES ('WebRecycles', 'MHD', 'DOC_SOURCE', 'NA2017');
INSERT INTO company_actor_profiles (company ,integration_profile ,actor ,connectathon) VALUES ('WebRecycles', 'CT', 'TIME_CLIENT', 'NA2017');



INSERT INTO company_actor_profiles (company ,integration_profile ,actor ,connectathon) VALUES ('SIEMENS', 'ATNA', 'ARR', 'NA2017');
INSERT INTO company_actor_profiles (company ,integration_profile ,actor ,connectathon) VALUES ('SIEMENS', 'XDW', 'CONTENT_CONSUMER', 'NA2017');
INSERT INTO company_actor_profiles (company ,integration_profile ,actor ,connectathon) VALUES ('SIEMENS', 'XDW', 'CONTENT_CREATOR', 'NA2017');
INSERT INTO company_actor_profiles (company ,integration_profile ,actor ,connectathon) VALUES ('SIEMENS', 'XDW', 'CONTENT_UPDATER', 'NA2017');
INSERT INTO company_actor_profiles (company ,integration_profile ,actor ,connectathon) VALUES ('SIEMENS', 'DSUB', 'DM_NOTIF_BROKER', 'NA2017');
INSERT INTO company_actor_profiles (company ,integration_profile ,actor ,connectathon) VALUES ('SIEMENS', 'DSUB', 'DM_NOTIF_RECIPIENT', 'NA2017');
INSERT INTO company_actor_profiles (company ,integration_profile ,actor ,connectathon) VALUES ('SIEMENS', 'DSUB', 'DM_PUBLISHER', 'NA2017');
INSERT INTO company_actor_profiles (company ,integration_profile ,actor ,connectathon) VALUES ('SIEMENS', 'DSUB', 'DM_SUBSCRIBER', 'NA2017');
INSERT INTO company_actor_profiles (company ,integration_profile ,actor ,connectathon) VALUES ('SIEMENS', 'XDS.b', 'DOC_ADMINISTRATOR', 'NA2017');
INSERT INTO company_actor_profiles (company ,integration_profile ,actor ,connectathon) VALUES ('SIEMENS', 'MPQ', 'DOC_CONSUMER', 'NA2017');
INSERT INTO company_actor_profiles (company ,integration_profile ,actor ,connectathon) VALUES ('SIEMENS', 'XDS.b', 'DOC_CONSUMER', 'NA2017');
INSERT INTO company_actor_profiles (company ,integration_profile ,actor ,connectathon) VALUES ('SIEMENS', 'XDS-I.b', 'DOC_CONSUMER', 'NA2017');
INSERT INTO company_actor_profiles (company ,integration_profile ,actor ,connectathon) VALUES ('SIEMENS', 'XDR', 'DOC_RECIPIENT', 'NA2017');
INSERT INTO company_actor_profiles (company ,integration_profile ,actor ,connectathon) VALUES ('SIEMENS', 'MPQ', 'DOC_REGISTRY', 'NA2017');
INSERT INTO company_actor_profiles (company ,integration_profile ,actor ,connectathon) VALUES ('SIEMENS', 'XDS.b', 'DOC_REGISTRY', 'NA2017');
INSERT INTO company_actor_profiles (company ,integration_profile ,actor ,connectathon) VALUES ('SIEMENS', 'XPID', 'DOC_REGISTRY', 'NA2017');
INSERT INTO company_actor_profiles (company ,integration_profile ,actor ,connectathon) VALUES ('SIEMENS', 'XDS.b', 'DOC_REPOSITORY', 'NA2017');
INSERT INTO company_actor_profiles (company ,integration_profile ,actor ,connectathon) VALUES ('SIEMENS', 'XDR', 'DOC_SOURCE', 'NA2017');
INSERT INTO company_actor_profiles (company ,integration_profile ,actor ,connectathon) VALUES ('SIEMENS', 'XDS.b', 'DOC_SOURCE', 'NA2017');
INSERT INTO company_actor_profiles (company ,integration_profile ,actor ,connectathon) VALUES ('SIEMENS', 'XDS-I.b', 'IMG_DOC_CONSUMER', 'NA2017');
INSERT INTO company_actor_profiles (company ,integration_profile ,actor ,connectathon) VALUES ('SIEMENS', 'XDS-I.b', 'IMG_DOC_SOURCE', 'NA2017');
INSERT INTO company_actor_profiles (company ,integration_profile ,actor ,connectathon) VALUES ('SIEMENS', 'XCA', 'INIT_GATEWAY', 'NA2017');
INSERT INTO company_actor_profiles (company ,integration_profile ,actor ,connectathon) VALUES ('SIEMENS', 'XCPD', 'INIT_GATEWAY', 'NA2017');
INSERT INTO company_actor_profiles (company ,integration_profile ,actor ,connectathon) VALUES ('SIEMENS', 'XCA-I', 'INIT_IMG_GATEWAY', 'NA2017');
INSERT INTO company_actor_profiles (company ,integration_profile ,actor ,connectathon) VALUES ('SIEMENS', 'PIX', 'PAT_IDENTITY_CONSUMER', 'NA2017');
INSERT INTO company_actor_profiles (company ,integration_profile ,actor ,connectathon) VALUES ('SIEMENS', 'PIXV3', 'PAT_IDENTITY_CONSUMER', 'NA2017');
INSERT INTO company_actor_profiles (company ,integration_profile ,actor ,connectathon) VALUES ('SIEMENS', 'PIX', 'PAT_IDENTITY_SRC', 'NA2017');
INSERT INTO company_actor_profiles (company ,integration_profile ,actor ,connectathon) VALUES ('SIEMENS', 'PIXV3', 'PAT_IDENTITY_SRC', 'NA2017');
INSERT INTO company_actor_profiles (company ,integration_profile ,actor ,connectathon) VALUES ('SIEMENS', 'PIX', 'PAT_IDENTITY_X_REF_MGR', 'NA2017');
INSERT INTO company_actor_profiles (company ,integration_profile ,actor ,connectathon) VALUES ('SIEMENS', 'PIXV3', 'PAT_IDENTITY_X_REF_MGR', 'NA2017');
INSERT INTO company_actor_profiles (company ,integration_profile ,actor ,connectathon) VALUES ('SIEMENS', 'XPID', 'PAT_IDENTITY_X_REF_MGR', 'NA2017');
INSERT INTO company_actor_profiles (company ,integration_profile ,actor ,connectathon) VALUES ('SIEMENS', 'PDQ', 'PDC', 'NA2017');
INSERT INTO company_actor_profiles (company ,integration_profile ,actor ,connectathon) VALUES ('SIEMENS', 'PDQV3', 'PDC', 'NA2017');
INSERT INTO company_actor_profiles (company ,integration_profile ,actor ,connectathon) VALUES ('SIEMENS', 'PDQ', 'PDS', 'NA2017');
INSERT INTO company_actor_profiles (company ,integration_profile ,actor ,connectathon) VALUES ('SIEMENS', 'PDQV3', 'PDS', 'NA2017');
INSERT INTO company_actor_profiles (company ,integration_profile ,actor ,connectathon) VALUES ('SIEMENS', 'HPD', 'PROV_INFO_CONS', 'NA2017');
INSERT INTO company_actor_profiles (company ,integration_profile ,actor ,connectathon) VALUES ('SIEMENS', 'HPD', 'PROV_INFO_DIR', 'NA2017');
INSERT INTO company_actor_profiles (company ,integration_profile ,actor ,connectathon) VALUES ('SIEMENS', 'HPD', 'PROV_INFO_SRC', 'NA2017');
INSERT INTO company_actor_profiles (company ,integration_profile ,actor ,connectathon) VALUES ('SIEMENS', 'XCA', 'RESP_GATEWAY', 'NA2017');
INSERT INTO company_actor_profiles (company ,integration_profile ,actor ,connectathon) VALUES ('SIEMENS', 'XCPD', 'RESP_GATEWAY', 'NA2017');
INSERT INTO company_actor_profiles (company ,integration_profile ,actor ,connectathon) VALUES ('SIEMENS', 'XCA-I', 'RESP_IMG_GATEWAY', 'NA2017');
INSERT INTO company_actor_profiles (company ,integration_profile ,actor ,connectathon) VALUES ('SIEMENS', 'ATNA', 'SA', 'NA2017');
INSERT INTO company_actor_profiles (company ,integration_profile ,actor ,connectathon) VALUES ('SIEMENS', 'ATNA', 'SN', 'NA2017');
INSERT INTO company_actor_profiles (company ,integration_profile ,actor ,connectathon) VALUES ('SIEMENS', 'CT', 'TIME_CLIENT', 'NA2017');
INSERT INTO company_actor_profiles (company ,integration_profile ,actor ,connectathon) VALUES ('SIEMENS', 'CT', 'TS', 'NA2017');
