INSERT INTO connectathon (keyword, name, year, location, region) VALUES ('NA2018', 'North America 2018', 2018, 'Cleveland', 1);


--INSERT INTO company (keyword,name,url,integration_statement_url) VALUES ('Bernoulli', 'Bernoulli Enterprise, Inc.', 'http://www.bernoullihealth.com', '');
--INSERT INTO company (keyword,name,url,integration_statement_url) VALUES ('MEDTRONIC', 'Medtronic', 'http://www.medtronic.com', '');
INSERT INTO company (keyword,name,url,integration_statement_url) VALUES ('TR MoH', 'Türkiye Cumhuriyeti Sağlık Bakanlığı (Turkish Ministry of Health)', 'http://www.saglik.gov.tr', '');
--INSERT INTO company (keyword,name,url,integration_statement_url) VALUES ('GuardRFID', 'Guard RFID Solutions', 'http://www.guardrfid.com', 'http://www.guardrfid.com/ihe');
INSERT INTO company (keyword,name,url,integration_statement_url) VALUES ('MDHHS', 'Michigan Department of Health and Human Services', 'http://www.michigan.gov/mdhhs/', '');
--INSERT INTO company (keyword,name,url,integration_statement_url) VALUES ('GE', 'GE Healthcare', 'http://www.ge.com/interoperability', 'http://www.ge.com/ihe');
--INSERT INTO company (keyword,name,url,integration_statement_url) VALUES ('NEXTGEN', 'NextGen Healthcare', 'http://www.nextgen.com', '');
--INSERT INTO company (keyword,name,url,integration_statement_url) VALUES ('DRAEGER', 'Draeger Medical Systems, Inc.', 'http://www.draeger.com', '');
--INSERT INTO company (keyword,name,url,integration_statement_url) VALUES ('ENDOSOFT', 'EndoSoft, LLC', 'http://www.endosoft.com', 'http://www.endosoft.com/ihe');
--INSERT INTO company (keyword,name,url,integration_statement_url) VALUES ('CAREFUSION', 'BD / CareFusion', 'http://www.bd.com', 'http://www.bd.com/en-us/offerings/capabilities/infusion/infusion-system-interoperability/alaris-emr-interoperability');
--INSERT INTO company (keyword,name,url,integration_statement_url) VALUES ('WELCHALLYN', 'WelchAllyn', 'http://www.welchallyn.com', 'http://www.welchallyn.com/documents/Patient%20Monitoring/Vital%20Signs%20Capture/Connex%20Data%20Management%20System/IHE%20Integration%20Statement.pdf');
--INSERT INTO company (keyword,name,url,integration_statement_url) VALUES ('IHEUSA', 'IHE USA', 'http://www.iheusa.org', '');
--INSERT INTO company (keyword,name,url,integration_statement_url) VALUES ('MINDRAY', 'Mindray', 'http://www.mindray.com', '');
--INSERT INTO company (keyword,name,url,integration_statement_url) VALUES ('CDC', 'Centers for Disease Control and Prevention', 'http://www.cdc.gov', '');
--INSERT INTO company (keyword,name,url,integration_statement_url) VALUES ('FRESENIUS', 'Fresenius Kabi', 'http://www.fresenius-kabi.com/', '');
--INSERT INTO company (keyword,name,url,integration_statement_url) VALUES ('SS', 'Surescripts', 'http://www.surescripts.com/', '');
INSERT INTO company (keyword,name,url,integration_statement_url) VALUES ('PH', 'NH Dept. of Health and Human Services', 'http://www.dhhs.state.nh.us/', 'null');
--INSERT INTO company (keyword,name,url,integration_statement_url) VALUES ('SPOK', 'Spok', 'http://www.spok.com/', '');
--INSERT INTO company (keyword,name,url,integration_statement_url) VALUES ('PHILIPS', 'Philips Medical Systems Nederland B.V.', 'http://www.healthcare.philips.com', 'http://www.philips.com/ihe');
--INSERT INTO company (keyword,name,url,integration_statement_url) VALUES ('CDPH', 'California Department of Public Health', 'http://www.cdph.ca.gov/Pages/DEFAULT.aspx', '');
--INSERT INTO company (keyword,name,url,integration_statement_url) VALUES ('CAP', 'College of American Pathologists', 'http://cap.org', '');
INSERT INTO company (keyword,name,url,integration_statement_url) VALUES ('OpenHIE', 'IntraHealth International, Inc.', 'http://www.intrahealth.org', '');
--INSERT INTO company (keyword,name,url,integration_statement_url) VALUES ('QVERA', 'Qvera', 'http://www.qvera.com/', 'http://www.qvera.com/files/qvera_ihe_integration_statement_2017.pdf');
--INSERT INTO company (keyword,name,url,integration_statement_url) VALUES ('BAXTER', 'Baxter Healthcare', 'http://www.baxter.com', 'http://www.baxter.com/ihe');
--INSERT INTO company (keyword,name,url,integration_statement_url) VALUES ('Summit', 'Summit Healthcare Services, Inc.', 'http://www.summit-healthcare.com', 'http://www.summit-healthcare.com/Collateral/Documents/English-US/2015_IHE_Summit_Healthcare_Integration_Statement.pdf');
--INSERT INTO company (keyword,name,url,integration_statement_url) VALUES ('Nextgate', 'NextGate', 'http://www.nextgate.com', 'http://www.nextgate.com/company/resources/');
--INSERT INTO company (keyword,name,url,integration_statement_url) VALUES ('Iatric', 'Iatric Systems', 'http://new.iatric.com/', '');
--INSERT INTO company (keyword,name,url,integration_statement_url) VALUES ('IVENIX', 'Ivenix', 'http://www.ivenix.com', '');
INSERT INTO company (keyword,name,url,integration_statement_url) VALUES ('Hill-Rom', 'Hill-Rom Company, Inc.', 'http://www.hill-rom.com', '');
INSERT INTO company (keyword,name,url,integration_statement_url) VALUES ('STANLEY', 'STANLEY Healthcare', 'http://www.stanleyhealthcare.com', '');
--INSERT INTO company (keyword,name,url,integration_statement_url) VALUES ('GENESIS', 'Genesis Systems, Inc. ', 'http://www.genesisinfo.com', 'http://www.genesisinfo.com/Genesis-IHE-2014-integration-statement.pdf');
INSERT INTO company (keyword,name,url,integration_statement_url) VALUES ('DEDALUS USA', 'Dedalus USA', 'http://www.dedalus.us', '');
--INSERT INTO company (keyword,name,url,integration_statement_url) VALUES ('ICOSERVE', 'ITH icoserve / Siemens', 'http://www.ith-icoserve.com/', 'http://www.ith-icoserve.com/ihe');
--INSERT INTO company (keyword,name,url,integration_statement_url) VALUES ('SPIRIT-CISCO', 'Tiani "Spirit" Gmbh - Cisco Systems Inc.', 'http://www.tiani-spirit.com', 'http://www.tiani-spirit.com/documents/IS_US.pdf');
--INSERT INTO company (keyword,name,url,integration_statement_url) VALUES ('BBRAUN', 'B.Braun Medical', 'http://www.bbraun.com', '');
--INSERT INTO company (keyword,name,url,integration_statement_url) VALUES ('INTERSYSTEMS', 'InterSystems Corporation', 'http://www.intersystems.com', 'http://www.intersystems.com/healthshare/ihe/index.html');
--INSERT INTO company (keyword,name,url,integration_statement_url) VALUES ('INFINITT', 'INFINITT Healthcare Co.,Ltd.', 'http://www.infinitt.com', 'http://product-registry.ihe.net/PR/pr/search.seam?date=ANY|1442796545844|1442796545844&institution=133#');
INSERT INTO company (keyword,name,url,integration_statement_url) VALUES ('Yonsei Univ.', 'Yonsei University ', 'http://www.yonsei.ac.kr', '');
--INSERT INTO company (keyword,name,url,integration_statement_url) VALUES ('SIEMENS', 'Siemens Healthcare GmbH', 'http://www.siemens.com', 'http://www.siemens.com/ihe');
INSERT INTO company (keyword,name,url,integration_statement_url) VALUES ('HealthCelerate', 'HealthCelerate', 'http://www.healthcelerate.com', '');
--INSERT INTO company (keyword,name,url,integration_statement_url) VALUES ('lifeIMAGE', 'lifeIMAGE', 'http://www.lifeimage.com/', 'http://www.lifeimage.com/wp-content/uploads/IntegrationStatement_lifeIMAGE_V5.0.pdf');
INSERT INTO company (keyword,name,url,integration_statement_url) VALUES ('Infor ', 'Infor (US), Inc.', 'http://www.infor.com', '');
--INSERT INTO company (keyword,name,url,integration_statement_url) VALUES ('CPH', 'Corepoint Health', 'http://www.corepointhealth.com', 'http://www.corepointhealth.com/company/corepoint-health-IHE-integration-statement');
--INSERT INTO company (keyword,name,url,integration_statement_url) VALUES ('NEXTRIALS', 'Nextrials - PRA Health Sciences', 'http://www.nextrials.com', 'https://www.nextrials.com/wp-content/uploads/2017/10/2018NextrialsIntegrationStatement.pdf');
--INSERT INTO company (keyword,name,url,integration_statement_url) VALUES ('ABBOTT', 'Abbott', 'http://www.abbott.com', '');
--INSERT INTO company (keyword,name,url,integration_statement_url) VALUES ('Masimo', 'Masimo', 'http://www.masimo.com', '');
INSERT INTO company (keyword,name,url,integration_statement_url) VALUES ('PSS', 'PatientSafe Solutions', 'https://www.patientsafesolutions.com', 'https://www.patientsafesolutions.com/wp-content/uploads/2017/09/IHE_Integration_Statement_PatientTouch_v4.pdf');
INSERT INTO company (keyword,name,url,integration_statement_url) VALUES ('Dapasoft', 'Dapasoft Inc', 'http://dapasoft.com/', '');
--INSERT INTO company (keyword,name,url,integration_statement_url) VALUES ('ECW', 'eClinicalWorks', 'http://www.eclinicalworks.com/', 'http://www.eclinicalworks.com/ihe/2014/statement.pdf');
INSERT INTO company (keyword,name,url,integration_statement_url) VALUES ('Alliance', 'AllianceChicago', 'http://www.alliancechicago.org', 'http://AllianceChicago.ihe.net');
INSERT INTO company (keyword,name,url,integration_statement_url) VALUES ('Lumeris - VBC', 'Lumeris (EGHC)', 'https://lumeris.com/', 'https://lumeris.com');
--INSERT INTO company (keyword,name,url,integration_statement_url) VALUES ('NIST', 'NIST', 'http://www.nist.gov', '');
--INSERT INTO company (keyword,name,url,integration_statement_url) VALUES ('CERNER', 'Cerner Corporation', 'http://www.cerner.com', 'https://connect.ucern.com/docs/DOC-395297');
--INSERT INTO company (keyword,name,url,integration_statement_url) VALUES ('Talis', 'Talis Clinical, LLC', 'http://www.talisclinical.com/', '');
--INSERT INTO company (keyword,name,url,integration_statement_url) VALUES ('CANDELIS', 'Candelis, Inc.', 'http://www.candelis.com', 'http://www.candelis.com/images/pdf/Integration%20Statement%202013.pdf');
INSERT INTO company (keyword,name,url,integration_statement_url) VALUES ('CHC', 'Change Healthcare', 'http://www.changehealthcare.com', '');
INSERT INTO company (keyword,name,url,integration_statement_url) VALUES ('ICU_MEDICAL', 'ICU Medical', 'http://www.icumedical.com', 'http://www.icumed.com/iv-ehr-integration.aspx');
--INSERT INTO company (keyword,name,url,integration_statement_url) VALUES ('EPIC', 'Epic', 'http://www.epic.com', '');
--INSERT INTO company (keyword,name,url,integration_statement_url) VALUES ('CAREEV', 'CareEvolution', 'http://www.careevolution.com/', 'http://www.careevolution.com/ihe.html');
INSERT INTO company (keyword,name,url,integration_statement_url) VALUES ('ZOLL', 'ZOLL', 'http://www.ZOLL.com', '');
--INSERT INTO company (keyword,name,url,integration_statement_url) VALUES ('Logibec', 'Logibec', 'http://www.logibec.com', '');
--INSERT INTO company (keyword,name,url,integration_statement_url) VALUES ('SMITHS', 'Smiths Medical', 'http://www.smiths-medical.com', 'http://www.pharmguardserver.com/IntegrationStatement/IntegrationStatement_PGIMSIP_2.0.pdf');
INSERT INTO company (keyword,name,url,integration_statement_url) VALUES ('QUALCOMM-LIFE', 'Qualcomm Life', 'http://www.capsuletech.com', 'http://webinfo.capsuletech.com/hubfs/Docs/IHE/IntegrationStatement2015_IHE.pdf');
--INSERT INTO company (keyword,name,url,integration_statement_url) VALUES ('UDOH', 'Utah Department of Health', 'http://www.health.utah.gov', '');
--INSERT INTO company (keyword,name,url,integration_statement_url) VALUES ('RAIN', 'RAIN Live Oak Technology', 'http://www.liveoaktech.net', '');
--INSERT INTO company (keyword,name,url,integration_statement_url) VALUES ('VHA', 'Veterans Health Administration', 'http://www.va.gov/health/aboutVHA.asp', 'http://gforge.hl7.org/gf/project/cbcc/news/?id=92');
INSERT INTO company (keyword,name,url,integration_statement_url) VALUES ('ACK', 'Advanced Communication Knowledge Co.,Ltd.', 'http://www.ack.co.kr', '');



INSERT INTO integration_profile (keyword, name, description)  VALUES ('RMD', '', '');
INSERT INTO integration_profile (keyword, name, description)  VALUES ('BFDR-E', '', '');
INSERT INTO integration_profile (keyword, name, description)  VALUES ('mCSD', 'Mobile Care Services Discovery', '');
INSERT INTO integration_profile (keyword, name, description)  VALUES ('360X', '360 Exchange Closed Loop Referral', '');
INSERT INTO integration_profile (keyword, name, description)  VALUES ('QEDm', 'Query for Existing Data for Mobile', '');
INSERT INTO integration_profile (keyword, name, description)  VALUES ('RIPT', 'Routine Interfacility Patient Transport', '');
INSERT INTO integration_profile (keyword, name, description)  VALUES ('mRFD', 'Mobile Retrieve Form for Data Capture', '');


INSERT INTO actor (keyword, name, description) VALUES ('CARE_SERVICES_SELECTIVE_CONS', 'Care Services Selective Consumer', '');
INSERT INTO actor (keyword, name, description) VALUES ('CARE_SERVICES_SELECTIVE_SUPP', 'Care Services Selective Supplier', '');
INSERT INTO actor (keyword, name, description) VALUES ('CARE_SERVICES_UPDATE_CONS', 'Care Services Update Consumer', '');
INSERT INTO actor (keyword, name, description) VALUES ('CARE_SERVICES_UPDATE_SUPP', 'Care Services Update Supplier', '');
INSERT INTO actor (keyword, name, description) VALUES ('REFERRAL_INITIATOR', 'Referral Initiator', '');
INSERT INTO actor (keyword, name, description) VALUES ('REFERRAL_RECIPIENT', 'Referral Recipient', '');
INSERT INTO actor (keyword, name, description) VALUES (''DATA_RESPONDER'', ''Data Responder'', '''');
INSERT INTO actor (keyword, name, description) VALUES ('DATA_CONSUMER', 'Data Consumer', '');
INSERT INTO actor (keyword, name, description) VALUES ('FORM_PROC_CDA_EXPORTER', 'Form Processor CDA Exporter', '');


--Company information
INSERT INTO company_actor_profiles (company ,integration_profile ,actor ,connectathon) VALUES ('ABBOTT', 'SWF.b', 'EC', 'NA2018');
INSERT INTO company_actor_profiles (company ,integration_profile ,actor ,connectathon) VALUES ('ABBOTT', 'SWF.b', 'ID', 'NA2018');
INSERT INTO company_actor_profiles (company ,integration_profile ,actor ,connectathon) VALUES ('ACK', 'DEC', 'DEV_OBS_CONSUMER', 'NA2018');
INSERT INTO company_actor_profiles (company ,integration_profile ,actor ,connectathon) VALUES ('ACK', 'DEC', 'DEV_OBS_REPORTER', 'NA2018');
INSERT INTO company_actor_profiles (company ,integration_profile ,actor ,connectathon) VALUES ('ACK', 'CT', 'TIME_CLIENT', 'NA2018');
INSERT INTO company_actor_profiles (company ,integration_profile ,actor ,connectathon) VALUES ('Alliance', 'CT', 'TIME_CLIENT', 'NA2018');

INSERT INTO company_actor_profiles (company ,integration_profile ,actor ,connectathon) VALUES ('BAXTER', 'ACM', 'ALERT_RPT', 'NA2018');
INSERT INTO company_actor_profiles (company ,integration_profile ,actor ,connectathon) VALUES ('BAXTER', 'DEC', 'DEV_OBS_REPORTER', 'NA2018');
INSERT INTO company_actor_profiles (company ,integration_profile ,actor ,connectathon) VALUES ('BAXTER', 'IPEC', 'DEV_OBS_REPORTER', 'NA2018');
INSERT INTO company_actor_profiles (company ,integration_profile ,actor ,connectathon) VALUES ('BAXTER', 'PIV', 'IOC', 'NA2018');
INSERT INTO company_actor_profiles (company ,integration_profile ,actor ,connectathon) VALUES ('BAXTER', 'MEMLS', 'LOC', 'NA2018');
INSERT INTO company_actor_profiles (company ,integration_profile ,actor ,connectathon) VALUES ('BAXTER', 'CT', 'TIME_CLIENT', 'NA2018');

INSERT INTO company_actor_profiles (company ,integration_profile ,actor ,connectathon) VALUES ('BBRAUN', 'ACM', 'ALERT_RPT', 'NA2018');
INSERT INTO company_actor_profiles (company ,integration_profile ,actor ,connectathon) VALUES ('BBRAUN', 'DEC', 'DEV_OBS_FILTER', 'NA2018');
INSERT INTO company_actor_profiles (company ,integration_profile ,actor ,connectathon) VALUES ('BBRAUN', 'DEC', 'DEV_OBS_REPORTER', 'NA2018');
INSERT INTO company_actor_profiles (company ,integration_profile ,actor ,connectathon) VALUES ('BBRAUN', 'IPEC', 'DEV_OBS_REPORTER', 'NA2018');
INSERT INTO company_actor_profiles (company ,integration_profile ,actor ,connectathon) VALUES ('BBRAUN', 'MEMDMC', 'DMIR', 'NA2018');
INSERT INTO company_actor_profiles (company ,integration_profile ,actor ,connectathon) VALUES ('BBRAUN', 'PIV', 'IOC', 'NA2018');
INSERT INTO company_actor_profiles (company ,integration_profile ,actor ,connectathon) VALUES ('BBRAUN', 'MEMLS', 'LOC', 'NA2018');
INSERT INTO company_actor_profiles (company ,integration_profile ,actor ,connectathon) VALUES ('BBRAUN', 'CT', 'TIME_CLIENT', 'NA2018');

INSERT INTO company_actor_profiles (company ,integration_profile ,actor ,connectathon) VALUES ('Bernoulli', 'ACM', 'ALERT_RPT', 'NA2018');
INSERT INTO company_actor_profiles (company ,integration_profile ,actor ,connectathon) VALUES ('Bernoulli', 'ACM', 'ALRT_COMMUNICATOR', 'NA2018');
INSERT INTO company_actor_profiles (company ,integration_profile ,actor ,connectathon) VALUES ('Bernoulli', 'ACM', 'ALRT_MGR', 'NA2018');
INSERT INTO company_actor_profiles (company ,integration_profile ,actor ,connectathon) VALUES ('Bernoulli', 'DEC', 'DEV_OBS_CONSUMER', 'NA2018');
INSERT INTO company_actor_profiles (company ,integration_profile ,actor ,connectathon) VALUES ('Bernoulli', 'DEC', 'DEV_OBS_REPORTER', 'NA2018');
INSERT INTO company_actor_profiles (company ,integration_profile ,actor ,connectathon) VALUES ('Bernoulli', 'MEMDMC', 'DMIC', 'NA2018');
INSERT INTO company_actor_profiles (company ,integration_profile ,actor ,connectathon) VALUES ('Bernoulli', 'CT', 'TIME_CLIENT', 'NA2018');

INSERT INTO company_actor_profiles (company ,integration_profile ,actor ,connectathon) VALUES ('CANDELIS', 'XDS.b', 'DOC_REGISTRY', 'NA2018');
INSERT INTO company_actor_profiles (company ,integration_profile ,actor ,connectathon) VALUES ('CANDELIS', 'XDS.b', 'DOC_REPOSITORY', 'NA2018');
INSERT INTO company_actor_profiles (company ,integration_profile ,actor ,connectathon) VALUES ('CANDELIS', 'ARI', 'IM', 'NA2018');
INSERT INTO company_actor_profiles (company ,integration_profile ,actor ,connectathon) VALUES ('CANDELIS', 'CPI', 'IM', 'NA2018');
INSERT INTO company_actor_profiles (company ,integration_profile ,actor ,connectathon) VALUES ('CANDELIS', 'DBT', 'IM', 'NA2018');
INSERT INTO company_actor_profiles (company ,integration_profile ,actor ,connectathon) VALUES ('CANDELIS', 'ED', 'IM', 'NA2018');
INSERT INTO company_actor_profiles (company ,integration_profile ,actor ,connectathon) VALUES ('CANDELIS', 'KIN', 'IM', 'NA2018');
INSERT INTO company_actor_profiles (company ,integration_profile ,actor ,connectathon) VALUES ('CANDELIS', 'MAMMO', 'IM', 'NA2018');
INSERT INTO company_actor_profiles (company ,integration_profile ,actor ,connectathon) VALUES ('CANDELIS', 'NMI', 'IM', 'NA2018');
INSERT INTO company_actor_profiles (company ,integration_profile ,actor ,connectathon) VALUES ('CANDELIS', 'SWF.b', 'IM', 'NA2018');
INSERT INTO company_actor_profiles (company ,integration_profile ,actor ,connectathon) VALUES ('CANDELIS', 'PDI', 'PMI', 'NA2018');
INSERT INTO company_actor_profiles (company ,integration_profile ,actor ,connectathon) VALUES ('CANDELIS', 'SWF.b', 'PPSM', 'NA2018');
INSERT INTO company_actor_profiles (company ,integration_profile ,actor ,connectathon) VALUES ('CANDELIS', 'ATNA', 'SN', 'NA2018');
INSERT INTO company_actor_profiles (company ,integration_profile ,actor ,connectathon) VALUES ('CANDELIS', 'CT', 'TIME_CLIENT', 'NA2018');


INSERT INTO company_actor_profiles (company ,integration_profile ,actor ,connectathon) VALUES ('CAP', 'SDC', 'FORM_FILLER', 'NA2018');
INSERT INTO company_actor_profiles (company ,integration_profile ,actor ,connectathon) VALUES ('CAP', 'SDC', 'FORM_MANAGER', 'NA2018');
INSERT INTO company_actor_profiles (company ,integration_profile ,actor ,connectathon) VALUES ('CAP', 'SDC', 'FORM_PROCESSOR', 'NA2018');

INSERT INTO company_actor_profiles (company ,integration_profile ,actor ,connectathon) VALUES ('CAREEV', 'C-CDA2.1_CONSUMERS', 'CONTENT_CONSUMER', 'NA2018');
INSERT INTO company_actor_profiles (company ,integration_profile ,actor ,connectathon) VALUES ('CAREEV', 'BPPC', 'CONTENT_CREATOR', 'NA2018');
INSERT INTO company_actor_profiles (company ,integration_profile ,actor ,connectathon) VALUES ('CAREEV', 'C-CDA2.1_CARE-PLAN', 'CONTENT_CREATOR', 'NA2018');
INSERT INTO company_actor_profiles (company ,integration_profile ,actor ,connectathon) VALUES ('CAREEV', 'C-CDA2.1_CCD', 'CONTENT_CREATOR', 'NA2018');
INSERT INTO company_actor_profiles (company ,integration_profile ,actor ,connectathon) VALUES ('CAREEV', 'C-CDA2.1_DISCHARGE', 'CONTENT_CREATOR', 'NA2018');
INSERT INTO company_actor_profiles (company ,integration_profile ,actor ,connectathon) VALUES ('CAREEV', 'C-CDA2.1_REFERRAL', 'CONTENT_CREATOR', 'NA2018');
INSERT INTO company_actor_profiles (company ,integration_profile ,actor ,connectathon) VALUES ('CAREEV', 'C-CDA2.1_TRANSFER', 'CONTENT_CREATOR', 'NA2018');
INSERT INTO company_actor_profiles (company ,integration_profile ,actor ,connectathon) VALUES ('CAREEV', 'C-CDA2.1_UNSTRUCTURED', 'CONTENT_CREATOR', 'NA2018');
INSERT INTO company_actor_profiles (company ,integration_profile ,actor ,connectathon) VALUES ('CAREEV', 'IC', 'CONTENT_CREATOR', 'NA2018');
INSERT INTO company_actor_profiles (company ,integration_profile ,actor ,connectathon) VALUES ('CAREEV', 'XDS-SD', 'CONTENT_CREATOR', 'NA2018');
INSERT INTO company_actor_profiles (company ,integration_profile ,actor ,connectathon) VALUES ('CAREEV', 'DSUB', 'DM_NOTIF_BROKER', 'NA2018');
INSERT INTO company_actor_profiles (company ,integration_profile ,actor ,connectathon) VALUES ('CAREEV', 'DSUB', 'DM_NOTIF_RECIPIENT', 'NA2018');
INSERT INTO company_actor_profiles (company ,integration_profile ,actor ,connectathon) VALUES ('CAREEV', 'DSUB', 'DM_PUBLISHER', 'NA2018');
INSERT INTO company_actor_profiles (company ,integration_profile ,actor ,connectathon) VALUES ('CAREEV', 'DSUB', 'DM_SUBSCRIBER', 'NA2018');
INSERT INTO company_actor_profiles (company ,integration_profile ,actor ,connectathon) VALUES ('CAREEV', 'RMD', 'DOC_ADMINISTRATOR', 'NA2018');
INSERT INTO company_actor_profiles (company ,integration_profile ,actor ,connectathon) VALUES ('CAREEV', 'XDS.b', 'DOC_CONSUMER', 'NA2018');
INSERT INTO company_actor_profiles (company ,integration_profile ,actor ,connectathon) VALUES ('CAREEV', 'XDR', 'DOC_RECIPIENT', 'NA2018');
INSERT INTO company_actor_profiles (company ,integration_profile ,actor ,connectathon) VALUES ('CAREEV', 'MPQ', 'DOC_REGISTRY', 'NA2018');
INSERT INTO company_actor_profiles (company ,integration_profile ,actor ,connectathon) VALUES ('CAREEV', 'XDS.b', 'DOC_REGISTRY', 'NA2018');
INSERT INTO company_actor_profiles (company ,integration_profile ,actor ,connectathon) VALUES ('CAREEV', 'RMD', 'DOC_REPOSITORY', 'NA2018');
INSERT INTO company_actor_profiles (company ,integration_profile ,actor ,connectathon) VALUES ('CAREEV', 'XDS.b', 'DOC_REPOSITORY', 'NA2018');
INSERT INTO company_actor_profiles (company ,integration_profile ,actor ,connectathon) VALUES ('CAREEV', 'XDR', 'DOC_SOURCE', 'NA2018');
INSERT INTO company_actor_profiles (company ,integration_profile ,actor ,connectathon) VALUES ('CAREEV', 'XDS.b', 'DOC_SOURCE', 'NA2018');
INSERT INTO company_actor_profiles (company ,integration_profile ,actor ,connectathon) VALUES ('CAREEV', 'XCA', 'INIT_GATEWAY', 'NA2018');
INSERT INTO company_actor_profiles (company ,integration_profile ,actor ,connectathon) VALUES ('CAREEV', 'XCPD', 'INIT_GATEWAY', 'NA2018');
INSERT INTO company_actor_profiles (company ,integration_profile ,actor ,connectathon) VALUES ('CAREEV', 'PIX', 'PAT_IDENTITY_CONSUMER', 'NA2018');
INSERT INTO company_actor_profiles (company ,integration_profile ,actor ,connectathon) VALUES ('CAREEV', 'PIXV3', 'PAT_IDENTITY_CONSUMER', 'NA2018');
INSERT INTO company_actor_profiles (company ,integration_profile ,actor ,connectathon) VALUES ('CAREEV', 'PIX', 'PAT_IDENTITY_SRC', 'NA2018');
INSERT INTO company_actor_profiles (company ,integration_profile ,actor ,connectathon) VALUES ('CAREEV', 'PIXV3', 'PAT_IDENTITY_SRC', 'NA2018');
INSERT INTO company_actor_profiles (company ,integration_profile ,actor ,connectathon) VALUES ('CAREEV', 'PIX', 'PAT_IDENTITY_X_REF_MGR', 'NA2018');
INSERT INTO company_actor_profiles (company ,integration_profile ,actor ,connectathon) VALUES ('CAREEV', 'PIXV3', 'PAT_IDENTITY_X_REF_MGR', 'NA2018');
INSERT INTO company_actor_profiles (company ,integration_profile ,actor ,connectathon) VALUES ('CAREEV', 'PDQV3', 'PDC', 'NA2018');
INSERT INTO company_actor_profiles (company ,integration_profile ,actor ,connectathon) VALUES ('CAREEV', 'PDQV3', 'PDS', 'NA2018');
INSERT INTO company_actor_profiles (company ,integration_profile ,actor ,connectathon) VALUES ('CAREEV', 'XCA', 'RESP_GATEWAY', 'NA2018');
INSERT INTO company_actor_profiles (company ,integration_profile ,actor ,connectathon) VALUES ('CAREEV', 'XCPD', 'RESP_GATEWAY', 'NA2018');
INSERT INTO company_actor_profiles (company ,integration_profile ,actor ,connectathon) VALUES ('CAREEV', 'ATNA', 'SA', 'NA2018');
INSERT INTO company_actor_profiles (company ,integration_profile ,actor ,connectathon) VALUES ('CAREEV', 'CT', 'TIME_CLIENT', 'NA2018');



INSERT INTO company_actor_profiles (company ,integration_profile ,actor ,connectathon) VALUES ('CAREFUSION', 'ACM', 'ALERT_RPT', 'NA2018');
INSERT INTO company_actor_profiles (company ,integration_profile ,actor ,connectathon) VALUES ('CAREFUSION', 'DEC', 'DEV_OBS_REPORTER', 'NA2018');
INSERT INTO company_actor_profiles (company ,integration_profile ,actor ,connectathon) VALUES ('CAREFUSION', 'IPEC', 'DEV_OBS_REPORTER', 'NA2018');
INSERT INTO company_actor_profiles (company ,integration_profile ,actor ,connectathon) VALUES ('CAREFUSION', 'PIV', 'IOC', 'NA2018');
INSERT INTO company_actor_profiles (company ,integration_profile ,actor ,connectathon) VALUES ('CAREFUSION', 'MEMLS', 'LOC', 'NA2018');
INSERT INTO company_actor_profiles (company ,integration_profile ,actor ,connectathon) VALUES ('CAREFUSION', 'CT', 'TIME_CLIENT', 'NA2018');



INSERT INTO company_actor_profiles (company ,integration_profile ,actor ,connectathon) VALUES ('CDC', 'BFDR-E', 'CONTENT_CONSUMER', 'NA2018');
INSERT INTO company_actor_profiles (company ,integration_profile ,actor ,connectathon) VALUES ('CDC', 'VRDR', 'CONTENT_CONSUMER', 'NA2018');
INSERT INTO company_actor_profiles (company ,integration_profile ,actor ,connectathon) VALUES ('CDC', 'XDR', 'DOC_RECIPIENT', 'NA2018');
INSERT INTO company_actor_profiles (company ,integration_profile ,actor ,connectathon) VALUES ('CDC', 'RFD', 'FORM_RECEIVER', 'NA2018');
INSERT INTO company_actor_profiles (company ,integration_profile ,actor ,connectathon) VALUES ('CDC', 'SDC', 'FORM_RECEIVER', 'NA2018');
INSERT INTO company_actor_profiles (company ,integration_profile ,actor ,connectathon) VALUES ('CDC', 'BFDR-E', 'INFO_RECIPIENT_HL7', 'NA2018');
INSERT INTO company_actor_profiles (company ,integration_profile ,actor ,connectathon) VALUES ('CDC', 'VRDR', 'INFO_RECIPIENT_HL7', 'NA2018');
INSERT INTO company_actor_profiles (company ,integration_profile ,actor ,connectathon) VALUES ('CDC', 'VRDR', 'INFO_SRC_HL7', 'NA2018');
INSERT INTO company_actor_profiles (company ,integration_profile ,actor ,connectathon) VALUES ('CDC', 'CT', 'TIME_CLIENT', 'NA2018');


INSERT INTO company_actor_profiles (company ,integration_profile ,actor ,connectathon) VALUES ('CERNER', 'ACM', 'ALRT_MGR', 'NA2018');
INSERT INTO company_actor_profiles (company ,integration_profile ,actor ,connectathon) VALUES ('CERNER', 'XDS-SD', 'CONTENT_CONSUMER', 'NA2018');
INSERT INTO company_actor_profiles (company ,integration_profile ,actor ,connectathon) VALUES ('CERNER', 'DEC', 'DEV_OBS_CONSUMER', 'NA2018');
INSERT INTO company_actor_profiles (company ,integration_profile ,actor ,connectathon) VALUES ('CERNER', 'IPEC', 'DEV_OBS_CONSUMER', 'NA2018');
INSERT INTO company_actor_profiles (company ,integration_profile ,actor ,connectathon) VALUES ('CERNER', 'DEC', 'DEV_OBS_REPORTER', 'NA2018');
INSERT INTO company_actor_profiles (company ,integration_profile ,actor ,connectathon) VALUES ('CERNER', 'XDS.b', 'DOC_CONSUMER', 'NA2018');
INSERT INTO company_actor_profiles (company ,integration_profile ,actor ,connectathon) VALUES ('CERNER', 'XDS.b', 'DOC_REGISTRY', 'NA2018');
INSERT INTO company_actor_profiles (company ,integration_profile ,actor ,connectathon) VALUES ('CERNER', 'XDS-I.b', 'DOC_REGISTRY', 'NA2018');
INSERT INTO company_actor_profiles (company ,integration_profile ,actor ,connectathon) VALUES ('CERNER', 'XDS.b', 'DOC_REPOSITORY', 'NA2018');
INSERT INTO company_actor_profiles (company ,integration_profile ,actor ,connectathon) VALUES ('CERNER', 'XDS-I.b', 'DOC_REPOSITORY', 'NA2018');
INSERT INTO company_actor_profiles (company ,integration_profile ,actor ,connectathon) VALUES ('CERNER', 'XCA', 'INIT_GATEWAY', 'NA2018');
INSERT INTO company_actor_profiles (company ,integration_profile ,actor ,connectathon) VALUES ('CERNER', 'XCPD', 'INIT_GATEWAY', 'NA2018');
INSERT INTO company_actor_profiles (company ,integration_profile ,actor ,connectathon) VALUES ('CERNER', 'PIV', 'IOP', 'NA2018');
INSERT INTO company_actor_profiles (company ,integration_profile ,actor ,connectathon) VALUES ('CERNER', 'MEMLS', 'LOC', 'NA2018');
INSERT INTO company_actor_profiles (company ,integration_profile ,actor ,connectathon) VALUES ('CERNER', 'PIXV3', 'PAT_IDENTITY_CONSUMER', 'NA2018');
INSERT INTO company_actor_profiles (company ,integration_profile ,actor ,connectathon) VALUES ('CERNER', 'XDS.b', 'PAT_IDENTITY_SRC', 'NA2018');
INSERT INTO company_actor_profiles (company ,integration_profile ,actor ,connectathon) VALUES ('CERNER', 'PIXV3', 'PAT_IDENTITY_X_REF_MGR', 'NA2018');
INSERT INTO company_actor_profiles (company ,integration_profile ,actor ,connectathon) VALUES ('CERNER', 'XCA', 'RESP_GATEWAY', 'NA2018');
INSERT INTO company_actor_profiles (company ,integration_profile ,actor ,connectathon) VALUES ('CERNER', 'XCPD', 'RESP_GATEWAY', 'NA2018');
INSERT INTO company_actor_profiles (company ,integration_profile ,actor ,connectathon) VALUES ('CERNER', 'ATNA', 'SA', 'NA2018');
INSERT INTO company_actor_profiles (company ,integration_profile ,actor ,connectathon) VALUES ('CERNER', 'ATNA', 'SN', 'NA2018');
INSERT INTO company_actor_profiles (company ,integration_profile ,actor ,connectathon) VALUES ('CERNER', 'CT', 'TIME_CLIENT', 'NA2018');
INSERT INTO company_actor_profiles (company ,integration_profile ,actor ,connectathon) VALUES ('CERNER', 'CT', 'TS', 'NA2018');



INSERT INTO company_actor_profiles (company ,integration_profile ,actor ,connectathon) VALUES ('CHC', 'XDR', 'DOC_RECIPIENT', 'NA2018');
INSERT INTO company_actor_profiles (company ,integration_profile ,actor ,connectathon) VALUES ('CHC', 'XDS.b', 'DOC_REPOSITORY', 'NA2018');
INSERT INTO company_actor_profiles (company ,integration_profile ,actor ,connectathon) VALUES ('CHC', 'XDS-I.b', 'DOC_REPOSITORY', 'NA2018');
INSERT INTO company_actor_profiles (company ,integration_profile ,actor ,connectathon) VALUES ('CHC', 'XDS.b', 'EMBED_REPOS', 'NA2018');
INSERT INTO company_actor_profiles (company ,integration_profile ,actor ,connectathon) VALUES ('CHC', 'ATNA', 'SA', 'NA2018');
INSERT INTO company_actor_profiles (company ,integration_profile ,actor ,connectathon) VALUES ('CHC', 'CT', 'TIME_CLIENT', 'NA2018');

INSERT INTO company_actor_profiles (company ,integration_profile ,actor ,connectathon) VALUES ('CPH', 'mACM', 'ALERT_AGGREGATOR', 'NA2018');
INSERT INTO company_actor_profiles (company ,integration_profile ,actor ,connectathon) VALUES ('CPH', 'mACM', 'ALERT_RPT', 'NA2018');
INSERT INTO company_actor_profiles (company ,integration_profile ,actor ,connectathon) VALUES ('CPH', 'mCSD', 'CARE_SERVICES_SELECTIVE_CONS', 'NA2018');
INSERT INTO company_actor_profiles (company ,integration_profile ,actor ,connectathon) VALUES ('CPH', 'mCSD', 'CARE_SERVICES_SELECTIVE_SUPP', 'NA2018');
INSERT INTO company_actor_profiles (company ,integration_profile ,actor ,connectathon) VALUES ('CPH', 'mCSD', 'CARE_SERVICES_UPDATE_CONS', 'NA2018');
INSERT INTO company_actor_profiles (company ,integration_profile ,actor ,connectathon) VALUES ('CPH', 'MHD', 'DOC_RECIPIENT', 'NA2018');
INSERT INTO company_actor_profiles (company ,integration_profile ,actor ,connectathon) VALUES ('CPH', 'MHD', 'DOC_SOURCE', 'NA2018');
INSERT INTO company_actor_profiles (company ,integration_profile ,actor ,connectathon) VALUES ('CPH', 'XDR', 'DOC_SOURCE', 'NA2018');
INSERT INTO company_actor_profiles (company ,integration_profile ,actor ,connectathon) VALUES ('CPH', 'XDS.b', 'DOC_SOURCE', 'NA2018');
INSERT INTO company_actor_profiles (company ,integration_profile ,actor ,connectathon) VALUES ('CPH', 'XCA', 'INIT_GATEWAY', 'NA2018');
INSERT INTO company_actor_profiles (company ,integration_profile ,actor ,connectathon) VALUES ('CPH', 'XCPD', 'INIT_GATEWAY', 'NA2018');
INSERT INTO company_actor_profiles (company ,integration_profile ,actor ,connectathon) VALUES ('CPH', 'PIX', 'PAT_IDENTITY_CONSUMER', 'NA2018');
INSERT INTO company_actor_profiles (company ,integration_profile ,actor ,connectathon) VALUES ('CPH', 'PIXm', 'PAT_IDENTITY_CONSUMER', 'NA2018');
INSERT INTO company_actor_profiles (company ,integration_profile ,actor ,connectathon) VALUES ('CPH', 'PDQ', 'PDC', 'NA2018');
INSERT INTO company_actor_profiles (company ,integration_profile ,actor ,connectathon) VALUES ('CPH', 'PDQm', 'PDC', 'NA2018');
INSERT INTO company_actor_profiles (company ,integration_profile ,actor ,connectathon) VALUES ('CPH', 'HPD', 'PROV_INFO_CONS', 'NA2018');
INSERT INTO company_actor_profiles (company ,integration_profile ,actor ,connectathon) VALUES ('CPH', 'XCA', 'RESP_GATEWAY', 'NA2018');
INSERT INTO company_actor_profiles (company ,integration_profile ,actor ,connectathon) VALUES ('CPH', 'XCPD', 'RESP_GATEWAY', 'NA2018');
INSERT INTO company_actor_profiles (company ,integration_profile ,actor ,connectathon) VALUES ('CPH', 'ATNA', 'SN', 'NA2018');
INSERT INTO company_actor_profiles (company ,integration_profile ,actor ,connectathon) VALUES ('CPH', 'CT', 'TIME_CLIENT', 'NA2018');


INSERT INTO company_actor_profiles (company ,integration_profile ,actor ,connectathon) VALUES ('Dapasoft', 'XDS.b', 'DOC_CONSUMER', 'NA2018');
INSERT INTO company_actor_profiles (company ,integration_profile ,actor ,connectathon) VALUES ('Dapasoft', 'XDS.b', 'DOC_SOURCE', 'NA2018');
INSERT INTO company_actor_profiles (company ,integration_profile ,actor ,connectathon) VALUES ('Dapasoft', 'PIX', 'PAT_IDENTITY_CONSUMER', 'NA2018');
INSERT INTO company_actor_profiles (company ,integration_profile ,actor ,connectathon) VALUES ('Dapasoft', 'PIXV3', 'PAT_IDENTITY_CONSUMER', 'NA2018');
INSERT INTO company_actor_profiles (company ,integration_profile ,actor ,connectathon) VALUES ('Dapasoft', 'PIX', 'PAT_IDENTITY_SRC', 'NA2018');
INSERT INTO company_actor_profiles (company ,integration_profile ,actor ,connectathon) VALUES ('Dapasoft', 'PIXV3', 'PAT_IDENTITY_SRC', 'NA2018');
INSERT INTO company_actor_profiles (company ,integration_profile ,actor ,connectathon) VALUES ('Dapasoft', 'PDQ', 'PDC', 'NA2018');
INSERT INTO company_actor_profiles (company ,integration_profile ,actor ,connectathon) VALUES ('Dapasoft', 'PDQV3', 'PDC', 'NA2018');
INSERT INTO company_actor_profiles (company ,integration_profile ,actor ,connectathon) VALUES ('Dapasoft', 'ATNA', 'SA', 'NA2018');
INSERT INTO company_actor_profiles (company ,integration_profile ,actor ,connectathon) VALUES ('Dapasoft', 'CT', 'TIME_CLIENT', 'NA2018');



INSERT INTO company_actor_profiles (company ,integration_profile ,actor ,connectathon) VALUES ('DEDALUS USA', 'XDS.b', 'DOC_REGISTRY', 'NA2018');
INSERT INTO company_actor_profiles (company ,integration_profile ,actor ,connectathon) VALUES ('DEDALUS USA', 'ATNA', 'SA', 'NA2018');
INSERT INTO company_actor_profiles (company ,integration_profile ,actor ,connectathon) VALUES ('DEDALUS USA', 'CT', 'TIME_CLIENT', 'NA2018');
INSERT INTO company_actor_profiles (company ,integration_profile ,actor ,connectathon) VALUES ('DRAEGER', 'ACM', 'ALERT_RPT', 'NA2018');
INSERT INTO company_actor_profiles (company ,integration_profile ,actor ,connectathon) VALUES ('DRAEGER', 'DEC', 'DEV_OBS_REPORTER', 'NA2018');
INSERT INTO company_actor_profiles (company ,integration_profile ,actor ,connectathon) VALUES ('DRAEGER', 'PAM', 'PDC', 'NA2018');
INSERT INTO company_actor_profiles (company ,integration_profile ,actor ,connectathon) VALUES ('DRAEGER', 'CT', 'TIME_CLIENT', 'NA2018');


INSERT INTO company_actor_profiles (company ,integration_profile ,actor ,connectathon) VALUES ('ECW', 'C-CDA2.1_CONSUMERS', 'CONTENT_CONSUMER', 'NA2018');
INSERT INTO company_actor_profiles (company ,integration_profile ,actor ,connectathon) VALUES ('ECW', 'XDS-SD', 'CONTENT_CONSUMER', 'NA2018');
INSERT INTO company_actor_profiles (company ,integration_profile ,actor ,connectathon) VALUES ('ECW', 'C-CDA2.1_CCD', 'CONTENT_CREATOR', 'NA2018');
INSERT INTO company_actor_profiles (company ,integration_profile ,actor ,connectathon) VALUES ('ECW', 'C-CDA2.1_UNSTRUCTURED', 'CONTENT_CREATOR', 'NA2018');
INSERT INTO company_actor_profiles (company ,integration_profile ,actor ,connectathon) VALUES ('ECW', 'XDS-SD', 'CONTENT_CREATOR', 'NA2018');
INSERT INTO company_actor_profiles (company ,integration_profile ,actor ,connectathon) VALUES ('ECW', 'XPHR', 'CONTENT_CREATOR', 'NA2018');
INSERT INTO company_actor_profiles (company ,integration_profile ,actor ,connectathon) VALUES ('ECW', 'XDS.b', 'DOC_CONSUMER', 'NA2018');
INSERT INTO company_actor_profiles (company ,integration_profile ,actor ,connectathon) VALUES ('ECW', 'XDR', 'DOC_RECIPIENT', 'NA2018');
INSERT INTO company_actor_profiles (company ,integration_profile ,actor ,connectathon) VALUES ('ECW', 'XDS.b', 'DOC_REGISTRY', 'NA2018');
INSERT INTO company_actor_profiles (company ,integration_profile ,actor ,connectathon) VALUES ('ECW', 'XDS.b', 'DOC_REPOSITORY', 'NA2018');
INSERT INTO company_actor_profiles (company ,integration_profile ,actor ,connectathon) VALUES ('ECW', 'XDR', 'DOC_SOURCE', 'NA2018');
INSERT INTO company_actor_profiles (company ,integration_profile ,actor ,connectathon) VALUES ('ECW', 'XDS.b', 'DOC_SOURCE', 'NA2018');
INSERT INTO company_actor_profiles (company ,integration_profile ,actor ,connectathon) VALUES ('ECW', 'XCA', 'INIT_GATEWAY', 'NA2018');
INSERT INTO company_actor_profiles (company ,integration_profile ,actor ,connectathon) VALUES ('ECW', 'XCPD', 'INIT_GATEWAY', 'NA2018');
INSERT INTO company_actor_profiles (company ,integration_profile ,actor ,connectathon) VALUES ('ECW', 'PIX', 'PAT_IDENTITY_CONSUMER', 'NA2018');
INSERT INTO company_actor_profiles (company ,integration_profile ,actor ,connectathon) VALUES ('ECW', 'PIXV3', 'PAT_IDENTITY_CONSUMER', 'NA2018');
INSERT INTO company_actor_profiles (company ,integration_profile ,actor ,connectathon) VALUES ('ECW', 'PIX', 'PAT_IDENTITY_SRC', 'NA2018');
INSERT INTO company_actor_profiles (company ,integration_profile ,actor ,connectathon) VALUES ('ECW', 'PIXV3', 'PAT_IDENTITY_SRC', 'NA2018');
INSERT INTO company_actor_profiles (company ,integration_profile ,actor ,connectathon) VALUES ('ECW', 'PDQ', 'PDC', 'NA2018');
INSERT INTO company_actor_profiles (company ,integration_profile ,actor ,connectathon) VALUES ('ECW', 'PDQV3', 'PDC', 'NA2018');
INSERT INTO company_actor_profiles (company ,integration_profile ,actor ,connectathon) VALUES ('ECW', 'XCA', 'RESP_GATEWAY', 'NA2018');
INSERT INTO company_actor_profiles (company ,integration_profile ,actor ,connectathon) VALUES ('ECW', 'XCPD', 'RESP_GATEWAY', 'NA2018');
INSERT INTO company_actor_profiles (company ,integration_profile ,actor ,connectathon) VALUES ('ECW', 'ATNA', 'SA', 'NA2018');
INSERT INTO company_actor_profiles (company ,integration_profile ,actor ,connectathon) VALUES ('ECW', 'CT', 'TIME_CLIENT', 'NA2018');

INSERT INTO company_actor_profiles (company ,integration_profile ,actor ,connectathon) VALUES ('ENDOSOFT', 'APPC', 'CONTENT_CONSUMER', 'NA2018');
INSERT INTO company_actor_profiles (company ,integration_profile ,actor ,connectathon) VALUES ('ENDOSOFT', 'BPPC', 'CONTENT_CONSUMER', 'NA2018');
INSERT INTO company_actor_profiles (company ,integration_profile ,actor ,connectathon) VALUES ('ENDOSOFT', 'C-CDA2.1_CONSUMERS', 'CONTENT_CONSUMER', 'NA2018');
INSERT INTO company_actor_profiles (company ,integration_profile ,actor ,connectathon) VALUES ('ENDOSOFT', 'C-CDA2.1_CARE-PLAN', 'CONTENT_CREATOR', 'NA2018');
INSERT INTO company_actor_profiles (company ,integration_profile ,actor ,connectathon) VALUES ('ENDOSOFT', 'C-CDA2.1_PROGRESS', 'CONTENT_CREATOR', 'NA2018');
INSERT INTO company_actor_profiles (company ,integration_profile ,actor ,connectathon) VALUES ('ENDOSOFT', 'PIXV3', 'PAT_IDENTITY_CONSUMER', 'NA2018');
INSERT INTO company_actor_profiles (company ,integration_profile ,actor ,connectathon) VALUES ('ENDOSOFT', 'PAM', 'PDC', 'NA2018');
INSERT INTO company_actor_profiles (company ,integration_profile ,actor ,connectathon) VALUES ('ENDOSOFT', 'PDQV3', 'PDC', 'NA2018');
INSERT INTO company_actor_profiles (company ,integration_profile ,actor ,connectathon) VALUES ('ENDOSOFT', 'PAM', 'PEC', 'NA2018');
INSERT INTO company_actor_profiles (company ,integration_profile ,actor ,connectathon) VALUES ('ENDOSOFT', 'XDM', 'PMC', 'NA2018');
INSERT INTO company_actor_profiles (company ,integration_profile ,actor ,connectathon) VALUES ('ENDOSOFT', 'XDM', 'PMI', 'NA2018');
INSERT INTO company_actor_profiles (company ,integration_profile ,actor ,connectathon) VALUES ('ENDOSOFT', 'ATNA', 'SA', 'NA2018');
INSERT INTO company_actor_profiles (company ,integration_profile ,actor ,connectathon) VALUES ('ENDOSOFT', 'ATNA', 'SN', 'NA2018');
INSERT INTO company_actor_profiles (company ,integration_profile ,actor ,connectathon) VALUES ('ENDOSOFT', 'CT', 'TIME_CLIENT', 'NA2018');

INSERT INTO company_actor_profiles (company ,integration_profile ,actor ,connectathon) VALUES ('EPIC', 'ACM', 'ACON', 'NA2018');
INSERT INTO company_actor_profiles (company ,integration_profile ,actor ,connectathon) VALUES ('EPIC', 'ACM', 'ALRT_COMMUNICATOR', 'NA2018');
INSERT INTO company_actor_profiles (company ,integration_profile ,actor ,connectathon) VALUES ('EPIC', 'QEDm', 'CLIN_DATA_SOURCE', 'NA2018');
INSERT INTO company_actor_profiles (company ,integration_profile ,actor ,connectathon) VALUES ('EPIC', 'C-CDA2.1_CONSUMERS', 'CONTENT_CONSUMER', 'NA2018');
INSERT INTO company_actor_profiles (company ,integration_profile ,actor ,connectathon) VALUES ('EPIC', 'C-CDA2.1_CCD', 'CONTENT_CREATOR', 'NA2018');
INSERT INTO company_actor_profiles (company ,integration_profile ,actor ,connectathon) VALUES ('EPIC', 'C-CDA2.1_DISCHARGE', 'CONTENT_CREATOR', 'NA2018');
INSERT INTO company_actor_profiles (company ,integration_profile ,actor ,connectathon) VALUES ('EPIC', 'C-CDA2.1_OPERATIVE', 'CONTENT_CREATOR', 'NA2018');
INSERT INTO company_actor_profiles (company ,integration_profile ,actor ,connectathon) VALUES ('EPIC', 'C-CDA2.1_PROGRESS', 'CONTENT_CREATOR', 'NA2018');
INSERT INTO company_actor_profiles (company ,integration_profile ,actor ,connectathon) VALUES ('EPIC', 'C-CDA2.1_REFERRAL', 'CONTENT_CREATOR', 'NA2018');
INSERT INTO company_actor_profiles (company ,integration_profile ,actor ,connectathon) VALUES ('EPIC', 'C-CDA2.1_UNSTRUCTURED', 'CONTENT_CREATOR', 'NA2018');
INSERT INTO company_actor_profiles (company ,integration_profile ,actor ,connectathon) VALUES ('EPIC', 'LDS', 'CONTENT_CREATOR', 'NA2018');
INSERT INTO company_actor_profiles (company ,integration_profile ,actor ,connectathon) VALUES ('EPIC', 'RIPT', 'CONTENT_CREATOR', 'NA2018');
INSERT INTO company_actor_profiles (company ,integration_profile ,actor ,connectathon) VALUES ('EPIC', 'mRFD', 'DATA_RESPONDER', 'NA2018');
INSERT INTO company_actor_profiles (company ,integration_profile ,actor ,connectathon) VALUES ('EPIC', 'VRDR', 'DATA_RESPONDER', 'NA2018');
INSERT INTO company_actor_profiles (company ,integration_profile ,actor ,connectathon) VALUES ('EPIC', 'DEC', 'DEV_OBS_CONSUMER', 'NA2018');
INSERT INTO company_actor_profiles (company ,integration_profile ,actor ,connectathon) VALUES ('EPIC', 'IPEC', 'DEV_OBS_CONSUMER', 'NA2018');
INSERT INTO company_actor_profiles (company ,integration_profile ,actor ,connectathon) VALUES ('EPIC', 'MEMDMC', 'DMIC', 'NA2018');
INSERT INTO company_actor_profiles (company ,integration_profile ,actor ,connectathon) VALUES ('EPIC', 'XDR', 'DOC_RECIPIENT', 'NA2018');
INSERT INTO company_actor_profiles (company ,integration_profile ,actor ,connectathon) VALUES ('EPIC', 'XDR', 'DOC_SOURCE', 'NA2018');
INSERT INTO company_actor_profiles (company ,integration_profile ,actor ,connectathon) VALUES ('EPIC', 'BFDR-E', 'FORM_FILLER', 'NA2018');
INSERT INTO company_actor_profiles (company ,integration_profile ,actor ,connectathon) VALUES ('EPIC', 'CRD', 'FORM_FILLER', 'NA2018');
INSERT INTO company_actor_profiles (company ,integration_profile ,actor ,connectathon) VALUES ('EPIC', 'DSC', 'FORM_FILLER', 'NA2018');
INSERT INTO company_actor_profiles (company ,integration_profile ,actor ,connectathon) VALUES ('EPIC', 'mRFD', 'FORM_FILLER', 'NA2018');
INSERT INTO company_actor_profiles (company ,integration_profile ,actor ,connectathon) VALUES ('EPIC', 'PRPH-Ca', 'FORM_FILLER', 'NA2018');
INSERT INTO company_actor_profiles (company ,integration_profile ,actor ,connectathon) VALUES ('EPIC', 'RFD', 'FORM_FILLER', 'NA2018');
INSERT INTO company_actor_profiles (company ,integration_profile ,actor ,connectathon) VALUES ('EPIC', 'SDC', 'FORM_FILLER', 'NA2018');
INSERT INTO company_actor_profiles (company ,integration_profile ,actor ,connectathon) VALUES ('EPIC', 'VRDR', 'FORM_FILLER', 'NA2018');
INSERT INTO company_actor_profiles (company ,integration_profile ,actor ,connectathon) VALUES ('EPIC', 'XCA', 'INIT_GATEWAY', 'NA2018');
INSERT INTO company_actor_profiles (company ,integration_profile ,actor ,connectathon) VALUES ('EPIC', 'XCPD', 'INIT_GATEWAY', 'NA2018');
INSERT INTO company_actor_profiles (company ,integration_profile ,actor ,connectathon) VALUES ('EPIC', 'PIV', 'IOP', 'NA2018');
INSERT INTO company_actor_profiles (company ,integration_profile ,actor ,connectathon) VALUES ('EPIC', 'MEMLS', 'LOC', 'NA2018');
INSERT INTO company_actor_profiles (company ,integration_profile ,actor ,connectathon) VALUES ('EPIC', 'ECHO', 'OF', 'NA2018');
INSERT INTO company_actor_profiles (company ,integration_profile ,actor ,connectathon) VALUES ('EPIC', 'SWF.b', 'OF', 'NA2018');
INSERT INTO company_actor_profiles (company ,integration_profile ,actor ,connectathon) VALUES ('EPIC', 'ECHO', 'PPSM', 'NA2018');
INSERT INTO company_actor_profiles (company ,integration_profile ,actor ,connectathon) VALUES ('EPIC', 'SWF.b', 'PPSM', 'NA2018');
INSERT INTO company_actor_profiles (company ,integration_profile ,actor ,connectathon) VALUES ('EPIC', '360X', 'REFERRAL_INITIATOR', 'NA2018');
INSERT INTO company_actor_profiles (company ,integration_profile ,actor ,connectathon) VALUES ('EPIC', '360X', 'REFERRAL_RECIPIENT', 'NA2018');
INSERT INTO company_actor_profiles (company ,integration_profile ,actor ,connectathon) VALUES ('EPIC', 'XCA', 'RESP_GATEWAY', 'NA2018');
INSERT INTO company_actor_profiles (company ,integration_profile ,actor ,connectathon) VALUES ('EPIC', 'XCPD', 'RESP_GATEWAY', 'NA2018');
INSERT INTO company_actor_profiles (company ,integration_profile ,actor ,connectathon) VALUES ('EPIC', 'ATNA', 'SA', 'NA2018');
INSERT INTO company_actor_profiles (company ,integration_profile ,actor ,connectathon) VALUES ('EPIC', 'ATNA', 'SN', 'NA2018');
INSERT INTO company_actor_profiles (company ,integration_profile ,actor ,connectathon) VALUES ('EPIC', 'CT', 'TIME_CLIENT', 'NA2018');


INSERT INTO company_actor_profiles (company ,integration_profile ,actor ,connectathon) VALUES ('FRESENIUS', 'DEC', 'DEV_OBS_REPORTER', 'NA2018');
INSERT INTO company_actor_profiles (company ,integration_profile ,actor ,connectathon) VALUES ('FRESENIUS', 'IPEC', 'DEV_OBS_REPORTER', 'NA2018');
INSERT INTO company_actor_profiles (company ,integration_profile ,actor ,connectathon) VALUES ('FRESENIUS', 'CT', 'TIME_CLIENT', 'NA2018');

INSERT INTO company_actor_profiles (company ,integration_profile ,actor ,connectathon) VALUES ('GE', 'ACM', 'ALERT_RPT', 'NA2018');
INSERT INTO company_actor_profiles (company ,integration_profile ,actor ,connectathon) VALUES ('GE', 'QEDm', 'CLIN_DATA_SOURCE', 'NA2018');
INSERT INTO company_actor_profiles (company ,integration_profile ,actor ,connectathon) VALUES ('GE', 'C-CDA2.1_CONSUMERS', 'CONTENT_CONSUMER', 'NA2018');
INSERT INTO company_actor_profiles (company ,integration_profile ,actor ,connectathon) VALUES ('GE', 'C-CDA2.1_CCD', 'CONTENT_CREATOR', 'NA2018');
INSERT INTO company_actor_profiles (company ,integration_profile ,actor ,connectathon) VALUES ('GE', 'C-CDA2.1_UNSTRUCTURED', 'CONTENT_CREATOR', 'NA2018');
INSERT INTO company_actor_profiles (company ,integration_profile ,actor ,connectathon) VALUES ('GE', 'DEC', 'DEV_OBS_CONSUMER', 'NA2018');
INSERT INTO company_actor_profiles (company ,integration_profile ,actor ,connectathon) VALUES ('GE', 'DEC', 'DEV_OBS_REPORTER', 'NA2018');
INSERT INTO company_actor_profiles (company ,integration_profile ,actor ,connectathon) VALUES ('GE', 'SWF.b', 'EC', 'NA2018');
INSERT INTO company_actor_profiles (company ,integration_profile ,actor ,connectathon) VALUES ('GE', 'KIN', 'ID', 'NA2018');
INSERT INTO company_actor_profiles (company ,integration_profile ,actor ,connectathon) VALUES ('GE', 'SWF.b', 'ID', 'NA2018');
INSERT INTO company_actor_profiles (company ,integration_profile ,actor ,connectathon) VALUES ('GE', 'SWF.b', 'MOD', 'NA2018');
INSERT INTO company_actor_profiles (company ,integration_profile ,actor ,connectathon) VALUES ('GE', 'PDQm', 'PDS', 'NA2018');
INSERT INTO company_actor_profiles (company ,integration_profile ,actor ,connectathon) VALUES ('GE', 'CT', 'TIME_CLIENT', 'NA2018');

INSERT INTO company_actor_profiles (company ,integration_profile ,actor ,connectathon) VALUES ('GENESIS', 'BFDR-E', 'CONTENT_CREATOR', 'NA2018');
INSERT INTO company_actor_profiles (company ,integration_profile ,actor ,connectathon) VALUES ('GENESIS', 'VRDR', 'CONTENT_CREATOR', 'NA2018');
INSERT INTO company_actor_profiles (company ,integration_profile ,actor ,connectathon) VALUES ('GENESIS', 'BFDR-E', 'FORM_PROC_CDA_EXPORTER', 'NA2018');
INSERT INTO company_actor_profiles (company ,integration_profile ,actor ,connectathon) VALUES ('GENESIS', 'BFDR-E', 'FORM_PROCESSOR', 'NA2018');
INSERT INTO company_actor_profiles (company ,integration_profile ,actor ,connectathon) VALUES ('GENESIS', 'RFD', 'FORM_PROCESSOR', 'NA2018');
INSERT INTO company_actor_profiles (company ,integration_profile ,actor ,connectathon) VALUES ('GENESIS', 'VRDR', 'FORM_PROCESSOR', 'NA2018');
INSERT INTO company_actor_profiles (company ,integration_profile ,actor ,connectathon) VALUES ('GENESIS', 'BFDR-E', 'INFO_RECIPIENT_HL7', 'NA2018');
INSERT INTO company_actor_profiles (company ,integration_profile ,actor ,connectathon) VALUES ('GENESIS', 'VRDR', 'INFO_RECIPIENT_HL7', 'NA2018');
INSERT INTO company_actor_profiles (company ,integration_profile ,actor ,connectathon) VALUES ('GENESIS', 'BFDR-E', 'INFO_SRC_HL7', 'NA2018');
INSERT INTO company_actor_profiles (company ,integration_profile ,actor ,connectathon) VALUES ('GENESIS', 'VRDR', 'INFO_SRC_HL7', 'NA2018');
INSERT INTO company_actor_profiles (company ,integration_profile ,actor ,connectathon) VALUES ('GENESIS', 'CT', 'TIME_CLIENT', 'NA2018');


INSERT INTO company_actor_profiles (company ,integration_profile ,actor ,connectathon) VALUES ('GuardRFID', 'ACM', 'ALERT_RPT', 'NA2018');
INSERT INTO company_actor_profiles (company ,integration_profile ,actor ,connectathon) VALUES ('GuardRFID', 'DEC', 'DEV_OBS_CONSUMER', 'NA2018');
INSERT INTO company_actor_profiles (company ,integration_profile ,actor ,connectathon) VALUES ('GuardRFID', 'IPEC', 'DEV_OBS_CONSUMER', 'NA2018');
INSERT INTO company_actor_profiles (company ,integration_profile ,actor ,connectathon) VALUES ('GuardRFID', 'MEMDMC', 'DMIC', 'NA2018');
INSERT INTO company_actor_profiles (company ,integration_profile ,actor ,connectathon) VALUES ('GuardRFID', 'MEMLS', 'LOR', 'NA2018');
INSERT INTO company_actor_profiles (company ,integration_profile ,actor ,connectathon) VALUES ('GuardRFID', 'CT', 'TIME_CLIENT', 'NA2018');

INSERT INTO company_actor_profiles (company ,integration_profile ,actor ,connectathon) VALUES ('HealthCelerate', 'C-CDA2.1_CONSUMERS', 'CONTENT_CONSUMER', 'NA2018');

INSERT INTO company_actor_profiles (company ,integration_profile ,actor ,connectathon) VALUES ('Hill-Rom', 'ACM', 'ALERT_RPT', 'NA2018');
INSERT INTO company_actor_profiles (company ,integration_profile ,actor ,connectathon) VALUES ('Hill-Rom', 'ACM', 'ALRT_COMMUNICATOR', 'NA2018');
INSERT INTO company_actor_profiles (company ,integration_profile ,actor ,connectathon) VALUES ('Hill-Rom', 'ACM', 'ALRT_MGR', 'NA2018');
INSERT INTO company_actor_profiles (company ,integration_profile ,actor ,connectathon) VALUES ('Hill-Rom', 'CT', 'TIME_CLIENT', 'NA2018');

INSERT INTO company_actor_profiles (company ,integration_profile ,actor ,connectathon) VALUES ('HYLAND', 'ATNA', 'ARR', 'NA2018');
INSERT INTO company_actor_profiles (company ,integration_profile ,actor ,connectathon) VALUES ('HYLAND', 'ATNA', 'AUDIT_CONSUMER', 'NA2018');
INSERT INTO company_actor_profiles (company ,integration_profile ,actor ,connectathon) VALUES ('HYLAND', 'ATNA', 'AUDIT_RECORD_FORWARDER', 'NA2018');
INSERT INTO company_actor_profiles (company ,integration_profile ,actor ,connectathon) VALUES ('HYLAND', 'IUA', 'AUTH_CLIENT', 'NA2018');
INSERT INTO company_actor_profiles (company ,integration_profile ,actor ,connectathon) VALUES ('HYLAND', 'IUA', 'AUTH_SERVER', 'NA2018');
INSERT INTO company_actor_profiles (company ,integration_profile ,actor ,connectathon) VALUES ('HYLAND', 'XDS-SD', 'CONTENT_CONSUMER', 'NA2018');
INSERT INTO company_actor_profiles (company ,integration_profile ,actor ,connectathon) VALUES ('HYLAND', 'XDS-SD', 'CONTENT_CREATOR', 'NA2018');
INSERT INTO company_actor_profiles (company ,integration_profile ,actor ,connectathon) VALUES ('HYLAND', 'DSUB', 'DM_NOTIF_BROKER', 'NA2018');
INSERT INTO company_actor_profiles (company ,integration_profile ,actor ,connectathon) VALUES ('HYLAND', 'DSUB', 'DM_PUBLISHER', 'NA2018');
INSERT INTO company_actor_profiles (company ,integration_profile ,actor ,connectathon) VALUES ('HYLAND', 'XDS.b', 'DOC_CONSUMER', 'NA2018');
INSERT INTO company_actor_profiles (company ,integration_profile ,actor ,connectathon) VALUES ('HYLAND', 'XDS-I.b', 'DOC_CONSUMER', 'NA2018');
INSERT INTO company_actor_profiles (company ,integration_profile ,actor ,connectathon) VALUES ('HYLAND', 'MHD', 'DOC_RECIPIENT', 'NA2018');
INSERT INTO company_actor_profiles (company ,integration_profile ,actor ,connectathon) VALUES ('HYLAND', 'XDR', 'DOC_RECIPIENT', 'NA2018');
INSERT INTO company_actor_profiles (company ,integration_profile ,actor ,connectathon) VALUES ('HYLAND', 'MPQ', 'DOC_REGISTRY', 'NA2018');
INSERT INTO company_actor_profiles (company ,integration_profile ,actor ,connectathon) VALUES ('HYLAND', 'RMD', 'DOC_REGISTRY', 'NA2018');
INSERT INTO company_actor_profiles (company ,integration_profile ,actor ,connectathon) VALUES ('HYLAND', 'XDS.b', 'DOC_REGISTRY', 'NA2018');
INSERT INTO company_actor_profiles (company ,integration_profile ,actor ,connectathon) VALUES ('HYLAND', 'XPID', 'DOC_REGISTRY', 'NA2018');
INSERT INTO company_actor_profiles (company ,integration_profile ,actor ,connectathon) VALUES ('HYLAND', 'XDS.b', 'DOC_REPOSITORY', 'NA2018');
INSERT INTO company_actor_profiles (company ,integration_profile ,actor ,connectathon) VALUES ('HYLAND', 'MHD', 'DOC_RESPONDER', 'NA2018');
INSERT INTO company_actor_profiles (company ,integration_profile ,actor ,connectathon) VALUES ('HYLAND', 'MHD', 'DOC_SOURCE', 'NA2018');
INSERT INTO company_actor_profiles (company ,integration_profile ,actor ,connectathon) VALUES ('HYLAND', 'XDR', 'DOC_SOURCE', 'NA2018');
INSERT INTO company_actor_profiles (company ,integration_profile ,actor ,connectathon) VALUES ('HYLAND', 'XDS.b', 'DOC_SOURCE', 'NA2018');
INSERT INTO company_actor_profiles (company ,integration_profile ,actor ,connectathon) VALUES ('HYLAND', 'XDS.b', 'EMBED_REPOS', 'NA2018');
INSERT INTO company_actor_profiles (company ,integration_profile ,actor ,connectathon) VALUES ('HYLAND', 'PDI', 'ID', 'NA2018');
INSERT INTO company_actor_profiles (company ,integration_profile ,actor ,connectathon) VALUES ('HYLAND', 'XDS-I.b', 'IMG_DOC_CONSUMER', 'NA2018');
INSERT INTO company_actor_profiles (company ,integration_profile ,actor ,connectathon) VALUES ('HYLAND', 'XCA', 'INIT_GATEWAY', 'NA2018');
INSERT INTO company_actor_profiles (company ,integration_profile ,actor ,connectathon) VALUES ('HYLAND', 'XCPD', 'INIT_GATEWAY', 'NA2018');
INSERT INTO company_actor_profiles (company ,integration_profile ,actor ,connectathon) VALUES ('HYLAND', 'XCA-I', 'INIT_IMG_GATEWAY', 'NA2018');
INSERT INTO company_actor_profiles (company ,integration_profile ,actor ,connectathon) VALUES ('HYLAND', 'XDR', 'METADATA_LTD_DOC_SOURCE', 'NA2018');
INSERT INTO company_actor_profiles (company ,integration_profile ,actor ,connectathon) VALUES ('HYLAND', 'PIX', 'PAT_IDENTITY_CONSUMER', 'NA2018');
INSERT INTO company_actor_profiles (company ,integration_profile ,actor ,connectathon) VALUES ('HYLAND', 'PIXV3', 'PAT_IDENTITY_CONSUMER', 'NA2018');
INSERT INTO company_actor_profiles (company ,integration_profile ,actor ,connectathon) VALUES ('HYLAND', 'PIX', 'PAT_IDENTITY_SRC', 'NA2018');
INSERT INTO company_actor_profiles (company ,integration_profile ,actor ,connectathon) VALUES ('HYLAND', 'PIXV3', 'PAT_IDENTITY_SRC', 'NA2018');
INSERT INTO company_actor_profiles (company ,integration_profile ,actor ,connectathon) VALUES ('HYLAND', 'PIX', 'PAT_IDENTITY_X_REF_MGR', 'NA2018');
INSERT INTO company_actor_profiles (company ,integration_profile ,actor ,connectathon) VALUES ('HYLAND', 'PIXm', 'PAT_IDENTITY_X_REF_MGR', 'NA2018');
INSERT INTO company_actor_profiles (company ,integration_profile ,actor ,connectathon) VALUES ('HYLAND', 'PIXV3', 'PAT_IDENTITY_X_REF_MGR', 'NA2018');
INSERT INTO company_actor_profiles (company ,integration_profile ,actor ,connectathon) VALUES ('HYLAND', 'XPID', 'PAT_IDENTITY_X_REF_MGR', 'NA2018');
INSERT INTO company_actor_profiles (company ,integration_profile ,actor ,connectathon) VALUES ('HYLAND', 'PDQ', 'PDC', 'NA2018');
INSERT INTO company_actor_profiles (company ,integration_profile ,actor ,connectathon) VALUES ('HYLAND', 'PDQV3', 'PDC', 'NA2018');
INSERT INTO company_actor_profiles (company ,integration_profile ,actor ,connectathon) VALUES ('HYLAND', 'PDQ', 'PDS', 'NA2018');
INSERT INTO company_actor_profiles (company ,integration_profile ,actor ,connectathon) VALUES ('HYLAND', 'PDQm', 'PDS', 'NA2018');
INSERT INTO company_actor_profiles (company ,integration_profile ,actor ,connectathon) VALUES ('HYLAND', 'PDQV3', 'PDS', 'NA2018');
INSERT INTO company_actor_profiles (company ,integration_profile ,actor ,connectathon) VALUES ('HYLAND', 'XDM', 'PMC', 'NA2018');
INSERT INTO company_actor_profiles (company ,integration_profile ,actor ,connectathon) VALUES ('HYLAND', 'PDI', 'PMI', 'NA2018');
INSERT INTO company_actor_profiles (company ,integration_profile ,actor ,connectathon) VALUES ('HYLAND', 'IUA', 'RESOURCE_SERVER', 'NA2018');
INSERT INTO company_actor_profiles (company ,integration_profile ,actor ,connectathon) VALUES ('HYLAND', 'XCA', 'RESP_GATEWAY', 'NA2018');
INSERT INTO company_actor_profiles (company ,integration_profile ,actor ,connectathon) VALUES ('HYLAND', 'XCPD', 'RESP_GATEWAY', 'NA2018');
INSERT INTO company_actor_profiles (company ,integration_profile ,actor ,connectathon) VALUES ('HYLAND', 'XCA-I', 'RESP_IMG_GATEWAY', 'NA2018');
INSERT INTO company_actor_profiles (company ,integration_profile ,actor ,connectathon) VALUES ('HYLAND', 'ATNA', 'SN', 'NA2018');
INSERT INTO company_actor_profiles (company ,integration_profile ,actor ,connectathon) VALUES ('HYLAND', 'CT', 'TIME_CLIENT', 'NA2018');
INSERT INTO company_actor_profiles (company ,integration_profile ,actor ,connectathon) VALUES ('HYLAND', 'SVS', 'VALUE_SET_REPOSITORY', 'NA2018');
INSERT INTO company_actor_profiles (company ,integration_profile ,actor ,connectathon) VALUES ('HYLAND', 'XUA', 'X-SERVICE-USER', 'NA2018');


INSERT INTO company_actor_profiles (company ,integration_profile ,actor ,connectathon) VALUES ('Iatric', 'ACM', 'ACON', 'NA2018');
INSERT INTO company_actor_profiles (company ,integration_profile ,actor ,connectathon) VALUES ('Iatric', 'DEC', 'DEV_OBS_CONSUMER', 'NA2018');
INSERT INTO company_actor_profiles (company ,integration_profile ,actor ,connectathon) VALUES ('Iatric', 'IPEC', 'DEV_OBS_CONSUMER', 'NA2018');
INSERT INTO company_actor_profiles (company ,integration_profile ,actor ,connectathon) VALUES ('Iatric', 'DEC', 'DEV_OBS_REPORTER', 'NA2018');
INSERT INTO company_actor_profiles (company ,integration_profile ,actor ,connectathon) VALUES ('Iatric', 'IPEC', 'DEV_OBS_REPORTER', 'NA2018');
INSERT INTO company_actor_profiles (company ,integration_profile ,actor ,connectathon) VALUES ('Iatric', 'PIV', 'IOP', 'NA2018');
INSERT INTO company_actor_profiles (company ,integration_profile ,actor ,connectathon) VALUES ('Iatric', 'CT', 'TIME_CLIENT', 'NA2018');


INSERT INTO company_actor_profiles (company ,integration_profile ,actor ,connectathon) VALUES ('ICU_MEDICAL', 'ACM', 'ALERT_RPT', 'NA2018');
INSERT INTO company_actor_profiles (company ,integration_profile ,actor ,connectathon) VALUES ('ICU_MEDICAL', 'DEC', 'DEV_OBS_REPORTER', 'NA2018');
INSERT INTO company_actor_profiles (company ,integration_profile ,actor ,connectathon) VALUES ('ICU_MEDICAL', 'IPEC', 'DEV_OBS_REPORTER', 'NA2018');
INSERT INTO company_actor_profiles (company ,integration_profile ,actor ,connectathon) VALUES ('ICU_MEDICAL', 'MEMDMC', 'DMIR', 'NA2018');
INSERT INTO company_actor_profiles (company ,integration_profile ,actor ,connectathon) VALUES ('ICU_MEDICAL', 'PIV', 'IOC', 'NA2018');
INSERT INTO company_actor_profiles (company ,integration_profile ,actor ,connectathon) VALUES ('ICU_MEDICAL', 'CT', 'TIME_CLIENT', 'NA2018');

INSERT INTO company_actor_profiles (company ,integration_profile ,actor ,connectathon) VALUES ('Infor ', 'XDS.b', 'DOC_CONSUMER', 'NA2018');
INSERT INTO company_actor_profiles (company ,integration_profile ,actor ,connectathon) VALUES ('Infor ', 'XDS.b', 'DOC_SOURCE', 'NA2018');
INSERT INTO company_actor_profiles (company ,integration_profile ,actor ,connectathon) VALUES ('Infor ', 'PIX', 'PAT_IDENTITY_CONSUMER', 'NA2018');
INSERT INTO company_actor_profiles (company ,integration_profile ,actor ,connectathon) VALUES ('Infor ', 'PIXV3', 'PAT_IDENTITY_CONSUMER', 'NA2018');
INSERT INTO company_actor_profiles (company ,integration_profile ,actor ,connectathon) VALUES ('Infor ', 'PIX', 'PAT_IDENTITY_SRC', 'NA2018');
INSERT INTO company_actor_profiles (company ,integration_profile ,actor ,connectathon) VALUES ('Infor ', 'PIXV3', 'PAT_IDENTITY_SRC', 'NA2018');
INSERT INTO company_actor_profiles (company ,integration_profile ,actor ,connectathon) VALUES ('Infor ', 'PDQ', 'PDC', 'NA2018');
INSERT INTO company_actor_profiles (company ,integration_profile ,actor ,connectathon) VALUES ('Infor ', 'PDQV3', 'PDC', 'NA2018');
INSERT INTO company_actor_profiles (company ,integration_profile ,actor ,connectathon) VALUES ('Infor ', 'ATNA', 'SA', 'NA2018');
INSERT INTO company_actor_profiles (company ,integration_profile ,actor ,connectathon) VALUES ('Infor ', 'CT', 'TIME_CLIENT', 'NA2018');

INSERT INTO company_actor_profiles (company ,integration_profile ,actor ,connectathon) VALUES ('INTERSYSTEMS', 'ATNA', 'ARR', 'NA2018');
INSERT INTO company_actor_profiles (company ,integration_profile ,actor ,connectathon) VALUES ('INTERSYSTEMS', 'C-CDA2.1_CONSUMERS', 'CONTENT_CONSUMER', 'NA2018');
INSERT INTO company_actor_profiles (company ,integration_profile ,actor ,connectathon) VALUES ('INTERSYSTEMS', 'C-CDA2.1_CARE-PLAN', 'CONTENT_CREATOR', 'NA2018');
INSERT INTO company_actor_profiles (company ,integration_profile ,actor ,connectathon) VALUES ('INTERSYSTEMS', 'C-CDA2.1_CCD', 'CONTENT_CREATOR', 'NA2018');
INSERT INTO company_actor_profiles (company ,integration_profile ,actor ,connectathon) VALUES ('INTERSYSTEMS', 'C-CDA2.1_CONSULT', 'CONTENT_CREATOR', 'NA2018');
INSERT INTO company_actor_profiles (company ,integration_profile ,actor ,connectathon) VALUES ('INTERSYSTEMS', 'C-CDA2.1_DISCHARGE', 'CONTENT_CREATOR', 'NA2018');
INSERT INTO company_actor_profiles (company ,integration_profile ,actor ,connectathon) VALUES ('INTERSYSTEMS', 'C-CDA2.1_PROGRESS', 'CONTENT_CREATOR', 'NA2018');
INSERT INTO company_actor_profiles (company ,integration_profile ,actor ,connectathon) VALUES ('INTERSYSTEMS', 'C-CDA2.1_REFERRAL', 'CONTENT_CREATOR', 'NA2018');
INSERT INTO company_actor_profiles (company ,integration_profile ,actor ,connectathon) VALUES ('INTERSYSTEMS', 'C-CDA2.1_UNSTRUCTURED', 'CONTENT_CREATOR', 'NA2018');
INSERT INTO company_actor_profiles (company ,integration_profile ,actor ,connectathon) VALUES ('INTERSYSTEMS', 'DSUB', 'DM_NOTIF_BROKER', 'NA2018');
INSERT INTO company_actor_profiles (company ,integration_profile ,actor ,connectathon) VALUES ('INTERSYSTEMS', 'DSUB', 'DM_NOTIF_RECIPIENT', 'NA2018');
INSERT INTO company_actor_profiles (company ,integration_profile ,actor ,connectathon) VALUES ('INTERSYSTEMS', 'DSUB', 'DM_PUBLISHER', 'NA2018');
INSERT INTO company_actor_profiles (company ,integration_profile ,actor ,connectathon) VALUES ('INTERSYSTEMS', 'DSUB', 'DM_SUBSCRIBER', 'NA2018');
INSERT INTO company_actor_profiles (company ,integration_profile ,actor ,connectathon) VALUES ('INTERSYSTEMS', 'XDS.b', 'DOC_ADMINISTRATOR', 'NA2018');
INSERT INTO company_actor_profiles (company ,integration_profile ,actor ,connectathon) VALUES ('INTERSYSTEMS', 'MHD', 'DOC_CONSUMER', 'NA2018');
INSERT INTO company_actor_profiles (company ,integration_profile ,actor ,connectathon) VALUES ('INTERSYSTEMS', 'XDS.b', 'DOC_CONSUMER', 'NA2018');
INSERT INTO company_actor_profiles (company ,integration_profile ,actor ,connectathon) VALUES ('INTERSYSTEMS', 'MHD', 'DOC_RECIPIENT', 'NA2018');
INSERT INTO company_actor_profiles (company ,integration_profile ,actor ,connectathon) VALUES ('INTERSYSTEMS', 'XDR', 'DOC_RECIPIENT', 'NA2018');
INSERT INTO company_actor_profiles (company ,integration_profile ,actor ,connectathon) VALUES ('INTERSYSTEMS', 'XDS.b', 'DOC_REGISTRY', 'NA2018');
INSERT INTO company_actor_profiles (company ,integration_profile ,actor ,connectathon) VALUES ('INTERSYSTEMS', 'XDS-I.b', 'DOC_REGISTRY', 'NA2018');
INSERT INTO company_actor_profiles (company ,integration_profile ,actor ,connectathon) VALUES ('INTERSYSTEMS', 'XDS.b', 'DOC_REPOSITORY', 'NA2018');
INSERT INTO company_actor_profiles (company ,integration_profile ,actor ,connectathon) VALUES ('INTERSYSTEMS', 'XDS-I.b', 'DOC_REPOSITORY', 'NA2018');
INSERT INTO company_actor_profiles (company ,integration_profile ,actor ,connectathon) VALUES ('INTERSYSTEMS', 'MHD', 'DOC_RESPONDER', 'NA2018');
INSERT INTO company_actor_profiles (company ,integration_profile ,actor ,connectathon) VALUES ('INTERSYSTEMS', 'MHD', 'DOC_SOURCE', 'NA2018');
INSERT INTO company_actor_profiles (company ,integration_profile ,actor ,connectathon) VALUES ('INTERSYSTEMS', 'XDR', 'DOC_SOURCE', 'NA2018');
INSERT INTO company_actor_profiles (company ,integration_profile ,actor ,connectathon) VALUES ('INTERSYSTEMS', 'XDS.b', 'DOC_SOURCE', 'NA2018');
INSERT INTO company_actor_profiles (company ,integration_profile ,actor ,connectathon) VALUES ('INTERSYSTEMS', 'XCA', 'INIT_GATEWAY', 'NA2018');
INSERT INTO company_actor_profiles (company ,integration_profile ,actor ,connectathon) VALUES ('INTERSYSTEMS', 'XCPD', 'INIT_GATEWAY', 'NA2018');
INSERT INTO company_actor_profiles (company ,integration_profile ,actor ,connectathon) VALUES ('INTERSYSTEMS', 'PIX', 'PAT_IDENTITY_CONSUMER', 'NA2018');
INSERT INTO company_actor_profiles (company ,integration_profile ,actor ,connectathon) VALUES ('INTERSYSTEMS', 'PIXm', 'PAT_IDENTITY_CONSUMER', 'NA2018');
INSERT INTO company_actor_profiles (company ,integration_profile ,actor ,connectathon) VALUES ('INTERSYSTEMS', 'PIXV3', 'PAT_IDENTITY_CONSUMER', 'NA2018');
INSERT INTO company_actor_profiles (company ,integration_profile ,actor ,connectathon) VALUES ('INTERSYSTEMS', 'PIX', 'PAT_IDENTITY_SRC', 'NA2018');
INSERT INTO company_actor_profiles (company ,integration_profile ,actor ,connectathon) VALUES ('INTERSYSTEMS', 'PIXV3', 'PAT_IDENTITY_SRC', 'NA2018');
INSERT INTO company_actor_profiles (company ,integration_profile ,actor ,connectathon) VALUES ('INTERSYSTEMS', 'PIX', 'PAT_IDENTITY_X_REF_MGR', 'NA2018');
INSERT INTO company_actor_profiles (company ,integration_profile ,actor ,connectathon) VALUES ('INTERSYSTEMS', 'PIXm', 'PAT_IDENTITY_X_REF_MGR', 'NA2018');
INSERT INTO company_actor_profiles (company ,integration_profile ,actor ,connectathon) VALUES ('INTERSYSTEMS', 'PIXV3', 'PAT_IDENTITY_X_REF_MGR', 'NA2018');
INSERT INTO company_actor_profiles (company ,integration_profile ,actor ,connectathon) VALUES ('INTERSYSTEMS', 'PDQ', 'PDC', 'NA2018');
INSERT INTO company_actor_profiles (company ,integration_profile ,actor ,connectathon) VALUES ('INTERSYSTEMS', 'PDQm', 'PDC', 'NA2018');
INSERT INTO company_actor_profiles (company ,integration_profile ,actor ,connectathon) VALUES ('INTERSYSTEMS', 'PDQV3', 'PDC', 'NA2018');
INSERT INTO company_actor_profiles (company ,integration_profile ,actor ,connectathon) VALUES ('INTERSYSTEMS', 'PDQ', 'PDS', 'NA2018');
INSERT INTO company_actor_profiles (company ,integration_profile ,actor ,connectathon) VALUES ('INTERSYSTEMS', 'PDQm', 'PDS', 'NA2018');
INSERT INTO company_actor_profiles (company ,integration_profile ,actor ,connectathon) VALUES ('INTERSYSTEMS', 'PDQV3', 'PDS', 'NA2018');
INSERT INTO company_actor_profiles (company ,integration_profile ,actor ,connectathon) VALUES ('INTERSYSTEMS', 'XCA', 'RESP_GATEWAY', 'NA2018');
INSERT INTO company_actor_profiles (company ,integration_profile ,actor ,connectathon) VALUES ('INTERSYSTEMS', 'XCPD', 'RESP_GATEWAY', 'NA2018');
INSERT INTO company_actor_profiles (company ,integration_profile ,actor ,connectathon) VALUES ('INTERSYSTEMS', 'ATNA', 'SA', 'NA2018');
INSERT INTO company_actor_profiles (company ,integration_profile ,actor ,connectathon) VALUES ('INTERSYSTEMS', 'CT', 'TIME_CLIENT', 'NA2018');


INSERT INTO company_actor_profiles (company ,integration_profile ,actor ,connectathon) VALUES ('ICOSERVE', 'ATNA', 'ARR', 'NA2018');
INSERT INTO company_actor_profiles (company ,integration_profile ,actor ,connectathon) VALUES ('ICOSERVE', 'XDW', 'CONTENT_CONSUMER', 'NA2018');
INSERT INTO company_actor_profiles (company ,integration_profile ,actor ,connectathon) VALUES ('ICOSERVE', 'XDW', 'CONTENT_CREATOR', 'NA2018');
INSERT INTO company_actor_profiles (company ,integration_profile ,actor ,connectathon) VALUES ('ICOSERVE', 'XDW', 'CONTENT_UPDATER', 'NA2018');
INSERT INTO company_actor_profiles (company ,integration_profile ,actor ,connectathon) VALUES ('ICOSERVE', 'DSUB', 'DM_NOTIF_BROKER', 'NA2018');
INSERT INTO company_actor_profiles (company ,integration_profile ,actor ,connectathon) VALUES ('ICOSERVE', 'DSUB', 'DM_NOTIF_RECIPIENT', 'NA2018');
INSERT INTO company_actor_profiles (company ,integration_profile ,actor ,connectathon) VALUES ('ICOSERVE', 'DSUB', 'DM_PUBLISHER', 'NA2018');
INSERT INTO company_actor_profiles (company ,integration_profile ,actor ,connectathon) VALUES ('ICOSERVE', 'DSUB', 'DM_SUBSCRIBER', 'NA2018');
INSERT INTO company_actor_profiles (company ,integration_profile ,actor ,connectathon) VALUES ('ICOSERVE', 'RMD', 'DOC_ADMINISTRATOR', 'NA2018');
INSERT INTO company_actor_profiles (company ,integration_profile ,actor ,connectathon) VALUES ('ICOSERVE', 'XDS.b', 'DOC_ADMINISTRATOR', 'NA2018');
INSERT INTO company_actor_profiles (company ,integration_profile ,actor ,connectathon) VALUES ('ICOSERVE', 'MPQ', 'DOC_CONSUMER', 'NA2018');
INSERT INTO company_actor_profiles (company ,integration_profile ,actor ,connectathon) VALUES ('ICOSERVE', 'XDS.b', 'DOC_CONSUMER', 'NA2018');
INSERT INTO company_actor_profiles (company ,integration_profile ,actor ,connectathon) VALUES ('ICOSERVE', 'XDS-I.b', 'DOC_CONSUMER', 'NA2018');
INSERT INTO company_actor_profiles (company ,integration_profile ,actor ,connectathon) VALUES ('ICOSERVE', 'XDR', 'DOC_RECIPIENT', 'NA2018');
INSERT INTO company_actor_profiles (company ,integration_profile ,actor ,connectathon) VALUES ('ICOSERVE', 'MPQ', 'DOC_REGISTRY', 'NA2018');
INSERT INTO company_actor_profiles (company ,integration_profile ,actor ,connectathon) VALUES ('ICOSERVE', 'RMD', 'DOC_REGISTRY', 'NA2018');
INSERT INTO company_actor_profiles (company ,integration_profile ,actor ,connectathon) VALUES ('ICOSERVE', 'XDS.b', 'DOC_REGISTRY', 'NA2018');
INSERT INTO company_actor_profiles (company ,integration_profile ,actor ,connectathon) VALUES ('ICOSERVE', 'XPID', 'DOC_REGISTRY', 'NA2018');
INSERT INTO company_actor_profiles (company ,integration_profile ,actor ,connectathon) VALUES ('ICOSERVE', 'RMD', 'DOC_REPOSITORY', 'NA2018');
INSERT INTO company_actor_profiles (company ,integration_profile ,actor ,connectathon) VALUES ('ICOSERVE', 'XDS.b', 'DOC_REPOSITORY', 'NA2018');
INSERT INTO company_actor_profiles (company ,integration_profile ,actor ,connectathon) VALUES ('ICOSERVE', 'XDR', 'DOC_SOURCE', 'NA2018');
INSERT INTO company_actor_profiles (company ,integration_profile ,actor ,connectathon) VALUES ('ICOSERVE', 'XDS.b', 'DOC_SOURCE', 'NA2018');
INSERT INTO company_actor_profiles (company ,integration_profile ,actor ,connectathon) VALUES ('ICOSERVE', 'XDS-I.b', 'IMG_DOC_CONSUMER', 'NA2018');
INSERT INTO company_actor_profiles (company ,integration_profile ,actor ,connectathon) VALUES ('ICOSERVE', 'XCA-I', 'IMG_DOC_SOURCE', 'NA2018');
INSERT INTO company_actor_profiles (company ,integration_profile ,actor ,connectathon) VALUES ('ICOSERVE', 'XDS-I.b', 'IMG_DOC_SOURCE', 'NA2018');
INSERT INTO company_actor_profiles (company ,integration_profile ,actor ,connectathon) VALUES ('ICOSERVE', 'XCA', 'INIT_GATEWAY', 'NA2018');
INSERT INTO company_actor_profiles (company ,integration_profile ,actor ,connectathon) VALUES ('ICOSERVE', 'XCPD', 'INIT_GATEWAY', 'NA2018');
INSERT INTO company_actor_profiles (company ,integration_profile ,actor ,connectathon) VALUES ('ICOSERVE', 'XCA-I', 'INIT_IMG_GATEWAY', 'NA2018');
INSERT INTO company_actor_profiles (company ,integration_profile ,actor ,connectathon) VALUES ('ICOSERVE', 'PIX', 'PAT_IDENTITY_CONSUMER', 'NA2018');
INSERT INTO company_actor_profiles (company ,integration_profile ,actor ,connectathon) VALUES ('ICOSERVE', 'PIXV3', 'PAT_IDENTITY_CONSUMER', 'NA2018');
INSERT INTO company_actor_profiles (company ,integration_profile ,actor ,connectathon) VALUES ('ICOSERVE', 'PIX', 'PAT_IDENTITY_SRC', 'NA2018');
INSERT INTO company_actor_profiles (company ,integration_profile ,actor ,connectathon) VALUES ('ICOSERVE', 'PIXV3', 'PAT_IDENTITY_SRC', 'NA2018');
INSERT INTO company_actor_profiles (company ,integration_profile ,actor ,connectathon) VALUES ('ICOSERVE', 'PIX', 'PAT_IDENTITY_X_REF_MGR', 'NA2018');
INSERT INTO company_actor_profiles (company ,integration_profile ,actor ,connectathon) VALUES ('ICOSERVE', 'PIXV3', 'PAT_IDENTITY_X_REF_MGR', 'NA2018');
INSERT INTO company_actor_profiles (company ,integration_profile ,actor ,connectathon) VALUES ('ICOSERVE', 'XPID', 'PAT_IDENTITY_X_REF_MGR', 'NA2018');
INSERT INTO company_actor_profiles (company ,integration_profile ,actor ,connectathon) VALUES ('ICOSERVE', 'PDQ', 'PDC', 'NA2018');
INSERT INTO company_actor_profiles (company ,integration_profile ,actor ,connectathon) VALUES ('ICOSERVE', 'PDQV3', 'PDC', 'NA2018');
INSERT INTO company_actor_profiles (company ,integration_profile ,actor ,connectathon) VALUES ('ICOSERVE', 'PDQ', 'PDS', 'NA2018');
INSERT INTO company_actor_profiles (company ,integration_profile ,actor ,connectathon) VALUES ('ICOSERVE', 'PDQV3', 'PDS', 'NA2018');
INSERT INTO company_actor_profiles (company ,integration_profile ,actor ,connectathon) VALUES ('ICOSERVE', 'XDM', 'PMC', 'NA2018');
INSERT INTO company_actor_profiles (company ,integration_profile ,actor ,connectathon) VALUES ('ICOSERVE', 'HPD', 'PROV_INFO_CONS', 'NA2018');
INSERT INTO company_actor_profiles (company ,integration_profile ,actor ,connectathon) VALUES ('ICOSERVE', 'HPD', 'PROV_INFO_DIR', 'NA2018');
INSERT INTO company_actor_profiles (company ,integration_profile ,actor ,connectathon) VALUES ('ICOSERVE', 'HPD', 'PROV_INFO_SRC', 'NA2018');
INSERT INTO company_actor_profiles (company ,integration_profile ,actor ,connectathon) VALUES ('ICOSERVE', 'XCA', 'RESP_GATEWAY', 'NA2018');
INSERT INTO company_actor_profiles (company ,integration_profile ,actor ,connectathon) VALUES ('ICOSERVE', 'XCPD', 'RESP_GATEWAY', 'NA2018');
INSERT INTO company_actor_profiles (company ,integration_profile ,actor ,connectathon) VALUES ('ICOSERVE', 'XCA-I', 'RESP_IMG_GATEWAY', 'NA2018');
INSERT INTO company_actor_profiles (company ,integration_profile ,actor ,connectathon) VALUES ('ICOSERVE', 'ATNA', 'SA', 'NA2018');
INSERT INTO company_actor_profiles (company ,integration_profile ,actor ,connectathon) VALUES ('ICOSERVE', 'ATNA', 'SN', 'NA2018');
INSERT INTO company_actor_profiles (company ,integration_profile ,actor ,connectathon) VALUES ('ICOSERVE', 'CT', 'TIME_CLIENT', 'NA2018');
INSERT INTO company_actor_profiles (company ,integration_profile ,actor ,connectathon) VALUES ('ICOSERVE', 'CT', 'TS', 'NA2018');

INSERT INTO company_actor_profiles (company ,integration_profile ,actor ,connectathon) VALUES ('IVENIX', 'ACM', 'ALERT_RPT', 'NA2018');
INSERT INTO company_actor_profiles (company ,integration_profile ,actor ,connectathon) VALUES ('IVENIX', 'DEC', 'DEV_OBS_REPORTER', 'NA2018');
INSERT INTO company_actor_profiles (company ,integration_profile ,actor ,connectathon) VALUES ('IVENIX', 'IPEC', 'DEV_OBS_REPORTER', 'NA2018');
INSERT INTO company_actor_profiles (company ,integration_profile ,actor ,connectathon) VALUES ('IVENIX', 'PIV', 'IOC', 'NA2018');
INSERT INTO company_actor_profiles (company ,integration_profile ,actor ,connectathon) VALUES ('IVENIX', 'MEMLS', 'LOC', 'NA2018');
INSERT INTO company_actor_profiles (company ,integration_profile ,actor ,connectathon) VALUES ('IVENIX', 'CT', 'TIME_CLIENT', 'NA2018');

INSERT INTO company_actor_profiles (company ,integration_profile ,actor ,connectathon) VALUES ('lifeIMAGE', 'XDS.b', 'DOC_CONSUMER', 'NA2018');
INSERT INTO company_actor_profiles (company ,integration_profile ,actor ,connectathon) VALUES ('lifeIMAGE', 'XDS-I.b', 'DOC_CONSUMER', 'NA2018');
INSERT INTO company_actor_profiles (company ,integration_profile ,actor ,connectathon) VALUES ('lifeIMAGE', 'XDR', 'DOC_RECIPIENT', 'NA2018');
INSERT INTO company_actor_profiles (company ,integration_profile ,actor ,connectathon) VALUES ('lifeIMAGE', 'XDS.b', 'DOC_REGISTRY', 'NA2018');
INSERT INTO company_actor_profiles (company ,integration_profile ,actor ,connectathon) VALUES ('lifeIMAGE', 'XDS-I.b', 'DOC_REGISTRY', 'NA2018');
INSERT INTO company_actor_profiles (company ,integration_profile ,actor ,connectathon) VALUES ('lifeIMAGE', 'XDS.b', 'DOC_REPOSITORY', 'NA2018');
INSERT INTO company_actor_profiles (company ,integration_profile ,actor ,connectathon) VALUES ('lifeIMAGE', 'XDS-I.b', 'DOC_REPOSITORY', 'NA2018');
INSERT INTO company_actor_profiles (company ,integration_profile ,actor ,connectathon) VALUES ('lifeIMAGE', 'XDR', 'DOC_SOURCE', 'NA2018');
INSERT INTO company_actor_profiles (company ,integration_profile ,actor ,connectathon) VALUES ('lifeIMAGE', 'XDS.b', 'DOC_SOURCE', 'NA2018');
INSERT INTO company_actor_profiles (company ,integration_profile ,actor ,connectathon) VALUES ('lifeIMAGE', 'XDS-I.b', 'IMG_DOC_CONSUMER', 'NA2018');
INSERT INTO company_actor_profiles (company ,integration_profile ,actor ,connectathon) VALUES ('lifeIMAGE', 'XDS-I.b', 'IMG_DOC_SOURCE', 'NA2018');
INSERT INTO company_actor_profiles (company ,integration_profile ,actor ,connectathon) VALUES ('lifeIMAGE', 'ATNA', 'SA', 'NA2018');
INSERT INTO company_actor_profiles (company ,integration_profile ,actor ,connectathon) VALUES ('lifeIMAGE', 'CT', 'TIME_CLIENT', 'NA2018');

INSERT INTO company_actor_profiles (company ,integration_profile ,actor ,connectathon) VALUES ('Logibec', 'ATNA', 'ARR', 'NA2018');
INSERT INTO company_actor_profiles (company ,integration_profile ,actor ,connectathon) VALUES ('Logibec', 'RMD', 'DOC_ADMINISTRATOR', 'NA2018');
INSERT INTO company_actor_profiles (company ,integration_profile ,actor ,connectathon) VALUES ('Logibec', 'XDS.b', 'DOC_ADMINISTRATOR', 'NA2018');
INSERT INTO company_actor_profiles (company ,integration_profile ,actor ,connectathon) VALUES ('Logibec', 'MPQ', 'DOC_CONSUMER', 'NA2018');
INSERT INTO company_actor_profiles (company ,integration_profile ,actor ,connectathon) VALUES ('Logibec', 'XDS.b', 'DOC_CONSUMER', 'NA2018');
INSERT INTO company_actor_profiles (company ,integration_profile ,actor ,connectathon) VALUES ('Logibec', 'MPQ', 'DOC_REGISTRY', 'NA2018');
INSERT INTO company_actor_profiles (company ,integration_profile ,actor ,connectathon) VALUES ('Logibec', 'RMD', 'DOC_REGISTRY', 'NA2018');
INSERT INTO company_actor_profiles (company ,integration_profile ,actor ,connectathon) VALUES ('Logibec', 'XDS.b', 'DOC_REGISTRY', 'NA2018');
INSERT INTO company_actor_profiles (company ,integration_profile ,actor ,connectathon) VALUES ('Logibec', 'XPID', 'DOC_REGISTRY', 'NA2018');
INSERT INTO company_actor_profiles (company ,integration_profile ,actor ,connectathon) VALUES ('Logibec', 'RMD', 'DOC_REPOSITORY', 'NA2018');
INSERT INTO company_actor_profiles (company ,integration_profile ,actor ,connectathon) VALUES ('Logibec', 'XDS.b', 'DOC_REPOSITORY', 'NA2018');
INSERT INTO company_actor_profiles (company ,integration_profile ,actor ,connectathon) VALUES ('Logibec', 'XDS.b', 'DOC_SOURCE', 'NA2018');
INSERT INTO company_actor_profiles (company ,integration_profile ,actor ,connectathon) VALUES ('Logibec', 'XCA', 'INIT_GATEWAY', 'NA2018');
INSERT INTO company_actor_profiles (company ,integration_profile ,actor ,connectathon) VALUES ('Logibec', 'XDS.b', 'ON_DEMAND_DOC_SOURCE', 'NA2018');
INSERT INTO company_actor_profiles (company ,integration_profile ,actor ,connectathon) VALUES ('Logibec', 'PIX', 'PAT_IDENTITY_CONSUMER', 'NA2018');
INSERT INTO company_actor_profiles (company ,integration_profile ,actor ,connectathon) VALUES ('Logibec', 'PDQ', 'PDC', 'NA2018');
INSERT INTO company_actor_profiles (company ,integration_profile ,actor ,connectathon) VALUES ('Logibec', 'PDQV3', 'PDC', 'NA2018');
INSERT INTO company_actor_profiles (company ,integration_profile ,actor ,connectathon) VALUES ('Logibec', 'XDM', 'PMC', 'NA2018');
INSERT INTO company_actor_profiles (company ,integration_profile ,actor ,connectathon) VALUES ('Logibec', 'XDM', 'PMI', 'NA2018');
INSERT INTO company_actor_profiles (company ,integration_profile ,actor ,connectathon) VALUES ('Logibec', 'XCA', 'RESP_GATEWAY', 'NA2018');
INSERT INTO company_actor_profiles (company ,integration_profile ,actor ,connectathon) VALUES ('Logibec', 'ATNA', 'SA', 'NA2018');
INSERT INTO company_actor_profiles (company ,integration_profile ,actor ,connectathon) VALUES ('Logibec', 'CT', 'TIME_CLIENT', 'NA2018');
INSERT INTO company_actor_profiles (company ,integration_profile ,actor ,connectathon) VALUES ('Logibec', 'XUA', 'X-SERVICE-PROVIDER', 'NA2018');

INSERT INTO company_actor_profiles (company ,integration_profile ,actor ,connectathon) VALUES ('Lumeris - VBC', 'ATNA', 'ARR', 'NA2018');
INSERT INTO company_actor_profiles (company ,integration_profile ,actor ,connectathon) VALUES ('Lumeris - VBC', 'C-CDA2.1_CONSUMERS', 'CONTENT_CONSUMER', 'NA2018');
INSERT INTO company_actor_profiles (company ,integration_profile ,actor ,connectathon) VALUES ('Lumeris - VBC', 'XD-LAB', 'CONTENT_CONSUMER', 'NA2018');
INSERT INTO company_actor_profiles (company ,integration_profile ,actor ,connectathon) VALUES ('Lumeris - VBC', 'XDS-MS', 'CONTENT_CONSUMER', 'NA2018');
INSERT INTO company_actor_profiles (company ,integration_profile ,actor ,connectathon) VALUES ('Lumeris - VBC', 'XDS-SD', 'CONTENT_CONSUMER', 'NA2018');
INSERT INTO company_actor_profiles (company ,integration_profile ,actor ,connectathon) VALUES ('Lumeris - VBC', 'XD-LAB', 'CONTENT_CREATOR', 'NA2018');
INSERT INTO company_actor_profiles (company ,integration_profile ,actor ,connectathon) VALUES ('Lumeris - VBC', 'XDS-SD', 'CONTENT_CREATOR', 'NA2018');
INSERT INTO company_actor_profiles (company ,integration_profile ,actor ,connectathon) VALUES ('Lumeris - VBC', 'CT', 'TIME_CLIENT', 'NA2018');


INSERT INTO company_actor_profiles (company ,integration_profile ,actor ,connectathon) VALUES ('Masimo', 'ACM', 'ALERT_RPT', 'NA2018');
INSERT INTO company_actor_profiles (company ,integration_profile ,actor ,connectathon) VALUES ('Masimo', 'ACM', 'ALRT_MGR', 'NA2018');
INSERT INTO company_actor_profiles (company ,integration_profile ,actor ,connectathon) VALUES ('Masimo', 'DEC', 'DEV_OBS_CONSUMER', 'NA2018');
INSERT INTO company_actor_profiles (company ,integration_profile ,actor ,connectathon) VALUES ('Masimo', 'DEC', 'DEV_OBS_REPORTER', 'NA2018');
INSERT INTO company_actor_profiles (company ,integration_profile ,actor ,connectathon) VALUES ('Masimo', 'CT', 'TIME_CLIENT', 'NA2018');

INSERT INTO company_actor_profiles (company ,integration_profile ,actor ,connectathon) VALUES ('MDHHS', 'VRDR', 'FORM_PROCESSOR', 'NA2018');
INSERT INTO company_actor_profiles (company ,integration_profile ,actor ,connectathon) VALUES ('MDHHS', 'BFDR-E', 'INFO_RECIPIENT_HL7', 'NA2018');
INSERT INTO company_actor_profiles (company ,integration_profile ,actor ,connectathon) VALUES ('MDHHS', 'BFDR-E', 'INFO_SRC_HL7', 'NA2018');

INSERT INTO company_actor_profiles (company ,integration_profile ,actor ,connectathon) VALUES ('MEDTRONIC', 'ACM', 'ACON', 'NA2018');
INSERT INTO company_actor_profiles (company ,integration_profile ,actor ,connectathon) VALUES ('MEDTRONIC', 'ACM', 'ALERT_RPT', 'NA2018');
INSERT INTO company_actor_profiles (company ,integration_profile ,actor ,connectathon) VALUES ('MEDTRONIC', 'DEC', 'DEV_OBS_CONSUMER', 'NA2018');
INSERT INTO company_actor_profiles (company ,integration_profile ,actor ,connectathon) VALUES ('MEDTRONIC', 'DEC', 'DEV_OBS_REPORTER', 'NA2018');
INSERT INTO company_actor_profiles (company ,integration_profile ,actor ,connectathon) VALUES ('MEDTRONIC', 'MEMLS', 'LOC', 'NA2018');
INSERT INTO company_actor_profiles (company ,integration_profile ,actor ,connectathon) VALUES ('MEDTRONIC', 'CT', 'TIME_CLIENT', 'NA2018');

INSERT INTO company_actor_profiles (company ,integration_profile ,actor ,connectathon) VALUES ('MINDRAY', 'ACM', 'ALERT_RPT', 'NA2018');
INSERT INTO company_actor_profiles (company ,integration_profile ,actor ,connectathon) VALUES ('MINDRAY', 'DEC', 'DEV_OBS_REPORTER', 'NA2018');
INSERT INTO company_actor_profiles (company ,integration_profile ,actor ,connectathon) VALUES ('MINDRAY', 'CT', 'TIME_CLIENT', 'NA2018');

INSERT INTO company_actor_profiles (company ,integration_profile ,actor ,connectathon) VALUES ('Nextgate', 'ATNA', 'ARR', 'NA2018');
INSERT INTO company_actor_profiles (company ,integration_profile ,actor ,connectathon) VALUES ('Nextgate', 'XDS.b', 'DOC_REGISTRY', 'NA2018');
INSERT INTO company_actor_profiles (company ,integration_profile ,actor ,connectathon) VALUES ('Nextgate', 'XDS-I.b', 'DOC_REGISTRY', 'NA2018');
INSERT INTO company_actor_profiles (company ,integration_profile ,actor ,connectathon) VALUES ('Nextgate', 'XDS.b', 'DOC_REPOSITORY', 'NA2018');
INSERT INTO company_actor_profiles (company ,integration_profile ,actor ,connectathon) VALUES ('Nextgate', 'XDS-I.b', 'DOC_REPOSITORY', 'NA2018');
INSERT INTO company_actor_profiles (company ,integration_profile ,actor ,connectathon) VALUES ('Nextgate', 'XCA', 'INIT_GATEWAY', 'NA2018');
INSERT INTO company_actor_profiles (company ,integration_profile ,actor ,connectathon) VALUES ('Nextgate', 'PIX', 'PAT_IDENTITY_X_REF_MGR', 'NA2018');
INSERT INTO company_actor_profiles (company ,integration_profile ,actor ,connectathon) VALUES ('Nextgate', 'PIXV3', 'PAT_IDENTITY_X_REF_MGR', 'NA2018');
INSERT INTO company_actor_profiles (company ,integration_profile ,actor ,connectathon) VALUES ('Nextgate', 'XPID', 'PAT_IDENTITY_X_REF_MGR', 'NA2018');
INSERT INTO company_actor_profiles (company ,integration_profile ,actor ,connectathon) VALUES ('Nextgate', 'PDQ', 'PDS', 'NA2018');
INSERT INTO company_actor_profiles (company ,integration_profile ,actor ,connectathon) VALUES ('Nextgate', 'PDQV3', 'PDS', 'NA2018');
INSERT INTO company_actor_profiles (company ,integration_profile ,actor ,connectathon) VALUES ('Nextgate', 'XCPD', 'RESP_GATEWAY', 'NA2018');
INSERT INTO company_actor_profiles (company ,integration_profile ,actor ,connectathon) VALUES ('Nextgate', 'ATNA', 'SA', 'NA2018');
INSERT INTO company_actor_profiles (company ,integration_profile ,actor ,connectathon) VALUES ('Nextgate', 'ATNA', 'SN', 'NA2018');
INSERT INTO company_actor_profiles (company ,integration_profile ,actor ,connectathon) VALUES ('Nextgate', 'CT', 'TIME_CLIENT', 'NA2018');

INSERT INTO company_actor_profiles (company ,integration_profile ,actor ,connectathon) VALUES ('NEXTGEN', 'C-CDA2.1_CONSUMERS', 'CONTENT_CONSUMER', 'NA2018');
INSERT INTO company_actor_profiles (company ,integration_profile ,actor ,connectathon) VALUES ('NEXTGEN', 'C-CDA2.1_CARE-PLAN', 'CONTENT_CREATOR', 'NA2018');
INSERT INTO company_actor_profiles (company ,integration_profile ,actor ,connectathon) VALUES ('NEXTGEN', 'C-CDA2.1_CCD', 'CONTENT_CREATOR', 'NA2018');
INSERT INTO company_actor_profiles (company ,integration_profile ,actor ,connectathon) VALUES ('NEXTGEN', 'C-CDA2.1_REFERRAL', 'CONTENT_CREATOR', 'NA2018');
INSERT INTO company_actor_profiles (company ,integration_profile ,actor ,connectathon) VALUES ('NEXTGEN', 'XDS.b', 'DOC_CONSUMER', 'NA2018');
INSERT INTO company_actor_profiles (company ,integration_profile ,actor ,connectathon) VALUES ('NEXTGEN', 'XDR', 'DOC_RECIPIENT', 'NA2018');
INSERT INTO company_actor_profiles (company ,integration_profile ,actor ,connectathon) VALUES ('NEXTGEN', 'XDR', 'DOC_SOURCE', 'NA2018');
INSERT INTO company_actor_profiles (company ,integration_profile ,actor ,connectathon) VALUES ('NEXTGEN', 'XDS.b', 'DOC_SOURCE', 'NA2018');
INSERT INTO company_actor_profiles (company ,integration_profile ,actor ,connectathon) VALUES ('NEXTGEN', 'PIXV3', 'PAT_IDENTITY_CONSUMER', 'NA2018');
INSERT INTO company_actor_profiles (company ,integration_profile ,actor ,connectathon) VALUES ('NEXTGEN', 'PDQV3', 'PDC', 'NA2018');
INSERT INTO company_actor_profiles (company ,integration_profile ,actor ,connectathon) VALUES ('NEXTGEN', '360X', 'REFERRAL_INITIATOR', 'NA2018');
INSERT INTO company_actor_profiles (company ,integration_profile ,actor ,connectathon) VALUES ('NEXTGEN', '360X', 'REFERRAL_RECIPIENT', 'NA2018');
INSERT INTO company_actor_profiles (company ,integration_profile ,actor ,connectathon) VALUES ('NEXTGEN', 'ATNA', 'SA', 'NA2018');
INSERT INTO company_actor_profiles (company ,integration_profile ,actor ,connectathon) VALUES ('NEXTGEN', 'CT', 'TIME_CLIENT', 'NA2018');

INSERT INTO company_actor_profiles (company ,integration_profile ,actor ,connectathon) VALUES ('NEXTRIALS', 'CRD', 'FORM_ARCHIVER', 'NA2018');
INSERT INTO company_actor_profiles (company ,integration_profile ,actor ,connectathon) VALUES ('NEXTRIALS', 'CRD', 'FORM_MANAGER', 'NA2018');
INSERT INTO company_actor_profiles (company ,integration_profile ,actor ,connectathon) VALUES ('NEXTRIALS', 'DSC', 'FORM_MANAGER', 'NA2018');
INSERT INTO company_actor_profiles (company ,integration_profile ,actor ,connectathon) VALUES ('NEXTRIALS', 'mRFD', 'FORM_MANAGER', 'NA2018');
INSERT INTO company_actor_profiles (company ,integration_profile ,actor ,connectathon) VALUES ('NEXTRIALS', 'RFD', 'FORM_MANAGER', 'NA2018');
INSERT INTO company_actor_profiles (company ,integration_profile ,actor ,connectathon) VALUES ('NEXTRIALS', 'ATNA', 'SN', 'NA2018');
INSERT INTO company_actor_profiles (company ,integration_profile ,actor ,connectathon) VALUES ('NEXTRIALS', 'CT', 'TIME_CLIENT', 'NA2018');


INSERT INTO company_actor_profiles (company ,integration_profile ,actor ,connectathon) VALUES ('OpenHIE', 'mACM', 'ALERT_AGGREGATOR', 'NA2018');
INSERT INTO company_actor_profiles (company ,integration_profile ,actor ,connectathon) VALUES ('OpenHIE', 'mCSD', 'CARE_SERVICES_SELECTIVE_SUPP', 'NA2018');
INSERT INTO company_actor_profiles (company ,integration_profile ,actor ,connectathon) VALUES ('OpenHIE', 'mCSD', 'CARE_SERVICES_UPDATE_CONS', 'NA2018');
INSERT INTO company_actor_profiles (company ,integration_profile ,actor ,connectathon) VALUES ('OpenHIE', 'mCSD', 'CARE_SERVICES_UPDATE_SUPP', 'NA2018');
INSERT INTO company_actor_profiles (company ,integration_profile ,actor ,connectathon) VALUES ('OpenHIE', 'ATNA', 'SA', 'NA2018');
INSERT INTO company_actor_profiles (company ,integration_profile ,actor ,connectathon) VALUES ('OpenHIE', 'CT', 'TIME_CLIENT', 'NA2018');

INSERT INTO company_actor_profiles (company ,integration_profile ,actor ,connectathon) VALUES ('PHILIPS', 'ACM', 'ALERT_RPT', 'NA2018');
INSERT INTO company_actor_profiles (company ,integration_profile ,actor ,connectathon) VALUES ('PHILIPS', 'DEC', 'DEV_OBS_CONSUMER', 'NA2018');
INSERT INTO company_actor_profiles (company ,integration_profile ,actor ,connectathon) VALUES ('PHILIPS', 'IPEC', 'DEV_OBS_CONSUMER', 'NA2018');
INSERT INTO company_actor_profiles (company ,integration_profile ,actor ,connectathon) VALUES ('PHILIPS', 'DEC', 'DEV_OBS_REPORTER', 'NA2018');
INSERT INTO company_actor_profiles (company ,integration_profile ,actor ,connectathon) VALUES ('PHILIPS', 'MHD', 'DOC_RECIPIENT', 'NA2018');
INSERT INTO company_actor_profiles (company ,integration_profile ,actor ,connectathon) VALUES ('PHILIPS', 'CPI', 'EC', 'NA2018');
INSERT INTO company_actor_profiles (company ,integration_profile ,actor ,connectathon) VALUES ('PHILIPS', 'KIN', 'EC', 'NA2018');
INSERT INTO company_actor_profiles (company ,integration_profile ,actor ,connectathon) VALUES ('PHILIPS', 'CPI', 'ID', 'NA2018');
INSERT INTO company_actor_profiles (company ,integration_profile ,actor ,connectathon) VALUES ('PHILIPS', 'KIN', 'ID', 'NA2018');
INSERT INTO company_actor_profiles (company ,integration_profile ,actor ,connectathon) VALUES ('PHILIPS', 'CPI', 'IM', 'NA2018');
INSERT INTO company_actor_profiles (company ,integration_profile ,actor ,connectathon) VALUES ('PHILIPS', 'KIN', 'IM', 'NA2018');
INSERT INTO company_actor_profiles (company ,integration_profile ,actor ,connectathon) VALUES ('PHILIPS', 'SWF.b', 'IM', 'NA2018');
INSERT INTO company_actor_profiles (company ,integration_profile ,actor ,connectathon) VALUES ('PHILIPS', 'ECHO', 'MOD', 'NA2018');
INSERT INTO company_actor_profiles (company ,integration_profile ,actor ,connectathon) VALUES ('PHILIPS', 'SWF.b', 'MOD', 'NA2018');
INSERT INTO company_actor_profiles (company ,integration_profile ,actor ,connectathon) VALUES ('PHILIPS', 'PAM', 'PDC', 'NA2018');
INSERT INTO company_actor_profiles (company ,integration_profile ,actor ,connectathon) VALUES ('PHILIPS', 'SWF.b', 'PPSM', 'NA2018');
INSERT INTO company_actor_profiles (company ,integration_profile ,actor ,connectathon) VALUES ('PHILIPS', 'ATNA', 'SN', 'NA2018');
INSERT INTO company_actor_profiles (company ,integration_profile ,actor ,connectathon) VALUES ('PHILIPS', 'CT', 'TIME_CLIENT', 'NA2018');

INSERT INTO company_actor_profiles (company ,integration_profile ,actor ,connectathon) VALUES ('PSS', 'ACM', 'ALRT_COMMUNICATOR', 'NA2018');
INSERT INTO company_actor_profiles (company ,integration_profile ,actor ,connectathon) VALUES ('PSS', 'CT', 'TIME_CLIENT', 'NA2018');

INSERT INTO company_actor_profiles (company ,integration_profile ,actor ,connectathon) VALUES ('QUALCOMM-LIFE', 'ACM', 'ALERT_RPT', 'NA2018');
INSERT INTO company_actor_profiles (company ,integration_profile ,actor ,connectathon) VALUES ('QUALCOMM-LIFE', 'DEC', 'DEV_OBS_CONSUMER', 'NA2018');
INSERT INTO company_actor_profiles (company ,integration_profile ,actor ,connectathon) VALUES ('QUALCOMM-LIFE', 'DEC', 'DEV_OBS_REPORTER', 'NA2018');
INSERT INTO company_actor_profiles (company ,integration_profile ,actor ,connectathon) VALUES ('QUALCOMM-LIFE', 'IPEC', 'DEV_OBS_REPORTER', 'NA2018');
INSERT INTO company_actor_profiles (company ,integration_profile ,actor ,connectathon) VALUES ('QUALCOMM-LIFE', 'PDQ', 'PDC', 'NA2018');
INSERT INTO company_actor_profiles (company ,integration_profile ,actor ,connectathon) VALUES ('QUALCOMM-LIFE', 'PDQ', 'PDS', 'NA2018');
INSERT INTO company_actor_profiles (company ,integration_profile ,actor ,connectathon) VALUES ('QUALCOMM-LIFE', 'CT', 'TIME_CLIENT', 'NA2018');

INSERT INTO company_actor_profiles (company ,integration_profile ,actor ,connectathon) VALUES ('QVERA', 'ATNA', 'AUDIT_CONSUMER', 'NA2018');
INSERT INTO company_actor_profiles (company ,integration_profile ,actor ,connectathon) VALUES ('QVERA', 'mCSD', 'CARE_SERVICES_SELECTIVE_CONS', 'NA2018');
INSERT INTO company_actor_profiles (company ,integration_profile ,actor ,connectathon) VALUES ('QVERA', 'QEDm', 'CLIN_DATA_CONSUMER', 'NA2018');
INSERT INTO company_actor_profiles (company ,integration_profile ,actor ,connectathon) VALUES ('QVERA', 'APPC', 'CONTENT_CREATOR', 'NA2018');
INSERT INTO company_actor_profiles (company ,integration_profile ,actor ,connectathon) VALUES ('QVERA', 'BPPC', 'CONTENT_CREATOR', 'NA2018');
INSERT INTO company_actor_profiles (company ,integration_profile ,actor ,connectathon) VALUES ('QVERA', 'MHD', 'DOC_CONSUMER', 'NA2018');
INSERT INTO company_actor_profiles (company ,integration_profile ,actor ,connectathon) VALUES ('QVERA', 'XDS.b', 'DOC_CONSUMER', 'NA2018');
INSERT INTO company_actor_profiles (company ,integration_profile ,actor ,connectathon) VALUES ('QVERA', 'MHD', 'DOC_RECIPIENT', 'NA2018');
INSERT INTO company_actor_profiles (company ,integration_profile ,actor ,connectathon) VALUES ('QVERA', 'MHD', 'DOC_RESPONDER', 'NA2018');
INSERT INTO company_actor_profiles (company ,integration_profile ,actor ,connectathon) VALUES ('QVERA', 'MHD', 'DOC_SOURCE', 'NA2018');
INSERT INTO company_actor_profiles (company ,integration_profile ,actor ,connectathon) VALUES ('QVERA', 'XDR', 'DOC_SOURCE', 'NA2018');
INSERT INTO company_actor_profiles (company ,integration_profile ,actor ,connectathon) VALUES ('QVERA', 'XDS-I.b', 'IMG_DOC_CONSUMER', 'NA2018');
INSERT INTO company_actor_profiles (company ,integration_profile ,actor ,connectathon) VALUES ('QVERA', 'XCA', 'INIT_GATEWAY', 'NA2018');
INSERT INTO company_actor_profiles (company ,integration_profile ,actor ,connectathon) VALUES ('QVERA', 'XCPD', 'INIT_GATEWAY', 'NA2018');
INSERT INTO company_actor_profiles (company ,integration_profile ,actor ,connectathon) VALUES ('QVERA', 'PIX', 'PAT_IDENTITY_CONSUMER', 'NA2018');
INSERT INTO company_actor_profiles (company ,integration_profile ,actor ,connectathon) VALUES ('QVERA', 'PIXm', 'PAT_IDENTITY_CONSUMER', 'NA2018');
INSERT INTO company_actor_profiles (company ,integration_profile ,actor ,connectathon) VALUES ('QVERA', 'HPD', 'PROV_INFO_CONS', 'NA2018');
INSERT INTO company_actor_profiles (company ,integration_profile ,actor ,connectathon) VALUES ('QVERA', '360X', 'REFERRAL_INITIATOR', 'NA2018');
INSERT INTO company_actor_profiles (company ,integration_profile ,actor ,connectathon) VALUES ('QVERA', '360X', 'REFERRAL_RECIPIENT', 'NA2018');
INSERT INTO company_actor_profiles (company ,integration_profile ,actor ,connectathon) VALUES ('QVERA', 'XCA', 'RESP_GATEWAY', 'NA2018');
INSERT INTO company_actor_profiles (company ,integration_profile ,actor ,connectathon) VALUES ('QVERA', 'XCPD', 'RESP_GATEWAY', 'NA2018');
INSERT INTO company_actor_profiles (company ,integration_profile ,actor ,connectathon) VALUES ('QVERA', 'ATNA', 'SN', 'NA2018');
INSERT INTO company_actor_profiles (company ,integration_profile ,actor ,connectathon) VALUES ('QVERA', 'CT', 'TIME_CLIENT', 'NA2018');
INSERT INTO company_actor_profiles (company ,integration_profile ,actor ,connectathon) VALUES ('QVERA', 'XUA', 'X-SERVICE-PROVIDER', 'NA2018');

INSERT INTO company_actor_profiles (company ,integration_profile ,actor ,connectathon) VALUES ('RAIN', 'mCSD', 'CARE_SERVICES_SELECTIVE_CONS', 'NA2018');
INSERT INTO company_actor_profiles (company ,integration_profile ,actor ,connectathon) VALUES ('RAIN', 'mCSD', 'CARE_SERVICES_SELECTIVE_SUPP', 'NA2018');
INSERT INTO company_actor_profiles (company ,integration_profile ,actor ,connectathon) VALUES ('RAIN', 'mCSD', 'CARE_SERVICES_UPDATE_CONS', 'NA2018');
INSERT INTO company_actor_profiles (company ,integration_profile ,actor ,connectathon) VALUES ('RAIN', 'mCSD', 'CARE_SERVICES_UPDATE_SUPP', 'NA2018');

INSERT INTO company_actor_profiles (company ,integration_profile ,actor ,connectathon) VALUES ('SIEMENS', 'CPI', 'EC', 'NA2018');
INSERT INTO company_actor_profiles (company ,integration_profile ,actor ,connectathon) VALUES ('SIEMENS', 'ED', 'EC', 'NA2018');
INSERT INTO company_actor_profiles (company ,integration_profile ,actor ,connectathon) VALUES ('SIEMENS', 'ED-CARD', 'EC', 'NA2018');
INSERT INTO company_actor_profiles (company ,integration_profile ,actor ,connectathon) VALUES ('SIEMENS', 'SWF.b', 'EC', 'NA2018');
INSERT INTO company_actor_profiles (company ,integration_profile ,actor ,connectathon) VALUES ('SIEMENS', 'ARI', 'ID', 'NA2018');
INSERT INTO company_actor_profiles (company ,integration_profile ,actor ,connectathon) VALUES ('SIEMENS', 'CPI', 'ID', 'NA2018');
INSERT INTO company_actor_profiles (company ,integration_profile ,actor ,connectathon) VALUES ('SIEMENS', 'ECHO', 'ID', 'NA2018');
INSERT INTO company_actor_profiles (company ,integration_profile ,actor ,connectathon) VALUES ('SIEMENS', 'ED-CARD', 'ID', 'NA2018');
INSERT INTO company_actor_profiles (company ,integration_profile ,actor ,connectathon) VALUES ('SIEMENS', 'PDI', 'ID', 'NA2018');
INSERT INTO company_actor_profiles (company ,integration_profile ,actor ,connectathon) VALUES ('SIEMENS', 'SWF.b', 'ID', 'NA2018');
INSERT INTO company_actor_profiles (company ,integration_profile ,actor ,connectathon) VALUES ('SIEMENS', 'ECHO', 'MOD', 'NA2018');
INSERT INTO company_actor_profiles (company ,integration_profile ,actor ,connectathon) VALUES ('SIEMENS', 'ED', 'MOD', 'NA2018');
INSERT INTO company_actor_profiles (company ,integration_profile ,actor ,connectathon) VALUES ('SIEMENS', 'ED-CARD', 'MOD', 'NA2018');
INSERT INTO company_actor_profiles (company ,integration_profile ,actor ,connectathon) VALUES ('SIEMENS', 'SWF.b', 'MOD', 'NA2018');
INSERT INTO company_actor_profiles (company ,integration_profile ,actor ,connectathon) VALUES ('SIEMENS', 'PDI', 'PMC', 'NA2018');
INSERT INTO company_actor_profiles (company ,integration_profile ,actor ,connectathon) VALUES ('SIEMENS', 'PDI', 'PMI', 'NA2018');
INSERT INTO company_actor_profiles (company ,integration_profile ,actor ,connectathon) VALUES ('SIEMENS', 'PDI', 'RRD', 'NA2018');
INSERT INTO company_actor_profiles (company ,integration_profile ,actor ,connectathon) VALUES ('SIEMENS', 'CT', 'TIME_CLIENT', 'NA2018');


INSERT INTO company_actor_profiles (company ,integration_profile ,actor ,connectathon) VALUES ('SMITHS', 'ACM', 'ALERT_RPT', 'NA2018');
INSERT INTO company_actor_profiles (company ,integration_profile ,actor ,connectathon) VALUES ('SMITHS', 'DEC', 'DEV_OBS_REPORTER', 'NA2018');
INSERT INTO company_actor_profiles (company ,integration_profile ,actor ,connectathon) VALUES ('SMITHS', 'IPEC', 'DEV_OBS_REPORTER', 'NA2018');
INSERT INTO company_actor_profiles (company ,integration_profile ,actor ,connectathon) VALUES ('SMITHS', 'MEMDMC', 'DMIR', 'NA2018');
INSERT INTO company_actor_profiles (company ,integration_profile ,actor ,connectathon) VALUES ('SMITHS', 'PIV', 'IOC', 'NA2018');
INSERT INTO company_actor_profiles (company ,integration_profile ,actor ,connectathon) VALUES ('SMITHS', 'MEMLS', 'LOC', 'NA2018');
INSERT INTO company_actor_profiles (company ,integration_profile ,actor ,connectathon) VALUES ('SMITHS', 'CT', 'TIME_CLIENT', 'NA2018');

INSERT INTO company_actor_profiles (company ,integration_profile ,actor ,connectathon) VALUES ('SPOK', 'ACM', 'ALRT_MGR', 'NA2018');
INSERT INTO company_actor_profiles (company ,integration_profile ,actor ,connectathon) VALUES ('SPOK', 'CT', 'TIME_CLIENT', 'NA2018');

INSERT INTO company_actor_profiles (company ,integration_profile ,actor ,connectathon) VALUES ('SS', 'XCA', 'INIT_GATEWAY', 'NA2018');
INSERT INTO company_actor_profiles (company ,integration_profile ,actor ,connectathon) VALUES ('SS', 'XCPD', 'INIT_GATEWAY', 'NA2018');
INSERT INTO company_actor_profiles (company ,integration_profile ,actor ,connectathon) VALUES ('SS', 'XCA', 'RESP_GATEWAY', 'NA2018');
INSERT INTO company_actor_profiles (company ,integration_profile ,actor ,connectathon) VALUES ('SS', 'XCPD', 'RESP_GATEWAY', 'NA2018');
INSERT INTO company_actor_profiles (company ,integration_profile ,actor ,connectathon) VALUES ('SS', 'ATNA', 'SA', 'NA2018');
INSERT INTO company_actor_profiles (company ,integration_profile ,actor ,connectathon) VALUES ('SS', 'CT', 'TIME_CLIENT', 'NA2018');



INSERT INTO company_actor_profiles (company ,integration_profile ,actor ,connectathon) VALUES ('STANLEY', 'DEC', 'DEV_OBS_CONSUMER', 'NA2018');
INSERT INTO company_actor_profiles (company ,integration_profile ,actor ,connectathon) VALUES ('STANLEY', 'IPEC', 'DEV_OBS_CONSUMER', 'NA2018');
INSERT INTO company_actor_profiles (company ,integration_profile ,actor ,connectathon) VALUES ('STANLEY', 'MEMDMC', 'DMIC', 'NA2018');
INSERT INTO company_actor_profiles (company ,integration_profile ,actor ,connectathon) VALUES ('STANLEY', 'MEMLS', 'LOR', 'NA2018');
INSERT INTO company_actor_profiles (company ,integration_profile ,actor ,connectathon) VALUES ('STANLEY', 'CT', 'TIME_CLIENT', 'NA2018');

INSERT INTO company_actor_profiles (company ,integration_profile ,actor ,connectathon) VALUES ('Summit', 'mACM', 'ALERT_AGGREGATOR', 'NA2018');
INSERT INTO company_actor_profiles (company ,integration_profile ,actor ,connectathon) VALUES ('Summit', 'mACM', 'ALERT_RPT', 'NA2018');
INSERT INTO company_actor_profiles (company ,integration_profile ,actor ,connectathon) VALUES ('Summit', 'QEDm', 'CLIN_DATA_SOURCE', 'NA2018');
INSERT INTO company_actor_profiles (company ,integration_profile ,actor ,connectathon) VALUES ('Summit', 'MHD', 'DOC_CONSUMER', 'NA2018');
INSERT INTO company_actor_profiles (company ,integration_profile ,actor ,connectathon) VALUES ('Summit', 'MHD', 'DOC_RECIPIENT', 'NA2018');
INSERT INTO company_actor_profiles (company ,integration_profile ,actor ,connectathon) VALUES ('Summit', 'MHD', 'DOC_SOURCE', 'NA2018');
INSERT INTO company_actor_profiles (company ,integration_profile ,actor ,connectathon) VALUES ('Summit', 'PIXm', 'PAT_IDENTITY_CONSUMER', 'NA2018');
INSERT INTO company_actor_profiles (company ,integration_profile ,actor ,connectathon) VALUES ('Summit', 'PIXm', 'PAT_IDENTITY_X_REF_MGR', 'NA2018');
INSERT INTO company_actor_profiles (company ,integration_profile ,actor ,connectathon) VALUES ('Summit', 'PDQm', 'PDC', 'NA2018');
INSERT INTO company_actor_profiles (company ,integration_profile ,actor ,connectathon) VALUES ('Summit', 'PDQm', 'PDS', 'NA2018');
INSERT INTO company_actor_profiles (company ,integration_profile ,actor ,connectathon) VALUES ('Summit', 'CT', 'TIME_CLIENT', 'NA2018');

INSERT INTO company_actor_profiles (company ,integration_profile ,actor ,connectathon) VALUES ('Talis', 'DEC', 'DEV_OBS_CONSUMER', 'NA2018');
INSERT INTO company_actor_profiles (company ,integration_profile ,actor ,connectathon) VALUES ('Talis', 'DEC', 'DEV_OBS_REPORTER', 'NA2018');
INSERT INTO company_actor_profiles (company ,integration_profile ,actor ,connectathon) VALUES ('Talis', 'IPEC', 'DEV_OBS_REPORTER', 'NA2018');
INSERT INTO company_actor_profiles (company ,integration_profile ,actor ,connectathon) VALUES ('Talis', 'CT', 'TIME_CLIENT', 'NA2018');

INSERT INTO company_actor_profiles (company ,integration_profile ,actor ,connectathon) VALUES ('SPIRIT-CISCO', 'ATNA', 'ARR', 'NA2018');
INSERT INTO company_actor_profiles (company ,integration_profile ,actor ,connectathon) VALUES ('SPIRIT-CISCO', 'ATNA', 'AUDIT_CONSUMER', 'NA2018');
INSERT INTO company_actor_profiles (company ,integration_profile ,actor ,connectathon) VALUES ('SPIRIT-CISCO', 'ATNA', 'AUDIT_RECORD_FORWARDER', 'NA2018');
INSERT INTO company_actor_profiles (company ,integration_profile ,actor ,connectathon) VALUES ('SPIRIT-CISCO', 'IUA', 'AUTH_CLIENT', 'NA2018');
INSERT INTO company_actor_profiles (company ,integration_profile ,actor ,connectathon) VALUES ('SPIRIT-CISCO', 'IUA', 'AUTH_SERVER', 'NA2018');
INSERT INTO company_actor_profiles (company ,integration_profile ,actor ,connectathon) VALUES ('SPIRIT-CISCO', 'APPC', 'CONTENT_CONSUMER', 'NA2018');
INSERT INTO company_actor_profiles (company ,integration_profile ,actor ,connectathon) VALUES ('SPIRIT-CISCO', 'BFDR-E', 'CONTENT_CONSUMER', 'NA2018');
INSERT INTO company_actor_profiles (company ,integration_profile ,actor ,connectathon) VALUES ('SPIRIT-CISCO', 'BPPC', 'CONTENT_CONSUMER', 'NA2018');
INSERT INTO company_actor_profiles (company ,integration_profile ,actor ,connectathon) VALUES ('SPIRIT-CISCO', 'C-CDA2.1_CONSUMERS', 'CONTENT_CONSUMER', 'NA2018');
INSERT INTO company_actor_profiles (company ,integration_profile ,actor ,connectathon) VALUES ('SPIRIT-CISCO', 'IC', 'CONTENT_CONSUMER', 'NA2018');
INSERT INTO company_actor_profiles (company ,integration_profile ,actor ,connectathon) VALUES ('SPIRIT-CISCO', 'LDS', 'CONTENT_CONSUMER', 'NA2018');
INSERT INTO company_actor_profiles (company ,integration_profile ,actor ,connectathon) VALUES ('SPIRIT-CISCO', 'RIPT', 'CONTENT_CONSUMER', 'NA2018');
INSERT INTO company_actor_profiles (company ,integration_profile ,actor ,connectathon) VALUES ('SPIRIT-CISCO', 'VRDR', 'CONTENT_CONSUMER', 'NA2018');
INSERT INTO company_actor_profiles (company ,integration_profile ,actor ,connectathon) VALUES ('SPIRIT-CISCO', 'XD-LAB', 'CONTENT_CONSUMER', 'NA2018');
INSERT INTO company_actor_profiles (company ,integration_profile ,actor ,connectathon) VALUES ('SPIRIT-CISCO', 'XDS-SD', 'CONTENT_CONSUMER', 'NA2018');


INSERT INTO company_actor_profiles (company ,integration_profile ,actor ,connectathon) VALUES ('SPIRIT-CISCO', 'XDW', 'CONTENT_CONSUMER', 'NA2018');
INSERT INTO company_actor_profiles (company ,integration_profile ,actor ,connectathon) VALUES ('SPIRIT-CISCO', 'XPHR', 'CONTENT_CONSUMER', 'NA2018');
INSERT INTO company_actor_profiles (company ,integration_profile ,actor ,connectathon) VALUES ('SPIRIT-CISCO', 'BPPC', 'CONTENT_CREATOR', 'NA2018');
INSERT INTO company_actor_profiles (company ,integration_profile ,actor ,connectathon) VALUES ('SPIRIT-CISCO', 'IC', 'CONTENT_CREATOR', 'NA2018');
INSERT INTO company_actor_profiles (company ,integration_profile ,actor ,connectathon) VALUES ('SPIRIT-CISCO', 'XD-LAB', 'CONTENT_CREATOR', 'NA2018');
INSERT INTO company_actor_profiles (company ,integration_profile ,actor ,connectathon) VALUES ('SPIRIT-CISCO', 'XDS-MS', 'CONTENT_CREATOR', 'NA2018');
INSERT INTO company_actor_profiles (company ,integration_profile ,actor ,connectathon) VALUES ('SPIRIT-CISCO', 'XDS-SD', 'CONTENT_CREATOR', 'NA2018');
INSERT INTO company_actor_profiles (company ,integration_profile ,actor ,connectathon) VALUES ('SPIRIT-CISCO', 'XDW', 'CONTENT_CREATOR', 'NA2018');
INSERT INTO company_actor_profiles (company ,integration_profile ,actor ,connectathon) VALUES ('SPIRIT-CISCO', 'XPHR', 'CONTENT_CREATOR', 'NA2018');
INSERT INTO company_actor_profiles (company ,integration_profile ,actor ,connectathon) VALUES ('SPIRIT-CISCO', 'XDW', 'CONTENT_UPDATER', 'NA2018');
INSERT INTO company_actor_profiles (company ,integration_profile ,actor ,connectathon) VALUES ('SPIRIT-CISCO', 'DSUB', 'DM_NOTIF_BROKER', 'NA2018');
INSERT INTO company_actor_profiles (company ,integration_profile ,actor ,connectathon) VALUES ('SPIRIT-CISCO', 'XDS.b', 'DOC_ADMINISTRATOR', 'NA2018');
INSERT INTO company_actor_profiles (company ,integration_profile ,actor ,connectathon) VALUES ('SPIRIT-CISCO', 'MHD', 'DOC_CONSUMER', 'NA2018');
INSERT INTO company_actor_profiles (company ,integration_profile ,actor ,connectathon) VALUES ('SPIRIT-CISCO', 'XDS.b', 'DOC_CONSUMER', 'NA2018');
INSERT INTO company_actor_profiles (company ,integration_profile ,actor ,connectathon) VALUES ('SPIRIT-CISCO', 'XDS-I.b', 'DOC_CONSUMER', 'NA2018');
INSERT INTO company_actor_profiles (company ,integration_profile ,actor ,connectathon) VALUES ('SPIRIT-CISCO', 'MHD', 'DOC_RECIPIENT', 'NA2018');
INSERT INTO company_actor_profiles (company ,integration_profile ,actor ,connectathon) VALUES ('SPIRIT-CISCO', 'XDR', 'DOC_RECIPIENT', 'NA2018');

INSERT INTO company_actor_profiles (company ,integration_profile ,actor ,connectathon) VALUES ('SPIRIT-CISCO', 'MPQ', 'DOC_REGISTRY', 'NA2018');
INSERT INTO company_actor_profiles (company ,integration_profile ,actor ,connectathon) VALUES ('SPIRIT-CISCO', 'RMD', 'DOC_REGISTRY', 'NA2018');
INSERT INTO company_actor_profiles (company ,integration_profile ,actor ,connectathon) VALUES ('SPIRIT-CISCO', 'XDS.b', 'DOC_REGISTRY', 'NA2018');
INSERT INTO company_actor_profiles (company ,integration_profile ,actor ,connectathon) VALUES ('SPIRIT-CISCO', 'XDS-I.b', 'DOC_REGISTRY', 'NA2018');
INSERT INTO company_actor_profiles (company ,integration_profile ,actor ,connectathon) VALUES ('SPIRIT-CISCO', 'XPID', 'DOC_REGISTRY', 'NA2018');
INSERT INTO company_actor_profiles (company ,integration_profile ,actor ,connectathon) VALUES ('SPIRIT-CISCO', 'RMD', 'DOC_REPOSITORY', 'NA2018');
INSERT INTO company_actor_profiles (company ,integration_profile ,actor ,connectathon) VALUES ('SPIRIT-CISCO', 'XDS.b', 'DOC_REPOSITORY', 'NA2018');
INSERT INTO company_actor_profiles (company ,integration_profile ,actor ,connectathon) VALUES ('SPIRIT-CISCO', 'XDS-I.b', 'DOC_REPOSITORY', 'NA2018');
INSERT INTO company_actor_profiles (company ,integration_profile ,actor ,connectathon) VALUES ('SPIRIT-CISCO', 'MHD', 'DOC_SOURCE', 'NA2018');
INSERT INTO company_actor_profiles (company ,integration_profile ,actor ,connectathon) VALUES ('SPIRIT-CISCO', 'XDS.b', 'DOC_SOURCE', 'NA2018');
INSERT INTO company_actor_profiles (company ,integration_profile ,actor ,connectathon) VALUES ('SPIRIT-CISCO', 'KIN', 'EC', 'NA2018');
INSERT INTO company_actor_profiles (company ,integration_profile ,actor ,connectathon) VALUES ('SPIRIT-CISCO', 'XDS.b', 'EMBED_REPOS', 'NA2018');
INSERT INTO company_actor_profiles (company ,integration_profile ,actor ,connectathon) VALUES ('SPIRIT-CISCO', 'BFDR-E', 'FORM_FILLER', 'NA2018');
INSERT INTO company_actor_profiles (company ,integration_profile ,actor ,connectathon) VALUES ('SPIRIT-CISCO', 'CRD', 'FORM_FILLER', 'NA2018');
INSERT INTO company_actor_profiles (company ,integration_profile ,actor ,connectathon) VALUES ('SPIRIT-CISCO', 'DSC', 'FORM_FILLER', 'NA2018');
INSERT INTO company_actor_profiles (company ,integration_profile ,actor ,connectathon) VALUES ('SPIRIT-CISCO', 'RFD', 'FORM_FILLER', 'NA2018');
INSERT INTO company_actor_profiles (company ,integration_profile ,actor ,connectathon) VALUES ('SPIRIT-CISCO', 'VRDR', 'FORM_FILLER', 'NA2018');
INSERT INTO company_actor_profiles (company ,integration_profile ,actor ,connectathon) VALUES ('SPIRIT-CISCO', 'CRD', 'FORM_MANAGER', 'NA2018');
INSERT INTO company_actor_profiles (company ,integration_profile ,actor ,connectathon) VALUES ('SPIRIT-CISCO', 'DSC', 'FORM_MANAGER', 'NA2018');
INSERT INTO company_actor_profiles (company ,integration_profile ,actor ,connectathon) VALUES ('SPIRIT-CISCO', 'RFD', 'FORM_MANAGER', 'NA2018');
INSERT INTO company_actor_profiles (company ,integration_profile ,actor ,connectathon) VALUES ('SPIRIT-CISCO', 'PRPH-Ca', 'FORM_PROCESSOR', 'NA2018');
INSERT INTO company_actor_profiles (company ,integration_profile ,actor ,connectathon) VALUES ('SPIRIT-CISCO', 'CRD', 'FORM_RECEIVER', 'NA2018');
INSERT INTO company_actor_profiles (company ,integration_profile ,actor ,connectathon) VALUES ('SPIRIT-CISCO', 'RFD', 'FORM_RECEIVER', 'NA2018');
INSERT INTO company_actor_profiles (company ,integration_profile ,actor ,connectathon) VALUES ('SPIRIT-CISCO', 'ARI', 'ID', 'NA2018');

INSERT INTO company_actor_profiles (company ,integration_profile ,actor ,connectathon) VALUES ('SPIRIT-CISCO', 'CPI', 'ID', 'NA2018');
INSERT INTO company_actor_profiles (company ,integration_profile ,actor ,connectathon) VALUES ('SPIRIT-CISCO', 'ECHO', 'ID', 'NA2018');
INSERT INTO company_actor_profiles (company ,integration_profile ,actor ,connectathon) VALUES ('SPIRIT-CISCO', 'ED', 'ID', 'NA2018');
INSERT INTO company_actor_profiles (company ,integration_profile ,actor ,connectathon) VALUES ('SPIRIT-CISCO', 'KIN', 'ID', 'NA2018');
INSERT INTO company_actor_profiles (company ,integration_profile ,actor ,connectathon) VALUES ('SPIRIT-CISCO', 'NMI', 'ID', 'NA2018');
INSERT INTO company_actor_profiles (company ,integration_profile ,actor ,connectathon) VALUES ('SPIRIT-CISCO', 'SWF.b', 'ID', 'NA2018');
INSERT INTO company_actor_profiles (company ,integration_profile ,actor ,connectathon) VALUES ('SPIRIT-CISCO', 'ARI', 'IM', 'NA2018');
INSERT INTO company_actor_profiles (company ,integration_profile ,actor ,connectathon) VALUES ('SPIRIT-CISCO', 'CPI', 'IM', 'NA2018');
INSERT INTO company_actor_profiles (company ,integration_profile ,actor ,connectathon) VALUES ('SPIRIT-CISCO', 'ECHO', 'IM', 'NA2018');
INSERT INTO company_actor_profiles (company ,integration_profile ,actor ,connectathon) VALUES ('SPIRIT-CISCO', 'ED', 'IM', 'NA2018');
INSERT INTO company_actor_profiles (company ,integration_profile ,actor ,connectathon) VALUES ('SPIRIT-CISCO', 'KIN', 'IM', 'NA2018');
INSERT INTO company_actor_profiles (company ,integration_profile ,actor ,connectathon) VALUES ('SPIRIT-CISCO', 'NMI', 'IM', 'NA2018');
INSERT INTO company_actor_profiles (company ,integration_profile ,actor ,connectathon) VALUES ('SPIRIT-CISCO', 'SWF.b', 'IM', 'NA2018');
INSERT INTO company_actor_profiles (company ,integration_profile ,actor ,connectathon) VALUES ('SPIRIT-CISCO', 'XCA-I', 'IMG_DOC_CONSUMER', 'NA2018');
INSERT INTO company_actor_profiles (company ,integration_profile ,actor ,connectathon) VALUES ('SPIRIT-CISCO', 'XDS-I.b', 'IMG_DOC_CONSUMER', 'NA2018');
INSERT INTO company_actor_profiles (company ,integration_profile ,actor ,connectathon) VALUES ('SPIRIT-CISCO', 'XCA-I', 'IMG_DOC_SOURCE', 'NA2018');
INSERT INTO company_actor_profiles (company ,integration_profile ,actor ,connectathon) VALUES ('SPIRIT-CISCO', 'XDS-I.b', 'IMG_DOC_SOURCE', 'NA2018');
INSERT INTO company_actor_profiles (company ,integration_profile ,actor ,connectathon) VALUES ('SPIRIT-CISCO', 'XCA', 'INIT_GATEWAY', 'NA2018');
INSERT INTO company_actor_profiles (company ,integration_profile ,actor ,connectathon) VALUES ('SPIRIT-CISCO', 'XCPD', 'INIT_GATEWAY', 'NA2018');
INSERT INTO company_actor_profiles (company ,integration_profile ,actor ,connectathon) VALUES ('SPIRIT-CISCO', 'XCA-I', 'INIT_IMG_GATEWAY', 'NA2018');
INSERT INTO company_actor_profiles (company ,integration_profile ,actor ,connectathon) VALUES ('SPIRIT-CISCO', 'XDS.b', 'ON_DEMAND_DOC_SOURCE', 'NA2018');
INSERT INTO company_actor_profiles (company ,integration_profile ,actor ,connectathon) VALUES ('SPIRIT-CISCO', 'PIX', 'PAT_IDENTITY_CONSUMER', 'NA2018');
INSERT INTO company_actor_profiles (company ,integration_profile ,actor ,connectathon) VALUES ('SPIRIT-CISCO', 'PIXV3', 'PAT_IDENTITY_CONSUMER', 'NA2018');
INSERT INTO company_actor_profiles (company ,integration_profile ,actor ,connectathon) VALUES ('SPIRIT-CISCO', 'PIX', 'PAT_IDENTITY_SRC', 'NA2018');

INSERT INTO company_actor_profiles (company ,integration_profile ,actor ,connectathon) VALUES ('SPIRIT-CISCO', 'PIXV3', 'PAT_IDENTITY_SRC', 'NA2018');
INSERT INTO company_actor_profiles (company ,integration_profile ,actor ,connectathon) VALUES ('SPIRIT-CISCO', 'XDS.b', 'PAT_IDENTITY_SRC', 'NA2018');
INSERT INTO company_actor_profiles (company ,integration_profile ,actor ,connectathon) VALUES ('SPIRIT-CISCO', 'PIX', 'PAT_IDENTITY_X_REF_MGR', 'NA2018');
INSERT INTO company_actor_profiles (company ,integration_profile ,actor ,connectathon) VALUES ('SPIRIT-CISCO', 'PIXm', 'PAT_IDENTITY_X_REF_MGR', 'NA2018');
INSERT INTO company_actor_profiles (company ,integration_profile ,actor ,connectathon) VALUES ('SPIRIT-CISCO', 'PIXV3', 'PAT_IDENTITY_X_REF_MGR', 'NA2018');
INSERT INTO company_actor_profiles (company ,integration_profile ,actor ,connectathon) VALUES ('SPIRIT-CISCO', 'XPID', 'PAT_IDENTITY_X_REF_MGR', 'NA2018');
INSERT INTO company_actor_profiles (company ,integration_profile ,actor ,connectathon) VALUES ('SPIRIT-CISCO', 'PAM', 'PDC', 'NA2018');
INSERT INTO company_actor_profiles (company ,integration_profile ,actor ,connectathon) VALUES ('SPIRIT-CISCO', 'PDQ', 'PDC', 'NA2018');
INSERT INTO company_actor_profiles (company ,integration_profile ,actor ,connectathon) VALUES ('SPIRIT-CISCO', 'PDQV3', 'PDC', 'NA2018');
INSERT INTO company_actor_profiles (company ,integration_profile ,actor ,connectathon) VALUES ('SPIRIT-CISCO', 'PDQ', 'PDS', 'NA2018');
INSERT INTO company_actor_profiles (company ,integration_profile ,actor ,connectathon) VALUES ('SPIRIT-CISCO', 'PDQm', 'PDS', 'NA2018');
INSERT INTO company_actor_profiles (company ,integration_profile ,actor ,connectathon) VALUES ('SPIRIT-CISCO', 'PDQV3', 'PDS', 'NA2018');
INSERT INTO company_actor_profiles (company ,integration_profile ,actor ,connectathon) VALUES ('SPIRIT-CISCO', 'PAM', 'PEC', 'NA2018');
INSERT INTO company_actor_profiles (company ,integration_profile ,actor ,connectathon) VALUES ('SPIRIT-CISCO', 'XDM', 'PMC', 'NA2018');
INSERT INTO company_actor_profiles (company ,integration_profile ,actor ,connectathon) VALUES ('SPIRIT-CISCO', 'XDM', 'PMI', 'NA2018');
INSERT INTO company_actor_profiles (company ,integration_profile ,actor ,connectathon) VALUES ('SPIRIT-CISCO', 'ECHO', 'PPSM', 'NA2018');
INSERT INTO company_actor_profiles (company ,integration_profile ,actor ,connectathon) VALUES ('SPIRIT-CISCO', 'SWF.b', 'PPSM', 'NA2018');
INSERT INTO company_actor_profiles (company ,integration_profile ,actor ,connectathon) VALUES ('SPIRIT-CISCO', 'HPD', 'PROV_INFO_DIR', 'NA2018');
INSERT INTO company_actor_profiles (company ,integration_profile ,actor ,connectathon) VALUES ('SPIRIT-CISCO', 'IUA', 'RESOURCE_SERVER', 'NA2018');
INSERT INTO company_actor_profiles (company ,integration_profile ,actor ,connectathon) VALUES ('SPIRIT-CISCO', 'XCA', 'RESP_GATEWAY', 'NA2018');
INSERT INTO company_actor_profiles (company ,integration_profile ,actor ,connectathon) VALUES ('SPIRIT-CISCO', 'XCPD', 'RESP_GATEWAY', 'NA2018');
INSERT INTO company_actor_profiles (company ,integration_profile ,actor ,connectathon) VALUES ('SPIRIT-CISCO', 'XCA-I', 'RESP_IMG_GATEWAY', 'NA2018');
INSERT INTO company_actor_profiles (company ,integration_profile ,actor ,connectathon) VALUES ('SPIRIT-CISCO', 'ATNA', 'SA', 'NA2018');
INSERT INTO company_actor_profiles (company ,integration_profile ,actor ,connectathon) VALUES ('SPIRIT-CISCO', 'ATNA', 'SN', 'NA2018');
INSERT INTO company_actor_profiles (company ,integration_profile ,actor ,connectathon) VALUES ('SPIRIT-CISCO', 'CT', 'TIME_CLIENT', 'NA2018');
INSERT INTO company_actor_profiles (company ,integration_profile ,actor ,connectathon) VALUES ('SPIRIT-CISCO', 'CT', 'TS', 'NA2018');
INSERT INTO company_actor_profiles (company ,integration_profile ,actor ,connectathon) VALUES ('SPIRIT-CISCO', 'SVS', 'VALUE_SET_CONSUMER', 'NA2018');
INSERT INTO company_actor_profiles (company ,integration_profile ,actor ,connectathon) VALUES ('SPIRIT-CISCO', 'XUA', 'X-SERVICE-PROVIDER', 'NA2018');
INSERT INTO company_actor_profiles (company ,integration_profile ,actor ,connectathon) VALUES ('SPIRIT-CISCO', 'XUA', 'X-SERVICE-USER', 'NA2018');

INSERT INTO company_actor_profiles (company ,integration_profile ,actor ,connectathon) VALUES ('TR MoH', 'ARI', 'IM', 'NA2018');
INSERT INTO company_actor_profiles (company ,integration_profile ,actor ,connectathon) VALUES ('TR MoH', 'CPI', 'IM', 'NA2018');
INSERT INTO company_actor_profiles (company ,integration_profile ,actor ,connectathon) VALUES ('TR MoH', 'SWF.b', 'IM', 'NA2018');
INSERT INTO company_actor_profiles (company ,integration_profile ,actor ,connectathon) VALUES ('TR MoH', 'XDS-I.b', 'IMG_DOC_SOURCE', 'NA2018');
INSERT INTO company_actor_profiles (company ,integration_profile ,actor ,connectathon) VALUES ('TR MoH', 'SWF.b', 'PPSM', 'NA2018');
INSERT INTO company_actor_profiles (company ,integration_profile ,actor ,connectathon) VALUES ('TR MoH', 'ATNA', 'SA', 'NA2018');
INSERT INTO company_actor_profiles (company ,integration_profile ,actor ,connectathon) VALUES ('TR MoH', 'CT', 'TIME_CLIENT', 'NA2018');

INSERT INTO company_actor_profiles (company ,integration_profile ,actor ,connectathon) VALUES ('UDOH', 'VRDR', 'DATA_CONSUMER', 'NA2018');
INSERT INTO company_actor_profiles (company ,integration_profile ,actor ,connectathon) VALUES ('UDOH', 'mRFD', 'FORM_MANAGER', 'NA2018');
INSERT INTO company_actor_profiles (company ,integration_profile ,actor ,connectathon) VALUES ('UDOH', 'BFDR-E', 'FORM_PROCESSOR', 'NA2018');
INSERT INTO company_actor_profiles (company ,integration_profile ,actor ,connectathon) VALUES ('UDOH', 'VRDR', 'FORM_PROCESSOR', 'NA2018');
INSERT INTO company_actor_profiles (company ,integration_profile ,actor ,connectathon) VALUES ('UDOH', 'VRDR', 'FORM_RCVR_MSG_EXPORTER', 'NA2018');
INSERT INTO company_actor_profiles (company ,integration_profile ,actor ,connectathon) VALUES ('UDOH', 'BFDR-E', 'INFO_RECIPIENT_HL7', 'NA2018');
INSERT INTO company_actor_profiles (company ,integration_profile ,actor ,connectathon) VALUES ('UDOH', 'BFDR-E', 'INFO_SRC_HL7', 'NA2018');
INSERT INTO company_actor_profiles (company ,integration_profile ,actor ,connectathon) VALUES ('UDOH', 'VRDR', 'INFO_SRC_HL7', 'NA2018');

INSERT INTO company_actor_profiles (company ,integration_profile ,actor ,connectathon) VALUES ('VHA', 'DEC', 'DEV_OBS_CONSUMER', 'NA2018');
INSERT INTO company_actor_profiles (company ,integration_profile ,actor ,connectathon) VALUES ('VHA', 'CT', 'TIME_CLIENT', 'NA2018');

INSERT INTO company_actor_profiles (company ,integration_profile ,actor ,connectathon) VALUES ('WELCHALLYN', 'DEC', 'DEV_OBS_REPORTER', 'NA2018');
INSERT INTO company_actor_profiles (company ,integration_profile ,actor ,connectathon) VALUES ('WELCHALLYN', 'CT', 'TIME_CLIENT', 'NA2018');
INSERT INTO company_actor_profiles (company ,integration_profile ,actor ,connectathon) VALUES ('Yonsei Univ.', 'SWF.b', 'MOD', 'NA2018');
INSERT INTO company_actor_profiles (company ,integration_profile ,actor ,connectathon) VALUES ('ZOLL', 'XDR', 'DOC_RECIPIENT', 'NA2018');
INSERT INTO company_actor_profiles (company ,integration_profile ,actor ,connectathon) VALUES ('ZOLL', 'XDR', 'DOC_SOURCE', 'NA2018');
INSERT INTO company_actor_profiles (company ,integration_profile ,actor ,connectathon) VALUES ('ZOLL', 'XCA', 'INIT_GATEWAY', 'NA2018');
INSERT INTO company_actor_profiles (company ,integration_profile ,actor ,connectathon) VALUES ('ZOLL', 'XCPD', 'INIT_GATEWAY', 'NA2018');
INSERT INTO company_actor_profiles (company ,integration_profile ,actor ,connectathon) VALUES ('ZOLL', 'ATNA', 'SA', 'NA2018');
INSERT INTO company_actor_profiles (company ,integration_profile ,actor ,connectathon) VALUES ('ZOLL', 'CT', 'TIME_CLIENT', 'NA2018');
