INSERT INTO connectathon (keyword, name, year, location, region) VALUES ('NA2019', 'North America 2019', 2019, 'Cleveland', 1);

INSERT INTO integration_profile (keyword, name, description)  VALUES ('RMU', 'Restricted Metadata Update', '');
INSERT INTO integration_profile (keyword, name, description)  VALUES ('WIA', 'Web-based Image Access', '');

INSERT INTO actor (keyword, name, description) VALUES ('UPDATE_INIT', 'Update Initiator', '');
INSERT INTO actor (keyword, name, description) VALUES ('UPDATE_RESP', 'Update Responder', '');
INSERT INTO actor (keyword, name, description) VALUES ('IMG_DOC_RESPONDER', 'Imaging Document Responder', '');

INSERT INTO actor (keyword, name, description) VALUES ('FORM_PROC_MSG_EXPORTER', 'Form Processor Message Exporter', '');


FORM_PROC_MSG_EXPORTER

INSERT INTO company (keyword,name,url,integration_statement_url) VALUES ('FORCARE', 'Forcare BV', 'https://www.forcare.com', 'https://www.forcare.com/integration-statements');
--INSERT INTO company (keyword,name,url,integration_statement_url) VALUES ('Bernoulli', 'Bernoulli Enterprise, Inc.', 'http://www.bernoullihealth.com', '');
INSERT INTO company (keyword,name,url,integration_statement_url) VALUES ('MEDTRONIC', 'Medtronic', 'http://www.medtronic.com', '');
INSERT INTO company (keyword,name,url,integration_statement_url) VALUES ('GuardRFID', 'Guard RFID Solutions', 'http://www.guardrfid.com', 'http://www.guardrfid.com/ihe');
--INSERT INTO company (keyword,name,url,integration_statement_url) VALUES ('CANON', 'Canon Healthcare Solutions', 'http://www.usa.canon.com', '');
INSERT INTO company (keyword,name,url,integration_statement_url) VALUES ('EPIC', 'EPIC', 'http://www.epic.com', 'https://open.epic.com/Home/IHE');
INSERT INTO company (keyword,name,url,integration_statement_url) VALUES ('MDHHS', 'Michigan Department of Health and Human Services', 'http://www.michigan.gov/mdhhs/', '');
INSERT INTO company (keyword,name,url,integration_statement_url) VALUES ('GE', 'GE Healthcare', 'http://www.ge.com/interoperability', 'http://www.ge.com/ihe');
--INSERT INTO company (keyword,name,url,integration_statement_url) VALUES ('ALLSCRIPTS', 'Allscripts', 'http://www.allscripts.com', '');
INSERT INTO company (keyword,name,url,integration_statement_url) VALUES ('Hologic', 'Hologic', 'http://www.hologic.com', '');
INSERT INTO company (keyword,name,url,integration_statement_url) VALUES ('FRESENIUS', 'Fresenius Kabi', 'http://www.fresenius-kabi.com/', 'https://key2.fresenius-kabi.com/en/regulatory-documentation?type=100&cat=101');
INSERT INTO company (keyword,name,url,integration_statement_url) VALUES ('Kno2', 'Kno2', 'https://kno2.com', '');
INSERT INTO company (keyword,name,url,integration_statement_url) VALUES ('NEXTGEN', 'NextGen Healthcare', 'http://www.nextgen.com', '');
INSERT INTO company (keyword,name,url,integration_statement_url) VALUES ('DRAEGER', 'Draeger Medical Systems, Inc.', 'http://www.draeger.com', '');
--INSERT INTO company (keyword,name,url,integration_statement_url) VALUES ('BD', 'BD', 'http://www.bd.com', 'http://www.bd.com/en-us/offerings/capabilities/infusion/infusion-system-interoperability/alaris-emr-interoperability');
INSERT INTO company (keyword,name,url,integration_statement_url) VALUES ('ENDOSOFT', 'EndoSoft, LLC', 'http://www.endosoft.com', 'http://www.endosoft.com/ihe');
INSERT INTO company (keyword,name,url,integration_statement_url) VALUES ('MedAllies', 'MedAllies', 'http://www.medallies.com/', '');
INSERT INTO company (keyword,name,url,integration_statement_url) VALUES ('Voalte', 'Voalte', 'http://www.voalte.com/', '');
INSERT INTO company (keyword,name,url,integration_statement_url) VALUES ('IHEUSA', 'IHE USA', 'http://www.iheusa.org', '');
INSERT INTO company (keyword,name,url,integration_statement_url) VALUES ('MINDRAY', 'Mindray', 'http://www.mindray.com', '');
INSERT INTO company (keyword,name,url,integration_statement_url) VALUES ('CDC', 'Centers for Disease Control and Prevention', 'http://www.cdc.gov', '');
INSERT INTO company (keyword,name,url,integration_statement_url) VALUES ('SS', 'Surescripts', 'http://www.surescripts.com/', '');
INSERT INTO company (keyword,name,url,integration_statement_url) VALUES ('NantHealth', 'NantHealth', 'http://www.nanthealth.com', '');
INSERT INTO company (keyword,name,url,integration_statement_url) VALUES ('PHILIPS', 'Philips Medical Systems Nederland B.V.', 'http://www.healthcare.philips.com', 'http://www.philips.com/ihe');
INSERT INTO company (keyword,name,url,integration_statement_url) VALUES ('SPOK', 'Spok', 'http://www.spok.com/', '');
INSERT INTO company (keyword,name,url,integration_statement_url) VALUES ('Tryforin', 'Tryforin Corporation', 'https://tryforin.com', '');
INSERT INTO company (keyword,name,url,integration_statement_url) VALUES ('QVERA', 'Qvera', 'http://www.qvera.com/', 'http://www.qvera.com/files/qvera_ihe_integration_statement_2018.pdf');
INSERT INTO company (keyword,name,url,integration_statement_url) VALUES ('MERGE', 'IBM Watson Health Imaging', 'https://www.ibm.com/watson/health/imaging/', '');
INSERT INTO company (keyword,name,url,integration_statement_url) VALUES ('CPH', 'Corepoint Health', 'http://www.corepointhealth.com', 'https://corepointhealth.com/company/corepoint-health-ihe-integration-statement/');
INSERT INTO company (keyword,name,url,integration_statement_url) VALUES ('CAP', 'College of American Pathologists', 'http://cap.org', '');
INSERT INTO company (keyword,name,url,integration_statement_url) VALUES ('Biyomod', 'Biyomod', 'http://www.biyomod.com.tr', 'null');
INSERT INTO company (keyword,name,url,integration_statement_url) VALUES ('MDES', 'März DES GmbH', 'http://www.maerz-network.de', '');
--INSERT INTO company (keyword,name,url,integration_statement_url) VALUES ('BAXTER', 'Baxter Healthcare', 'http://www.baxter.com', 'http://www.baxter.com/ihe');
INSERT INTO company (keyword,name,url,integration_statement_url) VALUES ('IRM', 'IRM Inc.', 'http://www.irm.kr', '');
INSERT INTO company (keyword,name,url,integration_statement_url) VALUES ('Nextgate', 'Nextgate', 'http://www.nextgate.com', 'http://www.nextgate.com/company/resources/');
INSERT INTO company (keyword,name,url,integration_statement_url) VALUES ('Hill-Rom', 'Hill-Rom Company, Inc.', 'http://www.hill-rom.com', '');
INSERT INTO company (keyword,name,url,integration_statement_url) VALUES ('STANLEY', 'STANLEY Healthcare', 'http://www.stanleyhealthcare.com', '');
INSERT INTO company (keyword,name,url,integration_statement_url) VALUES ('DEDALUS USA', 'Dedalus USA', 'http://www.dedalus.us', '');
INSERT INTO company (keyword,name,url,integration_statement_url) VALUES ('ICOSERVE', 'ITH icoserve / Siemens', 'http://www.ith-icoserve.com/', 'http://www.ith-icoserve.com/ihe');
INSERT INTO company (keyword,name,url,integration_statement_url) VALUES ('VVC', 'Virence Health', 'Https://ge.com', '');
INSERT INTO company (keyword,name,url,integration_statement_url) VALUES ('INTERSYSTEMS', 'InterSystems Corporation', 'http://www.intersystems.com', 'http://www.intersystems.com/healthshare/ihe/index.html');
INSERT INTO company (keyword,name,url,integration_statement_url) VALUES ('PRA', 'PRA Health Sciences ', 'http://www.nextrials.com', 'https://www.nextrials.com/wp-content/uploads/2017/10/2019NextrialsIntegrationStatement.pdf');
INSERT INTO company (keyword,name,url,integration_statement_url) VALUES ('SPIRIT-CISCO', 'Tiani "Spirit" Gmbh - Cisco Systems Inc.', 'http://www.tiani-spirit.com', 'https://www.tiani-spirit.com/ihe');
INSERT INTO company (keyword,name,url,integration_statement_url) VALUES ('INFINITT', 'INFINITT Healthcare Co.,Ltd.', 'http://www.infinitt.com', 'http://product-registry.ihe.net/PR/pr/search.seam?date=ANY|1442796545844|1442796545844&institution=133#');
INSERT INTO company (keyword,name,url,integration_statement_url) VALUES ('INDRA', 'Indra Soluciones TI', 'https://www.minsait.com/es/productos/healthcare', '');
INSERT INTO company (keyword,name,url,integration_statement_url) VALUES ('Yonsei Univ.', 'Yonsei University ', 'http://www.yonsei.ac.kr', '');
INSERT INTO company (keyword,name,url,integration_statement_url) VALUES ('SIEMENS', 'Siemens Healthcare GmbH', 'http://www.siemens.com', 'http://www.siemens.com/ihe');
INSERT INTO company (keyword,name,url,integration_statement_url) VALUES ('Masimo', 'Masimo', 'http://www.masimo.com', '');
INSERT INTO company (keyword,name,url,integration_statement_url) VALUES ('ECW', 'eClinicalWorks', 'http://www.eclinicalworks.com/', 'http://www.eclinicalworks.com/ihe/2014/statement.pdf');
INSERT INTO company (keyword,name,url,integration_statement_url) VALUES ('Vocera', 'Vocera Communications', 'http://www.vocera.com', '');
--INSERT INTO company (keyword,name,url,integration_statement_url) VALUES ('BHC', 'Bayer Healthcare', 'http://www.radiologysolutions.bayer.com/products/ct/dosemanagement/rep/', '');
--INSERT INTO company (keyword,name,url,integration_statement_url) VALUES ('BBRAUN', 'B.Braun Medical', 'http://www.bbraunusa.com', '');
INSERT INTO company (keyword,name,url,integration_statement_url) VALUES ('ICU_MEDICAL', 'ICU Medical', 'http://www.icumed.com', 'http://www.icumed.com/iv-ehr-interoperability.aspx');
INSERT INTO company (keyword,name,url,integration_statement_url) VALUES ('HYLAND', 'Hyland', 'http://www.hyland.com/', 'http://www.hyland.com/industry-solutions/healthcare/ihe');
INSERT INTO company (keyword,name,url,integration_statement_url) VALUES ('CERNER', 'Cerner Corporation', 'http://www.cerner.com', 'https://connect.ucern.com/docs/DOC-395297');
INSERT INTO company (keyword,name,url,integration_statement_url) VALUES ('Talis', 'Talis Clinical, LLC', 'http://www.talisclinical.com/', '');
INSERT INTO company (keyword,name,url,integration_statement_url) VALUES ('MEDISYS', 'Medical Systems Co. Ltd', 'http://medisys.com.sa', 'http://medisys.com.sa/ihe');
INSERT INTO company (keyword,name,url,integration_statement_url) VALUES ('TALON', 'TALON', 'https://www.taloncontrols.com', 'http://www.taloncontrols.com/ihe/IHE_IntegrationStatement-MedKey.pdf');
INSERT INTO company (keyword,name,url,integration_statement_url) VALUES ('VITAL', 'Vital, a Canon Medical Group Company', 'http://www.vitalimages.com/', '');
-- Are Rhapsody and Orienhealth common ? Do we need to merge them ?
INSERT INTO company (keyword,name,url,integration_statement_url) VALUES ('Rhapsody', 'Rhapsody', 'https://orionhealth.com', '');
INSERT INTO company (keyword,name,url,integration_statement_url) VALUES ('CAREEV', 'CareEvolution', 'http://www.careevolution.com/', 'http://www.careevolution.com/ihe.html');
INSERT INTO company (keyword,name,url,integration_statement_url) VALUES ('CalCARES', 'UC Davis Health Institute for Population Health Improvement California Cancer Reporting and Epidemiologic Surveillance Program', 'http://www.ucdmc.ucdavis.edu/iphi/', '');
INSERT INTO company (keyword,name,url,integration_statement_url) VALUES ('SMITHS', 'Smiths Medical', 'http://www.smiths-medical.com', 'http://www.pharmguardserver.com/IntegrationStatement/IntegrationStatement_PGIMSIP_2.0.pdf');
INSERT INTO company (keyword,name,url,integration_statement_url) VALUES ('QUALCOMM-LIFE', 'Qualcomm Life', 'http://www.capsuletech.com', 'http://webinfo.capsuletech.com/hubfs/Docs/IHE/IntegrationStatement2015_IHE.pdf');
INSERT INTO company (keyword,name,url,integration_statement_url) VALUES ('UDOH', 'Utah Department of Health', 'http://www.health.utah.gov', '');

--Company information
INSERT INTO company_actor_profiles (company ,integration_profile ,actor ,connectathon) VALUES ('ALLSCRIPTS', 'C-CDA2.1_CONSUMERS', 'CONTENT_CONSUMER', 'NA2019');
INSERT INTO company_actor_profiles (company ,integration_profile ,actor ,connectathon) VALUES ('ALLSCRIPTS', 'CANCER_REGISTRY_1.1', 'CONTENT_CREATOR', 'NA2019');
INSERT INTO company_actor_profiles (company ,integration_profile ,actor ,connectathon) VALUES ('ALLSCRIPTS', 'C-CDA2.1_CARE-PLAN', 'CONTENT_CREATOR', 'NA2019');
INSERT INTO company_actor_profiles (company ,integration_profile ,actor ,connectathon) VALUES ('ALLSCRIPTS', 'C-CDA2.1_CCD', 'CONTENT_CREATOR', 'NA2019');
INSERT INTO company_actor_profiles (company ,integration_profile ,actor ,connectathon) VALUES ('ALLSCRIPTS', 'C-CDA2.1_DISCHARGE', 'CONTENT_CREATOR', 'NA2019');
INSERT INTO company_actor_profiles (company ,integration_profile ,actor ,connectathon) VALUES ('ALLSCRIPTS', 'C-CDA2.1_REFERRAL', 'CONTENT_CREATOR', 'NA2019');
INSERT INTO company_actor_profiles (company ,integration_profile ,actor ,connectathon) VALUES ('ALLSCRIPTS', 'C-CDA2.1_UNSTRUCTURED', 'CONTENT_CREATOR', 'NA2019');
INSERT INTO company_actor_profiles (company ,integration_profile ,actor ,connectathon) VALUES ('ALLSCRIPTS', 'MCV', 'CONTENT_CREATOR', 'NA2019');
INSERT INTO company_actor_profiles (company ,integration_profile ,actor ,connectathon) VALUES ('ALLSCRIPTS', 'XDS.b', 'DOC_CONSUMER', 'NA2019');
INSERT INTO company_actor_profiles (company ,integration_profile ,actor ,connectathon) VALUES ('ALLSCRIPTS', 'XDR', 'DOC_SOURCE', 'NA2019');
INSERT INTO company_actor_profiles (company ,integration_profile ,actor ,connectathon) VALUES ('ALLSCRIPTS', 'XDS.b', 'DOC_SOURCE', 'NA2019');
INSERT INTO company_actor_profiles (company ,integration_profile ,actor ,connectathon) VALUES ('ALLSCRIPTS', 'PIX', 'PAT_IDENTITY_CONSUMER', 'NA2019');
INSERT INTO company_actor_profiles (company ,integration_profile ,actor ,connectathon) VALUES ('ALLSCRIPTS', 'PIXV3', 'PAT_IDENTITY_CONSUMER', 'NA2019');
INSERT INTO company_actor_profiles (company ,integration_profile ,actor ,connectathon) VALUES ('ALLSCRIPTS', 'ATNA', 'SA', 'NA2019');
INSERT INTO company_actor_profiles (company ,integration_profile ,actor ,connectathon) VALUES ('ALLSCRIPTS', 'CT', 'TIME_CLIENT', 'NA2019');

INSERT INTO company_actor_profiles (company ,integration_profile ,actor ,connectathon) VALUES ('BAXTER', 'ACM', 'ALERT_RPT', 'NA2019');
INSERT INTO company_actor_profiles (company ,integration_profile ,actor ,connectathon) VALUES ('BAXTER', 'DEC', 'DEV_OBS_REPORTER', 'NA2019');
INSERT INTO company_actor_profiles (company ,integration_profile ,actor ,connectathon) VALUES ('BAXTER', 'IPEC', 'DEV_OBS_REPORTER', 'NA2019');
INSERT INTO company_actor_profiles (company ,integration_profile ,actor ,connectathon) VALUES ('BAXTER', 'PIV', 'IOC', 'NA2019');
INSERT INTO company_actor_profiles (company ,integration_profile ,actor ,connectathon) VALUES ('BAXTER', 'MEMLS', 'LOC', 'NA2019');
INSERT INTO company_actor_profiles (company ,integration_profile ,actor ,connectathon) VALUES ('BAXTER', 'CT', 'TIME_CLIENT', 'NA2019');

INSERT INTO company_actor_profiles (company ,integration_profile ,actor ,connectathon) VALUES ('BBRAUN', 'ACM', 'ALERT_RPT', 'NA2019');
INSERT INTO company_actor_profiles (company ,integration_profile ,actor ,connectathon) VALUES ('BBRAUN', 'DEC', 'DEV_OBS_FILTER', 'NA2019');
INSERT INTO company_actor_profiles (company ,integration_profile ,actor ,connectathon) VALUES ('BBRAUN', 'DEC', 'DEV_OBS_REPORTER', 'NA2019');
INSERT INTO company_actor_profiles (company ,integration_profile ,actor ,connectathon) VALUES ('BBRAUN', 'IPEC', 'DEV_OBS_REPORTER', 'NA2019');
INSERT INTO company_actor_profiles (company ,integration_profile ,actor ,connectathon) VALUES ('BBRAUN', 'MEMDMC', 'DMIR', 'NA2019');
INSERT INTO company_actor_profiles (company ,integration_profile ,actor ,connectathon) VALUES ('BBRAUN', 'PIV', 'IOC', 'NA2019');
INSERT INTO company_actor_profiles (company ,integration_profile ,actor ,connectathon) VALUES ('BBRAUN', 'MEMLS', 'LOC', 'NA2019');
INSERT INTO company_actor_profiles (company ,integration_profile ,actor ,connectathon) VALUES ('BBRAUN', 'CT', 'TIME_CLIENT', 'NA2019');

INSERT INTO company_actor_profiles (company ,integration_profile ,actor ,connectathon) VALUES ('BD', 'ACM', 'ALERT_RPT', 'NA2019');
INSERT INTO company_actor_profiles (company ,integration_profile ,actor ,connectathon) VALUES ('BD', 'DEC', 'DEV_OBS_REPORTER', 'NA2019');
INSERT INTO company_actor_profiles (company ,integration_profile ,actor ,connectathon) VALUES ('BD', 'IPEC', 'DEV_OBS_REPORTER', 'NA2019');
INSERT INTO company_actor_profiles (company ,integration_profile ,actor ,connectathon) VALUES ('BD', 'PIV', 'IOC', 'NA2019');
INSERT INTO company_actor_profiles (company ,integration_profile ,actor ,connectathon) VALUES ('BD', 'MEMLS', 'LOC', 'NA2019');
INSERT INTO company_actor_profiles (company ,integration_profile ,actor ,connectathon) VALUES ('BD', 'CT', 'TIME_CLIENT', 'NA2019');

INSERT INTO company_actor_profiles (company ,integration_profile ,actor ,connectathon) VALUES ('Bernoulli', 'ACM', 'ACON', 'NA2019');
INSERT INTO company_actor_profiles (company ,integration_profile ,actor ,connectathon) VALUES ('Bernoulli', 'ACM', 'ALERT_RPT', 'NA2019');
INSERT INTO company_actor_profiles (company ,integration_profile ,actor ,connectathon) VALUES ('Bernoulli', 'ACM', 'ALRT_COMMUNICATOR', 'NA2019');
INSERT INTO company_actor_profiles (company ,integration_profile ,actor ,connectathon) VALUES ('Bernoulli', 'ACM', 'ALRT_MGR', 'NA2019');
INSERT INTO company_actor_profiles (company ,integration_profile ,actor ,connectathon) VALUES ('Bernoulli', 'DEC', 'DEV_OBS_CONSUMER', 'NA2019');
INSERT INTO company_actor_profiles (company ,integration_profile ,actor ,connectathon) VALUES ('Bernoulli', 'DEC', 'DEV_OBS_FILTER', 'NA2019');
INSERT INTO company_actor_profiles (company ,integration_profile ,actor ,connectathon) VALUES ('Bernoulli', 'DEC', 'DEV_OBS_REPORTER', 'NA2019');
INSERT INTO company_actor_profiles (company ,integration_profile ,actor ,connectathon) VALUES ('Bernoulli', 'MEMDMC', 'DMIC', 'NA2019');
INSERT INTO company_actor_profiles (company ,integration_profile ,actor ,connectathon) VALUES ('Bernoulli', 'CT', 'TIME_CLIENT', 'NA2019');

INSERT INTO company_actor_profiles (company ,integration_profile ,actor ,connectathon) VALUES ('BHC', 'REM', 'DOSE_INFO_CONSUMER', 'NA2019');
INSERT INTO company_actor_profiles (company ,integration_profile ,actor ,connectathon) VALUES ('BHC', 'REM', 'DOSE_INFO_REPORTER', 'NA2019');
INSERT INTO company_actor_profiles (company ,integration_profile ,actor ,connectathon) VALUES ('BHC', 'CT', 'TIME_CLIENT', 'NA2019');

INSERT INTO company_actor_profiles (company ,integration_profile ,actor ,connectathon) VALUES ('CalCARES', 'RFD', 'FORM_RECEIVER', 'NA2019');
INSERT INTO company_actor_profiles (company ,integration_profile ,actor ,connectathon) VALUES ('CalCARES', 'SDC', 'FORM_RECEIVER', 'NA2019');
INSERT INTO company_actor_profiles (company ,integration_profile ,actor ,connectathon) VALUES ('CalCARES', 'CT', 'TIME_CLIENT', 'NA2019');
--
INSERT INTO company_actor_profiles (company ,integration_profile ,actor ,connectathon) VALUES ('CANON', 'CPI', 'MOD', 'NA2019');
INSERT INTO company_actor_profiles (company ,integration_profile ,actor ,connectathon) VALUES ('CANON', 'REM', 'MOD', 'NA2019');
INSERT INTO company_actor_profiles (company ,integration_profile ,actor ,connectathon) VALUES ('CANON', 'SWF.b', 'MOD', 'NA2019');
INSERT INTO company_actor_profiles (company ,integration_profile ,actor ,connectathon) VALUES ('CANON', 'PDI', 'PMC', 'NA2019');
INSERT INTO company_actor_profiles (company ,integration_profile ,actor ,connectathon) VALUES ('CANON', 'ATNA', 'SA', 'NA2019');
INSERT INTO company_actor_profiles (company ,integration_profile ,actor ,connectathon) VALUES ('CANON', 'ATNA', 'SN', 'NA2019');
INSERT INTO company_actor_profiles (company ,integration_profile ,actor ,connectathon) VALUES ('CANON', 'CT', 'TIME_CLIENT', 'NA2019');

INSERT INTO company_actor_profiles (company ,integration_profile ,actor ,connectathon) VALUES ('CAP', 'SDC', 'FORM_MANAGER', 'NA2019');
INSERT INTO company_actor_profiles (company ,integration_profile ,actor ,connectathon) VALUES ('CAP', 'SDC', 'FORM_PROCESSOR', 'NA2019');

INSERT INTO company_actor_profiles (company ,integration_profile ,actor ,connectathon) VALUES ('CAREEV', 'BPPC', 'CONTENT_CONSUMER', 'NA2019');
INSERT INTO company_actor_profiles (company ,integration_profile ,actor ,connectathon) VALUES ('CAREEV', 'C-CDA2.1_CONSUMERS', 'CONTENT_CONSUMER', 'NA2019');
INSERT INTO company_actor_profiles (company ,integration_profile ,actor ,connectathon) VALUES ('CAREEV', 'XDS-SD', 'CONTENT_CONSUMER', 'NA2019');
INSERT INTO company_actor_profiles (company ,integration_profile ,actor ,connectathon) VALUES ('CAREEV', 'BPPC', 'CONTENT_CREATOR', 'NA2019');
INSERT INTO company_actor_profiles (company ,integration_profile ,actor ,connectathon) VALUES ('CAREEV', 'C-CDA2.1_CARE-PLAN', 'CONTENT_CREATOR', 'NA2019');
INSERT INTO company_actor_profiles (company ,integration_profile ,actor ,connectathon) VALUES ('CAREEV', 'C-CDA2.1_CCD', 'CONTENT_CREATOR', 'NA2019');
INSERT INTO company_actor_profiles (company ,integration_profile ,actor ,connectathon) VALUES ('CAREEV', 'C-CDA2.1_DISCHARGE', 'CONTENT_CREATOR', 'NA2019');
INSERT INTO company_actor_profiles (company ,integration_profile ,actor ,connectathon) VALUES ('CAREEV', 'C-CDA2.1_PROGRESS', 'CONTENT_CREATOR', 'NA2019');
INSERT INTO company_actor_profiles (company ,integration_profile ,actor ,connectathon) VALUES ('CAREEV', 'C-CDA2.1_REFERRAL', 'CONTENT_CREATOR', 'NA2019');
INSERT INTO company_actor_profiles (company ,integration_profile ,actor ,connectathon) VALUES ('CAREEV', 'C-CDA2.1_TRANSFER', 'CONTENT_CREATOR', 'NA2019');
INSERT INTO company_actor_profiles (company ,integration_profile ,actor ,connectathon) VALUES ('CAREEV', 'C-CDA2.1_UNSTRUCTURED', 'CONTENT_CREATOR', 'NA2019');
INSERT INTO company_actor_profiles (company ,integration_profile ,actor ,connectathon) VALUES ('CAREEV', 'IC', 'CONTENT_CREATOR', 'NA2019');
INSERT INTO company_actor_profiles (company ,integration_profile ,actor ,connectathon) VALUES ('CAREEV', 'XDS-SD', 'CONTENT_CREATOR', 'NA2019');
INSERT INTO company_actor_profiles (company ,integration_profile ,actor ,connectathon) VALUES ('CAREEV', 'RMD', 'DOC_ADMINISTRATOR', 'NA2019');
INSERT INTO company_actor_profiles (company ,integration_profile ,actor ,connectathon) VALUES ('CAREEV', 'XDS.b', 'DOC_CONSUMER', 'NA2019');
INSERT INTO company_actor_profiles (company ,integration_profile ,actor ,connectathon) VALUES ('CAREEV', 'XDR', 'DOC_RECIPIENT', 'NA2019');
INSERT INTO company_actor_profiles (company ,integration_profile ,actor ,connectathon) VALUES ('CAREEV', 'MPQ', 'DOC_REGISTRY', 'NA2019');
INSERT INTO company_actor_profiles (company ,integration_profile ,actor ,connectathon) VALUES ('CAREEV', 'RMD', 'DOC_REGISTRY', 'NA2019');
INSERT INTO company_actor_profiles (company ,integration_profile ,actor ,connectathon) VALUES ('CAREEV', 'XDS.b', 'DOC_REGISTRY', 'NA2019');
INSERT INTO company_actor_profiles (company ,integration_profile ,actor ,connectathon) VALUES ('CAREEV', 'RMD', 'DOC_REPOSITORY', 'NA2019');
INSERT INTO company_actor_profiles (company ,integration_profile ,actor ,connectathon) VALUES ('CAREEV', 'XDS.b', 'DOC_REPOSITORY', 'NA2019');
INSERT INTO company_actor_profiles (company ,integration_profile ,actor ,connectathon) VALUES ('CAREEV', 'XDR', 'DOC_SOURCE', 'NA2019');
INSERT INTO company_actor_profiles (company ,integration_profile ,actor ,connectathon) VALUES ('CAREEV', 'XDS.b', 'DOC_SOURCE', 'NA2019');
INSERT INTO company_actor_profiles (company ,integration_profile ,actor ,connectathon) VALUES ('CAREEV', 'XCA', 'INIT_GATEWAY', 'NA2019');
INSERT INTO company_actor_profiles (company ,integration_profile ,actor ,connectathon) VALUES ('CAREEV', 'XCPD', 'INIT_GATEWAY', 'NA2019');
INSERT INTO company_actor_profiles (company ,integration_profile ,actor ,connectathon) VALUES ('CAREEV', 'XDS.b', 'ON_DEMAND_DOC_SOURCE', 'NA2019');
INSERT INTO company_actor_profiles (company ,integration_profile ,actor ,connectathon) VALUES ('CAREEV', 'PIX', 'PAT_IDENTITY_CONSUMER', 'NA2019');
INSERT INTO company_actor_profiles (company ,integration_profile ,actor ,connectathon) VALUES ('CAREEV', 'PIXV3', 'PAT_IDENTITY_CONSUMER', 'NA2019');
INSERT INTO company_actor_profiles (company ,integration_profile ,actor ,connectathon) VALUES ('CAREEV', 'PIX', 'PAT_IDENTITY_SRC', 'NA2019');
INSERT INTO company_actor_profiles (company ,integration_profile ,actor ,connectathon) VALUES ('CAREEV', 'PIXV3', 'PAT_IDENTITY_SRC', 'NA2019');
INSERT INTO company_actor_profiles (company ,integration_profile ,actor ,connectathon) VALUES ('CAREEV', 'PIX', 'PAT_IDENTITY_X_REF_MGR', 'NA2019');
INSERT INTO company_actor_profiles (company ,integration_profile ,actor ,connectathon) VALUES ('CAREEV', 'PIXV3', 'PAT_IDENTITY_X_REF_MGR', 'NA2019');
INSERT INTO company_actor_profiles (company ,integration_profile ,actor ,connectathon) VALUES ('CAREEV', 'PDQV3', 'PDC', 'NA2019');
INSERT INTO company_actor_profiles (company ,integration_profile ,actor ,connectathon) VALUES ('CAREEV', 'PDQV3', 'PDS', 'NA2019');
INSERT INTO company_actor_profiles (company ,integration_profile ,actor ,connectathon) VALUES ('CAREEV', '360X', 'REFERRAL_INITIATOR', 'NA2019');
INSERT INTO company_actor_profiles (company ,integration_profile ,actor ,connectathon) VALUES ('CAREEV', '360X', 'REFERRAL_RECIPIENT', 'NA2019');
INSERT INTO company_actor_profiles (company ,integration_profile ,actor ,connectathon) VALUES ('CAREEV', 'XCA', 'RESP_GATEWAY', 'NA2019');
INSERT INTO company_actor_profiles (company ,integration_profile ,actor ,connectathon) VALUES ('CAREEV', 'XCPD', 'RESP_GATEWAY', 'NA2019');
INSERT INTO company_actor_profiles (company ,integration_profile ,actor ,connectathon) VALUES ('CAREEV', 'ATNA', 'SA', 'NA2019');
INSERT INTO company_actor_profiles (company ,integration_profile ,actor ,connectathon) VALUES ('CAREEV', 'CT', 'TIME_CLIENT', 'NA2019');


INSERT INTO company_actor_profiles (company ,integration_profile ,actor ,connectathon) VALUES ('CDC', 'VRDR', 'DATA_CONSUMER', 'NA2019');
INSERT INTO company_actor_profiles (company ,integration_profile ,actor ,connectathon) VALUES ('CDC', 'SDC', 'FORM_RECEIVER', 'NA2019');
INSERT INTO company_actor_profiles (company ,integration_profile ,actor ,connectathon) VALUES ('CDC', 'BFDR-E', 'INFO_RECIPIENT_HL7', 'NA2019');
INSERT INTO company_actor_profiles (company ,integration_profile ,actor ,connectathon) VALUES ('CDC', 'VRDR', 'INFO_RECIPIENT_HL7', 'NA2019');
INSERT INTO company_actor_profiles (company ,integration_profile ,actor ,connectathon) VALUES ('CDC', 'CT', 'TIME_CLIENT', 'NA2019');


INSERT INTO company_actor_profiles (company ,integration_profile ,actor ,connectathon) VALUES ('CERNER', 'ACM', 'ALRT_MGR', 'NA2019');
INSERT INTO company_actor_profiles (company ,integration_profile ,actor ,connectathon) VALUES ('CERNER', 'DEC', 'DEV_OBS_CONSUMER', 'NA2019');
INSERT INTO company_actor_profiles (company ,integration_profile ,actor ,connectathon) VALUES ('CERNER', 'IPEC', 'DEV_OBS_CONSUMER', 'NA2019');
INSERT INTO company_actor_profiles (company ,integration_profile ,actor ,connectathon) VALUES ('CERNER', 'DEC', 'DEV_OBS_REPORTER', 'NA2019');
INSERT INTO company_actor_profiles (company ,integration_profile ,actor ,connectathon) VALUES ('CERNER', 'XDS.b', 'DOC_CONSUMER', 'NA2019');
INSERT INTO company_actor_profiles (company ,integration_profile ,actor ,connectathon) VALUES ('CERNER', 'XDS.b', 'DOC_REGISTRY', 'NA2019');
INSERT INTO company_actor_profiles (company ,integration_profile ,actor ,connectathon) VALUES ('CERNER', 'XDS.b', 'DOC_REPOSITORY', 'NA2019');
INSERT INTO company_actor_profiles (company ,integration_profile ,actor ,connectathon) VALUES ('CERNER', 'XCA', 'INIT_GATEWAY', 'NA2019');
INSERT INTO company_actor_profiles (company ,integration_profile ,actor ,connectathon) VALUES ('CERNER', 'XCPD', 'INIT_GATEWAY', 'NA2019');
INSERT INTO company_actor_profiles (company ,integration_profile ,actor ,connectathon) VALUES ('CERNER', 'PIV', 'IOP', 'NA2019');
INSERT INTO company_actor_profiles (company ,integration_profile ,actor ,connectathon) VALUES ('CERNER', 'MEMLS', 'LOC', 'NA2019');
INSERT INTO company_actor_profiles (company ,integration_profile ,actor ,connectathon) VALUES ('CERNER', 'PIX', 'PAT_IDENTITY_X_REF_MGR', 'NA2019');
INSERT INTO company_actor_profiles (company ,integration_profile ,actor ,connectathon) VALUES ('CERNER', 'PIXV3', 'PAT_IDENTITY_X_REF_MGR', 'NA2019');
INSERT INTO company_actor_profiles (company ,integration_profile ,actor ,connectathon) VALUES ('CERNER', 'PDQV3', 'PDC', 'NA2019');
INSERT INTO company_actor_profiles (company ,integration_profile ,actor ,connectathon) VALUES ('CERNER', 'PDQ', 'PDS', 'NA2019');
INSERT INTO company_actor_profiles (company ,integration_profile ,actor ,connectathon) VALUES ('CERNER', 'PDQV3', 'PDS', 'NA2019');
INSERT INTO company_actor_profiles (company ,integration_profile ,actor ,connectathon) VALUES ('CERNER', 'XCA', 'RESP_GATEWAY', 'NA2019');
INSERT INTO company_actor_profiles (company ,integration_profile ,actor ,connectathon) VALUES ('CERNER', 'XCPD', 'RESP_GATEWAY', 'NA2019');
INSERT INTO company_actor_profiles (company ,integration_profile ,actor ,connectathon) VALUES ('CERNER', 'ATNA', 'SA', 'NA2019');
INSERT INTO company_actor_profiles (company ,integration_profile ,actor ,connectathon) VALUES ('CERNER', 'ATNA', 'SN', 'NA2019');
INSERT INTO company_actor_profiles (company ,integration_profile ,actor ,connectathon) VALUES ('CERNER', 'CT', 'TIME_CLIENT', 'NA2019');


INSERT INTO company_actor_profiles (company ,integration_profile ,actor ,connectathon) VALUES ('CPH', 'mCSD', 'CARE_SERVICES_SELECTIVE_SUPP', 'NA2019');
INSERT INTO company_actor_profiles (company ,integration_profile ,actor ,connectathon) VALUES ('CPH', 'QEDm', 'CLIN_DATA_CONSUMER', 'NA2019');
INSERT INTO company_actor_profiles (company ,integration_profile ,actor ,connectathon) VALUES ('CPH', 'MHD', 'DOC_CONSUMER', 'NA2019');
INSERT INTO company_actor_profiles (company ,integration_profile ,actor ,connectathon) VALUES ('CPH', 'MHD', 'DOC_SOURCE', 'NA2019');
INSERT INTO company_actor_profiles (company ,integration_profile ,actor ,connectathon) VALUES ('CPH', 'PIX', 'PAT_IDENTITY_CONSUMER', 'NA2019');
INSERT INTO company_actor_profiles (company ,integration_profile ,actor ,connectathon) VALUES ('CPH', 'PIXm', 'PAT_IDENTITY_CONSUMER', 'NA2019');
INSERT INTO company_actor_profiles (company ,integration_profile ,actor ,connectathon) VALUES ('CPH', 'PIXm', 'PAT_IDENTITY_X_REF_MGR', 'NA2019');
INSERT INTO company_actor_profiles (company ,integration_profile ,actor ,connectathon) VALUES ('CPH', 'PDQ', 'PDC', 'NA2019');
INSERT INTO company_actor_profiles (company ,integration_profile ,actor ,connectathon) VALUES ('CPH', 'PDQm', 'PDC', 'NA2019');
INSERT INTO company_actor_profiles (company ,integration_profile ,actor ,connectathon) VALUES ('CPH', 'PDQm', 'PDS', 'NA2019');
INSERT INTO company_actor_profiles (company ,integration_profile ,actor ,connectathon) VALUES ('CPH', 'ATNA', 'SN', 'NA2019');
INSERT INTO company_actor_profiles (company ,integration_profile ,actor ,connectathon) VALUES ('CPH', 'CT', 'TIME_CLIENT', 'NA2019');

INSERT INTO company_actor_profiles (company ,integration_profile ,actor ,connectathon) VALUES ('DEDALUS USA', 'QEDm', 'CLIN_DATA_SOURCE', 'NA2019');
INSERT INTO company_actor_profiles (company ,integration_profile ,actor ,connectathon) VALUES ('DEDALUS USA', 'ATNA', 'SA', 'NA2019');
INSERT INTO company_actor_profiles (company ,integration_profile ,actor ,connectathon) VALUES ('DEDALUS USA', 'CT', 'TIME_CLIENT', 'NA2019');

INSERT INTO company_actor_profiles (company ,integration_profile ,actor ,connectathon) VALUES ('DRAEGER', 'ACM', 'ALERT_RPT', 'NA2019');
INSERT INTO company_actor_profiles (company ,integration_profile ,actor ,connectathon) VALUES ('DRAEGER', 'DEC', 'DEV_OBS_REPORTER', 'NA2019');
INSERT INTO company_actor_profiles (company ,integration_profile ,actor ,connectathon) VALUES ('DRAEGER', 'PAM', 'PDC', 'NA2019');
INSERT INTO company_actor_profiles (company ,integration_profile ,actor ,connectathon) VALUES ('DRAEGER', 'CT', 'TIME_CLIENT', 'NA2019');

INSERT INTO company_actor_profiles (company ,integration_profile ,actor ,connectathon) VALUES ('ECW', 'C-CDA2.1_CONSUMERS', 'CONTENT_CONSUMER', 'NA2019');
INSERT INTO company_actor_profiles (company ,integration_profile ,actor ,connectathon) VALUES ('ECW', 'XDS-MS', 'CONTENT_CONSUMER', 'NA2019');
INSERT INTO company_actor_profiles (company ,integration_profile ,actor ,connectathon) VALUES ('ECW', 'XDS-SD', 'CONTENT_CONSUMER', 'NA2019');
INSERT INTO company_actor_profiles (company ,integration_profile ,actor ,connectathon) VALUES ('ECW', 'XPHR', 'CONTENT_CONSUMER', 'NA2019');
INSERT INTO company_actor_profiles (company ,integration_profile ,actor ,connectathon) VALUES ('ECW', 'C-CDA2.1_CCD', 'CONTENT_CREATOR', 'NA2019');
INSERT INTO company_actor_profiles (company ,integration_profile ,actor ,connectathon) VALUES ('ECW', 'C-CDA2.1_UNSTRUCTURED', 'CONTENT_CREATOR', 'NA2019');
INSERT INTO company_actor_profiles (company ,integration_profile ,actor ,connectathon) VALUES ('ECW', 'XDS-SD', 'CONTENT_CREATOR', 'NA2019');
INSERT INTO company_actor_profiles (company ,integration_profile ,actor ,connectathon) VALUES ('ECW', 'XDS.b', 'DOC_REGISTRY', 'NA2019');
INSERT INTO company_actor_profiles (company ,integration_profile ,actor ,connectathon) VALUES ('ECW', 'XDS.b', 'DOC_REPOSITORY', 'NA2019');
INSERT INTO company_actor_profiles (company ,integration_profile ,actor ,connectathon) VALUES ('ECW', 'XCA', 'INIT_GATEWAY', 'NA2019');
INSERT INTO company_actor_profiles (company ,integration_profile ,actor ,connectathon) VALUES ('ECW', 'XCPD', 'INIT_GATEWAY', 'NA2019');
INSERT INTO company_actor_profiles (company ,integration_profile ,actor ,connectathon) VALUES ('ECW', '360X', 'REFERRAL_INITIATOR', 'NA2019');
INSERT INTO company_actor_profiles (company ,integration_profile ,actor ,connectathon) VALUES ('ECW', '360X', 'REFERRAL_RECIPIENT', 'NA2019');
INSERT INTO company_actor_profiles (company ,integration_profile ,actor ,connectathon) VALUES ('ECW', 'XCA', 'RESP_GATEWAY', 'NA2019');
INSERT INTO company_actor_profiles (company ,integration_profile ,actor ,connectathon) VALUES ('ECW', 'XCPD', 'RESP_GATEWAY', 'NA2019');
INSERT INTO company_actor_profiles (company ,integration_profile ,actor ,connectathon) VALUES ('ECW', 'ATNA', 'SA', 'NA2019');
INSERT INTO company_actor_profiles (company ,integration_profile ,actor ,connectathon) VALUES ('ECW', 'CT', 'TIME_CLIENT', 'NA2019');

INSERT INTO company_actor_profiles (company ,integration_profile ,actor ,connectathon) VALUES ('ENDOSOFT', 'APPC', 'CONTENT_CONSUMER', 'NA2019');
INSERT INTO company_actor_profiles (company ,integration_profile ,actor ,connectathon) VALUES ('ENDOSOFT', 'BPPC', 'CONTENT_CONSUMER', 'NA2019');
INSERT INTO company_actor_profiles (company ,integration_profile ,actor ,connectathon) VALUES ('ENDOSOFT', 'CANCER_REGISTRY_1.1', 'CONTENT_CONSUMER', 'NA2019');
INSERT INTO company_actor_profiles (company ,integration_profile ,actor ,connectathon) VALUES ('ENDOSOFT', 'C-CDA2.1_CONSUMERS', 'CONTENT_CONSUMER', 'NA2019');
INSERT INTO company_actor_profiles (company ,integration_profile ,actor ,connectathon) VALUES ('ENDOSOFT', 'EDPN', 'CONTENT_CONSUMER', 'NA2019');
INSERT INTO company_actor_profiles (company ,integration_profile ,actor ,connectathon) VALUES ('ENDOSOFT', 'IC', 'CONTENT_CONSUMER', 'NA2019');
INSERT INTO company_actor_profiles (company ,integration_profile ,actor ,connectathon) VALUES ('ENDOSOFT', 'XDS-SD', 'CONTENT_CONSUMER', 'NA2019');
INSERT INTO company_actor_profiles (company ,integration_profile ,actor ,connectathon) VALUES ('ENDOSOFT', 'APPC', 'CONTENT_CREATOR', 'NA2019');
INSERT INTO company_actor_profiles (company ,integration_profile ,actor ,connectathon) VALUES ('ENDOSOFT', 'BPPC', 'CONTENT_CREATOR', 'NA2019');
INSERT INTO company_actor_profiles (company ,integration_profile ,actor ,connectathon) VALUES ('ENDOSOFT', 'C-CDA2.1_CARE-PLAN', 'CONTENT_CREATOR', 'NA2019');
INSERT INTO company_actor_profiles (company ,integration_profile ,actor ,connectathon) VALUES ('ENDOSOFT', 'C-CDA2.1_CCD', 'CONTENT_CREATOR', 'NA2019');
INSERT INTO company_actor_profiles (company ,integration_profile ,actor ,connectathon) VALUES ('ENDOSOFT', 'C-CDA2.1_CONSULT', 'CONTENT_CREATOR', 'NA2019');
INSERT INTO company_actor_profiles (company ,integration_profile ,actor ,connectathon) VALUES ('ENDOSOFT', 'C-CDA2.1_DISCHARGE', 'CONTENT_CREATOR', 'NA2019');
INSERT INTO company_actor_profiles (company ,integration_profile ,actor ,connectathon) VALUES ('ENDOSOFT', 'C-CDA2.1_HandP', 'CONTENT_CREATOR', 'NA2019');
INSERT INTO company_actor_profiles (company ,integration_profile ,actor ,connectathon) VALUES ('ENDOSOFT', 'C-CDA2.1_OPERATIVE', 'CONTENT_CREATOR', 'NA2019');
INSERT INTO company_actor_profiles (company ,integration_profile ,actor ,connectathon) VALUES ('ENDOSOFT', 'C-CDA2.1_PROCEDURE', 'CONTENT_CREATOR', 'NA2019');
INSERT INTO company_actor_profiles (company ,integration_profile ,actor ,connectathon) VALUES ('ENDOSOFT', 'C-CDA2.1_PROGRESS', 'CONTENT_CREATOR', 'NA2019');
INSERT INTO company_actor_profiles (company ,integration_profile ,actor ,connectathon) VALUES ('ENDOSOFT', 'C-CDA2.1_REFERRAL', 'CONTENT_CREATOR', 'NA2019');
INSERT INTO company_actor_profiles (company ,integration_profile ,actor ,connectathon) VALUES ('ENDOSOFT', 'C-CDA2.1_TRANSFER', 'CONTENT_CREATOR', 'NA2019');
INSERT INTO company_actor_profiles (company ,integration_profile ,actor ,connectathon) VALUES ('ENDOSOFT', 'NN', 'CONTENT_CREATOR', 'NA2019');
INSERT INTO company_actor_profiles (company ,integration_profile ,actor ,connectathon) VALUES ('ENDOSOFT', 'XDS-SD', 'CONTENT_CREATOR', 'NA2019');
INSERT INTO company_actor_profiles (company ,integration_profile ,actor ,connectathon) VALUES ('ENDOSOFT', 'DEC', 'DEV_OBS_CONSUMER', 'NA2019');
INSERT INTO company_actor_profiles (company ,integration_profile ,actor ,connectathon) VALUES ('ENDOSOFT', 'IPEC', 'DEV_OBS_CONSUMER', 'NA2019');
INSERT INTO company_actor_profiles (company ,integration_profile ,actor ,connectathon) VALUES ('ENDOSOFT', 'MEMDMC', 'DMIC', 'NA2019');
INSERT INTO company_actor_profiles (company ,integration_profile ,actor ,connectathon) VALUES ('ENDOSOFT', 'MPQ', 'DOC_CONSUMER', 'NA2019');
INSERT INTO company_actor_profiles (company ,integration_profile ,actor ,connectathon) VALUES ('ENDOSOFT', 'XDR', 'DOC_SOURCE', 'NA2019');
INSERT INTO company_actor_profiles (company ,integration_profile ,actor ,connectathon) VALUES ('ENDOSOFT', 'ARI', 'ID', 'NA2019');
INSERT INTO company_actor_profiles (company ,integration_profile ,actor ,connectathon) VALUES ('ENDOSOFT', 'SWF.b', 'ID', 'NA2019');
INSERT INTO company_actor_profiles (company ,integration_profile ,actor ,connectathon) VALUES ('ENDOSOFT', 'PIV', 'IOP', 'NA2019');
INSERT INTO company_actor_profiles (company ,integration_profile ,actor ,connectathon) VALUES ('ENDOSOFT', 'CATH', 'MOD', 'NA2019');
INSERT INTO company_actor_profiles (company ,integration_profile ,actor ,connectathon) VALUES ('ENDOSOFT', 'PAM', 'PDC', 'NA2019');
INSERT INTO company_actor_profiles (company ,integration_profile ,actor ,connectathon) VALUES ('ENDOSOFT', 'PDQ', 'PDC', 'NA2019');
INSERT INTO company_actor_profiles (company ,integration_profile ,actor ,connectathon) VALUES ('ENDOSOFT', 'ATNA', 'SN', 'NA2019');
INSERT INTO company_actor_profiles (company ,integration_profile ,actor ,connectathon) VALUES ('ENDOSOFT', 'CT', 'TIME_CLIENT', 'NA2019');

INSERT INTO company_actor_profiles (company ,integration_profile ,actor ,connectathon) VALUES ('EPIC', 'ACM', 'ACON', 'NA2019');
INSERT INTO company_actor_profiles (company ,integration_profile ,actor ,connectathon) VALUES ('EPIC', 'ACM', 'ALRT_COMMUNICATOR', 'NA2019');
INSERT INTO company_actor_profiles (company ,integration_profile ,actor ,connectathon) VALUES ('EPIC', 'IUA', 'AUTH_SERVER', 'NA2019');
INSERT INTO company_actor_profiles (company ,integration_profile ,actor ,connectathon) VALUES ('EPIC', 'QEDm', 'CLIN_DATA_SOURCE', 'NA2019');
INSERT INTO company_actor_profiles (company ,integration_profile ,actor ,connectathon) VALUES ('EPIC', 'C-CDA2.1_CONSUMERS', 'CONTENT_CONSUMER', 'NA2019');
INSERT INTO company_actor_profiles (company ,integration_profile ,actor ,connectathon) VALUES ('EPIC', 'DIS', 'CONTENT_CONSUMER', 'NA2019');
INSERT INTO company_actor_profiles (company ,integration_profile ,actor ,connectathon) VALUES ('EPIC', 'LDS', 'CONTENT_CONSUMER', 'NA2019');
INSERT INTO company_actor_profiles (company ,integration_profile ,actor ,connectathon) VALUES ('EPIC', 'MCV', 'CONTENT_CONSUMER', 'NA2019');
INSERT INTO company_actor_profiles (company ,integration_profile ,actor ,connectathon) VALUES ('EPIC', 'PADV', 'CONTENT_CONSUMER', 'NA2019');
INSERT INTO company_actor_profiles (company ,integration_profile ,actor ,connectathon) VALUES ('EPIC', 'PRE', 'CONTENT_CONSUMER', 'NA2019');
INSERT INTO company_actor_profiles (company ,integration_profile ,actor ,connectathon) VALUES ('EPIC', 'XD-LAB', 'CONTENT_CONSUMER', 'NA2019');
INSERT INTO company_actor_profiles (company ,integration_profile ,actor ,connectathon) VALUES ('EPIC', 'C-CDA2.1_CCD', 'CONTENT_CREATOR', 'NA2019');
INSERT INTO company_actor_profiles (company ,integration_profile ,actor ,connectathon) VALUES ('EPIC', 'C-CDA2.1_DISCHARGE', 'CONTENT_CREATOR', 'NA2019');
INSERT INTO company_actor_profiles (company ,integration_profile ,actor ,connectathon) VALUES ('EPIC', 'C-CDA2.1_OPERATIVE', 'CONTENT_CREATOR', 'NA2019');
INSERT INTO company_actor_profiles (company ,integration_profile ,actor ,connectathon) VALUES ('EPIC', 'C-CDA2.1_PROGRESS', 'CONTENT_CREATOR', 'NA2019');
INSERT INTO company_actor_profiles (company ,integration_profile ,actor ,connectathon) VALUES ('EPIC', 'C-CDA2.1_REFERRAL', 'CONTENT_CREATOR', 'NA2019');
INSERT INTO company_actor_profiles (company ,integration_profile ,actor ,connectathon) VALUES ('EPIC', 'C-CDA2.1_UNSTRUCTURED', 'CONTENT_CREATOR', 'NA2019');
INSERT INTO company_actor_profiles (company ,integration_profile ,actor ,connectathon) VALUES ('EPIC', 'LDS', 'CONTENT_CREATOR', 'NA2019');
INSERT INTO company_actor_profiles (company ,integration_profile ,actor ,connectathon) VALUES ('EPIC', 'MCV', 'CONTENT_CREATOR', 'NA2019');
INSERT INTO company_actor_profiles (company ,integration_profile ,actor ,connectathon) VALUES ('EPIC', 'mRFD', 'DATA_RESPONDER', 'NA2019');
INSERT INTO company_actor_profiles (company ,integration_profile ,actor ,connectathon) VALUES ('EPIC', 'VRDR', 'DATA_RESPONDER', 'NA2019');
INSERT INTO company_actor_profiles (company ,integration_profile ,actor ,connectathon) VALUES ('EPIC', 'DEC', 'DEV_OBS_CONSUMER', 'NA2019');
INSERT INTO company_actor_profiles (company ,integration_profile ,actor ,connectathon) VALUES ('EPIC', 'IPEC', 'DEV_OBS_CONSUMER', 'NA2019');
INSERT INTO company_actor_profiles (company ,integration_profile ,actor ,connectathon) VALUES ('EPIC', 'MEMDMC', 'DMIC', 'NA2019');
INSERT INTO company_actor_profiles (company ,integration_profile ,actor ,connectathon) VALUES ('EPIC', 'XDR', 'DOC_RECIPIENT', 'NA2019');
INSERT INTO company_actor_profiles (company ,integration_profile ,actor ,connectathon) VALUES ('EPIC', 'XDR', 'DOC_SOURCE', 'NA2019');
INSERT INTO company_actor_profiles (company ,integration_profile ,actor ,connectathon) VALUES ('EPIC', 'BFDR-E', 'FORM_FILLER', 'NA2019');
INSERT INTO company_actor_profiles (company ,integration_profile ,actor ,connectathon) VALUES ('EPIC', 'CRD', 'FORM_FILLER', 'NA2019');
INSERT INTO company_actor_profiles (company ,integration_profile ,actor ,connectathon) VALUES ('EPIC', 'DSC', 'FORM_FILLER', 'NA2019');
INSERT INTO company_actor_profiles (company ,integration_profile ,actor ,connectathon) VALUES ('EPIC', 'mRFD', 'FORM_FILLER', 'NA2019');
INSERT INTO company_actor_profiles (company ,integration_profile ,actor ,connectathon) VALUES ('EPIC', 'RFD', 'FORM_FILLER', 'NA2019');
INSERT INTO company_actor_profiles (company ,integration_profile ,actor ,connectathon) VALUES ('EPIC', 'SDC', 'FORM_FILLER', 'NA2019');
INSERT INTO company_actor_profiles (company ,integration_profile ,actor ,connectathon) VALUES ('EPIC', 'VRDR', 'FORM_FILLER', 'NA2019');
INSERT INTO company_actor_profiles (company ,integration_profile ,actor ,connectathon) VALUES ('EPIC', 'IID', 'IMG_DISPLAY_INVOKER', 'NA2019');
INSERT INTO company_actor_profiles (company ,integration_profile ,actor ,connectathon) VALUES ('EPIC', 'NANI', 'INFORMATION_SRC', 'NA2019');
INSERT INTO company_actor_profiles (company ,integration_profile ,actor ,connectathon) VALUES ('EPIC', 'XCA', 'INIT_GATEWAY', 'NA2019');
INSERT INTO company_actor_profiles (company ,integration_profile ,actor ,connectathon) VALUES ('EPIC', 'XCPD', 'INIT_GATEWAY', 'NA2019');
INSERT INTO company_actor_profiles (company ,integration_profile ,actor ,connectathon) VALUES ('EPIC', 'PIV', 'IOP', 'NA2019');
INSERT INTO company_actor_profiles (company ,integration_profile ,actor ,connectathon) VALUES ('EPIC', 'MEMLS', 'LOC', 'NA2019');
INSERT INTO company_actor_profiles (company ,integration_profile ,actor ,connectathon) VALUES ('EPIC', 'CATH', 'OF', 'NA2019');
INSERT INTO company_actor_profiles (company ,integration_profile ,actor ,connectathon) VALUES ('EPIC', 'ECHO', 'OF', 'NA2019');
INSERT INTO company_actor_profiles (company ,integration_profile ,actor ,connectathon) VALUES ('EPIC', 'SWF.b', 'OF', 'NA2019');
INSERT INTO company_actor_profiles (company ,integration_profile ,actor ,connectathon) VALUES ('EPIC', 'PDQm', 'PDS', 'NA2019');
INSERT INTO company_actor_profiles (company ,integration_profile ,actor ,connectathon) VALUES ('EPIC', 'CATH', 'PPSM', 'NA2019');
INSERT INTO company_actor_profiles (company ,integration_profile ,actor ,connectathon) VALUES ('EPIC', 'ECHO', 'PPSM', 'NA2019');
INSERT INTO company_actor_profiles (company ,integration_profile ,actor ,connectathon) VALUES ('EPIC', 'SWF.b', 'PPSM', 'NA2019');
INSERT INTO company_actor_profiles (company ,integration_profile ,actor ,connectathon) VALUES ('EPIC', 'RPE', 'PROC_ACT_EXECUTOR', 'NA2019');
INSERT INTO company_actor_profiles (company ,integration_profile ,actor ,connectathon) VALUES ('EPIC', '360X', 'REFERRAL_INITIATOR', 'NA2019');
INSERT INTO company_actor_profiles (company ,integration_profile ,actor ,connectathon) VALUES ('EPIC', '360X', 'REFERRAL_RECIPIENT', 'NA2019');
INSERT INTO company_actor_profiles (company ,integration_profile ,actor ,connectathon) VALUES ('EPIC', 'IUA', 'RESOURCE_SERVER', 'NA2019');
INSERT INTO company_actor_profiles (company ,integration_profile ,actor ,connectathon) VALUES ('EPIC', 'XCA', 'RESP_GATEWAY', 'NA2019');
INSERT INTO company_actor_profiles (company ,integration_profile ,actor ,connectathon) VALUES ('EPIC', 'XCPD', 'RESP_GATEWAY', 'NA2019');
INSERT INTO company_actor_profiles (company ,integration_profile ,actor ,connectathon) VALUES ('EPIC', 'ATNA', 'SA', 'NA2019');
INSERT INTO company_actor_profiles (company ,integration_profile ,actor ,connectathon) VALUES ('EPIC', 'ATNA', 'SN', 'NA2019');
INSERT INTO company_actor_profiles (company ,integration_profile ,actor ,connectathon) VALUES ('EPIC', 'CT', 'TIME_CLIENT', 'NA2019');


INSERT INTO company_actor_profiles (company ,integration_profile ,actor ,connectathon) VALUES ('FORCARE', 'ATNA', 'ARR', 'NA2019');
INSERT INTO company_actor_profiles (company ,integration_profile ,actor ,connectathon) VALUES ('FORCARE', 'ATNA', 'AUDIT_CONSUMER', 'NA2019');
INSERT INTO company_actor_profiles (company ,integration_profile ,actor ,connectathon) VALUES ('FORCARE', 'ATNA', 'AUDIT_RECORD_FORWARDER', 'NA2019');
INSERT INTO company_actor_profiles (company ,integration_profile ,actor ,connectathon) VALUES ('FORCARE', 'BPPC', 'CONTENT_CONSUMER', 'NA2019');
INSERT INTO company_actor_profiles (company ,integration_profile ,actor ,connectathon) VALUES ('FORCARE', 'XDS-SD', 'CONTENT_CONSUMER', 'NA2019');
INSERT INTO company_actor_profiles (company ,integration_profile ,actor ,connectathon) VALUES ('FORCARE', 'BPPC', 'CONTENT_CREATOR', 'NA2019');
INSERT INTO company_actor_profiles (company ,integration_profile ,actor ,connectathon) VALUES ('FORCARE', 'MHD', 'DOC_CONSUMER', 'NA2019');
INSERT INTO company_actor_profiles (company ,integration_profile ,actor ,connectathon) VALUES ('FORCARE', 'XCA', 'DOC_CONSUMER', 'NA2019');
INSERT INTO company_actor_profiles (company ,integration_profile ,actor ,connectathon) VALUES ('FORCARE', 'XDS.b', 'DOC_CONSUMER', 'NA2019');
INSERT INTO company_actor_profiles (company ,integration_profile ,actor ,connectathon) VALUES ('FORCARE', 'XDS-I.b', 'DOC_CONSUMER', 'NA2019');
INSERT INTO company_actor_profiles (company ,integration_profile ,actor ,connectathon) VALUES ('FORCARE', 'MHD', 'DOC_RECIPIENT', 'NA2019');
INSERT INTO company_actor_profiles (company ,integration_profile ,actor ,connectathon) VALUES ('FORCARE', 'XDS.b', 'DOC_REGISTRY', 'NA2019');
INSERT INTO company_actor_profiles (company ,integration_profile ,actor ,connectathon) VALUES ('FORCARE', 'XDS-I.b', 'DOC_REGISTRY', 'NA2019');
INSERT INTO company_actor_profiles (company ,integration_profile ,actor ,connectathon) VALUES ('FORCARE', 'XDS.b', 'DOC_REPOSITORY', 'NA2019');
INSERT INTO company_actor_profiles (company ,integration_profile ,actor ,connectathon) VALUES ('FORCARE', 'XDS-I.b', 'DOC_REPOSITORY', 'NA2019');
INSERT INTO company_actor_profiles (company ,integration_profile ,actor ,connectathon) VALUES ('FORCARE', 'MHD', 'DOC_RESPONDER', 'NA2019');
INSERT INTO company_actor_profiles (company ,integration_profile ,actor ,connectathon) VALUES ('FORCARE', 'XDS.b', 'DOC_SOURCE', 'NA2019');
INSERT INTO company_actor_profiles (company ,integration_profile ,actor ,connectathon) VALUES ('FORCARE', 'XCA-I', 'IMG_DOC_CONSUMER', 'NA2019');
INSERT INTO company_actor_profiles (company ,integration_profile ,actor ,connectathon) VALUES ('FORCARE', 'XDS-I.b', 'IMG_DOC_SOURCE', 'NA2019');
INSERT INTO company_actor_profiles (company ,integration_profile ,actor ,connectathon) VALUES ('FORCARE', 'XCA', 'INIT_GATEWAY', 'NA2019');
INSERT INTO company_actor_profiles (company ,integration_profile ,actor ,connectathon) VALUES ('FORCARE', 'XCPD', 'INIT_GATEWAY', 'NA2019');
INSERT INTO company_actor_profiles (company ,integration_profile ,actor ,connectathon) VALUES ('FORCARE', 'XCA-I', 'INIT_IMG_GATEWAY', 'NA2019');
INSERT INTO company_actor_profiles (company ,integration_profile ,actor ,connectathon) VALUES ('FORCARE', 'PIXm', 'PAT_IDENTITY_X_REF_MGR', 'NA2019');
INSERT INTO company_actor_profiles (company ,integration_profile ,actor ,connectathon) VALUES ('FORCARE', 'PDQm', 'PDC', 'NA2019');
INSERT INTO company_actor_profiles (company ,integration_profile ,actor ,connectathon) VALUES ('FORCARE', 'PDQm', 'PDS', 'NA2019');
INSERT INTO company_actor_profiles (company ,integration_profile ,actor ,connectathon) VALUES ('FORCARE', 'XCA', 'RESP_GATEWAY', 'NA2019');
INSERT INTO company_actor_profiles (company ,integration_profile ,actor ,connectathon) VALUES ('FORCARE', 'XCPD', 'RESP_GATEWAY', 'NA2019');
INSERT INTO company_actor_profiles (company ,integration_profile ,actor ,connectathon) VALUES ('FORCARE', 'XCA-I', 'RESP_IMG_GATEWAY', 'NA2019');
INSERT INTO company_actor_profiles (company ,integration_profile ,actor ,connectathon) VALUES ('FORCARE', 'ATNA', 'SA', 'NA2019');
INSERT INTO company_actor_profiles (company ,integration_profile ,actor ,connectathon) VALUES ('FORCARE', 'ATNA', 'SN', 'NA2019');
INSERT INTO company_actor_profiles (company ,integration_profile ,actor ,connectathon) VALUES ('FORCARE', 'CT', 'TIME_CLIENT', 'NA2019');
INSERT INTO company_actor_profiles (company ,integration_profile ,actor ,connectathon) VALUES ('FORCARE', 'XUA', 'X-SERVICE-PROVIDER', 'NA2019');
INSERT INTO company_actor_profiles (company ,integration_profile ,actor ,connectathon) VALUES ('FORCARE', 'XUA', 'X-SERVICE-USER', 'NA2019');


INSERT INTO company_actor_profiles (company ,integration_profile ,actor ,connectathon) VALUES ('GE', 'DEC', 'DEV_OBS_REPORTER', 'NA2019');
INSERT INTO company_actor_profiles (company ,integration_profile ,actor ,connectathon) VALUES ('GE', 'SWF.b', 'ID', 'NA2019');
INSERT INTO company_actor_profiles (company ,integration_profile ,actor ,connectathon) VALUES ('GE', 'REM', 'MOD', 'NA2019');
INSERT INTO company_actor_profiles (company ,integration_profile ,actor ,connectathon) VALUES ('GE', 'SWF.b', 'MOD', 'NA2019');
INSERT INTO company_actor_profiles (company ,integration_profile ,actor ,connectathon) VALUES ('GE', 'PDI', 'PMC', 'NA2019');
INSERT INTO company_actor_profiles (company ,integration_profile ,actor ,connectathon) VALUES ('GE', 'ATNA', 'SA', 'NA2019');
INSERT INTO company_actor_profiles (company ,integration_profile ,actor ,connectathon) VALUES ('GE', 'ATNA', 'SN', 'NA2019');
INSERT INTO company_actor_profiles (company ,integration_profile ,actor ,connectathon) VALUES ('GE', 'CT', 'TIME_CLIENT', 'NA2019');

INSERT INTO company_actor_profiles (company ,integration_profile ,actor ,connectathon) VALUES ('GuardRFID', 'ACM', 'ALERT_RPT', 'NA2019');
INSERT INTO company_actor_profiles (company ,integration_profile ,actor ,connectathon) VALUES ('GuardRFID', 'DEC', 'DEV_OBS_CONSUMER', 'NA2019');
INSERT INTO company_actor_profiles (company ,integration_profile ,actor ,connectathon) VALUES ('GuardRFID', 'IPEC', 'DEV_OBS_CONSUMER', 'NA2019');
INSERT INTO company_actor_profiles (company ,integration_profile ,actor ,connectathon) VALUES ('GuardRFID', 'MEMDMC', 'DMIC', 'NA2019');
INSERT INTO company_actor_profiles (company ,integration_profile ,actor ,connectathon) VALUES ('GuardRFID', 'MEMLS', 'LOR', 'NA2019');
INSERT INTO company_actor_profiles (company ,integration_profile ,actor ,connectathon) VALUES ('GuardRFID', 'CT', 'TIME_CLIENT', 'NA2019');

INSERT INTO company_actor_profiles (company ,integration_profile ,actor ,connectathon) VALUES ('Hill-Rom', 'DEC', 'DEV_OBS_REPORTER', 'NA2019');
INSERT INTO company_actor_profiles (company ,integration_profile ,actor ,connectathon) VALUES ('Hill-Rom', 'CT', 'TIME_CLIENT', 'NA2019');

INSERT INTO company_actor_profiles (company ,integration_profile ,actor ,connectathon) VALUES ('HYLAND', 'ATNA', 'ARR', 'NA2019');
INSERT INTO company_actor_profiles (company ,integration_profile ,actor ,connectathon) VALUES ('HYLAND', 'ATNA', 'AUDIT_CONSUMER', 'NA2019');
INSERT INTO company_actor_profiles (company ,integration_profile ,actor ,connectathon) VALUES ('HYLAND', 'ATNA', 'AUDIT_RECORD_FORWARDER', 'NA2019');
INSERT INTO company_actor_profiles (company ,integration_profile ,actor ,connectathon) VALUES ('HYLAND', 'IUA', 'AUTH_SERVER', 'NA2019');
INSERT INTO company_actor_profiles (company ,integration_profile ,actor ,connectathon) VALUES ('HYLAND', 'APPC', 'CONTENT_CONSUMER', 'NA2019');
INSERT INTO company_actor_profiles (company ,integration_profile ,actor ,connectathon) VALUES ('HYLAND', 'BPPC', 'CONTENT_CONSUMER', 'NA2019');
INSERT INTO company_actor_profiles (company ,integration_profile ,actor ,connectathon) VALUES ('HYLAND', 'XDS-SD', 'CONTENT_CONSUMER', 'NA2019');
INSERT INTO company_actor_profiles (company ,integration_profile ,actor ,connectathon) VALUES ('HYLAND', 'APPC', 'CONTENT_CREATOR', 'NA2019');
INSERT INTO company_actor_profiles (company ,integration_profile ,actor ,connectathon) VALUES ('HYLAND', 'XDS-SD', 'CONTENT_CREATOR', 'NA2019');
INSERT INTO company_actor_profiles (company ,integration_profile ,actor ,connectathon) VALUES ('HYLAND', 'MPQ', 'DOC_CONSUMER', 'NA2019');
INSERT INTO company_actor_profiles (company ,integration_profile ,actor ,connectathon) VALUES ('HYLAND', 'XDS.b', 'DOC_CONSUMER', 'NA2019');
INSERT INTO company_actor_profiles (company ,integration_profile ,actor ,connectathon) VALUES ('HYLAND', 'XDS-I.b', 'DOC_CONSUMER', 'NA2019');
INSERT INTO company_actor_profiles (company ,integration_profile ,actor ,connectathon) VALUES ('HYLAND', 'MHD', 'DOC_RECIPIENT', 'NA2019');
INSERT INTO company_actor_profiles (company ,integration_profile ,actor ,connectathon) VALUES ('HYLAND', 'XDR', 'DOC_RECIPIENT', 'NA2019');
INSERT INTO company_actor_profiles (company ,integration_profile ,actor ,connectathon) VALUES ('HYLAND', 'MPQ', 'DOC_REGISTRY', 'NA2019');
INSERT INTO company_actor_profiles (company ,integration_profile ,actor ,connectathon) VALUES ('HYLAND', 'XDS.b', 'DOC_REGISTRY', 'NA2019');
INSERT INTO company_actor_profiles (company ,integration_profile ,actor ,connectathon) VALUES ('HYLAND', 'XPID', 'DOC_REGISTRY', 'NA2019');
INSERT INTO company_actor_profiles (company ,integration_profile ,actor ,connectathon) VALUES ('HYLAND', 'RMD', 'DOC_REPOSITORY', 'NA2019');
INSERT INTO company_actor_profiles (company ,integration_profile ,actor ,connectathon) VALUES ('HYLAND', 'XDS.b', 'DOC_REPOSITORY', 'NA2019');
INSERT INTO company_actor_profiles (company ,integration_profile ,actor ,connectathon) VALUES ('HYLAND', 'MHD', 'DOC_RESPONDER', 'NA2019');
INSERT INTO company_actor_profiles (company ,integration_profile ,actor ,connectathon) VALUES ('HYLAND', 'MHD', 'DOC_SOURCE', 'NA2019');
INSERT INTO company_actor_profiles (company ,integration_profile ,actor ,connectathon) VALUES ('HYLAND', 'XDR', 'DOC_SOURCE', 'NA2019');
INSERT INTO company_actor_profiles (company ,integration_profile ,actor ,connectathon) VALUES ('HYLAND', 'XDS.b', 'DOC_SOURCE', 'NA2019');
INSERT INTO company_actor_profiles (company ,integration_profile ,actor ,connectathon) VALUES ('HYLAND', 'XDS.b', 'EMBED_REPOS', 'NA2019');
INSERT INTO company_actor_profiles (company ,integration_profile ,actor ,connectathon) VALUES ('HYLAND', 'WIA', 'IMG_DOC_CONSUMER', 'NA2019');
INSERT INTO company_actor_profiles (company ,integration_profile ,actor ,connectathon) VALUES ('HYLAND', 'XDS-I.b', 'IMG_DOC_CONSUMER', 'NA2019');
INSERT INTO company_actor_profiles (company ,integration_profile ,actor ,connectathon) VALUES ('HYLAND', 'XCA', 'INIT_GATEWAY', 'NA2019');
INSERT INTO company_actor_profiles (company ,integration_profile ,actor ,connectathon) VALUES ('HYLAND', 'XCPD', 'INIT_GATEWAY', 'NA2019');
INSERT INTO company_actor_profiles (company ,integration_profile ,actor ,connectathon) VALUES ('HYLAND', 'XCA-I', 'INIT_IMG_GATEWAY', 'NA2019');
INSERT INTO company_actor_profiles (company ,integration_profile ,actor ,connectathon) VALUES ('HYLAND', 'XDR', 'METADATA_LTD_DOC_SOURCE', 'NA2019');
INSERT INTO company_actor_profiles (company ,integration_profile ,actor ,connectathon) VALUES ('HYLAND', 'PIX', 'PAT_IDENTITY_CONSUMER', 'NA2019');
INSERT INTO company_actor_profiles (company ,integration_profile ,actor ,connectathon) VALUES ('HYLAND', 'PIXV3', 'PAT_IDENTITY_CONSUMER', 'NA2019');
INSERT INTO company_actor_profiles (company ,integration_profile ,actor ,connectathon) VALUES ('HYLAND', 'PIX', 'PAT_IDENTITY_X_REF_MGR', 'NA2019');
INSERT INTO company_actor_profiles (company ,integration_profile ,actor ,connectathon) VALUES ('HYLAND', 'PIXm', 'PAT_IDENTITY_X_REF_MGR', 'NA2019');
INSERT INTO company_actor_profiles (company ,integration_profile ,actor ,connectathon) VALUES ('HYLAND', 'PIXV3', 'PAT_IDENTITY_X_REF_MGR', 'NA2019');
INSERT INTO company_actor_profiles (company ,integration_profile ,actor ,connectathon) VALUES ('HYLAND', 'PDQ', 'PDC', 'NA2019');
INSERT INTO company_actor_profiles (company ,integration_profile ,actor ,connectathon) VALUES ('HYLAND', 'PDQV3', 'PDC', 'NA2019');
INSERT INTO company_actor_profiles (company ,integration_profile ,actor ,connectathon) VALUES ('HYLAND', 'PAM', 'PDS', 'NA2019');
INSERT INTO company_actor_profiles (company ,integration_profile ,actor ,connectathon) VALUES ('HYLAND', 'PDQ', 'PDS', 'NA2019');
INSERT INTO company_actor_profiles (company ,integration_profile ,actor ,connectathon) VALUES ('HYLAND', 'PDQm', 'PDS', 'NA2019');
INSERT INTO company_actor_profiles (company ,integration_profile ,actor ,connectathon) VALUES ('HYLAND', 'PDQV3', 'PDS', 'NA2019');
INSERT INTO company_actor_profiles (company ,integration_profile ,actor ,connectathon) VALUES ('HYLAND', 'XDM', 'PMC', 'NA2019');
INSERT INTO company_actor_profiles (company ,integration_profile ,actor ,connectathon) VALUES ('HYLAND', 'PDI', 'PMI', 'NA2019');
INSERT INTO company_actor_profiles (company ,integration_profile ,actor ,connectathon) VALUES ('HYLAND', 'IUA', 'RESOURCE_SERVER', 'NA2019');
INSERT INTO company_actor_profiles (company ,integration_profile ,actor ,connectathon) VALUES ('HYLAND', 'XCA', 'RESP_GATEWAY', 'NA2019');
INSERT INTO company_actor_profiles (company ,integration_profile ,actor ,connectathon) VALUES ('HYLAND', 'XCPD', 'RESP_GATEWAY', 'NA2019');
INSERT INTO company_actor_profiles (company ,integration_profile ,actor ,connectathon) VALUES ('HYLAND', 'XCA-I', 'RESP_IMG_GATEWAY', 'NA2019');
INSERT INTO company_actor_profiles (company ,integration_profile ,actor ,connectathon) VALUES ('HYLAND', 'ATNA', 'SA', 'NA2019');
INSERT INTO company_actor_profiles (company ,integration_profile ,actor ,connectathon) VALUES ('HYLAND', 'ATNA', 'SN', 'NA2019');
INSERT INTO company_actor_profiles (company ,integration_profile ,actor ,connectathon) VALUES ('HYLAND', 'CT', 'TIME_CLIENT', 'NA2019');
INSERT INTO company_actor_profiles (company ,integration_profile ,actor ,connectathon) VALUES ('HYLAND', 'RMU', 'UPDATE_RESP', 'NA2019');
INSERT INTO company_actor_profiles (company ,integration_profile ,actor ,connectathon) VALUES ('HYLAND', 'SVS', 'VALUE_SET_REPOSITORY', 'NA2019');
INSERT INTO company_actor_profiles (company ,integration_profile ,actor ,connectathon) VALUES ('HYLAND', 'XUA', 'X-SERVICE-PROVIDER', 'NA2019');
INSERT INTO company_actor_profiles (company ,integration_profile ,actor ,connectathon) VALUES ('HYLAND', 'XUA', 'X-SERVICE-USER', 'NA2019');


INSERT INTO company_actor_profiles (company ,integration_profile ,actor ,connectathon) VALUES ('ICU_MEDICAL', 'ACM', 'ALERT_RPT', 'NA2019');
INSERT INTO company_actor_profiles (company ,integration_profile ,actor ,connectathon) VALUES ('ICU_MEDICAL', 'DEC', 'DEV_OBS_REPORTER', 'NA2019');
INSERT INTO company_actor_profiles (company ,integration_profile ,actor ,connectathon) VALUES ('ICU_MEDICAL', 'IPEC', 'DEV_OBS_REPORTER', 'NA2019');
INSERT INTO company_actor_profiles (company ,integration_profile ,actor ,connectathon) VALUES ('ICU_MEDICAL', 'MEMDMC', 'DMIR', 'NA2019');
INSERT INTO company_actor_profiles (company ,integration_profile ,actor ,connectathon) VALUES ('ICU_MEDICAL', 'PIV', 'IOC', 'NA2019');
INSERT INTO company_actor_profiles (company ,integration_profile ,actor ,connectathon) VALUES ('ICU_MEDICAL', 'PAM', 'PDC', 'NA2019');
INSERT INTO company_actor_profiles (company ,integration_profile ,actor ,connectathon) VALUES ('ICU_MEDICAL', 'PAM', 'PEC', 'NA2019');
INSERT INTO company_actor_profiles (company ,integration_profile ,actor ,connectathon) VALUES ('ICU_MEDICAL', 'CT', 'TIME_CLIENT', 'NA2019');

INSERT INTO company_actor_profiles (company ,integration_profile ,actor ,connectathon) VALUES ('INDRA', 'ATNA', 'ARR', 'NA2019');
INSERT INTO company_actor_profiles (company ,integration_profile ,actor ,connectathon) VALUES ('INDRA', 'ATNA', 'AUDIT_CONSUMER', 'NA2019');
INSERT INTO company_actor_profiles (company ,integration_profile ,actor ,connectathon) VALUES ('INDRA', 'APPC', 'CONTENT_CONSUMER', 'NA2019');
INSERT INTO company_actor_profiles (company ,integration_profile ,actor ,connectathon) VALUES ('INDRA', 'BPPC', 'CONTENT_CONSUMER', 'NA2019');
INSERT INTO company_actor_profiles (company ,integration_profile ,actor ,connectathon) VALUES ('INDRA', 'MHD', 'DOC_CONSUMER', 'NA2019');
INSERT INTO company_actor_profiles (company ,integration_profile ,actor ,connectathon) VALUES ('INDRA', 'MHD', 'DOC_RECIPIENT', 'NA2019');
INSERT INTO company_actor_profiles (company ,integration_profile ,actor ,connectathon) VALUES ('INDRA', 'XDS.b', 'DOC_REGISTRY', 'NA2019');
INSERT INTO company_actor_profiles (company ,integration_profile ,actor ,connectathon) VALUES ('INDRA', 'XDS.b', 'DOC_REPOSITORY', 'NA2019');
INSERT INTO company_actor_profiles (company ,integration_profile ,actor ,connectathon) VALUES ('INDRA', 'MHD', 'DOC_RESPONDER', 'NA2019');
INSERT INTO company_actor_profiles (company ,integration_profile ,actor ,connectathon) VALUES ('INDRA', 'PIX', 'PAT_IDENTITY_CONSUMER', 'NA2019');
INSERT INTO company_actor_profiles (company ,integration_profile ,actor ,connectathon) VALUES ('INDRA', 'PIXm', 'PAT_IDENTITY_CONSUMER', 'NA2019');
INSERT INTO company_actor_profiles (company ,integration_profile ,actor ,connectathon) VALUES ('INDRA', 'PIX', 'PAT_IDENTITY_SRC', 'NA2019');
INSERT INTO company_actor_profiles (company ,integration_profile ,actor ,connectathon) VALUES ('INDRA', 'PIX', 'PAT_IDENTITY_X_REF_MGR', 'NA2019');
INSERT INTO company_actor_profiles (company ,integration_profile ,actor ,connectathon) VALUES ('INDRA', 'PIXm', 'PAT_IDENTITY_X_REF_MGR', 'NA2019');
INSERT INTO company_actor_profiles (company ,integration_profile ,actor ,connectathon) VALUES ('INDRA', 'PDQ', 'PDC', 'NA2019');
INSERT INTO company_actor_profiles (company ,integration_profile ,actor ,connectathon) VALUES ('INDRA', 'PDQm', 'PDC', 'NA2019');
INSERT INTO company_actor_profiles (company ,integration_profile ,actor ,connectathon) VALUES ('INDRA', 'PDQ', 'PDS', 'NA2019');
INSERT INTO company_actor_profiles (company ,integration_profile ,actor ,connectathon) VALUES ('INDRA', 'PDQm', 'PDS', 'NA2019');
INSERT INTO company_actor_profiles (company ,integration_profile ,actor ,connectathon) VALUES ('INDRA', 'HPD', 'PROV_INFO_DIR', 'NA2019');
INSERT INTO company_actor_profiles (company ,integration_profile ,actor ,connectathon) VALUES ('INDRA', 'ATNA', 'SA', 'NA2019');
INSERT INTO company_actor_profiles (company ,integration_profile ,actor ,connectathon) VALUES ('INDRA', 'ATNA', 'SN', 'NA2019');
INSERT INTO company_actor_profiles (company ,integration_profile ,actor ,connectathon) VALUES ('INDRA', 'CT', 'TIME_CLIENT', 'NA2019');


INSERT INTO company_actor_profiles (company ,integration_profile ,actor ,connectathon) VALUES ('INTERSYSTEMS', 'ATNA', 'ARR', 'NA2019');
INSERT INTO company_actor_profiles (company ,integration_profile ,actor ,connectathon) VALUES ('INTERSYSTEMS', 'IUA', 'AUTH_CLIENT', 'NA2019');
INSERT INTO company_actor_profiles (company ,integration_profile ,actor ,connectathon) VALUES ('INTERSYSTEMS', 'DSUB', 'DM_NOTIF_BROKER', 'NA2019');
INSERT INTO company_actor_profiles (company ,integration_profile ,actor ,connectathon) VALUES ('INTERSYSTEMS', 'DSUB', 'DM_NOTIF_RECIPIENT', 'NA2019');
INSERT INTO company_actor_profiles (company ,integration_profile ,actor ,connectathon) VALUES ('INTERSYSTEMS', 'DSUB', 'DM_PUBLISHER', 'NA2019');
INSERT INTO company_actor_profiles (company ,integration_profile ,actor ,connectathon) VALUES ('INTERSYSTEMS', 'DSUB', 'DM_SUBSCRIBER', 'NA2019');
INSERT INTO company_actor_profiles (company ,integration_profile ,actor ,connectathon) VALUES ('INTERSYSTEMS', 'XDS.b', 'DOC_ADMINISTRATOR', 'NA2019');
INSERT INTO company_actor_profiles (company ,integration_profile ,actor ,connectathon) VALUES ('INTERSYSTEMS', 'MHD', 'DOC_CONSUMER', 'NA2019');
INSERT INTO company_actor_profiles (company ,integration_profile ,actor ,connectathon) VALUES ('INTERSYSTEMS', 'XDS.b', 'DOC_CONSUMER', 'NA2019');
INSERT INTO company_actor_profiles (company ,integration_profile ,actor ,connectathon) VALUES ('INTERSYSTEMS', 'XDS.b', 'DOC_REGISTRY', 'NA2019');
INSERT INTO company_actor_profiles (company ,integration_profile ,actor ,connectathon) VALUES ('INTERSYSTEMS', 'XDS.b', 'DOC_REPOSITORY', 'NA2019');
INSERT INTO company_actor_profiles (company ,integration_profile ,actor ,connectathon) VALUES ('INTERSYSTEMS', 'MHD', 'DOC_RESPONDER', 'NA2019');
INSERT INTO company_actor_profiles (company ,integration_profile ,actor ,connectathon) VALUES ('INTERSYSTEMS', 'MHD', 'DOC_SOURCE', 'NA2019');
INSERT INTO company_actor_profiles (company ,integration_profile ,actor ,connectathon) VALUES ('INTERSYSTEMS', 'XDS.b', 'DOC_SOURCE', 'NA2019');
INSERT INTO company_actor_profiles (company ,integration_profile ,actor ,connectathon) VALUES ('INTERSYSTEMS', 'XCA', 'INIT_GATEWAY', 'NA2019');
INSERT INTO company_actor_profiles (company ,integration_profile ,actor ,connectathon) VALUES ('INTERSYSTEMS', 'XCPD', 'INIT_GATEWAY', 'NA2019');
INSERT INTO company_actor_profiles (company ,integration_profile ,actor ,connectathon) VALUES ('INTERSYSTEMS', 'PIX', 'PAT_IDENTITY_CONSUMER', 'NA2019');
INSERT INTO company_actor_profiles (company ,integration_profile ,actor ,connectathon) VALUES ('INTERSYSTEMS', 'PIXm', 'PAT_IDENTITY_CONSUMER', 'NA2019');
INSERT INTO company_actor_profiles (company ,integration_profile ,actor ,connectathon) VALUES ('INTERSYSTEMS', 'PIXV3', 'PAT_IDENTITY_CONSUMER', 'NA2019');
INSERT INTO company_actor_profiles (company ,integration_profile ,actor ,connectathon) VALUES ('INTERSYSTEMS', 'PIX', 'PAT_IDENTITY_SRC', 'NA2019');
INSERT INTO company_actor_profiles (company ,integration_profile ,actor ,connectathon) VALUES ('INTERSYSTEMS', 'PIXV3', 'PAT_IDENTITY_SRC', 'NA2019');
INSERT INTO company_actor_profiles (company ,integration_profile ,actor ,connectathon) VALUES ('INTERSYSTEMS', 'PIX', 'PAT_IDENTITY_X_REF_MGR', 'NA2019');
INSERT INTO company_actor_profiles (company ,integration_profile ,actor ,connectathon) VALUES ('INTERSYSTEMS', 'PIXm', 'PAT_IDENTITY_X_REF_MGR', 'NA2019');
INSERT INTO company_actor_profiles (company ,integration_profile ,actor ,connectathon) VALUES ('INTERSYSTEMS', 'PIXV3', 'PAT_IDENTITY_X_REF_MGR', 'NA2019');
INSERT INTO company_actor_profiles (company ,integration_profile ,actor ,connectathon) VALUES ('INTERSYSTEMS', 'PDQ', 'PDC', 'NA2019');
INSERT INTO company_actor_profiles (company ,integration_profile ,actor ,connectathon) VALUES ('INTERSYSTEMS', 'PDQm', 'PDC', 'NA2019');
INSERT INTO company_actor_profiles (company ,integration_profile ,actor ,connectathon) VALUES ('INTERSYSTEMS', 'PDQV3', 'PDC', 'NA2019');
INSERT INTO company_actor_profiles (company ,integration_profile ,actor ,connectathon) VALUES ('INTERSYSTEMS', 'PDQ', 'PDS', 'NA2019');
INSERT INTO company_actor_profiles (company ,integration_profile ,actor ,connectathon) VALUES ('INTERSYSTEMS', 'PDQm', 'PDS', 'NA2019');
INSERT INTO company_actor_profiles (company ,integration_profile ,actor ,connectathon) VALUES ('INTERSYSTEMS', 'PDQV3', 'PDS', 'NA2019');
INSERT INTO company_actor_profiles (company ,integration_profile ,actor ,connectathon) VALUES ('INTERSYSTEMS', 'XCA', 'RESP_GATEWAY', 'NA2019');
INSERT INTO company_actor_profiles (company ,integration_profile ,actor ,connectathon) VALUES ('INTERSYSTEMS', 'XCPD', 'RESP_GATEWAY', 'NA2019');
INSERT INTO company_actor_profiles (company ,integration_profile ,actor ,connectathon) VALUES ('INTERSYSTEMS', 'ATNA', 'SA', 'NA2019');
INSERT INTO company_actor_profiles (company ,integration_profile ,actor ,connectathon) VALUES ('INTERSYSTEMS', 'CT', 'TIME_CLIENT', 'NA2019');
INSERT INTO company_actor_profiles (company ,integration_profile ,actor ,connectathon) VALUES ('INTERSYSTEMS', 'RMU', 'UPDATE_RESP', 'NA2019');
INSERT INTO company_actor_profiles (company ,integration_profile ,actor ,connectathon) VALUES ('INTERSYSTEMS', 'XUA', 'X-SERVICE-USER', 'NA2019');


INSERT INTO company_actor_profiles (company ,integration_profile ,actor ,connectathon) VALUES ('IRM', 'IUA', 'AUTH_CLIENT', 'NA2019');
INSERT INTO company_actor_profiles (company ,integration_profile ,actor ,connectathon) VALUES ('IRM', 'IUA', 'AUTH_SERVER', 'NA2019');
INSERT INTO company_actor_profiles (company ,integration_profile ,actor ,connectathon) VALUES ('IRM', 'DSG', 'CONTENT_CONSUMER', 'NA2019');
INSERT INTO company_actor_profiles (company ,integration_profile ,actor ,connectathon) VALUES ('IRM', 'DSG', 'CONTENT_CREATOR', 'NA2019');
INSERT INTO company_actor_profiles (company ,integration_profile ,actor ,connectathon) VALUES ('IRM', 'MHD', 'DOC_CONSUMER', 'NA2019');
INSERT INTO company_actor_profiles (company ,integration_profile ,actor ,connectathon) VALUES ('IRM', 'MHD', 'DOC_RECIPIENT', 'NA2019');
INSERT INTO company_actor_profiles (company ,integration_profile ,actor ,connectathon) VALUES ('IRM', 'XDR', 'DOC_RECIPIENT', 'NA2019');
INSERT INTO company_actor_profiles (company ,integration_profile ,actor ,connectathon) VALUES ('IRM', 'XDS.b', 'DOC_REGISTRY', 'NA2019');
INSERT INTO company_actor_profiles (company ,integration_profile ,actor ,connectathon) VALUES ('IRM', 'RMD', 'DOC_REPOSITORY', 'NA2019');
INSERT INTO company_actor_profiles (company ,integration_profile ,actor ,connectathon) VALUES ('IRM', 'XDS.b', 'DOC_REPOSITORY', 'NA2019');
INSERT INTO company_actor_profiles (company ,integration_profile ,actor ,connectathon) VALUES ('IRM', 'MHD', 'DOC_RESPONDER', 'NA2019');
INSERT INTO company_actor_profiles (company ,integration_profile ,actor ,connectathon) VALUES ('IRM', 'MHD', 'DOC_SOURCE', 'NA2019');
INSERT INTO company_actor_profiles (company ,integration_profile ,actor ,connectathon) VALUES ('IRM', 'XDR', 'DOC_SOURCE', 'NA2019');
INSERT INTO company_actor_profiles (company ,integration_profile ,actor ,connectathon) VALUES ('IRM', 'SWF.b', 'IM', 'NA2019');
INSERT INTO company_actor_profiles (company ,integration_profile ,actor ,connectathon) VALUES ('IRM', 'XDM', 'PMC', 'NA2019');
INSERT INTO company_actor_profiles (company ,integration_profile ,actor ,connectathon) VALUES ('IRM', 'XDM', 'PMI', 'NA2019');
INSERT INTO company_actor_profiles (company ,integration_profile ,actor ,connectathon) VALUES ('IRM', 'SWF.b', 'PPSM', 'NA2019');
INSERT INTO company_actor_profiles (company ,integration_profile ,actor ,connectathon) VALUES ('IRM', 'IUA', 'RESOURCE_SERVER', 'NA2019');
INSERT INTO company_actor_profiles (company ,integration_profile ,actor ,connectathon) VALUES ('IRM', 'ATNA', 'SA', 'NA2019');
INSERT INTO company_actor_profiles (company ,integration_profile ,actor ,connectathon) VALUES ('IRM', 'ATNA', 'SN', 'NA2019');
INSERT INTO company_actor_profiles (company ,integration_profile ,actor ,connectathon) VALUES ('IRM', 'CT', 'TIME_CLIENT', 'NA2019');


INSERT INTO company_actor_profiles (company ,integration_profile ,actor ,connectathon) VALUES ('ICOSERVE', 'ATNA', 'ARR', 'NA2019');
INSERT INTO company_actor_profiles (company ,integration_profile ,actor ,connectathon) VALUES ('ICOSERVE', 'XDW', 'CONTENT_CONSUMER', 'NA2019');
INSERT INTO company_actor_profiles (company ,integration_profile ,actor ,connectathon) VALUES ('ICOSERVE', 'XDW', 'CONTENT_CREATOR', 'NA2019');
INSERT INTO company_actor_profiles (company ,integration_profile ,actor ,connectathon) VALUES ('ICOSERVE', 'XDW', 'CONTENT_UPDATER', 'NA2019');
INSERT INTO company_actor_profiles (company ,integration_profile ,actor ,connectathon) VALUES ('ICOSERVE', 'DSUB', 'DM_NOTIF_BROKER', 'NA2019');
INSERT INTO company_actor_profiles (company ,integration_profile ,actor ,connectathon) VALUES ('ICOSERVE', 'DSUB', 'DM_NOTIF_RECIPIENT', 'NA2019');
INSERT INTO company_actor_profiles (company ,integration_profile ,actor ,connectathon) VALUES ('ICOSERVE', 'DSUB', 'DM_PUBLISHER', 'NA2019');
INSERT INTO company_actor_profiles (company ,integration_profile ,actor ,connectathon) VALUES ('ICOSERVE', 'DSUB', 'DM_SUBSCRIBER', 'NA2019');
INSERT INTO company_actor_profiles (company ,integration_profile ,actor ,connectathon) VALUES ('ICOSERVE', 'RMD', 'DOC_ADMINISTRATOR', 'NA2019');
INSERT INTO company_actor_profiles (company ,integration_profile ,actor ,connectathon) VALUES ('ICOSERVE', 'XDS.b', 'DOC_ADMINISTRATOR', 'NA2019');
INSERT INTO company_actor_profiles (company ,integration_profile ,actor ,connectathon) VALUES ('ICOSERVE', 'MPQ', 'DOC_CONSUMER', 'NA2019');
INSERT INTO company_actor_profiles (company ,integration_profile ,actor ,connectathon) VALUES ('ICOSERVE', 'XCA', 'DOC_CONSUMER', 'NA2019');
INSERT INTO company_actor_profiles (company ,integration_profile ,actor ,connectathon) VALUES ('ICOSERVE', 'XDS.b', 'DOC_CONSUMER', 'NA2019');
INSERT INTO company_actor_profiles (company ,integration_profile ,actor ,connectathon) VALUES ('ICOSERVE', 'XDS-I.b', 'DOC_CONSUMER', 'NA2019');
INSERT INTO company_actor_profiles (company ,integration_profile ,actor ,connectathon) VALUES ('ICOSERVE', 'XDR', 'DOC_RECIPIENT', 'NA2019');
INSERT INTO company_actor_profiles (company ,integration_profile ,actor ,connectathon) VALUES ('ICOSERVE', 'MPQ', 'DOC_REGISTRY', 'NA2019');
INSERT INTO company_actor_profiles (company ,integration_profile ,actor ,connectathon) VALUES ('ICOSERVE', 'RMD', 'DOC_REGISTRY', 'NA2019');
INSERT INTO company_actor_profiles (company ,integration_profile ,actor ,connectathon) VALUES ('ICOSERVE', 'XDS.b', 'DOC_REGISTRY', 'NA2019');
INSERT INTO company_actor_profiles (company ,integration_profile ,actor ,connectathon) VALUES ('ICOSERVE', 'XPID', 'DOC_REGISTRY', 'NA2019');
INSERT INTO company_actor_profiles (company ,integration_profile ,actor ,connectathon) VALUES ('ICOSERVE', 'RMD', 'DOC_REPOSITORY', 'NA2019');
INSERT INTO company_actor_profiles (company ,integration_profile ,actor ,connectathon) VALUES ('ICOSERVE', 'XDS.b', 'DOC_REPOSITORY', 'NA2019');
INSERT INTO company_actor_profiles (company ,integration_profile ,actor ,connectathon) VALUES ('ICOSERVE', 'XDR', 'DOC_SOURCE', 'NA2019');
INSERT INTO company_actor_profiles (company ,integration_profile ,actor ,connectathon) VALUES ('ICOSERVE', 'XDS.b', 'DOC_SOURCE', 'NA2019');
INSERT INTO company_actor_profiles (company ,integration_profile ,actor ,connectathon) VALUES ('ICOSERVE', 'XDS-I.b', 'IMG_DOC_CONSUMER', 'NA2019');
INSERT INTO company_actor_profiles (company ,integration_profile ,actor ,connectathon) VALUES ('ICOSERVE', 'XCA-I', 'IMG_DOC_SOURCE', 'NA2019');
INSERT INTO company_actor_profiles (company ,integration_profile ,actor ,connectathon) VALUES ('ICOSERVE', 'XDS-I.b', 'IMG_DOC_SOURCE', 'NA2019');
INSERT INTO company_actor_profiles (company ,integration_profile ,actor ,connectathon) VALUES ('ICOSERVE', 'XCA', 'INIT_GATEWAY', 'NA2019');
INSERT INTO company_actor_profiles (company ,integration_profile ,actor ,connectathon) VALUES ('ICOSERVE', 'XCF', 'INIT_GATEWAY', 'NA2019');
INSERT INTO company_actor_profiles (company ,integration_profile ,actor ,connectathon) VALUES ('ICOSERVE', 'XCPD', 'INIT_GATEWAY', 'NA2019');
INSERT INTO company_actor_profiles (company ,integration_profile ,actor ,connectathon) VALUES ('ICOSERVE', 'XCA-I', 'INIT_IMG_GATEWAY', 'NA2019');
INSERT INTO company_actor_profiles (company ,integration_profile ,actor ,connectathon) VALUES ('ICOSERVE', 'PIX', 'PAT_IDENTITY_CONSUMER', 'NA2019');
INSERT INTO company_actor_profiles (company ,integration_profile ,actor ,connectathon) VALUES ('ICOSERVE', 'PIXV3', 'PAT_IDENTITY_CONSUMER', 'NA2019');
INSERT INTO company_actor_profiles (company ,integration_profile ,actor ,connectathon) VALUES ('ICOSERVE', 'PIX', 'PAT_IDENTITY_SRC', 'NA2019');
INSERT INTO company_actor_profiles (company ,integration_profile ,actor ,connectathon) VALUES ('ICOSERVE', 'PIXV3', 'PAT_IDENTITY_SRC', 'NA2019');
INSERT INTO company_actor_profiles (company ,integration_profile ,actor ,connectathon) VALUES ('ICOSERVE', 'PIX', 'PAT_IDENTITY_X_REF_MGR', 'NA2019');
INSERT INTO company_actor_profiles (company ,integration_profile ,actor ,connectathon) VALUES ('ICOSERVE', 'PIXV3', 'PAT_IDENTITY_X_REF_MGR', 'NA2019');
INSERT INTO company_actor_profiles (company ,integration_profile ,actor ,connectathon) VALUES ('ICOSERVE', 'XPID', 'PAT_IDENTITY_X_REF_MGR', 'NA2019');
INSERT INTO company_actor_profiles (company ,integration_profile ,actor ,connectathon) VALUES ('ICOSERVE', 'PAM', 'PDC', 'NA2019');
INSERT INTO company_actor_profiles (company ,integration_profile ,actor ,connectathon) VALUES ('ICOSERVE', 'PDQ', 'PDC', 'NA2019');
INSERT INTO company_actor_profiles (company ,integration_profile ,actor ,connectathon) VALUES ('ICOSERVE', 'PDQV3', 'PDC', 'NA2019');
INSERT INTO company_actor_profiles (company ,integration_profile ,actor ,connectathon) VALUES ('ICOSERVE', 'PDQ', 'PDS', 'NA2019');
INSERT INTO company_actor_profiles (company ,integration_profile ,actor ,connectathon) VALUES ('ICOSERVE', 'PDQV3', 'PDS', 'NA2019');
INSERT INTO company_actor_profiles (company ,integration_profile ,actor ,connectathon) VALUES ('ICOSERVE', 'PAM', 'PEC', 'NA2019');
INSERT INTO company_actor_profiles (company ,integration_profile ,actor ,connectathon) VALUES ('ICOSERVE', 'XDM', 'PMC', 'NA2019');
INSERT INTO company_actor_profiles (company ,integration_profile ,actor ,connectathon) VALUES ('ICOSERVE', 'HPD', 'PROV_INFO_CONS', 'NA2019');
INSERT INTO company_actor_profiles (company ,integration_profile ,actor ,connectathon) VALUES ('ICOSERVE', 'HPD', 'PROV_INFO_DIR', 'NA2019');
INSERT INTO company_actor_profiles (company ,integration_profile ,actor ,connectathon) VALUES ('ICOSERVE', 'HPD', 'PROV_INFO_SRC', 'NA2019');
INSERT INTO company_actor_profiles (company ,integration_profile ,actor ,connectathon) VALUES ('ICOSERVE', 'XCA', 'RESP_GATEWAY', 'NA2019');
INSERT INTO company_actor_profiles (company ,integration_profile ,actor ,connectathon) VALUES ('ICOSERVE', 'XCF', 'RESP_GATEWAY', 'NA2019');
INSERT INTO company_actor_profiles (company ,integration_profile ,actor ,connectathon) VALUES ('ICOSERVE', 'XCPD', 'RESP_GATEWAY', 'NA2019');
INSERT INTO company_actor_profiles (company ,integration_profile ,actor ,connectathon) VALUES ('ICOSERVE', 'XCA-I', 'RESP_IMG_GATEWAY', 'NA2019');
INSERT INTO company_actor_profiles (company ,integration_profile ,actor ,connectathon) VALUES ('ICOSERVE', 'ATNA', 'SA', 'NA2019');
INSERT INTO company_actor_profiles (company ,integration_profile ,actor ,connectathon) VALUES ('ICOSERVE', 'ATNA', 'SN', 'NA2019');
INSERT INTO company_actor_profiles (company ,integration_profile ,actor ,connectathon) VALUES ('ICOSERVE', 'CT', 'TIME_CLIENT', 'NA2019');
INSERT INTO company_actor_profiles (company ,integration_profile ,actor ,connectathon) VALUES ('ICOSERVE', 'CT', 'TS', 'NA2019');
INSERT INTO company_actor_profiles (company ,integration_profile ,actor ,connectathon) VALUES ('ICOSERVE', 'RMU', 'UPDATE_INIT', 'NA2019');
INSERT INTO company_actor_profiles (company ,integration_profile ,actor ,connectathon) VALUES ('ICOSERVE', 'RMU', 'UPDATE_RESP', 'NA2019');
INSERT INTO company_actor_profiles (company ,integration_profile ,actor ,connectathon) VALUES ('ICOSERVE', 'XUA', 'X-SERVICE-PROVIDER', 'NA2019');
INSERT INTO company_actor_profiles (company ,integration_profile ,actor ,connectathon) VALUES ('ICOSERVE', 'XUA', 'X-SERVICE-USER', 'NA2019');



INSERT INTO company_actor_profiles (company ,integration_profile ,actor ,connectathon) VALUES ('Masimo', 'ACM', 'ALERT_RPT', 'NA2019');
INSERT INTO company_actor_profiles (company ,integration_profile ,actor ,connectathon) VALUES ('Masimo', 'ACM', 'ALRT_MGR', 'NA2019');
INSERT INTO company_actor_profiles (company ,integration_profile ,actor ,connectathon) VALUES ('Masimo', 'DEC', 'DEV_OBS_CONSUMER', 'NA2019');
INSERT INTO company_actor_profiles (company ,integration_profile ,actor ,connectathon) VALUES ('Masimo', 'DEC', 'DEV_OBS_REPORTER', 'NA2019');
INSERT INTO company_actor_profiles (company ,integration_profile ,actor ,connectathon) VALUES ('Masimo', 'CT', 'TIME_CLIENT', 'NA2019');

INSERT INTO company_actor_profiles (company ,integration_profile ,actor ,connectathon) VALUES ('MDES', 'MPQ', 'DOC_CONSUMER', 'NA2019');
INSERT INTO company_actor_profiles (company ,integration_profile ,actor ,connectathon) VALUES ('MDES', 'MPQ', 'DOC_REGISTRY', 'NA2019');
INSERT INTO company_actor_profiles (company ,integration_profile ,actor ,connectathon) VALUES ('MDES', 'XDS.b', 'DOC_REGISTRY', 'NA2019');
INSERT INTO company_actor_profiles (company ,integration_profile ,actor ,connectathon) VALUES ('MDES', 'XDS.b', 'DOC_REPOSITORY', 'NA2019');
INSERT INTO company_actor_profiles (company ,integration_profile ,actor ,connectathon) VALUES ('MDES', 'XDS.b', 'PAT_IDENTITY_SRC', 'NA2019');
INSERT INTO company_actor_profiles (company ,integration_profile ,actor ,connectathon) VALUES ('MDES', 'XDM', 'PMC', 'NA2019');
INSERT INTO company_actor_profiles (company ,integration_profile ,actor ,connectathon) VALUES ('MDES', 'XDM', 'PMI', 'NA2019');
INSERT INTO company_actor_profiles (company ,integration_profile ,actor ,connectathon) VALUES ('MDES', 'ATNA', 'SA', 'NA2019');
INSERT INTO company_actor_profiles (company ,integration_profile ,actor ,connectathon) VALUES ('MDES', 'ATNA', 'SN', 'NA2019');
INSERT INTO company_actor_profiles (company ,integration_profile ,actor ,connectathon) VALUES ('MDES', 'CT', 'TIME_CLIENT', 'NA2019');
INSERT INTO company_actor_profiles (company ,integration_profile ,actor ,connectathon) VALUES ('MDES', 'XUA', 'X-SERVICE-PROVIDER', 'NA2019');
INSERT INTO company_actor_profiles (company ,integration_profile ,actor ,connectathon) VALUES ('MDES', 'XUA', 'X-SERVICE-USER', 'NA2019');


INSERT INTO company_actor_profiles (company ,integration_profile ,actor ,connectathon) VALUES ('MDHHS', 'VRDR', 'FORM_PROCESSOR', 'NA2019');
INSERT INTO company_actor_profiles (company ,integration_profile ,actor ,connectathon) VALUES ('MDHHS', 'VRDR', 'FORM_PROC_MSG_EXPORTER', 'NA2019');
INSERT INTO company_actor_profiles (company ,integration_profile ,actor ,connectathon) VALUES ('MDHHS', 'VRDR', 'INFO_SRC_HL7', 'NA2019');


INSERT INTO company_actor_profiles (company ,integration_profile ,actor ,connectathon) VALUES ('MEDISYS', 'PIX', 'PAT_IDENTITY_CONSUMER', 'NA2019');
INSERT INTO company_actor_profiles (company ,integration_profile ,actor ,connectathon) VALUES ('MEDISYS', 'PIX', 'PAT_IDENTITY_SRC', 'NA2019');
INSERT INTO company_actor_profiles (company ,integration_profile ,actor ,connectathon) VALUES ('MEDISYS', 'PAM', 'PDC', 'NA2019');
INSERT INTO company_actor_profiles (company ,integration_profile ,actor ,connectathon) VALUES ('MEDISYS', 'PAM', 'PDS', 'NA2019');
INSERT INTO company_actor_profiles (company ,integration_profile ,actor ,connectathon) VALUES ('MEDISYS', 'PDQ', 'PDS', 'NA2019');
INSERT INTO company_actor_profiles (company ,integration_profile ,actor ,connectathon) VALUES ('MEDISYS', 'PAM', 'PES', 'NA2019');
INSERT INTO company_actor_profiles (company ,integration_profile ,actor ,connectathon) VALUES ('MEDISYS', 'ATNA', 'SA', 'NA2019');
INSERT INTO company_actor_profiles (company ,integration_profile ,actor ,connectathon) VALUES ('MEDISYS', 'CT', 'TIME_CLIENT', 'NA2019');


INSERT INTO company_actor_profiles (company ,integration_profile ,actor ,connectathon) VALUES ('MEDTRONIC', 'ACM', 'ACON', 'NA2019');
INSERT INTO company_actor_profiles (company ,integration_profile ,actor ,connectathon) VALUES ('MEDTRONIC', 'ACM', 'ALERT_RPT', 'NA2019');
INSERT INTO company_actor_profiles (company ,integration_profile ,actor ,connectathon) VALUES ('MEDTRONIC', 'DEC', 'DEV_OBS_CONSUMER', 'NA2019');
INSERT INTO company_actor_profiles (company ,integration_profile ,actor ,connectathon) VALUES ('MEDTRONIC', 'DEC', 'DEV_OBS_REPORTER', 'NA2019');
INSERT INTO company_actor_profiles (company ,integration_profile ,actor ,connectathon) VALUES ('MEDTRONIC', 'PDQm', 'PDC', 'NA2019');
INSERT INTO company_actor_profiles (company ,integration_profile ,actor ,connectathon) VALUES ('MEDTRONIC', 'CT', 'TIME_CLIENT', 'NA2019');



INSERT INTO company_actor_profiles (company ,integration_profile ,actor ,connectathon) VALUES ('MERGE', 'XDS-SD', 'CONTENT_CONSUMER', 'NA2019');
INSERT INTO company_actor_profiles (company ,integration_profile ,actor ,connectathon) VALUES ('MERGE', 'XCA', 'DOC_CONSUMER', 'NA2019');
INSERT INTO company_actor_profiles (company ,integration_profile ,actor ,connectathon) VALUES ('MERGE', 'XDS.b', 'DOC_CONSUMER', 'NA2019');
INSERT INTO company_actor_profiles (company ,integration_profile ,actor ,connectathon) VALUES ('MERGE', 'RMD', 'DOC_REGISTRY', 'NA2019');
INSERT INTO company_actor_profiles (company ,integration_profile ,actor ,connectathon) VALUES ('MERGE', 'XDS.b', 'DOC_REGISTRY', 'NA2019');
INSERT INTO company_actor_profiles (company ,integration_profile ,actor ,connectathon) VALUES ('MERGE', 'XPID', 'DOC_REGISTRY', 'NA2019');
INSERT INTO company_actor_profiles (company ,integration_profile ,actor ,connectathon) VALUES ('MERGE', 'XCA-I', 'IMG_DOC_CONSUMER', 'NA2019');
INSERT INTO company_actor_profiles (company ,integration_profile ,actor ,connectathon) VALUES ('MERGE', 'XDS-I.b', 'IMG_DOC_CONSUMER', 'NA2019');
INSERT INTO company_actor_profiles (company ,integration_profile ,actor ,connectathon) VALUES ('MERGE', 'PIX', 'PAT_IDENTITY_CONSUMER', 'NA2019');
INSERT INTO company_actor_profiles (company ,integration_profile ,actor ,connectathon) VALUES ('MERGE', 'PDQ', 'PDC', 'NA2019');
INSERT INTO company_actor_profiles (company ,integration_profile ,actor ,connectathon) VALUES ('MERGE', 'ATNA', 'SA', 'NA2019');
INSERT INTO company_actor_profiles (company ,integration_profile ,actor ,connectathon) VALUES ('MERGE', 'CT', 'TIME_CLIENT', 'NA2019');
INSERT INTO company_actor_profiles (company ,integration_profile ,actor ,connectathon) VALUES ('MERGE', 'RMU', 'UPDATE_RESP', 'NA2019');

INSERT INTO company_actor_profiles (company ,integration_profile ,actor ,connectathon) VALUES ('MINDRAY', 'ACM', 'ALERT_RPT', 'NA2019');
INSERT INTO company_actor_profiles (company ,integration_profile ,actor ,connectathon) VALUES ('MINDRAY', 'DEC', 'DEV_OBS_REPORTER', 'NA2019');
INSERT INTO company_actor_profiles (company ,integration_profile ,actor ,connectathon) VALUES ('MINDRAY', 'ED', 'EC', 'NA2019');
INSERT INTO company_actor_profiles (company ,integration_profile ,actor ,connectathon) VALUES ('MINDRAY', 'ECHO', 'ID', 'NA2019');
INSERT INTO company_actor_profiles (company ,integration_profile ,actor ,connectathon) VALUES ('MINDRAY', 'PDI', 'ID', 'NA2019');
INSERT INTO company_actor_profiles (company ,integration_profile ,actor ,connectathon) VALUES ('MINDRAY', 'SWF.b', 'ID', 'NA2019');
INSERT INTO company_actor_profiles (company ,integration_profile ,actor ,connectathon) VALUES ('MINDRAY', 'ECHO', 'MOD', 'NA2019');
INSERT INTO company_actor_profiles (company ,integration_profile ,actor ,connectathon) VALUES ('MINDRAY', 'ED', 'MOD', 'NA2019');
INSERT INTO company_actor_profiles (company ,integration_profile ,actor ,connectathon) VALUES ('MINDRAY', 'SWF.b', 'MOD', 'NA2019');
INSERT INTO company_actor_profiles (company ,integration_profile ,actor ,connectathon) VALUES ('MINDRAY', 'PDI', 'PMC', 'NA2019');
INSERT INTO company_actor_profiles (company ,integration_profile ,actor ,connectathon) VALUES ('MINDRAY', 'PDI', 'PMI', 'NA2019');
INSERT INTO company_actor_profiles (company ,integration_profile ,actor ,connectathon) VALUES ('MINDRAY', 'CT', 'TIME_CLIENT', 'NA2019');

INSERT INTO company_actor_profiles (company ,integration_profile ,actor ,connectathon) VALUES ('NantHealth', 'DEC', 'DEV_OBS_CONSUMER', 'NA2019');
INSERT INTO company_actor_profiles (company ,integration_profile ,actor ,connectathon) VALUES ('NantHealth', 'DEC', 'DEV_OBS_REPORTER', 'NA2019');
INSERT INTO company_actor_profiles (company ,integration_profile ,actor ,connectathon) VALUES ('NantHealth', 'CT', 'TIME_CLIENT', 'NA2019');

INSERT INTO company_actor_profiles (company ,integration_profile ,actor ,connectathon) VALUES ('Nextgate', 'PIX', 'PAT_IDENTITY_X_REF_MGR', 'NA2019');
INSERT INTO company_actor_profiles (company ,integration_profile ,actor ,connectathon) VALUES ('Nextgate', 'PIXm', 'PAT_IDENTITY_X_REF_MGR', 'NA2019');
INSERT INTO company_actor_profiles (company ,integration_profile ,actor ,connectathon) VALUES ('Nextgate', 'PIXV3', 'PAT_IDENTITY_X_REF_MGR', 'NA2019');
INSERT INTO company_actor_profiles (company ,integration_profile ,actor ,connectathon) VALUES ('Nextgate', 'XPID', 'PAT_IDENTITY_X_REF_MGR', 'NA2019');
INSERT INTO company_actor_profiles (company ,integration_profile ,actor ,connectathon) VALUES ('Nextgate', 'PDQ', 'PDS', 'NA2019');
INSERT INTO company_actor_profiles (company ,integration_profile ,actor ,connectathon) VALUES ('Nextgate', 'PDQV3', 'PDS', 'NA2019');
INSERT INTO company_actor_profiles (company ,integration_profile ,actor ,connectathon) VALUES ('Nextgate', 'XCPD', 'RESP_GATEWAY', 'NA2019');
INSERT INTO company_actor_profiles (company ,integration_profile ,actor ,connectathon) VALUES ('Nextgate', 'ATNA', 'SA', 'NA2019');
INSERT INTO company_actor_profiles (company ,integration_profile ,actor ,connectathon) VALUES ('Nextgate', 'CT', 'TIME_CLIENT', 'NA2019');

INSERT INTO company_actor_profiles (company ,integration_profile ,actor ,connectathon) VALUES ('NEXTGEN', 'C-CDA2.1_CONSUMERS', 'CONTENT_CONSUMER', 'NA2019');
INSERT INTO company_actor_profiles (company ,integration_profile ,actor ,connectathon) VALUES ('NEXTGEN', 'C-CDA2.1_CARE-PLAN', 'CONTENT_CREATOR', 'NA2019');
INSERT INTO company_actor_profiles (company ,integration_profile ,actor ,connectathon) VALUES ('NEXTGEN', 'C-CDA2.1_CCD', 'CONTENT_CREATOR', 'NA2019');
INSERT INTO company_actor_profiles (company ,integration_profile ,actor ,connectathon) VALUES ('NEXTGEN', 'C-CDA2.1_REFERRAL', 'CONTENT_CREATOR', 'NA2019');
INSERT INTO company_actor_profiles (company ,integration_profile ,actor ,connectathon) VALUES ('NEXTGEN', 'XDS.b', 'DOC_CONSUMER', 'NA2019');
INSERT INTO company_actor_profiles (company ,integration_profile ,actor ,connectathon) VALUES ('NEXTGEN', 'XDR', 'DOC_RECIPIENT', 'NA2019');
INSERT INTO company_actor_profiles (company ,integration_profile ,actor ,connectathon) VALUES ('NEXTGEN', 'XDR', 'DOC_SOURCE', 'NA2019');
INSERT INTO company_actor_profiles (company ,integration_profile ,actor ,connectathon) VALUES ('NEXTGEN', 'XDS.b', 'DOC_SOURCE', 'NA2019');
INSERT INTO company_actor_profiles (company ,integration_profile ,actor ,connectathon) VALUES ('NEXTGEN', 'PIXV3', 'PAT_IDENTITY_CONSUMER', 'NA2019');
INSERT INTO company_actor_profiles (company ,integration_profile ,actor ,connectathon) VALUES ('NEXTGEN', 'PDQV3', 'PDC', 'NA2019');
INSERT INTO company_actor_profiles (company ,integration_profile ,actor ,connectathon) VALUES ('NEXTGEN', '360X', 'REFERRAL_INITIATOR', 'NA2019');
INSERT INTO company_actor_profiles (company ,integration_profile ,actor ,connectathon) VALUES ('NEXTGEN', '360X', 'REFERRAL_RECIPIENT', 'NA2019');
INSERT INTO company_actor_profiles (company ,integration_profile ,actor ,connectathon) VALUES ('NEXTGEN', 'ATNA', 'SA', 'NA2019');
INSERT INTO company_actor_profiles (company ,integration_profile ,actor ,connectathon) VALUES ('NEXTGEN', 'CT', 'TIME_CLIENT', 'NA2019');

INSERT INTO company_actor_profiles (company ,integration_profile ,actor ,connectathon) VALUES ('PHILIPS', 'ACM', 'ALERT_RPT', 'NA2019');
INSERT INTO company_actor_profiles (company ,integration_profile ,actor ,connectathon) VALUES ('PHILIPS', 'DEC', 'DEV_OBS_CONSUMER', 'NA2019');
INSERT INTO company_actor_profiles (company ,integration_profile ,actor ,connectathon) VALUES ('PHILIPS', 'IPEC', 'DEV_OBS_CONSUMER', 'NA2019');
INSERT INTO company_actor_profiles (company ,integration_profile ,actor ,connectathon) VALUES ('PHILIPS', 'DEC', 'DEV_OBS_REPORTER', 'NA2019');
INSERT INTO company_actor_profiles (company ,integration_profile ,actor ,connectathon) VALUES ('PHILIPS', 'MHD', 'DOC_CONSUMER', 'NA2019');
INSERT INTO company_actor_profiles (company ,integration_profile ,actor ,connectathon) VALUES ('PHILIPS', 'XDS.b', 'DOC_CONSUMER', 'NA2019');
INSERT INTO company_actor_profiles (company ,integration_profile ,actor ,connectathon) VALUES ('PHILIPS', 'XDS.b', 'DOC_SOURCE', 'NA2019');
INSERT INTO company_actor_profiles (company ,integration_profile ,actor ,connectathon) VALUES ('PHILIPS', 'XDS-I.b', 'IMG_DOC_CONSUMER', 'NA2019');
INSERT INTO company_actor_profiles (company ,integration_profile ,actor ,connectathon) VALUES ('PHILIPS', 'XDS-I.b', 'IMG_DOC_SOURCE', 'NA2019');
INSERT INTO company_actor_profiles (company ,integration_profile ,actor ,connectathon) VALUES ('PHILIPS', 'CATH', 'MOD', 'NA2019');
INSERT INTO company_actor_profiles (company ,integration_profile ,actor ,connectathon) VALUES ('PHILIPS', 'CPI', 'MOD', 'NA2019');
INSERT INTO company_actor_profiles (company ,integration_profile ,actor ,connectathon) VALUES ('PHILIPS', 'REM', 'MOD', 'NA2019');
INSERT INTO company_actor_profiles (company ,integration_profile ,actor ,connectathon) VALUES ('PHILIPS', 'SWF.b', 'MOD', 'NA2019');
INSERT INTO company_actor_profiles (company ,integration_profile ,actor ,connectathon) VALUES ('PHILIPS', 'SWF.b', 'OF', 'NA2019');
INSERT INTO company_actor_profiles (company ,integration_profile ,actor ,connectathon) VALUES ('PHILIPS', 'PIX', 'PAT_IDENTITY_CONSUMER', 'NA2019');
INSERT INTO company_actor_profiles (company ,integration_profile ,actor ,connectathon) VALUES ('PHILIPS', 'PIXm', 'PAT_IDENTITY_CONSUMER', 'NA2019');
INSERT INTO company_actor_profiles (company ,integration_profile ,actor ,connectathon) VALUES ('PHILIPS', 'PAM', 'PDC', 'NA2019');
INSERT INTO company_actor_profiles (company ,integration_profile ,actor ,connectathon) VALUES ('PHILIPS', 'PDQ', 'PDC', 'NA2019');
INSERT INTO company_actor_profiles (company ,integration_profile ,actor ,connectathon) VALUES ('PHILIPS', 'PDQm', 'PDC', 'NA2019');
INSERT INTO company_actor_profiles (company ,integration_profile ,actor ,connectathon) VALUES ('PHILIPS', 'PAM', 'PEC', 'NA2019');
INSERT INTO company_actor_profiles (company ,integration_profile ,actor ,connectathon) VALUES ('PHILIPS', 'SWF.b', 'PPSM', 'NA2019');
INSERT INTO company_actor_profiles (company ,integration_profile ,actor ,connectathon) VALUES ('PHILIPS', 'ATNA', 'SN', 'NA2019');
INSERT INTO company_actor_profiles (company ,integration_profile ,actor ,connectathon) VALUES ('PHILIPS', 'CT', 'TIME_CLIENT', 'NA2019');

INSERT INTO company_actor_profiles (company ,integration_profile ,actor ,connectathon) VALUES ('PRA', 'CRD', 'FORM_ARCHIVER', 'NA2019');
INSERT INTO company_actor_profiles (company ,integration_profile ,actor ,connectathon) VALUES ('PRA', 'CRD', 'FORM_MANAGER', 'NA2019');
INSERT INTO company_actor_profiles (company ,integration_profile ,actor ,connectathon) VALUES ('PRA', 'DSC', 'FORM_MANAGER', 'NA2019');
INSERT INTO company_actor_profiles (company ,integration_profile ,actor ,connectathon) VALUES ('PRA', 'CRD', 'FORM_RECEIVER', 'NA2019');
INSERT INTO company_actor_profiles (company ,integration_profile ,actor ,connectathon) VALUES ('PRA', 'RPE', 'PROC_STATE_MGR', 'NA2019');
INSERT INTO company_actor_profiles (company ,integration_profile ,actor ,connectathon) VALUES ('PRA', 'ATNA', 'SA', 'NA2019');
INSERT INTO company_actor_profiles (company ,integration_profile ,actor ,connectathon) VALUES ('PRA', 'CT', 'TIME_CLIENT', 'NA2019');

INSERT INTO company_actor_profiles (company ,integration_profile ,actor ,connectathon) VALUES ('QUALCOMM-LIFE', 'ACM', 'ACON', 'NA2019');
INSERT INTO company_actor_profiles (company ,integration_profile ,actor ,connectathon) VALUES ('QUALCOMM-LIFE', 'ACM', 'ALERT_RPT', 'NA2019');
INSERT INTO company_actor_profiles (company ,integration_profile ,actor ,connectathon) VALUES ('QUALCOMM-LIFE', 'DEC', 'DEV_OBS_CONSUMER', 'NA2019');
INSERT INTO company_actor_profiles (company ,integration_profile ,actor ,connectathon) VALUES ('QUALCOMM-LIFE', 'DEC', 'DEV_OBS_REPORTER', 'NA2019');
INSERT INTO company_actor_profiles (company ,integration_profile ,actor ,connectathon) VALUES ('QUALCOMM-LIFE', 'PDQ', 'PDS', 'NA2019');
INSERT INTO company_actor_profiles (company ,integration_profile ,actor ,connectathon) VALUES ('QUALCOMM-LIFE', 'CT', 'TIME_CLIENT', 'NA2019');

INSERT INTO company_actor_profiles (company ,integration_profile ,actor ,connectathon) VALUES ('QVERA', 'ATNA', 'AUDIT_CONSUMER', 'NA2019');
INSERT INTO company_actor_profiles (company ,integration_profile ,actor ,connectathon) VALUES ('QVERA', 'mCSD', 'CARE_SERVICES_SELECTIVE_CONS', 'NA2019');
INSERT INTO company_actor_profiles (company ,integration_profile ,actor ,connectathon) VALUES ('QVERA', 'QEDm', 'CLIN_DATA_CONSUMER', 'NA2019');
INSERT INTO company_actor_profiles (company ,integration_profile ,actor ,connectathon) VALUES ('QVERA', 'APPC', 'CONTENT_CREATOR', 'NA2019');
INSERT INTO company_actor_profiles (company ,integration_profile ,actor ,connectathon) VALUES ('QVERA', 'BPPC', 'CONTENT_CREATOR', 'NA2019');
INSERT INTO company_actor_profiles (company ,integration_profile ,actor ,connectathon) VALUES ('QVERA', 'MHD', 'DOC_CONSUMER', 'NA2019');
INSERT INTO company_actor_profiles (company ,integration_profile ,actor ,connectathon) VALUES ('QVERA', 'MHD', 'DOC_RECIPIENT', 'NA2019');
INSERT INTO company_actor_profiles (company ,integration_profile ,actor ,connectathon) VALUES ('QVERA', 'MHD', 'DOC_RESPONDER', 'NA2019');
INSERT INTO company_actor_profiles (company ,integration_profile ,actor ,connectathon) VALUES ('QVERA', 'MHD', 'DOC_SOURCE', 'NA2019');
INSERT INTO company_actor_profiles (company ,integration_profile ,actor ,connectathon) VALUES ('QVERA', 'WIA', 'IMG_DOC_CONSUMER', 'NA2019');
INSERT INTO company_actor_profiles (company ,integration_profile ,actor ,connectathon) VALUES ('QVERA', 'XCA', 'INIT_GATEWAY', 'NA2019');
INSERT INTO company_actor_profiles (company ,integration_profile ,actor ,connectathon) VALUES ('QVERA', 'XCPD', 'INIT_GATEWAY', 'NA2019');
INSERT INTO company_actor_profiles (company ,integration_profile ,actor ,connectathon) VALUES ('QVERA', 'PIX', 'PAT_IDENTITY_CONSUMER', 'NA2019');
INSERT INTO company_actor_profiles (company ,integration_profile ,actor ,connectathon) VALUES ('QVERA', 'PIXm', 'PAT_IDENTITY_CONSUMER', 'NA2019');
INSERT INTO company_actor_profiles (company ,integration_profile ,actor ,connectathon) VALUES ('QVERA', '360X', 'REFERRAL_INITIATOR', 'NA2019');
INSERT INTO company_actor_profiles (company ,integration_profile ,actor ,connectathon) VALUES ('QVERA', '360X', 'REFERRAL_RECIPIENT', 'NA2019');
INSERT INTO company_actor_profiles (company ,integration_profile ,actor ,connectathon) VALUES ('QVERA', 'XCA', 'RESP_GATEWAY', 'NA2019');
INSERT INTO company_actor_profiles (company ,integration_profile ,actor ,connectathon) VALUES ('QVERA', 'XCPD', 'RESP_GATEWAY', 'NA2019');
INSERT INTO company_actor_profiles (company ,integration_profile ,actor ,connectathon) VALUES ('QVERA', 'ATNA', 'SN', 'NA2019');
INSERT INTO company_actor_profiles (company ,integration_profile ,actor ,connectathon) VALUES ('QVERA', 'CT', 'TIME_CLIENT', 'NA2019');

INSERT INTO company_actor_profiles (company ,integration_profile ,actor ,connectathon) VALUES ('Rhapsody', 'XCA', 'DOC_CONSUMER', 'NA2019');
INSERT INTO company_actor_profiles (company ,integration_profile ,actor ,connectathon) VALUES ('Rhapsody', 'XDS.b', 'DOC_CONSUMER', 'NA2019');
INSERT INTO company_actor_profiles (company ,integration_profile ,actor ,connectathon) VALUES ('Rhapsody', 'XDR', 'DOC_RECIPIENT', 'NA2019');
INSERT INTO company_actor_profiles (company ,integration_profile ,actor ,connectathon) VALUES ('Rhapsody', 'XDR', 'DOC_SOURCE', 'NA2019');
INSERT INTO company_actor_profiles (company ,integration_profile ,actor ,connectathon) VALUES ('Rhapsody', 'XDS.b', 'DOC_SOURCE', 'NA2019');
INSERT INTO company_actor_profiles (company ,integration_profile ,actor ,connectathon) VALUES ('Rhapsody', 'PIX', 'PAT_IDENTITY_CONSUMER', 'NA2019');
INSERT INTO company_actor_profiles (company ,integration_profile ,actor ,connectathon) VALUES ('Rhapsody', 'PDQ', 'PDC', 'NA2019');
INSERT INTO company_actor_profiles (company ,integration_profile ,actor ,connectathon) VALUES ('Rhapsody', 'ATNA', 'SA', 'NA2019');
INSERT INTO company_actor_profiles (company ,integration_profile ,actor ,connectathon) VALUES ('Rhapsody', 'CT', 'TIME_CLIENT', 'NA2019');

INSERT INTO company_actor_profiles (company ,integration_profile ,actor ,connectathon) VALUES ('SIEMENS', 'PDI', 'DISPLAY', 'NA2019');
INSERT INTO company_actor_profiles (company ,integration_profile ,actor ,connectathon) VALUES ('SIEMENS', 'ECHO', 'EC', 'NA2019');
INSERT INTO company_actor_profiles (company ,integration_profile ,actor ,connectathon) VALUES ('SIEMENS', 'ED', 'EC', 'NA2019');
INSERT INTO company_actor_profiles (company ,integration_profile ,actor ,connectathon) VALUES ('SIEMENS', 'ED-CARD', 'EC', 'NA2019');
INSERT INTO company_actor_profiles (company ,integration_profile ,actor ,connectathon) VALUES ('SIEMENS', 'SWF.b', 'EC', 'NA2019');
INSERT INTO company_actor_profiles (company ,integration_profile ,actor ,connectathon) VALUES ('SIEMENS', 'ARI', 'ID', 'NA2019');
INSERT INTO company_actor_profiles (company ,integration_profile ,actor ,connectathon) VALUES ('SIEMENS', 'ECHO', 'ID', 'NA2019');
INSERT INTO company_actor_profiles (company ,integration_profile ,actor ,connectathon) VALUES ('SIEMENS', 'PDI', 'ID', 'NA2019');
INSERT INTO company_actor_profiles (company ,integration_profile ,actor ,connectathon) VALUES ('SIEMENS', 'SWF.b', 'ID', 'NA2019');
INSERT INTO company_actor_profiles (company ,integration_profile ,actor ,connectathon) VALUES ('SIEMENS', 'IID', 'IMG_DISPLAY_INVOKER', 'NA2019');
INSERT INTO company_actor_profiles (company ,integration_profile ,actor ,connectathon) VALUES ('SIEMENS', 'ECHO', 'MOD', 'NA2019');
INSERT INTO company_actor_profiles (company ,integration_profile ,actor ,connectathon) VALUES ('SIEMENS', 'ED', 'MOD', 'NA2019');
INSERT INTO company_actor_profiles (company ,integration_profile ,actor ,connectathon) VALUES ('SIEMENS', 'ED-CARD', 'MOD', 'NA2019');
INSERT INTO company_actor_profiles (company ,integration_profile ,actor ,connectathon) VALUES ('SIEMENS', 'SWF.b', 'MOD', 'NA2019');
INSERT INTO company_actor_profiles (company ,integration_profile ,actor ,connectathon) VALUES ('SIEMENS', 'PDI', 'PMC', 'NA2019');
INSERT INTO company_actor_profiles (company ,integration_profile ,actor ,connectathon) VALUES ('SIEMENS', 'PDI', 'PMI', 'NA2019');
INSERT INTO company_actor_profiles (company ,integration_profile ,actor ,connectathon) VALUES ('SIEMENS', 'PDI', 'RRD', 'NA2019');
INSERT INTO company_actor_profiles (company ,integration_profile ,actor ,connectathon) VALUES ('SIEMENS', 'CT', 'TIME_CLIENT', 'NA2019');

INSERT INTO company_actor_profiles (company ,integration_profile ,actor ,connectathon) VALUES ('SMITHS', 'ACM', 'ALERT_RPT', 'NA2019');
INSERT INTO company_actor_profiles (company ,integration_profile ,actor ,connectathon) VALUES ('SMITHS', 'DEC', 'DEV_OBS_REPORTER', 'NA2019');
INSERT INTO company_actor_profiles (company ,integration_profile ,actor ,connectathon) VALUES ('SMITHS', 'IPEC', 'DEV_OBS_REPORTER', 'NA2019');
INSERT INTO company_actor_profiles (company ,integration_profile ,actor ,connectathon) VALUES ('SMITHS', 'MEMDMC', 'DMIR', 'NA2019');
INSERT INTO company_actor_profiles (company ,integration_profile ,actor ,connectathon) VALUES ('SMITHS', 'PIV', 'IOC', 'NA2019');
INSERT INTO company_actor_profiles (company ,integration_profile ,actor ,connectathon) VALUES ('SMITHS', 'MEMLS', 'LOC', 'NA2019');
INSERT INTO company_actor_profiles (company ,integration_profile ,actor ,connectathon) VALUES ('SMITHS', 'CT', 'TIME_CLIENT', 'NA2019');

INSERT INTO company_actor_profiles (company ,integration_profile ,actor ,connectathon) VALUES ('SPOK', 'ACM', 'ALRT_MGR', 'NA2019');
INSERT INTO company_actor_profiles (company ,integration_profile ,actor ,connectathon) VALUES ('SPOK', 'CT', 'TIME_CLIENT', 'NA2019');

INSERT INTO company_actor_profiles (company ,integration_profile ,actor ,connectathon) VALUES ('SS', 'XCA', 'INIT_GATEWAY', 'NA2019');
INSERT INTO company_actor_profiles (company ,integration_profile ,actor ,connectathon) VALUES ('SS', 'XCPD', 'INIT_GATEWAY', 'NA2019');
INSERT INTO company_actor_profiles (company ,integration_profile ,actor ,connectathon) VALUES ('SS', 'XCA', 'RESP_GATEWAY', 'NA2019');
INSERT INTO company_actor_profiles (company ,integration_profile ,actor ,connectathon) VALUES ('SS', 'XCPD', 'RESP_GATEWAY', 'NA2019');
INSERT INTO company_actor_profiles (company ,integration_profile ,actor ,connectathon) VALUES ('SS', 'ATNA', 'SA', 'NA2019');
INSERT INTO company_actor_profiles (company ,integration_profile ,actor ,connectathon) VALUES ('SS', 'CT', 'TIME_CLIENT', 'NA2019');

INSERT INTO company_actor_profiles (company ,integration_profile ,actor ,connectathon) VALUES ('STANLEY', 'DEC', 'DEV_OBS_CONSUMER', 'NA2019');
INSERT INTO company_actor_profiles (company ,integration_profile ,actor ,connectathon) VALUES ('STANLEY', 'IPEC', 'DEV_OBS_CONSUMER', 'NA2019');
INSERT INTO company_actor_profiles (company ,integration_profile ,actor ,connectathon) VALUES ('STANLEY', 'MEMDMC', 'DMIC', 'NA2019');
INSERT INTO company_actor_profiles (company ,integration_profile ,actor ,connectathon) VALUES ('STANLEY', 'MEMLS', 'LOR', 'NA2019');
INSERT INTO company_actor_profiles (company ,integration_profile ,actor ,connectathon) VALUES ('STANLEY', 'CT', 'TIME_CLIENT', 'NA2019');

INSERT INTO company_actor_profiles (company ,integration_profile ,actor ,connectathon) VALUES ('Talis', 'DEC', 'DEV_OBS_CONSUMER', 'NA2019');
INSERT INTO company_actor_profiles (company ,integration_profile ,actor ,connectathon) VALUES ('Talis', 'DEC', 'DEV_OBS_REPORTER', 'NA2019');
INSERT INTO company_actor_profiles (company ,integration_profile ,actor ,connectathon) VALUES ('Talis', 'IPEC', 'DEV_OBS_REPORTER', 'NA2019');
INSERT INTO company_actor_profiles (company ,integration_profile ,actor ,connectathon) VALUES ('Talis', 'CT', 'TIME_CLIENT', 'NA2019');

INSERT INTO company_actor_profiles (company ,integration_profile ,actor ,connectathon) VALUES ('TALON', 'PAM', 'PDC', 'NA2019');
INSERT INTO company_actor_profiles (company ,integration_profile ,actor ,connectathon) VALUES ('TALON', 'PAM', 'PEC', 'NA2019');
INSERT INTO company_actor_profiles (company ,integration_profile ,actor ,connectathon) VALUES ('TALON', 'ATNA', 'SA', 'NA2019');
INSERT INTO company_actor_profiles (company ,integration_profile ,actor ,connectathon) VALUES ('TALON', 'CT', 'TIME_CLIENT', 'NA2019');

INSERT INTO company_actor_profiles (company ,integration_profile ,actor ,connectathon) VALUES ('SPIRIT-CISCO', 'SWF.b', 'ADT', 'NA2019');
INSERT INTO company_actor_profiles (company ,integration_profile ,actor ,connectathon) VALUES ('SPIRIT-CISCO', 'ATNA', 'ARR', 'NA2019');
INSERT INTO company_actor_profiles (company ,integration_profile ,actor ,connectathon) VALUES ('SPIRIT-CISCO', 'ATNA', 'AUDIT_CONSUMER', 'NA2019');
INSERT INTO company_actor_profiles (company ,integration_profile ,actor ,connectathon) VALUES ('SPIRIT-CISCO', 'ATNA', 'AUDIT_RECORD_FORWARDER', 'NA2019');
INSERT INTO company_actor_profiles (company ,integration_profile ,actor ,connectathon) VALUES ('SPIRIT-CISCO', 'IUA', 'AUTH_CLIENT', 'NA2019');
INSERT INTO company_actor_profiles (company ,integration_profile ,actor ,connectathon) VALUES ('SPIRIT-CISCO', 'IUA', 'AUTH_SERVER', 'NA2019');
INSERT INTO company_actor_profiles (company ,integration_profile ,actor ,connectathon) VALUES ('SPIRIT-CISCO', 'BPPC', 'CONTENT_CONSUMER', 'NA2019');
INSERT INTO company_actor_profiles (company ,integration_profile ,actor ,connectathon) VALUES ('SPIRIT-CISCO', 'CANCER_REGISTRY_1.1', 'CONTENT_CONSUMER', 'NA2019');
INSERT INTO company_actor_profiles (company ,integration_profile ,actor ,connectathon) VALUES ('SPIRIT-CISCO', 'C-CDA2.1_CONSUMERS', 'CONTENT_CONSUMER', 'NA2019');
INSERT INTO company_actor_profiles (company ,integration_profile ,actor ,connectathon) VALUES ('SPIRIT-CISCO', 'DSG', 'CONTENT_CONSUMER', 'NA2019');
INSERT INTO company_actor_profiles (company ,integration_profile ,actor ,connectathon) VALUES ('SPIRIT-CISCO', 'IC', 'CONTENT_CONSUMER', 'NA2019');
INSERT INTO company_actor_profiles (company ,integration_profile ,actor ,connectathon) VALUES ('SPIRIT-CISCO', 'LDS', 'CONTENT_CONSUMER', 'NA2019');
INSERT INTO company_actor_profiles (company ,integration_profile ,actor ,connectathon) VALUES ('SPIRIT-CISCO', 'NN', 'CONTENT_CONSUMER', 'NA2019');
INSERT INTO company_actor_profiles (company ,integration_profile ,actor ,connectathon) VALUES ('SPIRIT-CISCO', 'TN', 'CONTENT_CONSUMER', 'NA2019');
INSERT INTO company_actor_profiles (company ,integration_profile ,actor ,connectathon) VALUES ('SPIRIT-CISCO', 'XDS-SD', 'CONTENT_CONSUMER', 'NA2019');
INSERT INTO company_actor_profiles (company ,integration_profile ,actor ,connectathon) VALUES ('SPIRIT-CISCO', 'XDW', 'CONTENT_CONSUMER', 'NA2019');
INSERT INTO company_actor_profiles (company ,integration_profile ,actor ,connectathon) VALUES ('SPIRIT-CISCO', 'BPPC', 'CONTENT_CREATOR', 'NA2019');
INSERT INTO company_actor_profiles (company ,integration_profile ,actor ,connectathon) VALUES ('SPIRIT-CISCO', 'DIS', 'CONTENT_CREATOR', 'NA2019');
INSERT INTO company_actor_profiles (company ,integration_profile ,actor ,connectathon) VALUES ('SPIRIT-CISCO', 'DSG', 'CONTENT_CREATOR', 'NA2019');
INSERT INTO company_actor_profiles (company ,integration_profile ,actor ,connectathon) VALUES ('SPIRIT-CISCO', 'EDPN', 'CONTENT_CREATOR', 'NA2019');
INSERT INTO company_actor_profiles (company ,integration_profile ,actor ,connectathon) VALUES ('SPIRIT-CISCO', 'EDR', 'CONTENT_CREATOR', 'NA2019');
INSERT INTO company_actor_profiles (company ,integration_profile ,actor ,connectathon) VALUES ('SPIRIT-CISCO', 'IC', 'CONTENT_CREATOR', 'NA2019');
INSERT INTO company_actor_profiles (company ,integration_profile ,actor ,connectathon) VALUES ('SPIRIT-CISCO', 'LDS', 'CONTENT_CREATOR', 'NA2019');
INSERT INTO company_actor_profiles (company ,integration_profile ,actor ,connectathon) VALUES ('SPIRIT-CISCO', 'PADV', 'CONTENT_CREATOR', 'NA2019');
INSERT INTO company_actor_profiles (company ,integration_profile ,actor ,connectathon) VALUES ('SPIRIT-CISCO', 'PRE', 'CONTENT_CREATOR', 'NA2019');
INSERT INTO company_actor_profiles (company ,integration_profile ,actor ,connectathon) VALUES ('SPIRIT-CISCO', 'XD-LAB', 'CONTENT_CREATOR', 'NA2019');
INSERT INTO company_actor_profiles (company ,integration_profile ,actor ,connectathon) VALUES ('SPIRIT-CISCO', 'XDS-MS', 'CONTENT_CREATOR', 'NA2019');
INSERT INTO company_actor_profiles (company ,integration_profile ,actor ,connectathon) VALUES ('SPIRIT-CISCO', 'XDS-SD', 'CONTENT_CREATOR', 'NA2019');
INSERT INTO company_actor_profiles (company ,integration_profile ,actor ,connectathon) VALUES ('SPIRIT-CISCO', 'XDW', 'CONTENT_CREATOR', 'NA2019');
INSERT INTO company_actor_profiles (company ,integration_profile ,actor ,connectathon) VALUES ('SPIRIT-CISCO', 'XPHR', 'CONTENT_CREATOR', 'NA2019');
INSERT INTO company_actor_profiles (company ,integration_profile ,actor ,connectathon) VALUES ('SPIRIT-CISCO', 'XDW', 'CONTENT_UPDATER', 'NA2019');
INSERT INTO company_actor_profiles (company ,integration_profile ,actor ,connectathon) VALUES ('SPIRIT-CISCO', 'DSUB', 'DM_NOTIF_BROKER', 'NA2019');
INSERT INTO company_actor_profiles (company ,integration_profile ,actor ,connectathon) VALUES ('SPIRIT-CISCO', 'RMD', 'DOC_ADMINISTRATOR', 'NA2019');
INSERT INTO company_actor_profiles (company ,integration_profile ,actor ,connectathon) VALUES ('SPIRIT-CISCO', 'XDS.b', 'DOC_ADMINISTRATOR', 'NA2019');
INSERT INTO company_actor_profiles (company ,integration_profile ,actor ,connectathon) VALUES ('SPIRIT-CISCO', 'MHD', 'DOC_CONSUMER', 'NA2019');
INSERT INTO company_actor_profiles (company ,integration_profile ,actor ,connectathon) VALUES ('SPIRIT-CISCO', 'XCA', 'DOC_CONSUMER', 'NA2019');
INSERT INTO company_actor_profiles (company ,integration_profile ,actor ,connectathon) VALUES ('SPIRIT-CISCO', 'XDS.b', 'DOC_CONSUMER', 'NA2019');
INSERT INTO company_actor_profiles (company ,integration_profile ,actor ,connectathon) VALUES ('SPIRIT-CISCO', 'XDS-I.b', 'DOC_CONSUMER', 'NA2019');
INSERT INTO company_actor_profiles (company ,integration_profile ,actor ,connectathon) VALUES ('SPIRIT-CISCO', 'MHD', 'DOC_RECIPIENT', 'NA2019');
INSERT INTO company_actor_profiles (company ,integration_profile ,actor ,connectathon) VALUES ('SPIRIT-CISCO', 'XDR', 'DOC_RECIPIENT', 'NA2019');
INSERT INTO company_actor_profiles (company ,integration_profile ,actor ,connectathon) VALUES ('SPIRIT-CISCO', 'MPQ', 'DOC_REGISTRY', 'NA2019');
INSERT INTO company_actor_profiles (company ,integration_profile ,actor ,connectathon) VALUES ('SPIRIT-CISCO', 'RMD', 'DOC_REGISTRY', 'NA2019');
INSERT INTO company_actor_profiles (company ,integration_profile ,actor ,connectathon) VALUES ('SPIRIT-CISCO', 'XDS.b', 'DOC_REGISTRY', 'NA2019');
INSERT INTO company_actor_profiles (company ,integration_profile ,actor ,connectathon) VALUES ('SPIRIT-CISCO', 'XDS-I.b', 'DOC_REGISTRY', 'NA2019');
INSERT INTO company_actor_profiles (company ,integration_profile ,actor ,connectathon) VALUES ('SPIRIT-CISCO', 'XPID', 'DOC_REGISTRY', 'NA2019');
INSERT INTO company_actor_profiles (company ,integration_profile ,actor ,connectathon) VALUES ('SPIRIT-CISCO', 'RMD', 'DOC_REPOSITORY', 'NA2019');
INSERT INTO company_actor_profiles (company ,integration_profile ,actor ,connectathon) VALUES ('SPIRIT-CISCO', 'XDS.b', 'DOC_REPOSITORY', 'NA2019');
INSERT INTO company_actor_profiles (company ,integration_profile ,actor ,connectathon) VALUES ('SPIRIT-CISCO', 'XDS-I.b', 'DOC_REPOSITORY', 'NA2019');
INSERT INTO company_actor_profiles (company ,integration_profile ,actor ,connectathon) VALUES ('SPIRIT-CISCO', 'MHD', 'DOC_RESPONDER', 'NA2019');
INSERT INTO company_actor_profiles (company ,integration_profile ,actor ,connectathon) VALUES ('SPIRIT-CISCO', 'MHD', 'DOC_SOURCE', 'NA2019');
INSERT INTO company_actor_profiles (company ,integration_profile ,actor ,connectathon) VALUES ('SPIRIT-CISCO', 'XDR', 'DOC_SOURCE', 'NA2019');
INSERT INTO company_actor_profiles (company ,integration_profile ,actor ,connectathon) VALUES ('SPIRIT-CISCO', 'XDS.b', 'DOC_SOURCE', 'NA2019');
INSERT INTO company_actor_profiles (company ,integration_profile ,actor ,connectathon) VALUES ('SPIRIT-CISCO', 'XDS.b', 'EMBED_REPOS', 'NA2019');
INSERT INTO company_actor_profiles (company ,integration_profile ,actor ,connectathon) VALUES ('SPIRIT-CISCO', 'CRD', 'FORM_FILLER', 'NA2019');
INSERT INTO company_actor_profiles (company ,integration_profile ,actor ,connectathon) VALUES ('SPIRIT-CISCO', 'RFD', 'FORM_FILLER', 'NA2019');
INSERT INTO company_actor_profiles (company ,integration_profile ,actor ,connectathon) VALUES ('SPIRIT-CISCO', 'CRD', 'FORM_MANAGER', 'NA2019');
INSERT INTO company_actor_profiles (company ,integration_profile ,actor ,connectathon) VALUES ('SPIRIT-CISCO', 'DSC', 'FORM_MANAGER', 'NA2019');
INSERT INTO company_actor_profiles (company ,integration_profile ,actor ,connectathon) VALUES ('SPIRIT-CISCO', 'RFD', 'FORM_MANAGER', 'NA2019');
INSERT INTO company_actor_profiles (company ,integration_profile ,actor ,connectathon) VALUES ('SPIRIT-CISCO', 'ARI', 'ID', 'NA2019');
INSERT INTO company_actor_profiles (company ,integration_profile ,actor ,connectathon) VALUES ('SPIRIT-CISCO', 'CATH', 'ID', 'NA2019');
INSERT INTO company_actor_profiles (company ,integration_profile ,actor ,connectathon) VALUES ('SPIRIT-CISCO', 'CPI', 'ID', 'NA2019');
INSERT INTO company_actor_profiles (company ,integration_profile ,actor ,connectathon) VALUES ('SPIRIT-CISCO', 'ECHO', 'ID', 'NA2019');
INSERT INTO company_actor_profiles (company ,integration_profile ,actor ,connectathon) VALUES ('SPIRIT-CISCO', 'IID', 'ID', 'NA2019');
INSERT INTO company_actor_profiles (company ,integration_profile ,actor ,connectathon) VALUES ('SPIRIT-CISCO', 'KIN', 'ID', 'NA2019');
INSERT INTO company_actor_profiles (company ,integration_profile ,actor ,connectathon) VALUES ('SPIRIT-CISCO', 'SWF.b', 'ID', 'NA2019');
INSERT INTO company_actor_profiles (company ,integration_profile ,actor ,connectathon) VALUES ('SPIRIT-CISCO', 'ARI', 'IM', 'NA2019');
INSERT INTO company_actor_profiles (company ,integration_profile ,actor ,connectathon) VALUES ('SPIRIT-CISCO', 'CATH', 'IM', 'NA2019');
INSERT INTO company_actor_profiles (company ,integration_profile ,actor ,connectathon) VALUES ('SPIRIT-CISCO', 'CPI', 'IM', 'NA2019');
INSERT INTO company_actor_profiles (company ,integration_profile ,actor ,connectathon) VALUES ('SPIRIT-CISCO', 'ECHO', 'IM', 'NA2019');
INSERT INTO company_actor_profiles (company ,integration_profile ,actor ,connectathon) VALUES ('SPIRIT-CISCO', 'ED', 'IM', 'NA2019');
INSERT INTO company_actor_profiles (company ,integration_profile ,actor ,connectathon) VALUES ('SPIRIT-CISCO', 'ED-CARD', 'IM', 'NA2019');
INSERT INTO company_actor_profiles (company ,integration_profile ,actor ,connectathon) VALUES ('SPIRIT-CISCO', 'REM', 'IM', 'NA2019');
INSERT INTO company_actor_profiles (company ,integration_profile ,actor ,connectathon) VALUES ('SPIRIT-CISCO', 'SWF.b', 'IM', 'NA2019');
INSERT INTO company_actor_profiles (company ,integration_profile ,actor ,connectathon) VALUES ('SPIRIT-CISCO', 'XCA-I', 'IMG_DOC_CONSUMER', 'NA2019');
INSERT INTO company_actor_profiles (company ,integration_profile ,actor ,connectathon) VALUES ('SPIRIT-CISCO', 'XDS-I.b', 'IMG_DOC_CONSUMER', 'NA2019');
INSERT INTO company_actor_profiles (company ,integration_profile ,actor ,connectathon) VALUES ('SPIRIT-CISCO', 'XCA-I', 'IMG_DOC_SOURCE', 'NA2019');
INSERT INTO company_actor_profiles (company ,integration_profile ,actor ,connectathon) VALUES ('SPIRIT-CISCO', 'XDS-I.b', 'IMG_DOC_SOURCE', 'NA2019');
INSERT INTO company_actor_profiles (company ,integration_profile ,actor ,connectathon) VALUES ('SPIRIT-CISCO', 'XCA', 'INIT_GATEWAY', 'NA2019');
INSERT INTO company_actor_profiles (company ,integration_profile ,actor ,connectathon) VALUES ('SPIRIT-CISCO', 'XCF', 'INIT_GATEWAY', 'NA2019');
INSERT INTO company_actor_profiles (company ,integration_profile ,actor ,connectathon) VALUES ('SPIRIT-CISCO', 'XCPD', 'INIT_GATEWAY', 'NA2019');
INSERT INTO company_actor_profiles (company ,integration_profile ,actor ,connectathon) VALUES ('SPIRIT-CISCO', 'XCA-I', 'INIT_IMG_GATEWAY', 'NA2019');
INSERT INTO company_actor_profiles (company ,integration_profile ,actor ,connectathon) VALUES ('SPIRIT-CISCO', 'XDS.b', 'ON_DEMAND_DOC_SOURCE', 'NA2019');
INSERT INTO company_actor_profiles (company ,integration_profile ,actor ,connectathon) VALUES ('SPIRIT-CISCO', 'PIX', 'PAT_IDENTITY_CONSUMER', 'NA2019');
INSERT INTO company_actor_profiles (company ,integration_profile ,actor ,connectathon) VALUES ('SPIRIT-CISCO', 'PIXm', 'PAT_IDENTITY_CONSUMER', 'NA2019');
INSERT INTO company_actor_profiles (company ,integration_profile ,actor ,connectathon) VALUES ('SPIRIT-CISCO', 'PIXV3', 'PAT_IDENTITY_CONSUMER', 'NA2019');
INSERT INTO company_actor_profiles (company ,integration_profile ,actor ,connectathon) VALUES ('SPIRIT-CISCO', 'PIX', 'PAT_IDENTITY_SRC', 'NA2019');
INSERT INTO company_actor_profiles (company ,integration_profile ,actor ,connectathon) VALUES ('SPIRIT-CISCO', 'PIXV3', 'PAT_IDENTITY_SRC', 'NA2019');
INSERT INTO company_actor_profiles (company ,integration_profile ,actor ,connectathon) VALUES ('SPIRIT-CISCO', 'XDS.b', 'PAT_IDENTITY_SRC', 'NA2019');
INSERT INTO company_actor_profiles (company ,integration_profile ,actor ,connectathon) VALUES ('SPIRIT-CISCO', 'PIX', 'PAT_IDENTITY_X_REF_MGR', 'NA2019');
INSERT INTO company_actor_profiles (company ,integration_profile ,actor ,connectathon) VALUES ('SPIRIT-CISCO', 'PIXm', 'PAT_IDENTITY_X_REF_MGR', 'NA2019');
INSERT INTO company_actor_profiles (company ,integration_profile ,actor ,connectathon) VALUES ('SPIRIT-CISCO', 'PIXV3', 'PAT_IDENTITY_X_REF_MGR', 'NA2019');
INSERT INTO company_actor_profiles (company ,integration_profile ,actor ,connectathon) VALUES ('SPIRIT-CISCO', 'XPID', 'PAT_IDENTITY_X_REF_MGR', 'NA2019');
INSERT INTO company_actor_profiles (company ,integration_profile ,actor ,connectathon) VALUES ('SPIRIT-CISCO', 'PAM', 'PDC', 'NA2019');
INSERT INTO company_actor_profiles (company ,integration_profile ,actor ,connectathon) VALUES ('SPIRIT-CISCO', 'PDQ', 'PDC', 'NA2019');
INSERT INTO company_actor_profiles (company ,integration_profile ,actor ,connectathon) VALUES ('SPIRIT-CISCO', 'PDQm', 'PDC', 'NA2019');
INSERT INTO company_actor_profiles (company ,integration_profile ,actor ,connectathon) VALUES ('SPIRIT-CISCO', 'PDQV3', 'PDC', 'NA2019');
INSERT INTO company_actor_profiles (company ,integration_profile ,actor ,connectathon) VALUES ('SPIRIT-CISCO', 'PDQ', 'PDS', 'NA2019');
INSERT INTO company_actor_profiles (company ,integration_profile ,actor ,connectathon) VALUES ('SPIRIT-CISCO', 'PDQm', 'PDS', 'NA2019');
INSERT INTO company_actor_profiles (company ,integration_profile ,actor ,connectathon) VALUES ('SPIRIT-CISCO', 'PDQV3', 'PDS', 'NA2019');
INSERT INTO company_actor_profiles (company ,integration_profile ,actor ,connectathon) VALUES ('SPIRIT-CISCO', 'PAM', 'PEC', 'NA2019');
INSERT INTO company_actor_profiles (company ,integration_profile ,actor ,connectathon) VALUES ('SPIRIT-CISCO', 'XDM', 'PMC', 'NA2019');
INSERT INTO company_actor_profiles (company ,integration_profile ,actor ,connectathon) VALUES ('SPIRIT-CISCO', 'XDM', 'PMI', 'NA2019');
INSERT INTO company_actor_profiles (company ,integration_profile ,actor ,connectathon) VALUES ('SPIRIT-CISCO', 'CATH', 'PPSM', 'NA2019');
INSERT INTO company_actor_profiles (company ,integration_profile ,actor ,connectathon) VALUES ('SPIRIT-CISCO', 'ECHO', 'PPSM', 'NA2019');
INSERT INTO company_actor_profiles (company ,integration_profile ,actor ,connectathon) VALUES ('SPIRIT-CISCO', 'SWF.b', 'PPSM', 'NA2019');
INSERT INTO company_actor_profiles (company ,integration_profile ,actor ,connectathon) VALUES ('SPIRIT-CISCO', 'HPD', 'PROV_INFO_CONS', 'NA2019');
INSERT INTO company_actor_profiles (company ,integration_profile ,actor ,connectathon) VALUES ('SPIRIT-CISCO', 'HPD', 'PROV_INFO_DIR', 'NA2019');
INSERT INTO company_actor_profiles (company ,integration_profile ,actor ,connectathon) VALUES ('SPIRIT-CISCO', 'HPD', 'PROV_INFO_SRC', 'NA2019');
INSERT INTO company_actor_profiles (company ,integration_profile ,actor ,connectathon) VALUES ('SPIRIT-CISCO', 'IUA', 'RESOURCE_SERVER', 'NA2019');
INSERT INTO company_actor_profiles (company ,integration_profile ,actor ,connectathon) VALUES ('SPIRIT-CISCO', 'XCA', 'RESP_GATEWAY', 'NA2019');
INSERT INTO company_actor_profiles (company ,integration_profile ,actor ,connectathon) VALUES ('SPIRIT-CISCO', 'XCF', 'RESP_GATEWAY', 'NA2019');
INSERT INTO company_actor_profiles (company ,integration_profile ,actor ,connectathon) VALUES ('SPIRIT-CISCO', 'XCPD', 'RESP_GATEWAY', 'NA2019');
INSERT INTO company_actor_profiles (company ,integration_profile ,actor ,connectathon) VALUES ('SPIRIT-CISCO', 'XCA-I', 'RESP_IMG_GATEWAY', 'NA2019');
INSERT INTO company_actor_profiles (company ,integration_profile ,actor ,connectathon) VALUES ('SPIRIT-CISCO', 'ATNA', 'SA', 'NA2019');
INSERT INTO company_actor_profiles (company ,integration_profile ,actor ,connectathon) VALUES ('SPIRIT-CISCO', 'ATNA', 'SN', 'NA2019');
INSERT INTO company_actor_profiles (company ,integration_profile ,actor ,connectathon) VALUES ('SPIRIT-CISCO', 'CT', 'TIME_CLIENT', 'NA2019');
INSERT INTO company_actor_profiles (company ,integration_profile ,actor ,connectathon) VALUES ('SPIRIT-CISCO', 'CT', 'TS', 'NA2019');
INSERT INTO company_actor_profiles (company ,integration_profile ,actor ,connectathon) VALUES ('SPIRIT-CISCO', 'SVS', 'VALUE_SET_CONSUMER', 'NA2019');
INSERT INTO company_actor_profiles (company ,integration_profile ,actor ,connectathon) VALUES ('SPIRIT-CISCO', 'XUA', 'X-SERVICE-PROVIDER', 'NA2019');
INSERT INTO company_actor_profiles (company ,integration_profile ,actor ,connectathon) VALUES ('SPIRIT-CISCO', 'XUA', 'X-SERVICE-USER', 'NA2019');


  INSERT INTO company_actor_profiles (company ,integration_profile ,actor ,connectathon) VALUES ('Tryforin', 'C-CDA2.1_CONSUMERS', 'CONTENT_CONSUMER', 'NA2019');
  INSERT INTO company_actor_profiles (company ,integration_profile ,actor ,connectathon) VALUES ('Tryforin', 'XDR', 'DOC_RECIPIENT', 'NA2019');
  INSERT INTO company_actor_profiles (company ,integration_profile ,actor ,connectathon) VALUES ('Tryforin', 'CT', 'TIME_CLIENT', 'NA2019');

INSERT INTO company_actor_profiles (company ,integration_profile ,actor ,connectathon) VALUES ('UDOH', 'mRFD', 'FORM_MANAGER', 'NA2019');
INSERT INTO company_actor_profiles (company ,integration_profile ,actor ,connectathon) VALUES ('UDOH', 'BFDR-E', 'FORM_PROCESSOR', 'NA2019');
INSERT INTO company_actor_profiles (company ,integration_profile ,actor ,connectathon) VALUES ('UDOH', 'VRDR', 'FORM_PROC_MSG_EXPORTER', 'NA2019');
INSERT INTO company_actor_profiles (company ,integration_profile ,actor ,connectathon) VALUES ('UDOH', 'BFDR-E', 'INFO_SRC_HL7', 'NA2019');
INSERT INTO company_actor_profiles (company ,integration_profile ,actor ,connectathon) VALUES ('UDOH', 'VRDR', 'INFO_SRC_HL7', 'NA2019');

INSERT INTO company_actor_profiles (company ,integration_profile ,actor ,connectathon) VALUES ('VITAL', 'ATNA', 'ARR', 'NA2019');
INSERT INTO company_actor_profiles (company ,integration_profile ,actor ,connectathon) VALUES ('VITAL', 'IUA', 'AUTH_CLIENT', 'NA2019');
INSERT INTO company_actor_profiles (company ,integration_profile ,actor ,connectathon) VALUES ('VITAL', 'MHD', 'DOC_CONSUMER', 'NA2019');
INSERT INTO company_actor_profiles (company ,integration_profile ,actor ,connectathon) VALUES ('VITAL', 'WIA', 'IMG_DOC_RESPONDER', 'NA2019');
INSERT INTO company_actor_profiles (company ,integration_profile ,actor ,connectathon) VALUES ('VITAL', 'WIA', 'IMG_DOC_SOURCE', 'NA2019');
INSERT INTO company_actor_profiles (company ,integration_profile ,actor ,connectathon) VALUES ('VITAL', 'ATNA', 'SA', 'NA2019');
INSERT INTO company_actor_profiles (company ,integration_profile ,actor ,connectathon) VALUES ('VITAL', 'CT', 'TIME_CLIENT', 'NA2019');

INSERT INTO company_actor_profiles (company ,integration_profile ,actor ,connectathon) VALUES ('Voalte', 'ACM', 'ALRT_COMMUNICATOR', 'NA2019');
INSERT INTO company_actor_profiles (company ,integration_profile ,actor ,connectathon) VALUES ('Voalte', 'CT', 'TIME_CLIENT', 'NA2019');

INSERT INTO company_actor_profiles (company ,integration_profile ,actor ,connectathon) VALUES ('Vocera', 'ACM', 'ALRT_MGR', 'NA2019');
INSERT INTO company_actor_profiles (company ,integration_profile ,actor ,connectathon) VALUES ('Vocera', 'CT', 'TIME_CLIENT', 'NA2019');

INSERT INTO company_actor_profiles (company ,integration_profile ,actor ,connectathon) VALUES ('VVC', 'QEDm', 'CLIN_DATA_SOURCE', 'NA2019');
INSERT INTO company_actor_profiles (company ,integration_profile ,actor ,connectathon) VALUES ('VVC', 'C-CDA2.1_PROGRESS', 'CONTENT_CREATOR', 'NA2019');
INSERT INTO company_actor_profiles (company ,integration_profile ,actor ,connectathon) VALUES ('VVC', 'PDQm', 'PDS', 'NA2019');
INSERT INTO company_actor_profiles (company ,integration_profile ,actor ,connectathon) VALUES ('Yonsei Univ.', 'SWF.b', 'MOD', 'NA2019');
