INSERT INTO pr_search_log_report (id, search_date, search_performer, performer_ip_address, performer_hostname, browser_information, search_type, intersection_search, number_of_found_integration_statements, list_of_found_integration_statements, performer_city, performer_country) VALUES (274, '2009-10-05 18:09:48.268', NULL, '99.231.98.233', 'CPE000f3dbad5af-CM0011e67c1111.cpe.net.cable.rogers.com', 'Mozilla/5.0 (Windows; U; Windows NT 5.1; en-US; rv:1.9.1.3) Gecko/20090824 Firefox/3.5.3 (.NET CLR 3.5.30729)', 'DEFAULT_SEARCH_COMPANY', false, 4, '(Id = 23, Name = Acuson S2000, Version = 1.0)<br/> (Id = 13, Name = syngo Dynamics Workplace, Version = 7.0)<br/> (Id = 14, Name = syngo MultiModality Workplace, Version = 2006A 2006B)<br/> (Id = 15, Name = syngo Suite, Version = V35A)<br/> ', NULL, NULL);
INSERT INTO pr_search_log_report (id, search_date, search_performer, performer_ip_address, performer_hostname, browser_information, search_type, intersection_search, number_of_found_integration_statements, list_of_found_integration_statements, performer_city, performer_country) VALUES (275, '2009-10-05 18:45:08.727', NULL, '99.231.98.233', 'CPE000f3dbad5af-CM0011e67c1111.cpe.net.cable.rogers.com', 'Mozilla/5.0 (Windows; U; Windows NT 5.1; en-US; rv:1.9.1.3) Gecko/20090824 Firefox/3.5.3 (.NET CLR 3.5.30729)', 'DEFAULT_SEARCH_COMPANY', false, 1, '(Id = 3, Name = IMPAX, Version = 6.2.x & 6.3.x)<br/> ', NULL, NULL);
INSERT INTO pr_search_log_report (id, search_date, search_performer, performer_ip_address, performer_hostname, browser_information, search_type, intersection_search, number_of_found_integration_statements, list_of_found_integration_statements, performer_city, performer_country) VALUES (276, '2009-10-06 10:40:47.721', NULL, '62.49.153.169', 'mailgate.cambridge-imaging.co.uk', 'Mozilla/5.0 (Windows; U; Windows NT 6.1; en-US) AppleWebKit/532.0 (KHTML, like Gecko) Chrome/3.0.195.24 Safari/532.0', 'DEFAULT_SEARCH_SYSTEM_TYPE', false, 2, '(Id = 11, Name = XDS Suite for IBM Health Information Exchange, Version = 2.1)<br/> (Id = 22, Name = xDL, Version = 3)<br/> ', NULL, NULL);
INSERT INTO pr_search_log_report (id, search_date, search_performer, performer_ip_address, performer_hostname, browser_information, search_type, intersection_search, number_of_found_integration_statements, list_of_found_integration_statements, performer_city, performer_country) VALUES (277, '2009-10-06 10:41:02.651', NULL, '62.49.153.169', 'mailgate.cambridge-imaging.co.uk', 'Mozilla/5.0 (Windows; U; Windows NT 6.1; en-US) AppleWebKit/532.0 (KHTML, like Gecko) Chrome/3.0.195.24 Safari/532.0', 'DEFAULT_SEARCH_SYSTEM_TYPE', false, 3, '(Id = 13, Name = syngo Dynamics Workplace, Version = 7.0)<br/> (Id = 14, Name = syngo MultiModality Workplace, Version = 2006A 2006B)<br/> (Id = 22, Name = xDL, Version = 3)<br/> ', NULL, NULL);
INSERT INTO pr_search_log_report (id, search_date, search_performer, performer_ip_address, performer_hostname, browser_information, search_type, intersection_search, number_of_found_integration_statements, list_of_found_integration_statements, performer_city, performer_country) VALUES (278, '2009-10-07 00:05:53.823', NULL, '86.17.249.83', 'cpc3-glfd3-0-0-cust338.glfd.cable.ntl.com', 'Mozilla/5.0 (Macintosh; U; Intel Mac OS X 10.5; en-US; rv:1.9.1.3) Gecko/20090824 Firefox/3.5.3', 'DEFAULT_SEARCH_COMPANY', false, 1, '(Id = 11, Name = XDS Suite for IBM Health Information Exchange, Version = 2.1)<br/> ', NULL, NULL);
INSERT INTO pr_search_log_report (id, search_date, search_performer, performer_ip_address, performer_hostname, browser_information, search_type, intersection_search, number_of_found_integration_statements, list_of_found_integration_statements, performer_city, performer_country) VALUES (279, '2009-10-09 18:12:43.073', NULL, '75.57.121.2', '75.57.121.2', 'Mozilla/5.0 (Windows; U; Windows NT 5.1; en-US; rv:1.9.1.3) Gecko/20090824 Firefox/3.5.3 GTB5', 'DEFAULT_SEARCH_COMPANY', false, 1, '(Id = 19, Name = M7, Version = 1.0)<br/> ', NULL, NULL);
INSERT INTO pr_search_log_report (id, search_date, search_performer, performer_ip_address, performer_hostname, browser_information, search_type, intersection_search, number_of_found_integration_statements, list_of_found_integration_statements, performer_city, performer_country) VALUES (280, '2009-10-09 20:24:54.161', NULL, '216.156.81.230', '216.156.81.230.ptr.us.xo.net', 'Mozilla/4.0 (compatible; MSIE 7.0; Windows NT 6.0; Trident/4.0; SLCC1; .NET CLR 2.0.50727; .NET CLR 3.5.30729; .NET CLR 3.0.30729; MSN OptimizedIE8;ENUS)', 'DEFAULT_SEARCH_COMPANY', false, 1, '(Id = 11, Name = XDS Suite for IBM Health Information Exchange, Version = 2.1)<br/> ', NULL, NULL);
INSERT INTO pr_search_log_report (id, search_date, search_performer, performer_ip_address, performer_hostname, browser_information, search_type, intersection_search, number_of_found_integration_statements, list_of_found_integration_statements, performer_city, performer_country) VALUES (281, '2009-10-12 13:07:12.313', NULL, '134.54.0.8', '134.54.0.8', 'Mozilla/4.0 (compatible; MSIE 6.0; Windows NT 5.1; SV1; GTB6; .NET CLR 1.1.4322; .NET CLR 2.0.50727; .NET CLR 3.0.4506.2152; .NET CLR 3.5.30729)', 'DEFAULT_SEARCH_COMPANY', false, 1, '(Id = 3, Name = IMPAX, Version = 6.2.x & 6.3.x)<br/> ', NULL, NULL);
INSERT INTO pr_search_log_report (id, search_date, search_performer, performer_ip_address, performer_hostname, browser_information, search_type, intersection_search, number_of_found_integration_statements, list_of_found_integration_statements, performer_city, performer_country) VALUES (282, '2009-10-12 13:07:38.711', NULL, '134.54.0.8', '134.54.0.8', 'Mozilla/4.0 (compatible; MSIE 6.0; Windows NT 5.1; SV1; GTB6; .NET CLR 1.1.4322; .NET CLR 2.0.50727; .NET CLR 3.0.4506.2152; .NET CLR 3.5.30729)', 'DEFAULT_SEARCH_COMPANY', false, 4, '(Id = 23, Name = Acuson S2000, Version = 1.0)<br/> (Id = 13, Name = syngo Dynamics Workplace, Version = 7.0)<br/> (Id = 14, Name = syngo MultiModality Workplace, Version = 2006A 2006B)<br/> (Id = 15, Name = syngo Suite, Version = V35A)<br/> ', NULL, NULL);
INSERT INTO pr_search_log_report (id, search_date, search_performer, performer_ip_address, performer_hostname, browser_information, search_type, intersection_search, number_of_found_integration_statements, list_of_found_integration_statements, performer_city, performer_country) VALUES (283, '2009-10-12 13:16:06.784', 'MOberfell', '217.194.34.103', 'inac.erlm.siemens.de', 'Mozilla/4.0 (compatible; MSIE 7.0; Windows NT 5.1; .NET CLR 1.1.4322; .NET CLR 2.0.50727; .NET CLR 3.0.04506.30; InfoPath.1; .NET CLR 3.0.04506.648; .NET CLR 3.5.21022; .NET CLR 1.0.3705; MS-RTC LM 8; .NET CLR 3.0.4506.2152; .NET CLR 3.5.30729)', 'DEFAULT_SEARCH_COMPANY', false, 1, '(Id = 22, Name = xDL, Version = 3)<br/> ', NULL, NULL);
INSERT INTO pr_search_log_report (id, search_date, search_performer, performer_ip_address, performer_hostname, browser_information, search_type, intersection_search, number_of_found_integration_statements, list_of_found_integration_statements, performer_city, performer_country) VALUES (284, '2009-10-12 13:16:52.417', 'MOberfell', '217.194.34.103', 'inac.erlm.siemens.de', 'Mozilla/4.0 (compatible; MSIE 7.0; Windows NT 5.1; .NET CLR 1.1.4322; .NET CLR 2.0.50727; .NET CLR 3.0.04506.30; InfoPath.1; .NET CLR 3.0.04506.648; .NET CLR 3.5.21022; .NET CLR 1.0.3705; MS-RTC LM 8; .NET CLR 3.0.4506.2152; .NET CLR 3.5.30729)', 'DEFAULT_SEARCH_COMPANY', false, 1, '(Id = 3, Name = IMPAX, Version = 6.2.x & 6.3.x)<br/> ', NULL, NULL);
INSERT INTO pr_search_log_report (id, search_date, search_performer, performer_ip_address, performer_hostname, browser_information, search_type, intersection_search, number_of_found_integration_statements, list_of_found_integration_statements, performer_city, performer_country) VALUES (285, '2009-10-12 13:16:57.82', 'MOberfell', '217.194.34.103', 'inac.erlm.siemens.de', 'Mozilla/4.0 (compatible; MSIE 7.0; Windows NT 5.1; .NET CLR 1.1.4322; .NET CLR 2.0.50727; .NET CLR 3.0.04506.30; InfoPath.1; .NET CLR 3.0.04506.648; .NET CLR 3.5.21022; .NET CLR 1.0.3705; MS-RTC LM 8; .NET CLR 3.0.4506.2152; .NET CLR 3.5.30729)', 'DEFAULT_SEARCH_COMPANY', false, 4, '(Id = 23, Name = Acuson S2000, Version = 1.0)<br/> (Id = 13, Name = syngo Dynamics Workplace, Version = 7.0)<br/> (Id = 14, Name = syngo MultiModality Workplace, Version = 2006A 2006B)<br/> (Id = 15, Name = syngo Suite, Version = V35A)<br/> ', NULL, NULL);
INSERT INTO pr_search_log_report (id, search_date, search_performer, performer_ip_address, performer_hostname, browser_information, search_type, intersection_search, number_of_found_integration_statements, list_of_found_integration_statements, performer_city, performer_country) VALUES (286, '2009-10-12 16:21:33.47', NULL, '24.35.81.59', 'c-24-35-81-59.customer.broadstripe.net', 'Mozilla/5.0 (Windows; U; Windows NT 5.1; en-US) AppleWebKit/532.0 (KHTML, like Gecko) Chrome/3.0.195.25 Safari/532.0', 'DEFAULT_SEARCH_COMPANY', false, 1, '(Id = 22, Name = xDL, Version = 3)<br/> ', NULL, NULL);
INSERT INTO pr_search_log_report (id, search_date, search_performer, performer_ip_address, performer_hostname, browser_information, search_type, intersection_search, number_of_found_integration_statements, list_of_found_integration_statements, performer_city, performer_country) VALUES (287, '2009-10-13 17:31:25.585', NULL, '66.162.9.208', '66.162.9.208', 'Mozilla/5.0 (Windows; U; Windows NT 5.1; en-US; rv:1.9.1.3) Gecko/20090824 Firefox/3.5.3 GTB5', 'DEFAULT_SEARCH_COMPANY', false, 1, '(Id = 22, Name = xDL, Version = 3)<br/> ', NULL, NULL);
INSERT INTO pr_search_log_report (id, search_date, search_performer, performer_ip_address, performer_hostname, browser_information, search_type, intersection_search, number_of_found_integration_statements, list_of_found_integration_statements, performer_city, performer_country) VALUES (288, '2009-10-14 04:31:27.771', NULL, '76.66.71.81', 'bas10-kitchener06-1279412049.dsl.bell.ca', 'Mozilla/5.0 (Macintosh; U; Intel Mac OS X 10.5; en-US; rv:1.9.1.3) Gecko/20090824 Firefox/3.5.3', 'DEFAULT_SEARCH_COMPANY', false, 1, '(Id = 3, Name = IMPAX, Version = 6.2.x & 6.3.x)<br/> ', NULL, NULL);
INSERT INTO pr_search_log_report (id, search_date, search_performer, performer_ip_address, performer_hostname, browser_information, search_type, intersection_search, number_of_found_integration_statements, list_of_found_integration_statements, performer_city, performer_country) VALUES (289, '2009-10-14 10:22:36.395', NULL, '194.138.39.61', 'proxy31.sbs.de', 'Mozilla/4.0 (compatible; MSIE 6.0; Windows NT 5.1; SV1; .NET CLR 1.0.3705; .NET CLR 1.1.4322; .NET CLR 2.0.50727; .NET CLR 3.0.04506.30; InfoPath.1; MS-RTC LM 8)', 'DEFAULT_SEARCH_COMPANY', false, 4, '(Id = 23, Name = Acuson S2000, Version = 1.0)<br/> (Id = 13, Name = syngo Dynamics Workplace, Version = 7.0)<br/> (Id = 14, Name = syngo MultiModality Workplace, Version = 2006A 2006B)<br/> (Id = 15, Name = syngo Suite, Version = V35A)<br/> ', NULL, NULL);
INSERT INTO pr_search_log_report (id, search_date, search_performer, performer_ip_address, performer_hostname, browser_information, search_type, intersection_search, number_of_found_integration_statements, list_of_found_integration_statements, performer_city, performer_country) VALUES (290, '2009-10-14 10:58:38.212', 'Nolte', '194.138.39.61', 'proxy31.sbs.de', 'Mozilla/4.0 (compatible; MSIE 6.0; Windows NT 5.1; SV1; .NET CLR 1.0.3705; .NET CLR 1.1.4322; .NET CLR 2.0.50727; .NET CLR 3.0.04506.30; InfoPath.1; MS-RTC LM 8)', 'DEFAULT_SEARCH_COMPANY', false, 1, '(Id = 3, Name = IMPAX, Version = 6.2.x & 6.3.x)<br/> ', NULL, NULL);
INSERT INTO pr_search_log_report (id, search_date, search_performer, performer_ip_address, performer_hostname, browser_information, search_type, intersection_search, number_of_found_integration_statements, list_of_found_integration_statements, performer_city, performer_country) VALUES (291, '2009-10-14 10:58:43.214', 'Nolte', '194.138.39.61', 'proxy31.sbs.de', 'Mozilla/4.0 (compatible; MSIE 6.0; Windows NT 5.1; SV1; .NET CLR 1.0.3705; .NET CLR 1.1.4322; .NET CLR 2.0.50727; .NET CLR 3.0.04506.30; InfoPath.1; MS-RTC LM 8)', 'DEFAULT_SEARCH_COMPANY', false, 1, '(Id = 22, Name = xDL, Version = 3)<br/> ', NULL, NULL);
INSERT INTO pr_search_log_report (id, search_date, search_performer, performer_ip_address, performer_hostname, browser_information, search_type, intersection_search, number_of_found_integration_statements, list_of_found_integration_statements, performer_city, performer_country) VALUES (292, '2009-10-14 10:58:47.577', 'Nolte', '194.138.39.61', 'proxy31.sbs.de', 'Mozilla/4.0 (compatible; MSIE 6.0; Windows NT 5.1; SV1; .NET CLR 1.0.3705; .NET CLR 1.1.4322; .NET CLR 2.0.50727; .NET CLR 3.0.04506.30; InfoPath.1; MS-RTC LM 8)', 'DEFAULT_SEARCH_COMPANY', false, 1, '(Id = 11, Name = XDS Suite for IBM Health Information Exchange, Version = 2.1)<br/> ', NULL, NULL);
INSERT INTO pr_search_log_report (id, search_date, search_performer, performer_ip_address, performer_hostname, browser_information, search_type, intersection_search, number_of_found_integration_statements, list_of_found_integration_statements, performer_city, performer_country) VALUES (293, '2009-10-14 10:58:51.659', 'Nolte', '194.138.39.61', 'proxy31.sbs.de', 'Mozilla/4.0 (compatible; MSIE 6.0; Windows NT 5.1; SV1; .NET CLR 1.0.3705; .NET CLR 1.1.4322; .NET CLR 2.0.50727; .NET CLR 3.0.04506.30; InfoPath.1; MS-RTC LM 8)', 'DEFAULT_SEARCH_COMPANY', false, 1, '(Id = 19, Name = M7, Version = 1.0)<br/> ', NULL, NULL);
INSERT INTO pr_search_log_report (id, search_date, search_performer, performer_ip_address, performer_hostname, browser_information, search_type, intersection_search, number_of_found_integration_statements, list_of_found_integration_statements, performer_city, performer_country) VALUES (294, '2009-10-15 01:03:18.938', NULL, '68.110.67.164', 'ip68-110-67-164.ph.ph.cox.net', 'Mozilla/5.0 (Windows; U; Windows NT 5.1; en-US; rv:1.9.1.3) Gecko/20090824 Firefox/3.5.3 (.NET CLR 3.5.30729)', 'DEFAULT_SEARCH_SYSTEM_TYPE', false, 3, '(Id = 13, Name = syngo Dynamics Workplace, Version = 7.0)<br/> (Id = 14, Name = syngo MultiModality Workplace, Version = 2006A 2006B)<br/> (Id = 22, Name = xDL, Version = 3)<br/> ', NULL, NULL);
INSERT INTO pr_search_log_report (id, search_date, search_performer, performer_ip_address, performer_hostname, browser_information, search_type, intersection_search, number_of_found_integration_statements, list_of_found_integration_statements, performer_city, performer_country) VALUES (295, '2009-10-15 01:03:33.429', NULL, '68.110.67.164', 'ip68-110-67-164.ph.ph.cox.net', 'Mozilla/5.0 (Windows; U; Windows NT 5.1; en-US; rv:1.9.1.3) Gecko/20090824 Firefox/3.5.3 (.NET CLR 3.5.30729)', 'DEFAULT_SEARCH_SYSTEM_TYPE', false, 3, '(Id = 13, Name = syngo Dynamics Workplace, Version = 7.0)<br/> (Id = 14, Name = syngo MultiModality Workplace, Version = 2006A 2006B)<br/> (Id = 22, Name = xDL, Version = 3)<br/> ', NULL, NULL);
INSERT INTO pr_search_log_report (id, search_date, search_performer, performer_ip_address, performer_hostname, browser_information, search_type, intersection_search, number_of_found_integration_statements, list_of_found_integration_statements, performer_city, performer_country) VALUES (296, '2009-10-15 01:03:45.935', NULL, '68.110.67.164', 'ip68-110-67-164.ph.ph.cox.net', 'Mozilla/5.0 (Windows; U; Windows NT 5.1; en-US; rv:1.9.1.3) Gecko/20090824 Firefox/3.5.3 (.NET CLR 3.5.30729)', 'DEFAULT_SEARCH_SYSTEM_TYPE', false, 3, '(Id = 19, Name = M7, Version = 1.0)<br/> (Id = 23, Name = Acuson S2000, Version = 1.0)<br/> (Id = 26, Name = Artis zee, Artis zeego, Version = VC14C)<br/> ', NULL, NULL);
INSERT INTO pr_search_log_report (id, search_date, search_performer, performer_ip_address, performer_hostname, browser_information, search_type, intersection_search, number_of_found_integration_statements, list_of_found_integration_statements, performer_city, performer_country) VALUES (297, '2009-10-15 01:03:51.116', NULL, '68.110.67.164', 'ip68-110-67-164.ph.ph.cox.net', 'Mozilla/5.0 (Windows; U; Windows NT 5.1; en-US; rv:1.9.1.3) Gecko/20090824 Firefox/3.5.3 (.NET CLR 3.5.30729)', 'DEFAULT_SEARCH_SYSTEM_TYPE', false, 3, '(Id = 13, Name = syngo Dynamics Workplace, Version = 7.0)<br/> (Id = 14, Name = syngo MultiModality Workplace, Version = 2006A 2006B)<br/> (Id = 22, Name = xDL, Version = 3)<br/> ', NULL, NULL);
INSERT INTO pr_search_log_report (id, search_date, search_performer, performer_ip_address, performer_hostname, browser_information, search_type, intersection_search, number_of_found_integration_statements, list_of_found_integration_statements, performer_city, performer_country) VALUES (298, '2009-10-15 08:04:15.582', NULL, '222.131.112.77', '222.131.112.77', 'Mozilla/4.0 (compatible; MSIE 7.0; Windows NT 5.1; .NET CLR 1.1.4322; .NET CLR 2.0.50727; .NET CLR 3.0.04506.30; MDDR; .NET CLR 3.0.4506.2152; .NET CLR 3.5.30729; CIBA)', 'DEFAULT_SEARCH_COMPANY', false, 5, '(Id = 23, Name = Acuson S2000, Version = 1.0)<br/> (Id = 26, Name = Artis zee, Artis zeego, Version = VC14C)<br/> (Id = 13, Name = syngo Dynamics Workplace, Version = 7.0)<br/> (Id = 14, Name = syngo MultiModality Workplace, Version = 2006A 2006B)<br/> (Id = 15, Name = syngo Suite, Version = V35A)<br/> ', NULL, NULL);
INSERT INTO pr_search_log_report (id, search_date, search_performer, performer_ip_address, performer_hostname, browser_information, search_type, intersection_search, number_of_found_integration_statements, list_of_found_integration_statements, performer_city, performer_country) VALUES (299, '2009-10-16 04:07:05.147', NULL, '75.129.135.231', '75-129-135-231.dhcp.fdul.wi.charter.com', 'Mozilla/4.0 (compatible; MSIE 7.0; Windows NT 6.0; GTB6; SLCC1; .NET CLR 2.0.50727; Media Center PC 5.0; .NET CLR 3.5.30729; .NET CLR 3.0.30618)', 'DEFAULT_SEARCH_COMPANY', false, 1, '(Id = 3, Name = IMPAX, Version = 6.2.x & 6.3.x)<br/> ', NULL, NULL);
INSERT INTO pr_search_log_report (id, search_date, search_performer, performer_ip_address, performer_hostname, browser_information, search_type, intersection_search, number_of_found_integration_statements, list_of_found_integration_statements, performer_city, performer_country) VALUES (300, '2009-10-16 13:55:32.035', NULL, '212.57.247.42', '212.57.247.42', 'Mozilla/5.0 (Windows; U; Windows NT 5.1; en-GB; rv:1.9.1.3) Gecko/20090824 Firefox/3.5.3 (.NET CLR 3.5.30729)', 'DEFAULT_SEARCH_COMPANY', false, 1, '(Id = 3, Name = IMPAX, Version = 6.2.x & 6.3.x)<br/> ', NULL, NULL);
INSERT INTO pr_search_log_report (id, search_date, search_performer, performer_ip_address, performer_hostname, browser_information, search_type, intersection_search, number_of_found_integration_statements, list_of_found_integration_statements, performer_city, performer_country) VALUES (301, '2009-10-16 13:57:21.394', NULL, '212.57.247.42', '212.57.247.42', 'Mozilla/5.0 (Windows; U; Windows NT 5.1; en-GB; rv:1.9.1.3) Gecko/20090824 Firefox/3.5.3 (.NET CLR 3.5.30729)', 'DEFAULT_SEARCH_COMPANY', false, 1, '(Id = 11, Name = XDS Suite for IBM Health Information Exchange, Version = 2.1)<br/> ', NULL, NULL);
INSERT INTO pr_search_log_report (id, search_date, search_performer, performer_ip_address, performer_hostname, browser_information, search_type, intersection_search, number_of_found_integration_statements, list_of_found_integration_statements, performer_city, performer_country) VALUES (302, '2009-10-16 14:16:43.367', NULL, '213.234.37.134', '213.234.37.134', 'Mozilla/5.0 (Windows; U; Windows NT 5.1; en-US; rv:1.9.1.3) Gecko/20090824 Firefox/3.5.3', 'DEFAULT_SEARCH_COMPANY', false, 1, '(Id = 19, Name = M7, Version = 1.0)<br/> ', NULL, NULL);
INSERT INTO pr_search_log_report (id, search_date, search_performer, performer_ip_address, performer_hostname, browser_information, search_type, intersection_search, number_of_found_integration_statements, list_of_found_integration_statements, performer_city, performer_country) VALUES (303, '2009-10-17 11:22:55.458', NULL, '193.108.21.242', '193.108.21.242', 'Mozilla/5.0 (Macintosh; U; Intel Mac OS X 10_5_8; fr-fr) AppleWebKit/531.9 (KHTML, like Gecko) Version/4.0.3 Safari/531.9', 'DEFAULT_SEARCH_SYSTEM_TYPE', false, 2, '(Id = 3, Name = IMPAX, Version = 6.2.x & 6.3.x)<br/> (Id = 15, Name = syngo Suite, Version = V35A)<br/> ', NULL, NULL);
INSERT INTO pr_search_log_report (id, search_date, search_performer, performer_ip_address, performer_hostname, browser_information, search_type, intersection_search, number_of_found_integration_statements, list_of_found_integration_statements, performer_city, performer_country) VALUES (304, '2009-10-17 11:24:21.977', NULL, '193.108.21.242', '193.108.21.242', 'Mozilla/5.0 (Macintosh; U; Intel Mac OS X 10_5_8; fr-fr) AppleWebKit/531.9 (KHTML, like Gecko) Version/4.0.3 Safari/531.9', 'TF_SEARCH', false, 3, '(Id = 19, Name = M7, Version = 1.0)<br/> (Id = 23, Name = Acuson S2000, Version = 1.0)<br/> (Id = 26, Name = Artis zee, Artis zeego, Version = VC14C)<br/> ', NULL, NULL);
INSERT INTO pr_search_log_report (id, search_date, search_performer, performer_ip_address, performer_hostname, browser_information, search_type, intersection_search, number_of_found_integration_statements, list_of_found_integration_statements, performer_city, performer_country) VALUES (305, '2009-10-17 14:37:21.463', 'epoiseau', '193.108.21.242', '193.108.21.242', 'Mozilla/5.0 (Macintosh; U; Intel Mac OS X 10_5_8; fr-fr) AppleWebKit/531.9 (KHTML, like Gecko) Version/4.0.3 Safari/531.9', 'DEFAULT_SEARCH_SYSTEM_TYPE', false, 2, '(Id = 3, Name = IMPAX, Version = 6.2.x & 6.3.x)<br/> (Id = 15, Name = syngo Suite, Version = V35A)<br/> ', NULL, NULL);
INSERT INTO pr_search_log_report (id, search_date, search_performer, performer_ip_address, performer_hostname, browser_information, search_type, intersection_search, number_of_found_integration_statements, list_of_found_integration_statements, performer_city, performer_country) VALUES (306, '2009-10-17 14:38:02.477', 'epoiseau', '193.108.21.242', '193.108.21.242', 'Mozilla/5.0 (Macintosh; U; Intel Mac OS X 10_5_8; fr-fr) AppleWebKit/531.9 (KHTML, like Gecko) Version/4.0.3 Safari/531.9', 'TF_SEARCH', false, 3, '(Id = 3, Name = IMPAX, Version = 6.2.x & 6.3.x)<br/> (Id = 15, Name = syngo Suite, Version = V35A)<br/> (Id = 22, Name = xDL, Version = 3)<br/> ', NULL, NULL);
INSERT INTO pr_search_log_report (id, search_date, search_performer, performer_ip_address, performer_hostname, browser_information, search_type, intersection_search, number_of_found_integration_statements, list_of_found_integration_statements, performer_city, performer_country) VALUES (307, '2009-10-20 17:53:05.179', NULL, '194.107.184.200', '194.107.184.200', 'Mozilla/4.0 (compatible; MSIE 7.0; Windows NT 5.1; GTB6; .NET CLR 1.1.4322; .NET CLR 2.0.50727; InfoPath.1; .NET CLR 3.0.4506.2152; .NET CLR 3.5.30729)', 'DEFAULT_SEARCH_COMPANY', false, 5, '(Id = 23, Name = Acuson S2000, Version = 1.0)<br/> (Id = 26, Name = Artis zee, Artis zeego, Version = VC14C)<br/> (Id = 13, Name = syngo Dynamics Workplace, Version = 7.0)<br/> (Id = 14, Name = syngo MultiModality Workplace, Version = 2006A 2006B)<br/> (Id = 15, Name = syngo Suite, Version = V35A)<br/> ', NULL, NULL);
INSERT INTO pr_search_log_report (id, search_date, search_performer, performer_ip_address, performer_hostname, browser_information, search_type, intersection_search, number_of_found_integration_statements, list_of_found_integration_statements, performer_city, performer_country) VALUES (308, '2009-10-20 17:59:59.629', NULL, '194.107.184.200', '194.107.184.200', 'Mozilla/4.0 (compatible; MSIE 7.0; Windows NT 5.1; GTB6; .NET CLR 1.1.4322; .NET CLR 2.0.50727; InfoPath.1; .NET CLR 3.0.4506.2152; .NET CLR 3.5.30729)', 'DEFAULT_SEARCH_COMPANY', false, 5, '(Id = 23, Name = Acuson S2000, Version = 1.0)<br/> (Id = 26, Name = Artis zee, Artis zeego, Version = VC14C)<br/> (Id = 13, Name = syngo Dynamics Workplace, Version = 7.0)<br/> (Id = 14, Name = syngo MultiModality Workplace, Version = 2006A 2006B)<br/> (Id = 15, Name = syngo Suite, Version = V35A)<br/> ', NULL, NULL);
INSERT INTO pr_search_log_report (id, search_date, search_performer, performer_ip_address, performer_hostname, browser_information, search_type, intersection_search, number_of_found_integration_statements, list_of_found_integration_statements, performer_city, performer_country) VALUES (309, '2009-10-21 03:49:20.85', 'karos', '76.66.71.81', 'bas10-kitchener06-1279412049.dsl.bell.ca', 'Mozilla/5.0 (Macintosh; U; Intel Mac OS X 10.6; en-US; rv:1.9.1.3) Gecko/20090824 Firefox/3.5.3', 'DEFAULT_SEARCH_COMPANY', false, 1, '(Id = 22, Name = xDL, Version = 3)<br/> ', NULL, NULL);
INSERT INTO pr_search_log_report (id, search_date, search_performer, performer_ip_address, performer_hostname, browser_information, search_type, intersection_search, number_of_found_integration_statements, list_of_found_integration_statements, performer_city, performer_country) VALUES (310, '2009-10-21 03:59:18.41', 'karos', '76.66.71.81', 'bas10-kitchener06-1279412049.dsl.bell.ca', 'Mozilla/5.0 (Macintosh; U; Intel Mac OS X 10.6; en-US; rv:1.9.1.3) Gecko/20090824 Firefox/3.5.3', 'DEFAULT_SEARCH_COMPANY', false, 1, '(Id = 3, Name = IMPAX, Version = 6.2.x & 6.3.x)<br/> ', NULL, NULL);
INSERT INTO pr_search_log_report (id, search_date, search_performer, performer_ip_address, performer_hostname, browser_information, search_type, intersection_search, number_of_found_integration_statements, list_of_found_integration_statements, performer_city, performer_country) VALUES (311, '2009-10-21 15:56:47.743', NULL, '134.54.0.9', '134.54.0.9', 'Mozilla/4.0 (compatible; MSIE 6.0; Windows NT 5.1; SV1; GTB6; .NET CLR 1.1.4322; .NET CLR 2.0.50727; .NET CLR 3.0.4506.2152; .NET CLR 3.5.30729)', 'DEFAULT_SEARCH_COMPANY', false, 1, '(Id = 3, Name = IMPAX, Version = 6.2.x & 6.3.x)<br/> ', NULL, NULL);
INSERT INTO pr_search_log_report (id, search_date, search_performer, performer_ip_address, performer_hostname, browser_information, search_type, intersection_search, number_of_found_integration_statements, list_of_found_integration_statements, performer_city, performer_country) VALUES (312, '2009-10-21 15:57:58.15', NULL, '134.54.0.9', '134.54.0.9', 'Mozilla/4.0 (compatible; MSIE 6.0; Windows NT 5.1; SV1; GTB6; .NET CLR 1.1.4322; .NET CLR 2.0.50727; .NET CLR 3.0.4506.2152; .NET CLR 3.5.30729)', 'ADVANCED_SEARCH', false, 5, '(Id = 3, Name = IMPAX, Version = 6.2.x & 6.3.x)<br/> (Id = 15, Name = syngo Suite, Version = V35A)<br/> (Id = 14, Name = syngo MultiModality Workplace, Version = 2006A 2006B)<br/> (Id = 22, Name = xDL, Version = 3)<br/> (Id = 26, Name = Artis zee, Artis zeego, Version = VC14C)<br/> ', NULL, NULL);
INSERT INTO pr_search_log_report (id, search_date, search_performer, performer_ip_address, performer_hostname, browser_information, search_type, intersection_search, number_of_found_integration_statements, list_of_found_integration_statements, performer_city, performer_country) VALUES (313, '2009-10-21 18:25:40.711', NULL, '67.165.140.8', 'c-67-165-140-8.hsd1.il.comcast.net', 'Mozilla/5.0 (Macintosh; U; Intel Mac OS X 10.6; en-US; rv:1.9.1.2) Gecko/20090729 Firefox/3.5.2', 'DEFAULT_SEARCH_SYSTEM_TYPE', false, 3, '(Id = 13, Name = syngo Dynamics Workplace, Version = 7.0)<br/> (Id = 14, Name = syngo MultiModality Workplace, Version = 2006A 2006B)<br/> (Id = 22, Name = xDL, Version = 3)<br/> ', NULL, NULL);
INSERT INTO pr_search_log_report (id, search_date, search_performer, performer_ip_address, performer_hostname, browser_information, search_type, intersection_search, number_of_found_integration_statements, list_of_found_integration_statements, performer_city, performer_country) VALUES (314, '2009-10-21 19:13:29.469', NULL, '213.234.37.138', '213.234.37.138', 'Mozilla/5.0 (Windows; U; Windows NT 5.1; en-US; rv:1.9.1.4) Gecko/20091007 Firefox/3.5.4', 'DEFAULT_SEARCH_COMPANY', false, 1, '(Id = 22, Name = xDL, Version = 3)<br/> ', NULL, NULL);
INSERT INTO pr_search_log_report (id, search_date, search_performer, performer_ip_address, performer_hostname, browser_information, search_type, intersection_search, number_of_found_integration_statements, list_of_found_integration_statements, performer_city, performer_country) VALUES (315, '2009-10-21 19:16:05.981', NULL, '213.234.37.138', '213.234.37.138', 'Mozilla/5.0 (Windows; U; Windows NT 5.1; en-US; rv:1.9.1.4) Gecko/20091007 Firefox/3.5.4', 'DEFAULT_SEARCH_COMPANY', false, 1, '(Id = 11, Name = XDS Suite for IBM Health Information Exchange, Version = 2.1)<br/> ', NULL, NULL);
INSERT INTO pr_search_log_report (id, search_date, search_performer, performer_ip_address, performer_hostname, browser_information, search_type, intersection_search, number_of_found_integration_statements, list_of_found_integration_statements, performer_city, performer_country) VALUES (316, '2009-10-21 19:17:21.321', NULL, '213.234.37.138', '213.234.37.138', 'Mozilla/5.0 (Windows; U; Windows NT 5.1; en-US; rv:1.9.1.4) Gecko/20091007 Firefox/3.5.4', 'DEFAULT_SEARCH_COMPANY', false, 1, '(Id = 19, Name = M7, Version = 1.0)<br/> ', NULL, NULL);
INSERT INTO pr_search_log_report (id, search_date, search_performer, performer_ip_address, performer_hostname, browser_information, search_type, intersection_search, number_of_found_integration_statements, list_of_found_integration_statements, performer_city, performer_country) VALUES (317, '2009-10-21 19:21:04.052', NULL, '209.222.173.133', 'karos_health.acceleratorcentre.net', 'Mozilla/5.0 (Macintosh; U; Intel Mac OS X 10_5_8; en-us) AppleWebKit/531.9 (KHTML, like Gecko) Version/4.0.3 Safari/531.9', 'DEFAULT_SEARCH_SYSTEM_TYPE', false, 2, '(Id = 11, Name = XDS Suite for IBM Health Information Exchange, Version = 2.1)<br/> (Id = 22, Name = xDL, Version = 3)<br/> ', NULL, NULL);
INSERT INTO pr_search_log_report (id, search_date, search_performer, performer_ip_address, performer_hostname, browser_information, search_type, intersection_search, number_of_found_integration_statements, list_of_found_integration_statements, performer_city, performer_country) VALUES (318, '2009-10-22 02:11:45.933', NULL, '71.36.160.51', '71-36-160-51.phnx.qwest.net', 'Mozilla/5.0 (Windows; U; Windows NT 5.1; en-US; rv:1.9.1.3) Gecko/20090824 Firefox/3.5.3', 'DEFAULT_SEARCH_COMPANY', false, 1, '(Id = 3, Name = IMPAX, Version = 6.2.x & 6.3.x)<br/> ', NULL, NULL);
INSERT INTO pr_search_log_report (id, search_date, search_performer, performer_ip_address, performer_hostname, browser_information, search_type, intersection_search, number_of_found_integration_statements, list_of_found_integration_statements, performer_city, performer_country) VALUES (319, '2009-10-22 08:44:34.412', NULL, '85.103.31.9', '85.103.31.9', 'Mozilla/4.0 (compatible; MSIE 7.0; Windows NT 5.1; GTB6; InfoPath.2; .NET CLR 2.0.50727; FDM; .NET CLR 3.0.4506.2152; .NET CLR 3.5.30729)', 'DEFAULT_SEARCH_SYSTEM_TYPE', false, 1, '(Id = 15, Name = syngo Suite, Version = V35A)<br/> ', NULL, NULL);
INSERT INTO pr_search_log_report (id, search_date, search_performer, performer_ip_address, performer_hostname, browser_information, search_type, intersection_search, number_of_found_integration_statements, list_of_found_integration_statements, performer_city, performer_country) VALUES (320, '2009-10-22 08:44:51.035', NULL, '85.103.31.9', '85.103.31.9', 'Mozilla/4.0 (compatible; MSIE 7.0; Windows NT 5.1; GTB6; InfoPath.2; .NET CLR 2.0.50727; FDM; .NET CLR 3.0.4506.2152; .NET CLR 3.5.30729)', 'DEFAULT_SEARCH_SYSTEM_TYPE', false, 1, '(Id = 15, Name = syngo Suite, Version = V35A)<br/> ', NULL, NULL);
INSERT INTO pr_search_log_report (id, search_date, search_performer, performer_ip_address, performer_hostname, browser_information, search_type, intersection_search, number_of_found_integration_statements, list_of_found_integration_statements, performer_city, performer_country) VALUES (321, '2009-10-22 08:45:07.901', NULL, '85.103.31.9', '85.103.31.9', 'Mozilla/4.0 (compatible; MSIE 7.0; Windows NT 5.1; GTB6; InfoPath.2; .NET CLR 2.0.50727; FDM; .NET CLR 3.0.4506.2152; .NET CLR 3.5.30729)', 'DEFAULT_SEARCH_SYSTEM_TYPE', false, 1, '(Id = 15, Name = syngo Suite, Version = V35A)<br/> ', NULL, NULL);
INSERT INTO pr_search_log_report (id, search_date, search_performer, performer_ip_address, performer_hostname, browser_information, search_type, intersection_search, number_of_found_integration_statements, list_of_found_integration_statements, performer_city, performer_country) VALUES (322, '2009-10-22 08:45:14.098', NULL, '85.103.31.9', '85.103.31.9', 'Mozilla/4.0 (compatible; MSIE 7.0; Windows NT 5.1; GTB6; InfoPath.2; .NET CLR 2.0.50727; FDM; .NET CLR 3.0.4506.2152; .NET CLR 3.5.30729)', 'DEFAULT_SEARCH_SYSTEM_TYPE', false, 3, '(Id = 13, Name = syngo Dynamics Workplace, Version = 7.0)<br/> (Id = 14, Name = syngo MultiModality Workplace, Version = 2006A 2006B)<br/> (Id = 22, Name = xDL, Version = 3)<br/> ', NULL, NULL);
INSERT INTO pr_search_log_report (id, search_date, search_performer, performer_ip_address, performer_hostname, browser_information, search_type, intersection_search, number_of_found_integration_statements, list_of_found_integration_statements, performer_city, performer_country) VALUES (323, '2009-10-24 18:40:13.717', NULL, '122.175.89.155', '122.175.89.155', 'Mozilla/4.0 (compatible; MSIE 8.0; Windows NT 5.1; Trident/4.0)', 'DEFAULT_SEARCH_COMPANY', false, 1, '(Id = 3, Name = IMPAX, Version = 6.2.x & 6.3.x)<br/> ', NULL, NULL);
INSERT INTO pr_search_log_report (id, search_date, search_performer, performer_ip_address, performer_hostname, browser_information, search_type, intersection_search, number_of_found_integration_statements, list_of_found_integration_statements, performer_city, performer_country) VALUES (324, '2009-10-25 00:19:13.692', NULL, '66.130.20.26', 'modemcable026.20-130-66.mc.videotron.ca', 'Mozilla/4.0 (compatible; MSIE 7.0; Windows NT 6.0; SLCC1; .NET CLR 2.0.50727; Media Center PC 5.0; .NET CLR 3.5.30729; .NET CLR 3.0.30618; Zune 4.0)', 'DEFAULT_SEARCH_SYSTEM_TYPE', false, 1, '(Id = 15, Name = syngo Suite, Version = V35A)<br/> ', NULL, NULL);
INSERT INTO pr_search_log_report (id, search_date, search_performer, performer_ip_address, performer_hostname, browser_information, search_type, intersection_search, number_of_found_integration_statements, list_of_found_integration_statements, performer_city, performer_country) VALUES (325, '2009-10-25 00:19:18.73', NULL, '66.130.20.26', 'modemcable026.20-130-66.mc.videotron.ca', 'Mozilla/4.0 (compatible; MSIE 7.0; Windows NT 6.0; SLCC1; .NET CLR 2.0.50727; Media Center PC 5.0; .NET CLR 3.5.30729; .NET CLR 3.0.30618; Zune 4.0)', 'DEFAULT_SEARCH_SYSTEM_TYPE', false, 1, '(Id = 15, Name = syngo Suite, Version = V35A)<br/> ', NULL, NULL);
INSERT INTO pr_search_log_report (id, search_date, search_performer, performer_ip_address, performer_hostname, browser_information, search_type, intersection_search, number_of_found_integration_statements, list_of_found_integration_statements, performer_city, performer_country) VALUES (326, '2009-10-25 08:30:52.114', NULL, '90.44.137.209', 'AOrleans-156-1-122-209.w90-44.abo.wanadoo.fr', 'Mozilla/5.0 (Windows; U; Windows NT 5.1; en-US) AppleWebKit/532.0 (KHTML, like Gecko) Chrome/3.0.195.27 Safari/532.0', 'DEFAULT_SEARCH_SYSTEM_TYPE', false, 1, '(Id = 15, Name = syngo Suite, Version = V35A)<br/> ', NULL, NULL);
INSERT INTO pr_search_log_report (id, search_date, search_performer, performer_ip_address, performer_hostname, browser_information, search_type, intersection_search, number_of_found_integration_statements, list_of_found_integration_statements, performer_city, performer_country) VALUES (327, '2009-10-25 08:30:59.883', NULL, '90.44.137.209', 'AOrleans-156-1-122-209.w90-44.abo.wanadoo.fr', 'Mozilla/5.0 (Windows; U; Windows NT 5.1; en-US) AppleWebKit/532.0 (KHTML, like Gecko) Chrome/3.0.195.27 Safari/532.0', 'DEFAULT_SEARCH_SYSTEM_TYPE', false, 1, '(Id = 15, Name = syngo Suite, Version = V35A)<br/> ', NULL, NULL);
INSERT INTO pr_search_log_report (id, search_date, search_performer, performer_ip_address, performer_hostname, browser_information, search_type, intersection_search, number_of_found_integration_statements, list_of_found_integration_statements, performer_city, performer_country) VALUES (328, '2009-10-25 08:31:18.809', NULL, '90.44.137.209', 'AOrleans-156-1-122-209.w90-44.abo.wanadoo.fr', 'Mozilla/5.0 (Windows; U; Windows NT 5.1; en-US) AppleWebKit/532.0 (KHTML, like Gecko) Chrome/3.0.195.27 Safari/532.0', 'DEFAULT_SEARCH_SYSTEM_TYPE', false, 1, '(Id = 15, Name = syngo Suite, Version = V35A)<br/> ', NULL, NULL);
INSERT INTO pr_search_log_report (id, search_date, search_performer, performer_ip_address, performer_hostname, browser_information, search_type, intersection_search, number_of_found_integration_statements, list_of_found_integration_statements, performer_city, performer_country) VALUES (329, '2009-10-27 10:16:47.814', NULL, '94.84.141.50', 'host50-141-static.84-94-b.business.telecomitalia.it', 'Mozilla/5.0 (X11; U; Linux x86_64; en-US; rv:1.9.1.3) Gecko/20090910 Ubuntu/9.04 (jaunty) Shiretoko/3.5.3', 'DEFAULT_SEARCH_COMPANY', false, 5, '(Id = 23, Name = Acuson S2000, Version = 1.0)<br/> (Id = 26, Name = Artis zee, Artis zeego, Version = VC14C)<br/> (Id = 13, Name = syngo Dynamics Workplace, Version = 7.0)<br/> (Id = 14, Name = syngo MultiModality Workplace, Version = 2006A 2006B)<br/> (Id = 15, Name = syngo Suite, Version = V35A)<br/> ', NULL, NULL);
INSERT INTO pr_search_log_report (id, search_date, search_performer, performer_ip_address, performer_hostname, browser_information, search_type, intersection_search, number_of_found_integration_statements, list_of_found_integration_statements, performer_city, performer_country) VALUES (330, '2009-10-27 17:24:52.567', NULL, '207.178.204.152', 'sw.atlasdev.com', 'Mozilla/4.0 (compatible; MSIE 8.0; Windows NT 5.1; Trident/4.0; .NET CLR 1.1.4322; InfoPath.1)', 'DEFAULT_SEARCH_SYSTEM_TYPE', false, 3, '(Id = 13, Name = syngo Dynamics Workplace, Version = 7.0)<br/> (Id = 14, Name = syngo MultiModality Workplace, Version = 2006A 2006B)<br/> (Id = 22, Name = xDL, Version = 3)<br/> ', NULL, NULL);
INSERT INTO pr_search_log_report (id, search_date, search_performer, performer_ip_address, performer_hostname, browser_information, search_type, intersection_search, number_of_found_integration_statements, list_of_found_integration_statements, performer_city, performer_country) VALUES (331, '2009-10-27 17:25:51.421', NULL, '207.178.204.152', 'sw.atlasdev.com', 'Mozilla/4.0 (compatible; MSIE 8.0; Windows NT 5.1; Trident/4.0; .NET CLR 1.1.4322; InfoPath.1)', 'DEFAULT_SEARCH_COMPANY', false, 5, '(Id = 23, Name = Acuson S2000, Version = 1.0)<br/> (Id = 26, Name = Artis zee, Artis zeego, Version = VC14C)<br/> (Id = 13, Name = syngo Dynamics Workplace, Version = 7.0)<br/> (Id = 14, Name = syngo MultiModality Workplace, Version = 2006A 2006B)<br/> (Id = 15, Name = syngo Suite, Version = V35A)<br/> ', NULL, NULL);
INSERT INTO pr_search_log_report (id, search_date, search_performer, performer_ip_address, performer_hostname, browser_information, search_type, intersection_search, number_of_found_integration_statements, list_of_found_integration_statements, performer_city, performer_country) VALUES (332, '2009-10-28 11:08:19.449', NULL, '65.170.126.18', '65.170.126.18', 'Mozilla/4.0 (compatible; MSIE 6.0; Windows NT 5.1; SV1; GTB6; InfoPath.1; .NET CLR 1.1.4322; .NET CLR 2.0.50727; MS-RTC LM 8; .NET CLR 3.0.4506.2152; .NET CLR 3.5.30729)', 'DEFAULT_SEARCH_SYSTEM_TYPE', false, 3, '(Id = 19, Name = M7, Version = 1.0)<br/> (Id = 23, Name = Acuson S2000, Version = 1.0)<br/> (Id = 26, Name = Artis zee, Artis zeego, Version = VC14C)<br/> ', NULL, NULL);
INSERT INTO pr_search_log_report (id, search_date, search_performer, performer_ip_address, performer_hostname, browser_information, search_type, intersection_search, number_of_found_integration_statements, list_of_found_integration_statements, performer_city, performer_country) VALUES (333, '2009-10-28 11:08:30.219', NULL, '65.170.126.18', '65.170.126.18', 'Mozilla/4.0 (compatible; MSIE 6.0; Windows NT 5.1; SV1; GTB6; InfoPath.1; .NET CLR 1.1.4322; .NET CLR 2.0.50727; MS-RTC LM 8; .NET CLR 3.0.4506.2152; .NET CLR 3.5.30729)', 'DEFAULT_SEARCH_SYSTEM_TYPE', false, 2, '(Id = 3, Name = IMPAX, Version = 6.2.x & 6.3.x)<br/> (Id = 15, Name = syngo Suite, Version = V35A)<br/> ', NULL, NULL);
INSERT INTO pr_search_log_report (id, search_date, search_performer, performer_ip_address, performer_hostname, browser_information, search_type, intersection_search, number_of_found_integration_statements, list_of_found_integration_statements, performer_city, performer_country) VALUES (334, '2009-10-28 11:08:48.759', NULL, '65.170.126.18', '65.170.126.18', 'Mozilla/4.0 (compatible; MSIE 6.0; Windows NT 5.1; SV1; GTB6; InfoPath.1; .NET CLR 1.1.4322; .NET CLR 2.0.50727; MS-RTC LM 8; .NET CLR 3.0.4506.2152; .NET CLR 3.5.30729)', 'DEFAULT_SEARCH_COMPANY', false, 1, '(Id = 22, Name = xDL, Version = 3)<br/> ', NULL, NULL);
INSERT INTO pr_search_log_report (id, search_date, search_performer, performer_ip_address, performer_hostname, browser_information, search_type, intersection_search, number_of_found_integration_statements, list_of_found_integration_statements, performer_city, performer_country) VALUES (335, '2009-10-28 12:42:28.488', NULL, '87.54.40.114', 'mail.medical-insight.com', 'Mozilla/5.0 (X11; U; Linux i686; en-US; rv:1.9.0.3) Gecko/2008092416 Firefox/3.0.3', 'DEFAULT_SEARCH_SYSTEM_TYPE', false, 2, '(Id = 3, Name = IMPAX, Version = 6.2.x & 6.3.x)<br/> (Id = 15, Name = syngo Suite, Version = V35A)<br/> ', NULL, NULL);
INSERT INTO pr_search_log_report (id, search_date, search_performer, performer_ip_address, performer_hostname, browser_information, search_type, intersection_search, number_of_found_integration_statements, list_of_found_integration_statements, performer_city, performer_country) VALUES (336, '2009-10-28 12:42:35.295', NULL, '87.54.40.114', 'mail.medical-insight.com', 'Mozilla/5.0 (X11; U; Linux i686; en-US; rv:1.9.0.3) Gecko/2008092416 Firefox/3.0.3', 'DEFAULT_SEARCH_SYSTEM_TYPE', false, 2, '(Id = 3, Name = IMPAX, Version = 6.2.x & 6.3.x)<br/> (Id = 15, Name = syngo Suite, Version = V35A)<br/> ', NULL, NULL);
INSERT INTO pr_search_log_report (id, search_date, search_performer, performer_ip_address, performer_hostname, browser_information, search_type, intersection_search, number_of_found_integration_statements, list_of_found_integration_statements, performer_city, performer_country) VALUES (337, '2009-10-28 12:43:01.662', NULL, '87.54.40.114', 'mail.medical-insight.com', 'Mozilla/5.0 (X11; U; Linux i686; en-US; rv:1.9.0.3) Gecko/2008092416 Firefox/3.0.3', 'DEFAULT_SEARCH_SYSTEM_TYPE', false, 3, '(Id = 19, Name = M7, Version = 1.0)<br/> (Id = 23, Name = Acuson S2000, Version = 1.0)<br/> (Id = 26, Name = Artis zee, Artis zeego, Version = VC14C)<br/> ', NULL, NULL);
INSERT INTO pr_search_log_report (id, search_date, search_performer, performer_ip_address, performer_hostname, browser_information, search_type, intersection_search, number_of_found_integration_statements, list_of_found_integration_statements, performer_city, performer_country) VALUES (338, '2009-10-28 12:43:22.65', NULL, '87.54.40.114', 'mail.medical-insight.com', 'Mozilla/5.0 (X11; U; Linux i686; en-US; rv:1.9.0.3) Gecko/2008092416 Firefox/3.0.3', 'DEFAULT_SEARCH_SYSTEM_TYPE', false, 1, '(Id = 15, Name = syngo Suite, Version = V35A)<br/> ', NULL, NULL);
INSERT INTO pr_search_log_report (id, search_date, search_performer, performer_ip_address, performer_hostname, browser_information, search_type, intersection_search, number_of_found_integration_statements, list_of_found_integration_statements, performer_city, performer_country) VALUES (339, '2009-10-28 12:44:47.266', NULL, '87.54.40.114', 'mail.medical-insight.com', 'Mozilla/5.0 (X11; U; Linux i686; en-US; rv:1.9.0.3) Gecko/2008092416 Firefox/3.0.3', 'DEFAULT_SEARCH_SYSTEM_TYPE', false, 1, '(Id = 15, Name = syngo Suite, Version = V35A)<br/> ', NULL, NULL);
INSERT INTO pr_search_log_report (id, search_date, search_performer, performer_ip_address, performer_hostname, browser_information, search_type, intersection_search, number_of_found_integration_statements, list_of_found_integration_statements, performer_city, performer_country) VALUES (340, '2009-10-28 12:44:50.131', NULL, '87.54.40.114', 'mail.medical-insight.com', 'Mozilla/5.0 (X11; U; Linux i686; en-US; rv:1.9.0.3) Gecko/2008092416 Firefox/3.0.3', 'DEFAULT_SEARCH_SYSTEM_TYPE', false, 2, '(Id = 3, Name = IMPAX, Version = 6.2.x & 6.3.x)<br/> (Id = 15, Name = syngo Suite, Version = V35A)<br/> ', NULL, NULL);
INSERT INTO pr_search_log_report (id, search_date, search_performer, performer_ip_address, performer_hostname, browser_information, search_type, intersection_search, number_of_found_integration_statements, list_of_found_integration_statements, performer_city, performer_country) VALUES (341, '2009-10-28 12:45:50.518', NULL, '87.54.40.114', 'mail.medical-insight.com', 'Mozilla/5.0 (X11; U; Linux i686; en-US; rv:1.9.0.3) Gecko/2008092416 Firefox/3.0.3', 'DEFAULT_SEARCH_SYSTEM_TYPE', false, 3, '(Id = 13, Name = syngo Dynamics Workplace, Version = 7.0)<br/> (Id = 14, Name = syngo MultiModality Workplace, Version = 2006A 2006B)<br/> (Id = 22, Name = xDL, Version = 3)<br/> ', NULL, NULL);
INSERT INTO pr_search_log_report (id, search_date, search_performer, performer_ip_address, performer_hostname, browser_information, search_type, intersection_search, number_of_found_integration_statements, list_of_found_integration_statements, performer_city, performer_country) VALUES (342, '2009-10-28 12:58:11.857', NULL, '87.54.40.114', 'mail.medical-insight.com', 'Mozilla/5.0 (X11; U; Linux i686; en-US; rv:1.9.0.3) Gecko/2008092416 Firefox/3.0.3', 'TF_SEARCH', false, 0, '', NULL, NULL);
INSERT INTO pr_search_log_report (id, search_date, search_performer, performer_ip_address, performer_hostname, browser_information, search_type, intersection_search, number_of_found_integration_statements, list_of_found_integration_statements, performer_city, performer_country) VALUES (343, '2009-10-28 18:06:26.842', 'bklaver', '24.14.217.207', '24.14.217.207', 'Mozilla/4.0 (compatible; MSIE 7.0; Windows NT 5.1; Comcast Install 1.0; .NET CLR 1.1.4322; .NET CLR 2.0.50727; InfoPath.1; MS-RTC LM 8)', 'DEFAULT_SEARCH_COMPANY', false, 1, '(Id = 3, Name = IMPAX, Version = 6.2.x & 6.3.x)<br/> ', NULL, NULL);
INSERT INTO pr_search_log_report (id, search_date, search_performer, performer_ip_address, performer_hostname, browser_information, search_type, intersection_search, number_of_found_integration_statements, list_of_found_integration_statements, performer_city, performer_country) VALUES (344, '2009-10-28 18:07:45.13', 'bklaver', '24.14.217.207', '24.14.217.207', 'Mozilla/4.0 (compatible; MSIE 7.0; Windows NT 5.1; Comcast Install 1.0; .NET CLR 1.1.4322; .NET CLR 2.0.50727; InfoPath.1; MS-RTC LM 8)', 'DEFAULT_SEARCH_COMPANY', false, 1, '(Id = 22, Name = xDL, Version = 3)<br/> ', NULL, NULL);
INSERT INTO pr_search_log_report (id, search_date, search_performer, performer_ip_address, performer_hostname, browser_information, search_type, intersection_search, number_of_found_integration_statements, list_of_found_integration_statements, performer_city, performer_country) VALUES (345, '2009-10-28 18:08:27.949', 'bklaver', '24.14.217.207', '24.14.217.207', 'Mozilla/4.0 (compatible; MSIE 7.0; Windows NT 5.1; Comcast Install 1.0; .NET CLR 1.1.4322; .NET CLR 2.0.50727; InfoPath.1; MS-RTC LM 8)', 'DEFAULT_SEARCH_COMPANY', false, 1, '(Id = 11, Name = XDS Suite for IBM Health Information Exchange, Version = 2.1)<br/> ', NULL, NULL);
INSERT INTO pr_search_log_report (id, search_date, search_performer, performer_ip_address, performer_hostname, browser_information, search_type, intersection_search, number_of_found_integration_statements, list_of_found_integration_statements, performer_city, performer_country) VALUES (346, '2009-10-28 18:09:01.004', 'bklaver', '24.14.217.207', '24.14.217.207', 'Mozilla/4.0 (compatible; MSIE 7.0; Windows NT 5.1; Comcast Install 1.0; .NET CLR 1.1.4322; .NET CLR 2.0.50727; InfoPath.1; MS-RTC LM 8)', 'DEFAULT_SEARCH_COMPANY', false, 1, '(Id = 19, Name = M7, Version = 1.0)<br/> ', NULL, NULL);
INSERT INTO pr_search_log_report (id, search_date, search_performer, performer_ip_address, performer_hostname, browser_information, search_type, intersection_search, number_of_found_integration_statements, list_of_found_integration_statements, performer_city, performer_country) VALUES (347, '2009-10-28 18:09:34.264', 'bklaver', '24.14.217.207', '24.14.217.207', 'Mozilla/4.0 (compatible; MSIE 7.0; Windows NT 5.1; Comcast Install 1.0; .NET CLR 1.1.4322; .NET CLR 2.0.50727; InfoPath.1; MS-RTC LM 8)', 'DEFAULT_SEARCH_COMPANY', false, 5, '(Id = 23, Name = Acuson S2000, Version = 1.0)<br/> (Id = 26, Name = Artis zee, Artis zeego, Version = VC14C)<br/> (Id = 13, Name = syngo Dynamics Workplace, Version = 7.0)<br/> (Id = 14, Name = syngo MultiModality Workplace, Version = 2006A 2006B)<br/> (Id = 15, Name = syngo Suite, Version = V35A)<br/> ', NULL, NULL);
INSERT INTO pr_search_log_report (id, search_date, search_performer, performer_ip_address, performer_hostname, browser_information, search_type, intersection_search, number_of_found_integration_statements, list_of_found_integration_statements, performer_city, performer_country) VALUES (348, '2009-10-29 04:35:14.482', NULL, '203.117.237.42', 'mohh.com.sg', 'Mozilla/4.0 (compatible; MSIE 7.0; Windows NT 5.1; GTB6; .NET CLR 1.1.4322; .NET CLR 2.0.50727; .NET CLR 3.0.4506.2152; .NET CLR 3.5.30729)', 'TF_SEARCH', false, 0, '', NULL, NULL);
INSERT INTO pr_search_log_report (id, search_date, search_performer, performer_ip_address, performer_hostname, browser_information, search_type, intersection_search, number_of_found_integration_statements, list_of_found_integration_statements, performer_city, performer_country) VALUES (349, '2009-10-29 19:06:43.921', NULL, '200.95.162.30', '200.95.162.30', 'Mozilla/4.0 (compatible; MSIE 8.0; Windows NT 5.1; Trident/4.0; GTB6; .NET CLR 1.1.4322; MS-RTC LM 8; .NET CLR 3.0.4506.2152; .NET CLR 3.5.30729; .NET CLR 2.0.50727)', 'DEFAULT_SEARCH_SYSTEM_TYPE', false, 4, '(Id = 13, Name = syngo Dynamics Workplace, Version = 7.0)<br/> (Id = 14, Name = syngo MultiModality Workplace, Version = 2006A 2006B)<br/> (Id = 22, Name = xDL, Version = 3)<br/> (Id = 27, Name = Initiate Master Data Service, Version = 8.7)<br/> ', NULL, NULL);
INSERT INTO pr_search_log_report (id, search_date, search_performer, performer_ip_address, performer_hostname, browser_information, search_type, intersection_search, number_of_found_integration_statements, list_of_found_integration_statements, performer_city, performer_country) VALUES (350, '2009-10-29 19:09:24.075', NULL, '200.95.162.30', '200.95.162.30', 'Mozilla/4.0 (compatible; MSIE 8.0; Windows NT 5.1; Trident/4.0; GTB6; .NET CLR 1.1.4322; MS-RTC LM 8; .NET CLR 3.0.4506.2152; .NET CLR 3.5.30729; .NET CLR 2.0.50727)', 'DEFAULT_SEARCH_COMPANY', false, 1, '(Id = 27, Name = Initiate Master Data Service, Version = 8.7)<br/> ', NULL, NULL);
INSERT INTO pr_search_log_report (id, search_date, search_performer, performer_ip_address, performer_hostname, browser_information, search_type, intersection_search, number_of_found_integration_statements, list_of_found_integration_statements, performer_city, performer_country) VALUES (351, '2009-10-30 01:48:24.427', NULL, '165.86.71.20', '165.86.71.20', 'Mozilla/4.0 (compatible; MSIE 6.0; Windows NT 5.1; SV1)', 'DEFAULT_SEARCH_SYSTEM_TYPE', false, 2, '(Id = 3, Name = IMPAX, Version = 6.2.x & 6.3.x)<br/> (Id = 15, Name = syngo Suite, Version = V35A)<br/> ', NULL, NULL);
INSERT INTO pr_search_log_report (id, search_date, search_performer, performer_ip_address, performer_hostname, browser_information, search_type, intersection_search, number_of_found_integration_statements, list_of_found_integration_statements, performer_city, performer_country) VALUES (352, '2009-10-30 11:36:01.384', NULL, '131.254.15.220', 'yaka.irisa.fr', 'Mozilla/5.0 (Macintosh; U; Intel Mac OS X 10_6_1; en-us) AppleWebKit/531.9 (KHTML, like Gecko) Version/4.0.3 Safari/531.9', 'DEFAULT_SEARCH_SYSTEM_TYPE', false, 2, '(Id = 11, Name = XDS Suite for IBM Health Information Exchange, Version = 2.1)<br/> (Id = 22, Name = xDL, Version = 3)<br/> ', NULL, NULL);
INSERT INTO pr_search_log_report (id, search_date, search_performer, performer_ip_address, performer_hostname, browser_information, search_type, intersection_search, number_of_found_integration_statements, list_of_found_integration_statements, performer_city, performer_country) VALUES (353, '2009-10-30 11:38:27.386', NULL, '131.254.15.220', 'yaka.irisa.fr', 'Mozilla/5.0 (Macintosh; U; Intel Mac OS X 10_6_1; en-us) AppleWebKit/531.9 (KHTML, like Gecko) Version/4.0.3 Safari/531.9', 'DEFAULT_SEARCH_SYSTEM_TYPE', false, 3, '(Id = 19, Name = M7, Version = 1.0)<br/> (Id = 23, Name = Acuson S2000, Version = 1.0)<br/> (Id = 26, Name = Artis zee, Artis zeego, Version = VC14C)<br/> ', NULL, NULL);
INSERT INTO pr_search_log_report (id, search_date, search_performer, performer_ip_address, performer_hostname, browser_information, search_type, intersection_search, number_of_found_integration_statements, list_of_found_integration_statements, performer_city, performer_country) VALUES (354, '2009-10-30 14:13:47.799', NULL, '212.167.5.6', '212.167.5.6', 'Mozilla/4.0 (compatible; MSIE 6.0; Windows NT 5.1; SV1; .NET CLR 1.0.3705; .NET CLR 2.0.50727; InfoPath.1; .NET CLR 1.1.4322; MS-RTC LM 8)', 'DEFAULT_SEARCH_COMPANY', false, 1, '(Id = 3, Name = IMPAX, Version = 6.2.x & 6.3.x)<br/> ', NULL, NULL);
INSERT INTO pr_search_log_report (id, search_date, search_performer, performer_ip_address, performer_hostname, browser_information, search_type, intersection_search, number_of_found_integration_statements, list_of_found_integration_statements, performer_city, performer_country) VALUES (355, '2009-10-30 14:15:23.352', NULL, '212.167.5.6', '212.167.5.6', 'Mozilla/4.0 (compatible; MSIE 6.0; Windows NT 5.1; SV1; .NET CLR 1.0.3705; .NET CLR 2.0.50727; InfoPath.1; .NET CLR 1.1.4322; MS-RTC LM 8)', 'DEFAULT_SEARCH_SYSTEM_TYPE', false, 2, '(Id = 11, Name = XDS Suite for IBM Health Information Exchange, Version = 2.1)<br/> (Id = 22, Name = xDL, Version = 3)<br/> ', NULL, NULL);
INSERT INTO pr_search_log_report (id, search_date, search_performer, performer_ip_address, performer_hostname, browser_information, search_type, intersection_search, number_of_found_integration_statements, list_of_found_integration_statements, performer_city, performer_country) VALUES (356, '2009-10-30 14:51:39.451', NULL, '81.208.111.158', '81-208-111-158.ip.fastwebnet.it', 'Mozilla/4.0 (compatible; MSIE 6.0; Windows NT 5.0; Sgrunt|V109|3060|S879016057|dial; snprtz|S29990030091982; .NET CLR 1.1.4322; .NET CLR 2.0.50727)', 'ADVANCED_SEARCH', false, 2, '(Id = 11, Name = XDS Suite for IBM Health Information Exchange, Version = 2.1)<br/> (Id = 22, Name = xDL, Version = 3)<br/> ', NULL, NULL);
INSERT INTO pr_search_log_report (id, search_date, search_performer, performer_ip_address, performer_hostname, browser_information, search_type, intersection_search, number_of_found_integration_statements, list_of_found_integration_statements, performer_city, performer_country) VALUES (357, '2009-10-30 17:52:37.659', NULL, '131.254.12.221', 'tatami.irisa.fr', 'Mozilla/5.0 (Windows; U; Windows NT 5.1; fr; rv:1.9.1.3) Gecko/20090824 Firefox/3.5.3 (.NET CLR 3.5.30729)', 'ADVANCED_SEARCH', true, 1, '(Id = 26, Name = Artis zee, Artis zeego, Version = VC14C)<br/> ', NULL, NULL);
INSERT INTO pr_search_log_report (id, search_date, search_performer, performer_ip_address, performer_hostname, browser_information, search_type, intersection_search, number_of_found_integration_statements, list_of_found_integration_statements, performer_city, performer_country) VALUES (358, '2009-10-31 08:18:00.368', NULL, '90.43.0.75', 'AStDenis-106-1-69-75.w90-43.abo.wanadoo.fr', 'Mozilla/4.0 (compatible; MSIE 7.0; Windows NT 6.0; Orange 8.0; NaviORAHSS1.1; SLCC1; .NET CLR 2.0.50727; Media Center PC 5.0; .NET CLR 3.0.04506)', 'DEFAULT_SEARCH_COMPANY', false, 5, '(Id = 23, Name = Acuson S2000, Version = 1.0)<br/> (Id = 26, Name = Artis zee, Artis zeego, Version = VC14C)<br/> (Id = 13, Name = syngo Dynamics Workplace, Version = 7.0)<br/> (Id = 14, Name = syngo MultiModality Workplace, Version = 2006A 2006B)<br/> (Id = 15, Name = syngo Suite, Version = V35A)<br/> ', NULL, NULL);
INSERT INTO pr_search_log_report (id, search_date, search_performer, performer_ip_address, performer_hostname, browser_information, search_type, intersection_search, number_of_found_integration_statements, list_of_found_integration_statements, performer_city, performer_country) VALUES (359, '2009-11-02 13:42:31.546', NULL, '82.80.26.51', 'bzq-80-26-51.red.bezeqint.net', 'Mozilla/5.0 (Windows; U; Windows NT 6.0; en-US; rv:1.9.1.4) Gecko/20091016 Firefox/3.5.4 GTB6 (.NET CLR 3.5.30729)', 'DEFAULT_SEARCH_COMPANY', false, 1, '(Id = 27, Name = Initiate Master Data Service, Version = 8.7)<br/> ', NULL, NULL);
INSERT INTO pr_search_log_report (id, search_date, search_performer, performer_ip_address, performer_hostname, browser_information, search_type, intersection_search, number_of_found_integration_statements, list_of_found_integration_statements, performer_city, performer_country) VALUES (360, '2009-11-03 07:20:52.251', 'epoiseau', '78.230.250.3', 'gev35-1-78-230-250-3.fbx.proxad.net', 'Mozilla/5.0 (Macintosh; U; Intel Mac OS X 10_5_8; fr-fr) AppleWebKit/531.9 (KHTML, like Gecko) Version/4.0.3 Safari/531.9', 'DEFAULT_SEARCH_COMPANY', false, 1, '(Id = 30, Name = Oracle Healthcare Transaction Base, Version = 5.3)<br/> ', NULL, NULL);
INSERT INTO pr_search_log_report (id, search_date, search_performer, performer_ip_address, performer_hostname, browser_information, search_type, intersection_search, number_of_found_integration_statements, list_of_found_integration_statements, performer_city, performer_country) VALUES (361, '2009-11-03 07:27:30.043', 'epoiseau', '78.230.250.3', 'gev35-1-78-230-250-3.fbx.proxad.net', 'Mozilla/5.0 (Macintosh; U; Intel Mac OS X 10_5_8; fr-fr) AppleWebKit/531.9 (KHTML, like Gecko) Version/4.0.3 Safari/531.9', 'DEFAULT_SEARCH_COMPANY', false, 1, '(Id = 19, Name = M7, Version = 1.0)<br/> ', NULL, NULL);
INSERT INTO pr_search_log_report (id, search_date, search_performer, performer_ip_address, performer_hostname, browser_information, search_type, intersection_search, number_of_found_integration_statements, list_of_found_integration_statements, performer_city, performer_country) VALUES (362, '2009-11-03 07:27:38.821', 'epoiseau', '78.230.250.3', 'gev35-1-78-230-250-3.fbx.proxad.net', 'Mozilla/5.0 (Macintosh; U; Intel Mac OS X 10_5_8; fr-fr) AppleWebKit/531.9 (KHTML, like Gecko) Version/4.0.3 Safari/531.9', 'DEFAULT_SEARCH_COMPANY', false, 1, '(Id = 19, Name = M7, Version = 1.0)<br/> ', NULL, NULL);
INSERT INTO pr_search_log_report (id, search_date, search_performer, performer_ip_address, performer_hostname, browser_information, search_type, intersection_search, number_of_found_integration_statements, list_of_found_integration_statements, performer_city, performer_country) VALUES (363, '2009-11-03 07:27:43.227', 'epoiseau', '78.230.250.3', 'gev35-1-78-230-250-3.fbx.proxad.net', 'Mozilla/5.0 (Macintosh; U; Intel Mac OS X 10_5_8; fr-fr) AppleWebKit/531.9 (KHTML, like Gecko) Version/4.0.3 Safari/531.9', 'DEFAULT_SEARCH_COMPANY', false, 1, '(Id = 30, Name = Oracle Healthcare Transaction Base, Version = 5.3)<br/> ', NULL, NULL);
INSERT INTO pr_search_log_report (id, search_date, search_performer, performer_ip_address, performer_hostname, browser_information, search_type, intersection_search, number_of_found_integration_statements, list_of_found_integration_statements, performer_city, performer_country) VALUES (364, '2009-11-03 11:11:26.365', NULL, '129.20.161.223', 'master23.medchu.univ-rennes1.fr', 'Mozilla/5.0 (Macintosh; U; Intel Mac OS X 10_6_1; fr-fr) AppleWebKit/531.9 (KHTML, like Gecko) Version/4.0.3 Safari/531.9', 'DEFAULT_SEARCH_COMPANY', false, 1, '(Id = 3, Name = IMPAX, Version = 6.2.x & 6.3.x)<br/> ', NULL, NULL);
INSERT INTO pr_search_log_report (id, search_date, search_performer, performer_ip_address, performer_hostname, browser_information, search_type, intersection_search, number_of_found_integration_statements, list_of_found_integration_statements, performer_city, performer_country) VALUES (365, '2009-11-03 11:11:38.273', NULL, '129.20.161.226', 'master26.medchu.univ-rennes1.fr', 'Mozilla/5.0 (Macintosh; U; Intel Mac OS X 10.6; fr; rv:1.9.1.2) Gecko/20090729 Firefox/3.5.2', 'DEFAULT_SEARCH_COMPANY', false, 1, '(Id = 3, Name = IMPAX, Version = 6.2.x & 6.3.x)<br/> ', NULL, NULL);
INSERT INTO pr_search_log_report (id, search_date, search_performer, performer_ip_address, performer_hostname, browser_information, search_type, intersection_search, number_of_found_integration_statements, list_of_found_integration_statements, performer_city, performer_country) VALUES (366, '2009-11-03 11:11:46.999', NULL, '129.20.161.223', 'master23.medchu.univ-rennes1.fr', 'Mozilla/5.0 (Macintosh; U; Intel Mac OS X 10_6_1; fr-fr) AppleWebKit/531.9 (KHTML, like Gecko) Version/4.0.3 Safari/531.9', 'DEFAULT_SEARCH_COMPANY', false, 1, '(Id = 22, Name = xDL, Version = 3)<br/> ', NULL, NULL);
INSERT INTO pr_search_log_report (id, search_date, search_performer, performer_ip_address, performer_hostname, browser_information, search_type, intersection_search, number_of_found_integration_statements, list_of_found_integration_statements, performer_city, performer_country) VALUES (367, '2009-11-03 12:58:17.751', NULL, '194.176.105.47', 'inetgw-66-pri.nhs.uk', 'Mozilla/5.0 (Windows; U; Windows NT 5.1; en-GB; rv:1.9.0.8) Gecko/2009032609 Firefox/3.0.8 (.NET CLR 3.5.30729)', 'DEFAULT_SEARCH_SYSTEM_TYPE', false, 5, '(Id = 13, Name = syngo Dynamics Workplace, Version = 7.0)<br/> (Id = 14, Name = syngo MultiModality Workplace, Version = 2006A 2006B)<br/> (Id = 22, Name = xDL, Version = 3)<br/> (Id = 27, Name = Initiate Master Data Service, Version = 8.7)<br/> (Id = 30, Name = Oracle Healthcare Transaction Base, Version = 5.3)<br/> ', NULL, NULL);
INSERT INTO pr_search_log_report (id, search_date, search_performer, performer_ip_address, performer_hostname, browser_information, search_type, intersection_search, number_of_found_integration_statements, list_of_found_integration_statements, performer_city, performer_country) VALUES (368, '2009-11-03 12:58:42.21', NULL, '194.176.105.47', 'inetgw-66-pri.nhs.uk', 'Mozilla/5.0 (Windows; U; Windows NT 5.1; en-GB; rv:1.9.0.8) Gecko/2009032609 Firefox/3.0.8 (.NET CLR 3.5.30729)', 'DEFAULT_SEARCH_SYSTEM_TYPE', false, 1, '(Id = 26, Name = Artis zee, Artis zeego, Version = VC14C)<br/> ', NULL, NULL);
INSERT INTO pr_search_log_report (id, search_date, search_performer, performer_ip_address, performer_hostname, browser_information, search_type, intersection_search, number_of_found_integration_statements, list_of_found_integration_statements, performer_city, performer_country) VALUES (369, '2009-11-03 16:48:59.617', NULL, '217.194.34.103', 'inac.erlm.siemens.de', 'Mozilla/4.0 (compatible; MSIE 7.0; Windows NT 5.1; .NET CLR 1.1.4322; .NET CLR 2.0.50727; .NET CLR 3.0.04506.30; InfoPath.1; .NET CLR 3.0.04506.648; .NET CLR 3.5.21022; .NET CLR 1.0.3705; MS-RTC LM 8; .NET CLR 3.0.4506.2152; .NET CLR 3.5.30729)', 'DEFAULT_SEARCH_COMPANY', false, 5, '(Id = 23, Name = Acuson S2000, Version = 1.0)<br/> (Id = 26, Name = Artis zee, Artis zeego, Version = VC14C)<br/> (Id = 13, Name = syngo Dynamics Workplace, Version = 7.0)<br/> (Id = 14, Name = syngo MultiModality Workplace, Version = 2006A 2006B)<br/> (Id = 15, Name = syngo Suite, Version = V35A)<br/> ', NULL, NULL);
INSERT INTO pr_search_log_report (id, search_date, search_performer, performer_ip_address, performer_hostname, browser_information, search_type, intersection_search, number_of_found_integration_statements, list_of_found_integration_statements, performer_city, performer_country) VALUES (370, '2009-11-03 18:25:16.828', NULL, '62.25.24.194', '62.25.24.194', 'Mozilla/5.0 (Windows; U; Windows NT 6.0; pt-PT; rv:1.9.1.4) Gecko/20091016 Firefox/3.5.4 (.NET CLR 3.5.30729)', 'DEFAULT_SEARCH_COMPANY', false, 1, '(Id = 3, Name = IMPAX, Version = 6.2.x & 6.3.x)<br/> ', NULL, NULL);
INSERT INTO pr_search_log_report (id, search_date, search_performer, performer_ip_address, performer_hostname, browser_information, search_type, intersection_search, number_of_found_integration_statements, list_of_found_integration_statements, performer_city, performer_country) VALUES (371, '2009-11-03 18:26:44.203', NULL, '62.25.24.194', '62.25.24.194', 'Mozilla/5.0 (Windows; U; Windows NT 6.0; pt-PT; rv:1.9.1.4) Gecko/20091016 Firefox/3.5.4 (.NET CLR 3.5.30729)', 'DEFAULT_SEARCH_SYSTEM_TYPE', false, 5, '(Id = 13, Name = syngo Dynamics Workplace, Version = 7.0)<br/> (Id = 14, Name = syngo MultiModality Workplace, Version = 2006A 2006B)<br/> (Id = 22, Name = xDL, Version = 3)<br/> (Id = 27, Name = Initiate Master Data Service, Version = 8.7)<br/> (Id = 30, Name = Oracle Healthcare Transaction Base, Version = 5.3)<br/> ', NULL, NULL);
INSERT INTO pr_search_log_report (id, search_date, search_performer, performer_ip_address, performer_hostname, browser_information, search_type, intersection_search, number_of_found_integration_statements, list_of_found_integration_statements, performer_city, performer_country) VALUES (372, '2009-11-04 12:00:52.146', NULL, '131.254.12.221', 'tatami.irisa.fr', 'Mozilla/5.0 (Windows; U; Windows NT 5.1; fr; rv:1.9.1.4) Gecko/20091016 Firefox/3.5.4 (.NET CLR 3.5.30729)', 'DEFAULT_SEARCH_SYSTEM_TYPE', false, 3, '(Id = 11, Name = XDS Suite for IBM Health Information Exchange, Version = 2.1)<br/> (Id = 22, Name = xDL, Version = 3)<br/> (Id = 30, Name = Oracle Healthcare Transaction Base, Version = 5.3)<br/> ', NULL, NULL);
INSERT INTO pr_search_log_report (id, search_date, search_performer, performer_ip_address, performer_hostname, browser_information, search_type, intersection_search, number_of_found_integration_statements, list_of_found_integration_statements, performer_city, performer_country) VALUES (373, '2009-11-04 12:00:56.319', NULL, '131.254.12.221', 'tatami.irisa.fr', 'Mozilla/5.0 (Windows; U; Windows NT 5.1; fr; rv:1.9.1.4) Gecko/20091016 Firefox/3.5.4 (.NET CLR 3.5.30729)', 'DEFAULT_SEARCH_SYSTEM_TYPE', false, 3, '(Id = 19, Name = M7, Version = 1.0)<br/> (Id = 23, Name = Acuson S2000, Version = 1.0)<br/> (Id = 26, Name = Artis zee, Artis zeego, Version = VC14C)<br/> ', NULL, NULL);
INSERT INTO pr_search_log_report (id, search_date, search_performer, performer_ip_address, performer_hostname, browser_information, search_type, intersection_search, number_of_found_integration_statements, list_of_found_integration_statements, performer_city, performer_country) VALUES (374, '2009-11-04 12:01:00.144', NULL, '131.254.12.221', 'tatami.irisa.fr', 'Mozilla/5.0 (Windows; U; Windows NT 5.1; fr; rv:1.9.1.4) Gecko/20091016 Firefox/3.5.4 (.NET CLR 3.5.30729)', 'DEFAULT_SEARCH_SYSTEM_TYPE', false, 5, '(Id = 13, Name = syngo Dynamics Workplace, Version = 7.0)<br/> (Id = 14, Name = syngo MultiModality Workplace, Version = 2006A 2006B)<br/> (Id = 22, Name = xDL, Version = 3)<br/> (Id = 27, Name = Initiate Master Data Service, Version = 8.7)<br/> (Id = 30, Name = Oracle Healthcare Transaction Base, Version = 5.3)<br/> ', NULL, NULL);
INSERT INTO pr_search_log_report (id, search_date, search_performer, performer_ip_address, performer_hostname, browser_information, search_type, intersection_search, number_of_found_integration_statements, list_of_found_integration_statements, performer_city, performer_country) VALUES (375, '2009-11-04 12:01:02.857', NULL, '131.254.12.221', 'tatami.irisa.fr', 'Mozilla/5.0 (Windows; U; Windows NT 5.1; fr; rv:1.9.1.4) Gecko/20091016 Firefox/3.5.4 (.NET CLR 3.5.30729)', 'DEFAULT_SEARCH_SYSTEM_TYPE', false, 2, '(Id = 3, Name = IMPAX, Version = 6.2.x & 6.3.x)<br/> (Id = 15, Name = syngo Suite, Version = V35A)<br/> ', NULL, NULL);
INSERT INTO pr_search_log_report (id, search_date, search_performer, performer_ip_address, performer_hostname, browser_information, search_type, intersection_search, number_of_found_integration_statements, list_of_found_integration_statements, performer_city, performer_country) VALUES (376, '2009-11-04 12:01:05.271', NULL, '131.254.12.221', 'tatami.irisa.fr', 'Mozilla/5.0 (Windows; U; Windows NT 5.1; fr; rv:1.9.1.4) Gecko/20091016 Firefox/3.5.4 (.NET CLR 3.5.30729)', 'DEFAULT_SEARCH_SYSTEM_TYPE', false, 1, '(Id = 15, Name = syngo Suite, Version = V35A)<br/> ', NULL, NULL);
INSERT INTO pr_search_log_report (id, search_date, search_performer, performer_ip_address, performer_hostname, browser_information, search_type, intersection_search, number_of_found_integration_statements, list_of_found_integration_statements, performer_city, performer_country) VALUES (377, '2009-11-04 12:01:10.652', NULL, '131.254.12.221', 'tatami.irisa.fr', 'Mozilla/5.0 (Windows; U; Windows NT 5.1; fr; rv:1.9.1.4) Gecko/20091016 Firefox/3.5.4 (.NET CLR 3.5.30729)', 'DEFAULT_SEARCH_SYSTEM_TYPE', false, 1, '(Id = 26, Name = Artis zee, Artis zeego, Version = VC14C)<br/> ', NULL, NULL);
INSERT INTO pr_search_log_report (id, search_date, search_performer, performer_ip_address, performer_hostname, browser_information, search_type, intersection_search, number_of_found_integration_statements, list_of_found_integration_statements, performer_city, performer_country) VALUES (378, '2009-11-04 12:01:12.512', NULL, '131.254.12.221', 'tatami.irisa.fr', 'Mozilla/5.0 (Windows; U; Windows NT 5.1; fr; rv:1.9.1.4) Gecko/20091016 Firefox/3.5.4 (.NET CLR 3.5.30729)', 'DEFAULT_SEARCH_SYSTEM_TYPE', false, 1, '(Id = 19, Name = M7, Version = 1.0)<br/> ', NULL, NULL);
INSERT INTO pr_search_log_report (id, search_date, search_performer, performer_ip_address, performer_hostname, browser_information, search_type, intersection_search, number_of_found_integration_statements, list_of_found_integration_statements, performer_city, performer_country) VALUES (379, '2009-11-04 12:01:14.125', NULL, '131.254.12.221', 'tatami.irisa.fr', 'Mozilla/5.0 (Windows; U; Windows NT 5.1; fr; rv:1.9.1.4) Gecko/20091016 Firefox/3.5.4 (.NET CLR 3.5.30729)', 'DEFAULT_SEARCH_SYSTEM_TYPE', false, 1, '(Id = 26, Name = Artis zee, Artis zeego, Version = VC14C)<br/> ', NULL, NULL);
INSERT INTO pr_search_log_report (id, search_date, search_performer, performer_ip_address, performer_hostname, browser_information, search_type, intersection_search, number_of_found_integration_statements, list_of_found_integration_statements, performer_city, performer_country) VALUES (380, '2009-11-04 12:07:37.244', NULL, '131.254.12.221', 'tatami.irisa.fr', 'Mozilla/5.0 (Windows; U; Windows NT 5.1; fr; rv:1.9.1.4) Gecko/20091016 Firefox/3.5.4 (.NET CLR 3.5.30729)', 'DEFAULT_SEARCH_SYSTEM_TYPE', false, 1, '(Id = 26, Name = Artis zee, Artis zeego, Version = VC14C)<br/> ', NULL, NULL);
INSERT INTO pr_search_log_report (id, search_date, search_performer, performer_ip_address, performer_hostname, browser_information, search_type, intersection_search, number_of_found_integration_statements, list_of_found_integration_statements, performer_city, performer_country) VALUES (381, '2009-11-04 12:07:39.84', NULL, '131.254.12.221', 'tatami.irisa.fr', 'Mozilla/5.0 (Windows; U; Windows NT 5.1; fr; rv:1.9.1.4) Gecko/20091016 Firefox/3.5.4 (.NET CLR 3.5.30729)', 'DEFAULT_SEARCH_SYSTEM_TYPE', false, 1, '(Id = 19, Name = M7, Version = 1.0)<br/> ', NULL, NULL);
INSERT INTO pr_search_log_report (id, search_date, search_performer, performer_ip_address, performer_hostname, browser_information, search_type, intersection_search, number_of_found_integration_statements, list_of_found_integration_statements, performer_city, performer_country) VALUES (382, '2009-11-04 12:07:41.65', NULL, '131.254.12.221', 'tatami.irisa.fr', 'Mozilla/5.0 (Windows; U; Windows NT 5.1; fr; rv:1.9.1.4) Gecko/20091016 Firefox/3.5.4 (.NET CLR 3.5.30729)', 'DEFAULT_SEARCH_SYSTEM_TYPE', false, 1, '(Id = 26, Name = Artis zee, Artis zeego, Version = VC14C)<br/> ', NULL, NULL);
INSERT INTO pr_search_log_report (id, search_date, search_performer, performer_ip_address, performer_hostname, browser_information, search_type, intersection_search, number_of_found_integration_statements, list_of_found_integration_statements, performer_city, performer_country) VALUES (383, '2009-11-04 12:07:52.227', NULL, '131.254.12.221', 'tatami.irisa.fr', 'Mozilla/5.0 (Windows; U; Windows NT 5.1; fr; rv:1.9.1.4) Gecko/20091016 Firefox/3.5.4 (.NET CLR 3.5.30729)', 'DEFAULT_SEARCH_SYSTEM_TYPE', false, 3, '(Id = 19, Name = M7, Version = 1.0)<br/> (Id = 23, Name = Acuson S2000, Version = 1.0)<br/> (Id = 26, Name = Artis zee, Artis zeego, Version = VC14C)<br/> ', NULL, NULL);
INSERT INTO pr_search_log_report (id, search_date, search_performer, performer_ip_address, performer_hostname, browser_information, search_type, intersection_search, number_of_found_integration_statements, list_of_found_integration_statements, performer_city, performer_country) VALUES (384, '2009-11-04 12:07:57.259', NULL, '131.254.12.221', 'tatami.irisa.fr', 'Mozilla/5.0 (Windows; U; Windows NT 5.1; fr; rv:1.9.1.4) Gecko/20091016 Firefox/3.5.4 (.NET CLR 3.5.30729)', 'DEFAULT_SEARCH_SYSTEM_TYPE', false, 3, '(Id = 11, Name = XDS Suite for IBM Health Information Exchange, Version = 2.1)<br/> (Id = 22, Name = xDL, Version = 3)<br/> (Id = 30, Name = Oracle Healthcare Transaction Base, Version = 5.3)<br/> ', NULL, NULL);
INSERT INTO pr_search_log_report (id, search_date, search_performer, performer_ip_address, performer_hostname, browser_information, search_type, intersection_search, number_of_found_integration_statements, list_of_found_integration_statements, performer_city, performer_country) VALUES (385, '2009-11-04 12:08:01.483', NULL, '131.254.12.221', 'tatami.irisa.fr', 'Mozilla/5.0 (Windows; U; Windows NT 5.1; fr; rv:1.9.1.4) Gecko/20091016 Firefox/3.5.4 (.NET CLR 3.5.30729)', 'DEFAULT_SEARCH_SYSTEM_TYPE', false, 2, '(Id = 3, Name = IMPAX, Version = 6.2.x & 6.3.x)<br/> (Id = 15, Name = syngo Suite, Version = V35A)<br/> ', NULL, NULL);
INSERT INTO pr_search_log_report (id, search_date, search_performer, performer_ip_address, performer_hostname, browser_information, search_type, intersection_search, number_of_found_integration_statements, list_of_found_integration_statements, performer_city, performer_country) VALUES (386, '2009-11-04 17:13:39.495', NULL, '194.138.39.53', 'proxy12.sbs.de', 'Mozilla/4.0 (compatible; MSIE 6.0; Windows NT 5.1; SV1; .NET CLR 1.0.3705; .NET CLR 1.1.4322; .NET CLR 2.0.50727; .NET CLR 3.0.04506.30; InfoPath.1; MS-RTC LM 8)', 'DEFAULT_SEARCH_COMPANY', false, 5, '(Id = 23, Name = Acuson S2000, Version = 1.0)<br/> (Id = 26, Name = Artis zee, Artis zeego, Version = VC14C)<br/> (Id = 13, Name = syngo Dynamics Workplace, Version = 7.0)<br/> (Id = 14, Name = syngo MultiModality Workplace, Version = 2006A 2006B)<br/> (Id = 15, Name = syngo Suite, Version = V35A)<br/> ', NULL, NULL);
INSERT INTO pr_search_log_report (id, search_date, search_performer, performer_ip_address, performer_hostname, browser_information, search_type, intersection_search, number_of_found_integration_statements, list_of_found_integration_statements, performer_city, performer_country) VALUES (387, '2009-11-05 20:01:02.401', NULL, '99.155.223.248', 'adsl-99-155-223-248.dsl.sfldmi.sbcglobal.net', 'Mozilla/4.0 (compatible; MSIE 8.0; Windows NT 5.1; Trident/4.0; GTB6; .NET CLR 1.1.4322; .NET CLR 2.0.50727; .NET CLR 3.0.4506.2152; .NET CLR 3.5.30729; MS-RTC LM 8)', 'DEFAULT_SEARCH_COMPANY', false, 5, '(Id = 23, Name = Acuson S2000, Version = 1.0)<br/> (Id = 26, Name = Artis zee, Artis zeego, Version = VC14C)<br/> (Id = 13, Name = syngo Dynamics Workplace, Version = 7.0)<br/> (Id = 14, Name = syngo MultiModality Workplace, Version = 2006A 2006B)<br/> (Id = 15, Name = syngo Suite, Version = V35A)<br/> ', NULL, NULL);
INSERT INTO pr_search_log_report (id, search_date, search_performer, performer_ip_address, performer_hostname, browser_information, search_type, intersection_search, number_of_found_integration_statements, list_of_found_integration_statements, performer_city, performer_country) VALUES (388, '2009-11-06 03:00:08.635', NULL, '64.46.248.203', '64.46.248.203', 'Mozilla/4.0 (compatible; MSIE 6.0; Windows NT 5.1; SV1; .NET CLR 1.0.3705; .NET CLR 1.1.4322; .NET CLR 2.0.50727; InfoPath.1; .NET CLR 3.0.04506.30; MS-RTC LM 8)', 'DEFAULT_SEARCH_COMPANY', false, 1, '(Id = 3, Name = IMPAX, Version = 6.2.x & 6.3.x)<br/> ', NULL, NULL);
INSERT INTO pr_search_log_report (id, search_date, search_performer, performer_ip_address, performer_hostname, browser_information, search_type, intersection_search, number_of_found_integration_statements, list_of_found_integration_statements, performer_city, performer_country) VALUES (389, '2009-11-06 04:54:02.70', 'sbajaj', '148.87.1.172', 'inet-netcache3-o.oracle.com', 'Mozilla/4.0 (compatible; MSIE 7.0; Windows NT 5.1; .NET CLR 1.1.4322; .NET CLR 2.0.50727; .NET CLR 3.0.4506.2152; .NET CLR 3.5.30729)', 'DEFAULT_SEARCH_COMPANY', false, 1, '(Id = 30, Name = Oracle Healthcare Transaction Base, Version = 5.3)<br/> ', NULL, NULL);
INSERT INTO pr_search_log_report (id, search_date, search_performer, performer_ip_address, performer_hostname, browser_information, search_type, intersection_search, number_of_found_integration_statements, list_of_found_integration_statements, performer_city, performer_country) VALUES (390, '2009-11-06 17:12:35.967', NULL, '128.222.37.54', '128.222.37.54', 'Mozilla/4.0 (compatible; MSIE 6.0; Windows NT 5.1; SV1; GTB6; .NET CLR 1.1.4322; InfoPath.1; MS-RTC LM 8; .NET CLR 2.0.50727; .NET CLR 3.0.04506.30)', 'DEFAULT_SEARCH_SYSTEM_TYPE', false, 3, '(Id = 11, Name = XDS Suite for IBM Health Information Exchange, Version = 2.1)<br/> (Id = 22, Name = xDL, Version = 3)<br/> (Id = 30, Name = Oracle Healthcare Transaction Base, Version = 5.3)<br/> ', NULL, NULL);
INSERT INTO pr_search_log_report (id, search_date, search_performer, performer_ip_address, performer_hostname, browser_information, search_type, intersection_search, number_of_found_integration_statements, list_of_found_integration_statements, performer_city, performer_country) VALUES (391, '2009-11-06 17:32:18.806', NULL, '193.77.157.154', 'BSN-77-157-154.dsl.siol.net', 'Mozilla/4.0 (compatible; MSIE 8.0; Windows NT 6.0; Trident/4.0; SLCC1; .NET CLR 2.0.50727; .NET CLR 1.1.4322; InfoPath.1; .NET CLR 3.5.30729; .NET CLR 3.0.30729; OfficeLiveConnector.1.4; OfficeLivePatch.1.3)', 'DEFAULT_SEARCH_COMPANY', false, 5, '(Id = 23, Name = Acuson S2000, Version = 1.0)<br/> (Id = 26, Name = Artis zee, Artis zeego, Version = VC14C)<br/> (Id = 13, Name = syngo Dynamics Workplace, Version = 7.0)<br/> (Id = 14, Name = syngo MultiModality Workplace, Version = 2006A 2006B)<br/> (Id = 15, Name = syngo Suite, Version = V35A)<br/> ', NULL, NULL);
INSERT INTO pr_search_log_report (id, search_date, search_performer, performer_ip_address, performer_hostname, browser_information, search_type, intersection_search, number_of_found_integration_statements, list_of_found_integration_statements, performer_city, performer_country) VALUES (392, '2009-11-07 20:49:35.481', NULL, '85.139.148.233', '85.139.148.233', 'Mozilla/5.0 (Windows; U; Windows NT 6.0; en-US; rv:1.9.0.11) Gecko/2009060215 Firefox/3.0.11 (.NET CLR 3.5.30729)', 'ADVANCED_SEARCH', false, 0, '', NULL, NULL);
INSERT INTO pr_search_log_report (id, search_date, search_performer, performer_ip_address, performer_hostname, browser_information, search_type, intersection_search, number_of_found_integration_statements, list_of_found_integration_statements, performer_city, performer_country) VALUES (394, '2009-11-07 23:01:27.863', NULL, '192.203.118.175', '192.203.118.175', 'Mozilla/5.0 (Windows; U; Windows NT 5.1; en-US; rv:1.9.1.5) Gecko/20091102 Firefox/3.5.5 GTB5', 'DEFAULT_SEARCH_COMPANY', false, 1, '(Id = 22, Name = xDL, Version = 3)<br/> ', NULL, NULL);
INSERT INTO pr_search_log_report (id, search_date, search_performer, performer_ip_address, performer_hostname, browser_information, search_type, intersection_search, number_of_found_integration_statements, list_of_found_integration_statements, performer_city, performer_country) VALUES (395, '2009-11-09 10:16:26.036', NULL, '164.151.130.58', '164.151.130.58', 'Mozilla/5.0 (Windows; U; Windows NT 5.1; en-US; rv:1.9.1.3) Gecko/20090824 Firefox/3.5.3 (.NET CLR 3.0.04506.648)', 'DEFAULT_SEARCH_COMPANY', false, 1, '(Id = 30, Name = Oracle Healthcare Transaction Base, Version = 5.3)<br/> ', NULL, NULL);
INSERT INTO pr_search_log_report (id, search_date, search_performer, performer_ip_address, performer_hostname, browser_information, search_type, intersection_search, number_of_found_integration_statements, list_of_found_integration_statements, performer_city, performer_country) VALUES (396, '2009-11-09 10:17:37.435', NULL, '164.151.130.58', '164.151.130.58', 'Mozilla/5.0 (Windows; U; Windows NT 5.1; en-US; rv:1.9.1.3) Gecko/20090824 Firefox/3.5.3 (.NET CLR 3.0.04506.648)', 'DEFAULT_SEARCH_COMPANY', false, 1, '(Id = 11, Name = XDS Suite for IBM Health Information Exchange, Version = 2.1)<br/> ', NULL, NULL);
INSERT INTO pr_search_log_report (id, search_date, search_performer, performer_ip_address, performer_hostname, browser_information, search_type, intersection_search, number_of_found_integration_statements, list_of_found_integration_statements, performer_city, performer_country) VALUES (397, '2009-11-09 11:01:02.739', NULL, '217.194.34.103', 'inac.erlm.siemens.de', 'Mozilla/4.0 (compatible; MSIE 7.0; Windows NT 5.1; .NET CLR 1.1.4322; .NET CLR 2.0.50727; .NET CLR 3.0.04506.30; InfoPath.1; .NET CLR 3.0.04506.648; .NET CLR 3.5.21022; .NET CLR 1.0.3705; MS-RTC LM 8; .NET CLR 3.0.4506.2152; .NET CLR 3.5.30729)', 'DEFAULT_SEARCH_COMPANY', false, 1, '(Id = 3, Name = IMPAX, Version = 6.2.x & 6.3.x)<br/> ', NULL, NULL);
INSERT INTO pr_search_log_report (id, search_date, search_performer, performer_ip_address, performer_hostname, browser_information, search_type, intersection_search, number_of_found_integration_statements, list_of_found_integration_statements, performer_city, performer_country) VALUES (398, '2009-11-09 11:01:10.214', NULL, '217.194.34.103', 'inac.erlm.siemens.de', 'Mozilla/4.0 (compatible; MSIE 7.0; Windows NT 5.1; .NET CLR 1.1.4322; .NET CLR 2.0.50727; .NET CLR 3.0.04506.30; InfoPath.1; .NET CLR 3.0.04506.648; .NET CLR 3.5.21022; .NET CLR 1.0.3705; MS-RTC LM 8; .NET CLR 3.0.4506.2152; .NET CLR 3.5.30729)', 'DEFAULT_SEARCH_COMPANY', false, 1, '(Id = 30, Name = Oracle Healthcare Transaction Base, Version = 5.3)<br/> ', NULL, NULL);
INSERT INTO pr_search_log_report (id, search_date, search_performer, performer_ip_address, performer_hostname, browser_information, search_type, intersection_search, number_of_found_integration_statements, list_of_found_integration_statements, performer_city, performer_country) VALUES (399, '2009-11-09 11:01:20.201', NULL, '217.194.34.103', 'inac.erlm.siemens.de', 'Mozilla/4.0 (compatible; MSIE 7.0; Windows NT 5.1; .NET CLR 1.1.4322; .NET CLR 2.0.50727; .NET CLR 3.0.04506.30; InfoPath.1; .NET CLR 3.0.04506.648; .NET CLR 3.5.21022; .NET CLR 1.0.3705; MS-RTC LM 8; .NET CLR 3.0.4506.2152; .NET CLR 3.5.30729)', 'DEFAULT_SEARCH_COMPANY', false, 5, '(Id = 23, Name = Acuson S2000, Version = 1.0)<br/> (Id = 26, Name = Artis zee, Artis zeego, Version = VC14C)<br/> (Id = 13, Name = syngo Dynamics Workplace, Version = 7.0)<br/> (Id = 14, Name = syngo MultiModality Workplace, Version = 2006A 2006B)<br/> (Id = 15, Name = syngo Suite, Version = V35A)<br/> ', NULL, NULL);
INSERT INTO pr_search_log_report (id, search_date, search_performer, performer_ip_address, performer_hostname, browser_information, search_type, intersection_search, number_of_found_integration_statements, list_of_found_integration_statements, performer_city, performer_country) VALUES (400, '2009-11-09 11:31:42.342', NULL, '217.194.34.103', 'inac.erlm.siemens.de', 'Mozilla/4.0 (compatible; MSIE 6.0; Windows NT 5.1; SV1; .NET CLR 1.0.3705; .NET CLR 1.1.4322; .NET CLR 2.0.50727; .NET CLR 3.0.04506.30; InfoPath.1; .NET CLR 3.0.04506.648; .NET CLR 3.5.21022; .NET CLR 3.0.4506.2152; .NET CLR 3.5.30729; MS-RTC LM 8)', 'DEFAULT_SEARCH_COMPANY', false, 5, '(Id = 23, Name = Acuson S2000, Version = 1.0)<br/> (Id = 26, Name = Artis zee, Artis zeego, Version = VC14C)<br/> (Id = 13, Name = syngo Dynamics Workplace, Version = 7.0)<br/> (Id = 14, Name = syngo MultiModality Workplace, Version = 2006A 2006B)<br/> (Id = 15, Name = syngo Suite, Version = V35A)<br/> ', NULL, NULL);
INSERT INTO pr_search_log_report (id, search_date, search_performer, performer_ip_address, performer_hostname, browser_information, search_type, intersection_search, number_of_found_integration_statements, list_of_found_integration_statements, performer_city, performer_country) VALUES (401, '2009-11-09 11:37:39.971', NULL, '217.194.34.103', 'inac.erlm.siemens.de', 'Mozilla/4.0 (compatible; MSIE 6.0; Windows NT 5.1; SV1; .NET CLR 1.0.3705; .NET CLR 1.1.4322; .NET CLR 2.0.50727; .NET CLR 3.0.04506.30; InfoPath.1; .NET CLR 3.0.04506.648; .NET CLR 3.5.21022; .NET CLR 3.0.4506.2152; .NET CLR 3.5.30729; MS-RTC LM 8)', 'TF_SEARCH', false, 2, '(Id = 15, Name = syngo Suite, Version = V35A)<br/> (Id = 22, Name = xDL, Version = 3)<br/> ', NULL, NULL);
INSERT INTO pr_search_log_report (id, search_date, search_performer, performer_ip_address, performer_hostname, browser_information, search_type, intersection_search, number_of_found_integration_statements, list_of_found_integration_statements, performer_city, performer_country) VALUES (402, '2009-11-09 15:10:41.414', NULL, '88.163.243.16', 'san59-1-88-163-243-16.fbx.proxad.net', 'Mozilla/5.0 (Windows; U; Windows NT 6.0; fr; rv:1.9.1.4) Gecko/20091016 Firefox/3.5.4 (.NET CLR 3.5.30729)', 'DEFAULT_SEARCH_COMPANY', false, 1, '(Id = 3, Name = IMPAX, Version = 6.2.x & 6.3.x)<br/> ', NULL, NULL);
INSERT INTO pr_search_log_report (id, search_date, search_performer, performer_ip_address, performer_hostname, browser_information, search_type, intersection_search, number_of_found_integration_statements, list_of_found_integration_statements, performer_city, performer_country) VALUES (403, '2009-11-09 21:38:53.167', NULL, '146.184.0.114', '146.184.0.114', 'Mozilla/5.0 (Windows; U; Windows NT 5.1; en-US; rv:1.9.0.15) Gecko/2009101601 Firefox/3.0.15 (.NET CLR 3.5.30729)', 'DEFAULT_SEARCH_SYSTEM_TYPE', false, 3, '(Id = 11, Name = XDS Suite for IBM Health Information Exchange, Version = 2.1)<br/> (Id = 22, Name = xDL, Version = 3)<br/> (Id = 30, Name = Oracle Healthcare Transaction Base, Version = 5.3)<br/> ', NULL, NULL);
INSERT INTO pr_search_log_report (id, search_date, search_performer, performer_ip_address, performer_hostname, browser_information, search_type, intersection_search, number_of_found_integration_statements, list_of_found_integration_statements, performer_city, performer_country) VALUES (404, '2009-11-09 21:39:25.163', NULL, '146.184.0.114', '146.184.0.114', 'Mozilla/5.0 (Windows; U; Windows NT 5.1; en-US; rv:1.9.0.15) Gecko/2009101601 Firefox/3.0.15 (.NET CLR 3.5.30729)', 'DEFAULT_SEARCH_SYSTEM_TYPE', false, 3, '(Id = 19, Name = M7, Version = 1.0)<br/> (Id = 23, Name = Acuson S2000, Version = 1.0)<br/> (Id = 26, Name = Artis zee, Artis zeego, Version = VC14C)<br/> ', NULL, NULL);
INSERT INTO pr_search_log_report (id, search_date, search_performer, performer_ip_address, performer_hostname, browser_information, search_type, intersection_search, number_of_found_integration_statements, list_of_found_integration_statements, performer_city, performer_country) VALUES (405, '2009-11-09 21:39:48.592', NULL, '146.184.0.114', '146.184.0.114', 'Mozilla/5.0 (Windows; U; Windows NT 5.1; en-US; rv:1.9.0.15) Gecko/2009101601 Firefox/3.0.15 (.NET CLR 3.5.30729)', 'DEFAULT_SEARCH_SYSTEM_TYPE', false, 5, '(Id = 13, Name = syngo Dynamics Workplace, Version = 7.0)<br/> (Id = 14, Name = syngo MultiModality Workplace, Version = 2006A 2006B)<br/> (Id = 22, Name = xDL, Version = 3)<br/> (Id = 27, Name = Initiate Master Data Service, Version = 8.7)<br/> (Id = 30, Name = Oracle Healthcare Transaction Base, Version = 5.3)<br/> ', NULL, NULL);
INSERT INTO pr_search_log_report (id, search_date, search_performer, performer_ip_address, performer_hostname, browser_information, search_type, intersection_search, number_of_found_integration_statements, list_of_found_integration_statements, performer_city, performer_country) VALUES (406, '2009-11-09 21:40:10.152', NULL, '146.184.0.114', '146.184.0.114', 'Mozilla/5.0 (Windows; U; Windows NT 5.1; en-US; rv:1.9.0.15) Gecko/2009101601 Firefox/3.0.15 (.NET CLR 3.5.30729)', 'DEFAULT_SEARCH_SYSTEM_TYPE', false, 1, '(Id = 15, Name = syngo Suite, Version = V35A)<br/> ', NULL, NULL);
INSERT INTO pr_search_log_report (id, search_date, search_performer, performer_ip_address, performer_hostname, browser_information, search_type, intersection_search, number_of_found_integration_statements, list_of_found_integration_statements, performer_city, performer_country) VALUES (407, '2009-11-10 02:13:09.239', NULL, '24.199.3.246', 'rrcs-24-199-3-246.west.biz.rr.com', 'Mozilla/4.0 (compatible; MSIE 8.0; Windows NT 5.1; Trident/4.0; GTB6; .NET CLR 2.0.50727; InfoPath.2; .NET CLR 1.1.4322; .NET CLR 3.0.04506.30; .NET CLR 3.0.04506.648; .NET CLR 3.5.21022; .NET CLR 3.0.4506.2152; .NET CLR 3.5.30729)', 'DEFAULT_SEARCH_COMPANY', false, 1, '(Id = 27, Name = Initiate Master Data Service, Version = 8.7)<br/> ', NULL, NULL);
INSERT INTO pr_search_log_report (id, search_date, search_performer, performer_ip_address, performer_hostname, browser_information, search_type, intersection_search, number_of_found_integration_statements, list_of_found_integration_statements, performer_city, performer_country) VALUES (408, '2009-11-10 02:14:20.186', NULL, '24.199.3.246', 'rrcs-24-199-3-246.west.biz.rr.com', 'Mozilla/4.0 (compatible; MSIE 8.0; Windows NT 5.1; Trident/4.0; GTB6; .NET CLR 2.0.50727; InfoPath.2; .NET CLR 1.1.4322; .NET CLR 3.0.04506.30; .NET CLR 3.0.04506.648; .NET CLR 3.5.21022; .NET CLR 3.0.4506.2152; .NET CLR 3.5.30729)', 'DEFAULT_SEARCH_SYSTEM_TYPE', false, 1, '(Id = 15, Name = syngo Suite, Version = V35A)<br/> ', NULL, NULL);
INSERT INTO pr_search_log_report (id, search_date, search_performer, performer_ip_address, performer_hostname, browser_information, search_type, intersection_search, number_of_found_integration_statements, list_of_found_integration_statements, performer_city, performer_country) VALUES (409, '2009-11-10 20:01:22.962', NULL, '148.87.1.167', 'inet-bc01-o.oracle.com', 'Mozilla/4.0 (compatible; MSIE 6.0; Windows NT 5.1; SV1; GTB6; .NET CLR 2.0.50727; .NET CLR 1.1.4322)', 'DEFAULT_SEARCH_SYSTEM_TYPE', false, 5, '(Id = 13, Name = syngo Dynamics Workplace, Version = 7.0)<br/> (Id = 14, Name = syngo MultiModality Workplace, Version = 2006A 2006B)<br/> (Id = 22, Name = xDL, Version = 3)<br/> (Id = 27, Name = Initiate Master Data Service, Version = 8.7)<br/> (Id = 30, Name = Oracle Healthcare Transaction Base, Version = 5.3)<br/> ', NULL, NULL);
INSERT INTO pr_search_log_report (id, search_date, search_performer, performer_ip_address, performer_hostname, browser_information, search_type, intersection_search, number_of_found_integration_statements, list_of_found_integration_statements, performer_city, performer_country) VALUES (410, '2009-11-10 20:02:30.154', NULL, '148.87.1.167', 'inet-bc01-o.oracle.com', 'Mozilla/4.0 (compatible; MSIE 6.0; Windows NT 5.1; SV1; GTB6; .NET CLR 2.0.50727; .NET CLR 1.1.4322)', 'DEFAULT_SEARCH_COMPANY', false, 1, '(Id = 11, Name = XDS Suite for IBM Health Information Exchange, Version = 2.1)<br/> ', NULL, NULL);
INSERT INTO pr_search_log_report (id, search_date, search_performer, performer_ip_address, performer_hostname, browser_information, search_type, intersection_search, number_of_found_integration_statements, list_of_found_integration_statements, performer_city, performer_country) VALUES (411, '2009-11-10 20:31:49.366', NULL, '193.135.254.161', 'client-161.zuehlke.com', 'Mozilla/5.0 (Windows; U; Windows NT 5.1; en-US; rv:1.9.1.5) Gecko/20091102 Firefox/3.5.5 (.NET CLR 3.5.30729)', 'DEFAULT_SEARCH_SYSTEM_TYPE', false, 5, '(Id = 13, Name = syngo Dynamics Workplace, Version = 7.0)<br/> (Id = 14, Name = syngo MultiModality Workplace, Version = 2006A 2006B)<br/> (Id = 22, Name = xDL, Version = 3)<br/> (Id = 27, Name = Initiate Master Data Service, Version = 8.7)<br/> (Id = 30, Name = Oracle Healthcare Transaction Base, Version = 5.3)<br/> ', NULL, NULL);
INSERT INTO pr_search_log_report (id, search_date, search_performer, performer_ip_address, performer_hostname, browser_information, search_type, intersection_search, number_of_found_integration_statements, list_of_found_integration_statements, performer_city, performer_country) VALUES (412, '2009-11-10 20:34:03.279', NULL, '193.135.254.161', 'client-161.zuehlke.com', 'Mozilla/5.0 (Windows; U; Windows NT 5.1; en-US; rv:1.9.1.5) Gecko/20091102 Firefox/3.5.5 (.NET CLR 3.5.30729)', 'TF_SEARCH', false, 0, '', NULL, NULL);
INSERT INTO pr_search_log_report (id, search_date, search_performer, performer_ip_address, performer_hostname, browser_information, search_type, intersection_search, number_of_found_integration_statements, list_of_found_integration_statements, performer_city, performer_country) VALUES (413, '2009-11-10 20:36:25.014', NULL, '193.135.254.161', 'client-161.zuehlke.com', 'Mozilla/5.0 (Windows; U; Windows NT 5.1; en-US; rv:1.9.1.5) Gecko/20091102 Firefox/3.5.5 (.NET CLR 3.5.30729)', 'TF_SEARCH', false, 0, '', NULL, NULL);
INSERT INTO pr_search_log_report (id, search_date, search_performer, performer_ip_address, performer_hostname, browser_information, search_type, intersection_search, number_of_found_integration_statements, list_of_found_integration_statements, performer_city, performer_country) VALUES (414, '2009-11-10 20:36:55.895', NULL, '193.135.254.161', 'client-161.zuehlke.com', 'Mozilla/5.0 (Windows; U; Windows NT 5.1; en-US; rv:1.9.1.5) Gecko/20091102 Firefox/3.5.5 (.NET CLR 3.5.30729)', 'TF_SEARCH', false, 0, '', NULL, NULL);
INSERT INTO pr_search_log_report (id, search_date, search_performer, performer_ip_address, performer_hostname, browser_information, search_type, intersection_search, number_of_found_integration_statements, list_of_found_integration_statements, performer_city, performer_country) VALUES (415, '2009-11-10 20:39:56.95', NULL, '193.135.254.161', 'client-161.zuehlke.com', 'Mozilla/5.0 (Windows; U; Windows NT 5.1; en-US; rv:1.9.1.5) Gecko/20091102 Firefox/3.5.5 (.NET CLR 3.5.30729)', 'DEFAULT_SEARCH_COMPANY', false, 5, '(Id = 23, Name = Acuson S2000, Version = 1.0)<br/> (Id = 26, Name = Artis zee, Artis zeego, Version = VC14C)<br/> (Id = 13, Name = syngo Dynamics Workplace, Version = 7.0)<br/> (Id = 14, Name = syngo MultiModality Workplace, Version = 2006A 2006B)<br/> (Id = 15, Name = syngo Suite, Version = V35A)<br/> ', NULL, NULL);
INSERT INTO pr_search_log_report (id, search_date, search_performer, performer_ip_address, performer_hostname, browser_information, search_type, intersection_search, number_of_found_integration_statements, list_of_found_integration_statements, performer_city, performer_country) VALUES (416, '2009-11-12 09:14:59.18', NULL, '130.188.8.10', 'myrkky2.vtt.fi', 'Mozilla/4.0 (compatible; MSIE 6.0; Windows NT 5.1; SV1; .NET CLR 2.0.50727; InfoPath.1; MS-RTC LM 8; .NET CLR 3.0.4506.2152; .NET CLR 3.5.30729)', 'DEFAULT_SEARCH_SYSTEM_TYPE', false, 3, '(Id = 11, Name = XDS Suite for IBM Health Information Exchange, Version = 2.1)<br/> (Id = 22, Name = xDL, Version = 3)<br/> (Id = 30, Name = Oracle Healthcare Transaction Base, Version = 5.3)<br/> ', NULL, NULL);
INSERT INTO pr_search_log_report (id, search_date, search_performer, performer_ip_address, performer_hostname, browser_information, search_type, intersection_search, number_of_found_integration_statements, list_of_found_integration_statements, performer_city, performer_country) VALUES (417, '2009-11-12 09:15:18.525', NULL, '130.188.8.10', 'myrkky2.vtt.fi', 'Mozilla/4.0 (compatible; MSIE 6.0; Windows NT 5.1; SV1; .NET CLR 2.0.50727; InfoPath.1; MS-RTC LM 8; .NET CLR 3.0.4506.2152; .NET CLR 3.5.30729)', 'DEFAULT_SEARCH_SYSTEM_TYPE', false, 5, '(Id = 13, Name = syngo Dynamics Workplace, Version = 7.0)<br/> (Id = 14, Name = syngo MultiModality Workplace, Version = 2006A 2006B)<br/> (Id = 22, Name = xDL, Version = 3)<br/> (Id = 27, Name = Initiate Master Data Service, Version = 8.7)<br/> (Id = 30, Name = Oracle Healthcare Transaction Base, Version = 5.3)<br/> ', NULL, NULL);
INSERT INTO pr_search_log_report (id, search_date, search_performer, performer_ip_address, performer_hostname, browser_information, search_type, intersection_search, number_of_found_integration_statements, list_of_found_integration_statements, performer_city, performer_country) VALUES (418, '2009-11-12 09:15:24.613', NULL, '130.188.8.10', 'myrkky2.vtt.fi', 'Mozilla/4.0 (compatible; MSIE 6.0; Windows NT 5.1; SV1; .NET CLR 2.0.50727; InfoPath.1; MS-RTC LM 8; .NET CLR 3.0.4506.2152; .NET CLR 3.5.30729)', 'DEFAULT_SEARCH_SYSTEM_TYPE', false, 5, '(Id = 13, Name = syngo Dynamics Workplace, Version = 7.0)<br/> (Id = 14, Name = syngo MultiModality Workplace, Version = 2006A 2006B)<br/> (Id = 22, Name = xDL, Version = 3)<br/> (Id = 27, Name = Initiate Master Data Service, Version = 8.7)<br/> (Id = 30, Name = Oracle Healthcare Transaction Base, Version = 5.3)<br/> ', NULL, NULL);
INSERT INTO pr_search_log_report (id, search_date, search_performer, performer_ip_address, performer_hostname, browser_information, search_type, intersection_search, number_of_found_integration_statements, list_of_found_integration_statements, performer_city, performer_country) VALUES (419, '2009-11-12 09:56:50.066', NULL, '194.138.39.62', 'proxy33.sbs.de', 'Mozilla/4.0 (compatible; MSIE 6.0; Windows NT 5.1; SV1; .NET CLR 1.0.3705; .NET CLR 1.1.4322; .NET CLR 2.0.50727; .NET CLR 3.0.04506.30; InfoPath.1; MS-RTC LM 8)', 'DEFAULT_SEARCH_SYSTEM_TYPE', false, 1, '(Id = 26, Name = Artis zee, Artis zeego, Version = VC14C)<br/> ', NULL, NULL);
INSERT INTO pr_search_log_report (id, search_date, search_performer, performer_ip_address, performer_hostname, browser_information, search_type, intersection_search, number_of_found_integration_statements, list_of_found_integration_statements, performer_city, performer_country) VALUES (420, '2009-11-12 09:57:45.406', NULL, '194.138.39.62', 'proxy33.sbs.de', 'Mozilla/4.0 (compatible; MSIE 6.0; Windows NT 5.1; SV1; .NET CLR 1.0.3705; .NET CLR 1.1.4322; .NET CLR 2.0.50727; .NET CLR 3.0.04506.30; InfoPath.1; MS-RTC LM 8)', 'DEFAULT_SEARCH_COMPANY', false, 5, '(Id = 23, Name = Acuson S2000, Version = 1.0)<br/> (Id = 26, Name = Artis zee, Artis zeego, Version = VC14C)<br/> (Id = 13, Name = syngo Dynamics Workplace, Version = 7.0)<br/> (Id = 14, Name = syngo MultiModality Workplace, Version = 2006A 2006B)<br/> (Id = 15, Name = syngo Suite, Version = V35A)<br/> ', NULL, NULL);
INSERT INTO pr_search_log_report (id, search_date, search_performer, performer_ip_address, performer_hostname, browser_information, search_type, intersection_search, number_of_found_integration_statements, list_of_found_integration_statements, performer_city, performer_country) VALUES (421, '2009-11-12 11:26:50.872', NULL, '131.254.253.108', '131.254.253.108', 'Mozilla/5.0 (Macintosh; U; Intel Mac OS X 10_6_2; fr-fr) AppleWebKit/531.9 (KHTML, like Gecko) Version/4.0.3 Safari/531.9', 'DEFAULT_SEARCH_COMPANY', false, 1, '(Id = 3, Name = IMPAX, Version = 6.2.x & 6.3.x)<br/> ', NULL, NULL);
INSERT INTO pr_search_log_report (id, search_date, search_performer, performer_ip_address, performer_hostname, browser_information, search_type, intersection_search, number_of_found_integration_statements, list_of_found_integration_statements, performer_city, performer_country) VALUES (422, '2009-11-12 11:27:12.127', NULL, '131.254.253.108', '131.254.253.108', 'Mozilla/5.0 (Macintosh; U; Intel Mac OS X 10_6_2; fr-fr) AppleWebKit/531.9 (KHTML, like Gecko) Version/4.0.3 Safari/531.9', 'DEFAULT_SEARCH_COMPANY', false, 1, '(Id = 27, Name = Initiate Master Data Service, Version = 8.7)<br/> ', NULL, NULL);
INSERT INTO pr_search_log_report (id, search_date, search_performer, performer_ip_address, performer_hostname, browser_information, search_type, intersection_search, number_of_found_integration_statements, list_of_found_integration_statements, performer_city, performer_country) VALUES (423, '2009-11-12 11:28:17.725', NULL, '131.254.253.108', '131.254.253.108', 'Mozilla/5.0 (Macintosh; U; Intel Mac OS X 10_6_2; fr-fr) AppleWebKit/531.9 (KHTML, like Gecko) Version/4.0.3 Safari/531.9', 'DEFAULT_SEARCH_COMPANY', false, 1, '(Id = 19, Name = M7, Version = 1.0)<br/> ', NULL, NULL);
INSERT INTO pr_search_log_report (id, search_date, search_performer, performer_ip_address, performer_hostname, browser_information, search_type, intersection_search, number_of_found_integration_statements, list_of_found_integration_statements, performer_city, performer_country) VALUES (424, '2009-11-12 11:29:03.249', NULL, '131.254.253.108', '131.254.253.108', 'Mozilla/5.0 (Macintosh; U; Intel Mac OS X 10_6_2; fr-fr) AppleWebKit/531.9 (KHTML, like Gecko) Version/4.0.3 Safari/531.9', 'DEFAULT_SEARCH_COMPANY', false, 1, '(Id = 22, Name = xDL, Version = 3)<br/> ', NULL, NULL);
INSERT INTO pr_search_log_report (id, search_date, search_performer, performer_ip_address, performer_hostname, browser_information, search_type, intersection_search, number_of_found_integration_statements, list_of_found_integration_statements, performer_city, performer_country) VALUES (425, '2009-11-12 11:30:59.128', NULL, '131.254.253.108', '131.254.253.108', 'Mozilla/5.0 (Macintosh; U; Intel Mac OS X 10_6_2; fr-fr) AppleWebKit/531.9 (KHTML, like Gecko) Version/4.0.3 Safari/531.9', 'TF_SEARCH', false, 8, '(Id = 3, Name = IMPAX, Version = 6.2.x & 6.3.x)<br/> (Id = 11, Name = XDS Suite for IBM Health Information Exchange, Version = 2.1)<br/> (Id = 13, Name = syngo Dynamics Workplace, Version = 7.0)<br/> (Id = 15, Name = syngo Suite, Version = V35A)<br/> (Id = 22, Name = xDL, Version = 3)<br/> (Id = 26, Name = Artis zee, Artis zeego, Version = VC14C)<br/> (Id = 27, Name = Initiate Master Data Service, Version = 8.7)<br/> (Id = 30, Name = Oracle Healthcare Transaction Base, Version = 5.3)<br/> ', NULL, NULL);
INSERT INTO pr_search_log_report (id, search_date, search_performer, performer_ip_address, performer_hostname, browser_information, search_type, intersection_search, number_of_found_integration_statements, list_of_found_integration_statements, performer_city, performer_country) VALUES (426, '2009-11-12 14:32:14.065', NULL, '81.223.23.27', '81.223.23.27', 'Mozilla/5.0 (X11; U; Linux i686; en-US; rv:1.9.0.15) Gecko/2009102815 Ubuntu/9.04 (jaunty) Firefox/3.0.15', 'DEFAULT_SEARCH_COMPANY', false, 5, '(Id = 23, Name = Acuson S2000, Version = 1.0)<br/> (Id = 26, Name = Artis zee, Artis zeego, Version = VC14C)<br/> (Id = 13, Name = syngo Dynamics Workplace, Version = 7.0)<br/> (Id = 14, Name = syngo MultiModality Workplace, Version = 2006A 2006B)<br/> (Id = 15, Name = syngo Suite, Version = V35A)<br/> ', NULL, NULL);
INSERT INTO pr_search_log_report (id, search_date, search_performer, performer_ip_address, performer_hostname, browser_information, search_type, intersection_search, number_of_found_integration_statements, list_of_found_integration_statements, performer_city, performer_country) VALUES (427, '2009-11-12 15:24:19.619', NULL, '78.140.77.58', '78.140.77.58', 'Mozilla/5.0 (Windows; U; Windows NT 5.1; de; rv:1.9.1.5) Gecko/20091102 Firefox/3.5.5 (.NET CLR 3.5.30729)', 'DEFAULT_SEARCH_COMPANY', false, 1, '(Id = 3, Name = IMPAX, Version = 6.2.x & 6.3.x)<br/> ', NULL, NULL);
INSERT INTO pr_search_log_report (id, search_date, search_performer, performer_ip_address, performer_hostname, browser_information, search_type, intersection_search, number_of_found_integration_statements, list_of_found_integration_statements, performer_city, performer_country) VALUES (428, '2009-11-12 16:56:19.352', NULL, '217.91.161.86', 'ber-gw2.visageimaging.com', 'Mozilla/4.0 (compatible; MSIE 7.0; Windows NT 5.1; InfoPath.1; .NET CLR 1.1.4322; .NET CLR 2.0.50727; .NET CLR 3.0.04506.30; .NET CLR 3.0.04506.648; MS-RTC LM 8; .NET CLR 3.0.4506.2152; .NET CLR 3.5.30729)', 'DEFAULT_SEARCH_COMPANY', false, 5, '(Id = 23, Name = Acuson S2000, Version = 1.0)<br/> (Id = 26, Name = Artis zee, Artis zeego, Version = VC14C)<br/> (Id = 13, Name = syngo Dynamics Workplace, Version = 7.0)<br/> (Id = 14, Name = syngo MultiModality Workplace, Version = 2006A 2006B)<br/> (Id = 15, Name = syngo Suite, Version = V35A)<br/> ', NULL, NULL);
INSERT INTO pr_search_log_report (id, search_date, search_performer, performer_ip_address, performer_hostname, browser_information, search_type, intersection_search, number_of_found_integration_statements, list_of_found_integration_statements, performer_city, performer_country) VALUES (429, '2009-11-12 23:05:00.081', NULL, '65.163.172.6', '65.163.172.6', 'Mozilla/5.0 (Windows; U; Windows NT 5.1; en-US; rv:1.9.1.5) Gecko/20091102 Firefox/3.5.5 (.NET CLR 3.5.30729)', 'DEFAULT_SEARCH_SYSTEM_TYPE', false, 3, '(Id = 11, Name = XDS Suite for IBM Health Information Exchange, Version = 2.1)<br/> (Id = 22, Name = xDL, Version = 3)<br/> (Id = 30, Name = Oracle Healthcare Transaction Base, Version = 5.3)<br/> ', NULL, NULL);
INSERT INTO pr_search_log_report (id, search_date, search_performer, performer_ip_address, performer_hostname, browser_information, search_type, intersection_search, number_of_found_integration_statements, list_of_found_integration_statements, performer_city, performer_country) VALUES (430, '2009-11-12 23:05:33.569', NULL, '65.163.172.6', '65.163.172.6', 'Mozilla/5.0 (Windows; U; Windows NT 5.1; en-US; rv:1.9.1.5) Gecko/20091102 Firefox/3.5.5 (.NET CLR 3.5.30729)', 'DEFAULT_SEARCH_SYSTEM_TYPE', false, 3, '(Id = 11, Name = XDS Suite for IBM Health Information Exchange, Version = 2.1)<br/> (Id = 22, Name = xDL, Version = 3)<br/> (Id = 30, Name = Oracle Healthcare Transaction Base, Version = 5.3)<br/> ', NULL, NULL);
INSERT INTO pr_search_log_report (id, search_date, search_performer, performer_ip_address, performer_hostname, browser_information, search_type, intersection_search, number_of_found_integration_statements, list_of_found_integration_statements, performer_city, performer_country) VALUES (431, '2009-11-13 11:01:36.219', NULL, '194.138.39.62', 'proxy33.sbs.de', 'Mozilla/4.0 (compatible; MSIE 7.0; Windows NT 5.1; .NET CLR 1.1.4322; .NET CLR 2.0.50727; .NET CLR 3.0.04506.30; InfoPath.1; .NET CLR 3.0.04506.648; .NET CLR 3.5.21022; .NET CLR 1.0.3705; MS-RTC LM 8; .NET CLR 3.0.4506.2152; .NET CLR 3.5.30729)', 'ADVANCED_SEARCH', false, 2, '(Id = 11, Name = XDS Suite for IBM Health Information Exchange, Version = 2.1)<br/> (Id = 22, Name = xDL, Version = 3)<br/> ', NULL, NULL);
INSERT INTO pr_search_log_report (id, search_date, search_performer, performer_ip_address, performer_hostname, browser_information, search_type, intersection_search, number_of_found_integration_statements, list_of_found_integration_statements, performer_city, performer_country) VALUES (432, '2009-11-13 23:23:52.433', NULL, '99.137.142.29', 'adsl-99-137-142-29.dsl.pltn13.sbcglobal.net', 'Mozilla/4.0 (compatible; MSIE 8.0; Windows NT 5.1; Trident/4.0; GTB6; .NET CLR 1.1.4322; .NET CLR 2.0.50727; .NET CLR 3.0.4506.2152; .NET CLR 3.5.30729)', 'DEFAULT_SEARCH_COMPANY', false, 1, '(Id = 3, Name = IMPAX, Version = 6.2.x & 6.3.x)<br/> ', NULL, NULL);
INSERT INTO pr_search_log_report (id, search_date, search_performer, performer_ip_address, performer_hostname, browser_information, search_type, intersection_search, number_of_found_integration_statements, list_of_found_integration_statements, performer_city, performer_country) VALUES (433, '2009-11-16 12:50:27.276', NULL, '130.28.1.10', '130.28.1.10', 'Mozilla/5.0 (Windows; U; Windows NT 5.1; sv-SE; rv:1.9.1.5) Gecko/20091102 Firefox/3.5.5 (.NET CLR 3.5.30729)', 'DEFAULT_SEARCH_SYSTEM_TYPE', false, 3, '(Id = 11, Name = XDS Suite for IBM Health Information Exchange, Version = 2.1)<br/> (Id = 22, Name = xDL, Version = 3)<br/> (Id = 30, Name = Oracle Healthcare Transaction Base, Version = 5.3)<br/> ', NULL, NULL);
INSERT INTO pr_search_log_report (id, search_date, search_performer, performer_ip_address, performer_hostname, browser_information, search_type, intersection_search, number_of_found_integration_statements, list_of_found_integration_statements, performer_city, performer_country) VALUES (434, '2009-11-16 12:53:22.107', NULL, '130.28.1.10', '130.28.1.10', 'Mozilla/5.0 (Windows; U; Windows NT 5.1; sv-SE; rv:1.9.1.5) Gecko/20091102 Firefox/3.5.5 (.NET CLR 3.5.30729)', 'DEFAULT_SEARCH_SYSTEM_TYPE', false, 3, '(Id = 11, Name = XDS Suite for IBM Health Information Exchange, Version = 2.1)<br/> (Id = 22, Name = xDL, Version = 3)<br/> (Id = 30, Name = Oracle Healthcare Transaction Base, Version = 5.3)<br/> ', NULL, NULL);
INSERT INTO pr_search_log_report (id, search_date, search_performer, performer_ip_address, performer_hostname, browser_information, search_type, intersection_search, number_of_found_integration_statements, list_of_found_integration_statements, performer_city, performer_country) VALUES (435, '2009-11-16 12:53:33.011', NULL, '130.28.1.10', '130.28.1.10', 'Mozilla/5.0 (Windows; U; Windows NT 5.1; sv-SE; rv:1.9.1.5) Gecko/20091102 Firefox/3.5.5 (.NET CLR 3.5.30729)', 'DEFAULT_SEARCH_COMPANY', false, 1, '(Id = 11, Name = XDS Suite for IBM Health Information Exchange, Version = 2.1)<br/> ', NULL, NULL);
INSERT INTO pr_search_log_report (id, search_date, search_performer, performer_ip_address, performer_hostname, browser_information, search_type, intersection_search, number_of_found_integration_statements, list_of_found_integration_statements, performer_city, performer_country) VALUES (436, '2009-11-16 18:47:22.477', NULL, '195.245.225.252', '195.245.225.252', 'Mozilla/5.0 (Windows; U; Windows NT 5.1; de; rv:1.9.1.3) Gecko/20090824 Firefox/3.5.3', 'DEFAULT_SEARCH_SYSTEM_TYPE', false, 5, '(Id = 13, Name = syngo Dynamics Workplace, Version = 7.0)<br/> (Id = 14, Name = syngo MultiModality Workplace, Version = 2006A 2006B)<br/> (Id = 22, Name = xDL, Version = 3)<br/> (Id = 27, Name = Initiate Master Data Service, Version = 8.7)<br/> (Id = 30, Name = Oracle Healthcare Transaction Base, Version = 5.3)<br/> ', NULL, NULL);
INSERT INTO pr_search_log_report (id, search_date, search_performer, performer_ip_address, performer_hostname, browser_information, search_type, intersection_search, number_of_found_integration_statements, list_of_found_integration_statements, performer_city, performer_country) VALUES (437, '2009-11-16 20:35:49.808', NULL, '195.92.101.11', 'webgate1.j-sainsbury.co.uk', 'Mozilla/4.0 (compatible; MSIE 6.0; Windows NT 5.1; SV1; .NET CLR 1.1.4322; .NET CLR 2.0.50727; InfoPath.1; .NET CLR 3.0.04506.648)', 'DEFAULT_SEARCH_SYSTEM_TYPE', false, 1, '(Id = 15, Name = syngo Suite, Version = V35A)<br/> ', NULL, NULL);
INSERT INTO pr_search_log_report (id, search_date, search_performer, performer_ip_address, performer_hostname, browser_information, search_type, intersection_search, number_of_found_integration_statements, list_of_found_integration_statements, performer_city, performer_country) VALUES (438, '2009-11-17 00:24:58.595', NULL, '65.115.89.50', '65.115.89.50', 'Mozilla/5.0 (Windows; U; Windows NT 5.1; en-US) AppleWebKit/532.0 (KHTML, like Gecko) Chrome/3.0.195.27 Safari/532.0', 'DEFAULT_SEARCH_SYSTEM_TYPE', false, 2, '(Id = 3, Name = IMPAX, Version = 6.2.x & 6.3.x)<br/> (Id = 15, Name = syngo Suite, Version = V35A)<br/> ', NULL, NULL);
INSERT INTO pr_search_log_report (id, search_date, search_performer, performer_ip_address, performer_hostname, browser_information, search_type, intersection_search, number_of_found_integration_statements, list_of_found_integration_statements, performer_city, performer_country) VALUES (439, '2009-11-17 10:17:14.367', NULL, '212.60.212.50', '212.60.212.50', 'Mozilla/5.0 (Windows; U; Windows NT 6.0; de; rv:1.9.1.2) Gecko/20090729 Firefox/3.5.2 (.NET CLR 3.5.30729)', 'DEFAULT_SEARCH_COMPANY', false, 1, '(Id = 22, Name = xDL, Version = 3)<br/> ', NULL, NULL);
INSERT INTO pr_search_log_report (id, search_date, search_performer, performer_ip_address, performer_hostname, browser_information, search_type, intersection_search, number_of_found_integration_statements, list_of_found_integration_statements, performer_city, performer_country) VALUES (440, '2009-11-17 11:27:30.375', NULL, '85.115.8.18', '85.115.8.18', 'Mozilla/5.0 (Windows; U; Windows NT 5.1; de; rv:1.9.0.15) Gecko/2009101601 Firefox/3.0.15 (.NET CLR 3.5.30729)', 'DEFAULT_SEARCH_COMPANY', false, 1, '(Id = 11, Name = XDS Suite for IBM Health Information Exchange, Version = 2.1)<br/> ', NULL, NULL);
INSERT INTO pr_search_log_report (id, search_date, search_performer, performer_ip_address, performer_hostname, browser_information, search_type, intersection_search, number_of_found_integration_statements, list_of_found_integration_statements, performer_city, performer_country) VALUES (441, '2009-11-17 11:27:40.481', NULL, '85.115.8.18', '85.115.8.18', 'Mozilla/5.0 (Windows; U; Windows NT 5.1; de; rv:1.9.0.15) Gecko/2009101601 Firefox/3.0.15 (.NET CLR 3.5.30729)', 'DEFAULT_SEARCH_COMPANY', false, 1, '(Id = 3, Name = IMPAX, Version = 6.2.x & 6.3.x)<br/> ', NULL, NULL);
INSERT INTO pr_search_log_report (id, search_date, search_performer, performer_ip_address, performer_hostname, browser_information, search_type, intersection_search, number_of_found_integration_statements, list_of_found_integration_statements, performer_city, performer_country) VALUES (442, '2009-11-17 21:48:01.007', NULL, '99.196.215.197', '99-196-215-197.cust.wildblue.net', 'Mozilla/4.0 (compatible; MSIE 7.0; Windows NT 5.1; GTB6; .NET CLR 1.1.4322; .NET CLR 2.0.50727; .NET CLR 3.0.04506.30; .NET CLR 3.0.04506.648; MS-RTC LM 8; InfoPath.2)', 'DEFAULT_SEARCH_COMPANY', false, 1, '(Id = 27, Name = Initiate Master Data Service, Version = 8.7)<br/> ', NULL, NULL);
INSERT INTO pr_search_log_report (id, search_date, search_performer, performer_ip_address, performer_hostname, browser_information, search_type, intersection_search, number_of_found_integration_statements, list_of_found_integration_statements, performer_city, performer_country) VALUES (443, '2009-11-17 22:16:25.004', NULL, '12.144.110.131', '12.144.110.131', 'Mozilla/4.0 (compatible; MSIE 6.0; Windows NT 5.1; SV1; .NET CLR 1.1.4322; .NET CLR 2.0.50727)', 'TF_SEARCH', false, 0, '', NULL, NULL);
INSERT INTO pr_search_log_report (id, search_date, search_performer, performer_ip_address, performer_hostname, browser_information, search_type, intersection_search, number_of_found_integration_statements, list_of_found_integration_statements, performer_city, performer_country) VALUES (444, '2009-11-17 22:17:49.405', NULL, '12.144.110.131', '12.144.110.131', 'Mozilla/4.0 (compatible; MSIE 6.0; Windows NT 5.1; SV1; .NET CLR 1.1.4322; .NET CLR 2.0.50727)', 'ADVANCED_SEARCH', false, 0, '', NULL, NULL);
INSERT INTO pr_search_log_report (id, search_date, search_performer, performer_ip_address, performer_hostname, browser_information, search_type, intersection_search, number_of_found_integration_statements, list_of_found_integration_statements, performer_city, performer_country) VALUES (445, '2009-11-18 10:53:01.58', NULL, '125.179.10.216', '125.179.10.216', 'Mozilla/4.0 (compatible; MSIE 6.0; Windows NT 5.1; SV1; Mozilla/4.0 (compatible; MSIE 6.0; Windows NT 5.1; SV1) ; .NET CLR 2.0.50727; .NET CLR 3.0.4506.2152; .NET CLR 3.5.30729; InfoPath.2)', 'DEFAULT_SEARCH_COMPANY', false, 1, '(Id = 3, Name = IMPAX, Version = 6.2.x & 6.3.x)<br/> ', NULL, NULL);
INSERT INTO pr_search_log_report (id, search_date, search_performer, performer_ip_address, performer_hostname, browser_information, search_type, intersection_search, number_of_found_integration_statements, list_of_found_integration_statements, performer_city, performer_country) VALUES (446, '2009-11-18 13:49:38.853', NULL, '193.49.124.107', 'machine107.rd.francetelecom.com', 'Mozilla/5.0 (Windows; U; Windows NT 5.1; fr; rv:1.9.1.5) Gecko/20091102 Firefox/3.5.5 (.NET CLR 3.5.30729)', 'DEFAULT_SEARCH_COMPANY', false, 1, '(Id = 11, Name = XDS Suite for IBM Health Information Exchange, Version = 2.1)<br/> ', NULL, NULL);
INSERT INTO pr_search_log_report (id, search_date, search_performer, performer_ip_address, performer_hostname, browser_information, search_type, intersection_search, number_of_found_integration_statements, list_of_found_integration_statements, performer_city, performer_country) VALUES (447, '2009-11-18 16:51:45.829', NULL, '192.203.122.123', '192.203.122.123', 'Mozilla/4.0 (compatible; MSIE 7.0; Windows NT 5.1; GTB6; .NET CLR 1.1.4322; .NET CLR 2.0.50727)', 'DEFAULT_SEARCH_COMPANY', false, 1, '(Id = 27, Name = Initiate Master Data Service, Version = 8.7)<br/> ', NULL, NULL);
INSERT INTO pr_search_log_report (id, search_date, search_performer, performer_ip_address, performer_hostname, browser_information, search_type, intersection_search, number_of_found_integration_statements, list_of_found_integration_statements, performer_city, performer_country) VALUES (448, '2009-11-18 18:25:13.35', NULL, '216.130.107.2', '216-130-107-2.static.cimcoisp.net', 'Mozilla/4.0 (compatible; MSIE 7.0; Windows NT 5.1; GTB6; .NET CLR 1.1.4322; .NET CLR 2.0.50727; .NET CLR 3.0.04506.30; .NET CLR 3.0.04506.648; InfoPath.1; .NET CLR 3.0.4506.2152; .NET CLR 3.5.30729)', 'DEFAULT_SEARCH_COMPANY', false, 1, '(Id = 3, Name = IMPAX, Version = 6.2.x & 6.3.x)<br/> ', NULL, NULL);
INSERT INTO pr_search_log_report (id, search_date, search_performer, performer_ip_address, performer_hostname, browser_information, search_type, intersection_search, number_of_found_integration_statements, list_of_found_integration_statements, performer_city, performer_country) VALUES (449, '2009-11-19 12:36:13.93', NULL, '123.49.42.65', '123.49.42.65', 'Mozilla/5.0 (X11; U; Linux i686; en-US; rv:1.9.1.4) Gecko/20091028 Ubuntu/9.10 (karmic) Firefox/3.5.4', 'DEFAULT_SEARCH_COMPANY', false, 1, '(Id = 11, Name = XDS Suite for IBM Health Information Exchange, Version = 2.1)<br/> ', NULL, NULL);
INSERT INTO pr_search_log_report (id, search_date, search_performer, performer_ip_address, performer_hostname, browser_information, search_type, intersection_search, number_of_found_integration_statements, list_of_found_integration_statements, performer_city, performer_country) VALUES (450, '2009-11-19 15:51:15.586', NULL, '212.31.246.30', '212.31.246.30', 'Mozilla/5.0 (Windows; U; Windows NT 5.1; it; rv:1.9.1.5) Gecko/20091102 Firefox/3.5.5', 'DEFAULT_SEARCH_SYSTEM_TYPE', false, 3, '(Id = 11, Name = XDS Suite for IBM Health Information Exchange, Version = 2.1)<br/> (Id = 22, Name = xDL, Version = 3)<br/> (Id = 30, Name = Oracle Healthcare Transaction Base, Version = 5.3)<br/> ', NULL, NULL);
INSERT INTO pr_search_log_report (id, search_date, search_performer, performer_ip_address, performer_hostname, browser_information, search_type, intersection_search, number_of_found_integration_statements, list_of_found_integration_statements, performer_city, performer_country) VALUES (451, '2009-11-19 15:51:22.854', NULL, '212.31.246.30', '212.31.246.30', 'Mozilla/5.0 (Windows; U; Windows NT 5.1; it; rv:1.9.1.5) Gecko/20091102 Firefox/3.5.5', 'DEFAULT_SEARCH_SYSTEM_TYPE', false, 3, '(Id = 11, Name = XDS Suite for IBM Health Information Exchange, Version = 2.1)<br/> (Id = 22, Name = xDL, Version = 3)<br/> (Id = 30, Name = Oracle Healthcare Transaction Base, Version = 5.3)<br/> ', NULL, NULL);
INSERT INTO pr_search_log_report (id, search_date, search_performer, performer_ip_address, performer_hostname, browser_information, search_type, intersection_search, number_of_found_integration_statements, list_of_found_integration_statements, performer_city, performer_country) VALUES (452, '2009-11-19 15:51:31.434', NULL, '212.31.246.30', '212.31.246.30', 'Mozilla/5.0 (Windows; U; Windows NT 5.1; it; rv:1.9.1.5) Gecko/20091102 Firefox/3.5.5', 'DEFAULT_SEARCH_SYSTEM_TYPE', false, 5, '(Id = 13, Name = syngo Dynamics Workplace, Version = 7.0)<br/> (Id = 14, Name = syngo MultiModality Workplace, Version = 2006A 2006B)<br/> (Id = 22, Name = xDL, Version = 3)<br/> (Id = 27, Name = Initiate Master Data Service, Version = 8.7)<br/> (Id = 30, Name = Oracle Healthcare Transaction Base, Version = 5.3)<br/> ', NULL, NULL);
INSERT INTO pr_search_log_report (id, search_date, search_performer, performer_ip_address, performer_hostname, browser_information, search_type, intersection_search, number_of_found_integration_statements, list_of_found_integration_statements, performer_city, performer_country) VALUES (453, '2009-11-19 15:51:48.116', NULL, '212.31.246.30', '212.31.246.30', 'Mozilla/5.0 (Windows; U; Windows NT 5.1; it; rv:1.9.1.5) Gecko/20091102 Firefox/3.5.5', 'DEFAULT_SEARCH_SYSTEM_TYPE', false, 1, '(Id = 15, Name = syngo Suite, Version = V35A)<br/> ', NULL, NULL);
INSERT INTO pr_search_log_report (id, search_date, search_performer, performer_ip_address, performer_hostname, browser_information, search_type, intersection_search, number_of_found_integration_statements, list_of_found_integration_statements, performer_city, performer_country) VALUES (454, '2009-11-19 15:52:04.932', NULL, '212.31.246.30', '212.31.246.30', 'Mozilla/5.0 (Windows; U; Windows NT 5.1; it; rv:1.9.1.5) Gecko/20091102 Firefox/3.5.5', 'DEFAULT_SEARCH_SYSTEM_TYPE', false, 3, '(Id = 11, Name = XDS Suite for IBM Health Information Exchange, Version = 2.1)<br/> (Id = 22, Name = xDL, Version = 3)<br/> (Id = 30, Name = Oracle Healthcare Transaction Base, Version = 5.3)<br/> ', NULL, NULL);
INSERT INTO pr_search_log_report (id, search_date, search_performer, performer_ip_address, performer_hostname, browser_information, search_type, intersection_search, number_of_found_integration_statements, list_of_found_integration_statements, performer_city, performer_country) VALUES (455, '2009-11-19 15:52:13.453', NULL, '212.31.246.30', '212.31.246.30', 'Mozilla/5.0 (Windows; U; Windows NT 5.1; it; rv:1.9.1.5) Gecko/20091102 Firefox/3.5.5', 'DEFAULT_SEARCH_SYSTEM_TYPE', false, 3, '(Id = 11, Name = XDS Suite for IBM Health Information Exchange, Version = 2.1)<br/> (Id = 22, Name = xDL, Version = 3)<br/> (Id = 30, Name = Oracle Healthcare Transaction Base, Version = 5.3)<br/> ', NULL, NULL);
INSERT INTO pr_search_log_report (id, search_date, search_performer, performer_ip_address, performer_hostname, browser_information, search_type, intersection_search, number_of_found_integration_statements, list_of_found_integration_statements, performer_city, performer_country) VALUES (456, '2009-11-19 16:30:52.003', NULL, '98.100.215.114', 'rrcs-98-100-215-114.central.biz.rr.com', 'Mozilla/4.0 (compatible; MSIE 7.0; Windows NT 5.1; (R1 1.5); .NET CLR 2.0.50727; .NET CLR 1.1.4322; .NET CLR 3.0.4506.2152; .NET CLR 3.5.30729)', 'DEFAULT_SEARCH_SYSTEM_TYPE', false, 2, '(Id = 3, Name = IMPAX, Version = 6.2.x & 6.3.x)<br/> (Id = 15, Name = syngo Suite, Version = V35A)<br/> ', NULL, NULL);
INSERT INTO pr_search_log_report (id, search_date, search_performer, performer_ip_address, performer_hostname, browser_information, search_type, intersection_search, number_of_found_integration_statements, list_of_found_integration_statements, performer_city, performer_country) VALUES (457, '2009-11-19 16:32:29.537', NULL, '216.5.212.15', 'gateway.acc.org', 'Mozilla/4.0 (compatible; MSIE 7.0; Windows NT 5.1; .NET CLR 1.1.4322; InfoPath.1; .NET CLR 2.0.50727; .NET CLR 3.0.04506.30; .NET CLR 3.0.04506.648)', 'DEFAULT_SEARCH_COMPANY', false, 1, '(Id = 3, Name = IMPAX, Version = 6.2.x & 6.3.x)<br/> ', NULL, NULL);
INSERT INTO pr_search_log_report (id, search_date, search_performer, performer_ip_address, performer_hostname, browser_information, search_type, intersection_search, number_of_found_integration_statements, list_of_found_integration_statements, performer_city, performer_country) VALUES (458, '2009-11-19 16:34:06.859', NULL, '216.5.212.15', 'gateway.acc.org', 'Mozilla/4.0 (compatible; MSIE 7.0; Windows NT 5.1; .NET CLR 1.1.4322; InfoPath.1; .NET CLR 2.0.50727; .NET CLR 3.0.04506.30; .NET CLR 3.0.04506.648)', 'DEFAULT_SEARCH_COMPANY', false, 5, '(Id = 23, Name = Acuson S2000, Version = 1.0)<br/> (Id = 26, Name = Artis zee, Artis zeego, Version = VC14C)<br/> (Id = 13, Name = syngo Dynamics Workplace, Version = 7.0)<br/> (Id = 14, Name = syngo MultiModality Workplace, Version = 2006A 2006B)<br/> (Id = 15, Name = syngo Suite, Version = V35A)<br/> ', NULL, NULL);
INSERT INTO pr_search_log_report (id, search_date, search_performer, performer_ip_address, performer_hostname, browser_information, search_type, intersection_search, number_of_found_integration_statements, list_of_found_integration_statements, performer_city, performer_country) VALUES (459, '2009-11-19 16:35:17.567', NULL, '82.204.78.74', 'mail.medis.nl', 'Mozilla/4.0 (compatible; MSIE 7.0; Windows NT 5.1; InfoPath.2; .NET CLR 2.0.50727; .NET CLR 3.0.04506.30; .NET CLR 3.0.4506.2152; .NET CLR 3.5.30729)', 'DEFAULT_SEARCH_COMPANY', false, 1, '(Id = 3, Name = IMPAX, Version = 6.2.x & 6.3.x)<br/> ', NULL, NULL);
INSERT INTO pr_search_log_report (id, search_date, search_performer, performer_ip_address, performer_hostname, browser_information, search_type, intersection_search, number_of_found_integration_statements, list_of_found_integration_statements, performer_city, performer_country) VALUES (460, '2009-11-19 16:37:51.876', NULL, '149.254.49.24', 'genkt-049-024.t-mobile.co.uk', 'Mozilla/5.0 (Windows; U; Windows NT 5.1; en-GB; rv:1.9.1.5) Gecko/20091102 Firefox/3.5.5 (.NET CLR 3.5.30729)', 'DEFAULT_SEARCH_SYSTEM_TYPE', false, 5, '(Id = 13, Name = syngo Dynamics Workplace, Version = 7.0)<br/> (Id = 14, Name = syngo MultiModality Workplace, Version = 2006A 2006B)<br/> (Id = 22, Name = xDL, Version = 3)<br/> (Id = 27, Name = Initiate Master Data Service, Version = 8.7)<br/> (Id = 30, Name = Oracle Healthcare Transaction Base, Version = 5.3)<br/> ', NULL, NULL);
INSERT INTO pr_search_log_report (id, search_date, search_performer, performer_ip_address, performer_hostname, browser_information, search_type, intersection_search, number_of_found_integration_statements, list_of_found_integration_statements, performer_city, performer_country) VALUES (461, '2009-11-19 17:45:40.787', NULL, '70.103.173.150', 'outbound.quinton.com', 'Mozilla/5.0 (Windows; U; Windows NT 5.1; en-US) AppleWebKit/532.0 (KHTML, like Gecko) Chrome/3.0.195.33 Safari/532.0', 'DEFAULT_SEARCH_SYSTEM_TYPE', false, 3, '(Id = 19, Name = M7, Version = 1.0)<br/> (Id = 23, Name = Acuson S2000, Version = 1.0)<br/> (Id = 26, Name = Artis zee, Artis zeego, Version = VC14C)<br/> ', NULL, NULL);
INSERT INTO pr_search_log_report (id, search_date, search_performer, performer_ip_address, performer_hostname, browser_information, search_type, intersection_search, number_of_found_integration_statements, list_of_found_integration_statements, performer_city, performer_country) VALUES (462, '2009-11-19 17:45:52.865', NULL, '70.103.173.150', 'outbound.quinton.com', 'Mozilla/5.0 (Windows; U; Windows NT 5.1; en-US) AppleWebKit/532.0 (KHTML, like Gecko) Chrome/3.0.195.33 Safari/532.0', 'DEFAULT_SEARCH_SYSTEM_TYPE', false, 5, '(Id = 13, Name = syngo Dynamics Workplace, Version = 7.0)<br/> (Id = 14, Name = syngo MultiModality Workplace, Version = 2006A 2006B)<br/> (Id = 22, Name = xDL, Version = 3)<br/> (Id = 27, Name = Initiate Master Data Service, Version = 8.7)<br/> (Id = 30, Name = Oracle Healthcare Transaction Base, Version = 5.3)<br/> ', NULL, NULL);
INSERT INTO pr_search_log_report (id, search_date, search_performer, performer_ip_address, performer_hostname, browser_information, search_type, intersection_search, number_of_found_integration_statements, list_of_found_integration_statements, performer_city, performer_country) VALUES (463, '2009-11-19 17:45:58.429', NULL, '70.103.173.150', 'outbound.cardiacscience.com', 'Mozilla/5.0 (Windows; U; Windows NT 5.1; en-US) AppleWebKit/532.0 (KHTML, like Gecko) Chrome/3.0.195.33 Safari/532.0', 'DEFAULT_SEARCH_SYSTEM_TYPE', false, 3, '(Id = 19, Name = M7, Version = 1.0)<br/> (Id = 23, Name = Acuson S2000, Version = 1.0)<br/> (Id = 26, Name = Artis zee, Artis zeego, Version = VC14C)<br/> ', NULL, NULL);
INSERT INTO pr_search_log_report (id, search_date, search_performer, performer_ip_address, performer_hostname, browser_information, search_type, intersection_search, number_of_found_integration_statements, list_of_found_integration_statements, performer_city, performer_country) VALUES (464, '2009-11-20 14:29:41.516', NULL, '134.54.0.8', '134.54.0.8', 'Mozilla/4.0 (compatible; MSIE 6.0; Windows NT 5.1; SV1; GTB6; .NET CLR 1.1.4322; .NET CLR 2.0.50727; .NET CLR 3.0.4506.2152; .NET CLR 3.5.30729)', 'DEFAULT_SEARCH_COMPANY', false, 5, '(Id = 23, Name = Acuson S2000, Version = 1.0)<br/> (Id = 26, Name = Artis zee, Artis zeego, Version = VC14C)<br/> (Id = 13, Name = syngo Dynamics Workplace, Version = 7.0)<br/> (Id = 14, Name = syngo MultiModality Workplace, Version = 2006A 2006B)<br/> (Id = 15, Name = syngo Suite, Version = V35A)<br/> ', NULL, NULL);
INSERT INTO pr_search_log_report (id, search_date, search_performer, performer_ip_address, performer_hostname, browser_information, search_type, intersection_search, number_of_found_integration_statements, list_of_found_integration_statements, performer_city, performer_country) VALUES (465, '2009-11-20 14:30:16.966', NULL, '134.54.0.8', '134.54.0.8', 'Mozilla/4.0 (compatible; MSIE 6.0; Windows NT 5.1; SV1; GTB6; .NET CLR 1.1.4322; .NET CLR 2.0.50727; .NET CLR 3.0.4506.2152; .NET CLR 3.5.30729)', 'DEFAULT_SEARCH_COMPANY', false, 1, '(Id = 3, Name = IMPAX, Version = 6.2.x & 6.3.x)<br/> ', NULL, NULL);
INSERT INTO pr_search_log_report (id, search_date, search_performer, performer_ip_address, performer_hostname, browser_information, search_type, intersection_search, number_of_found_integration_statements, list_of_found_integration_statements, performer_city, performer_country) VALUES (466, '2009-11-20 14:31:13.06', NULL, '134.54.0.8', '134.54.0.8', 'Mozilla/4.0 (compatible; MSIE 6.0; Windows NT 5.1; SV1; GTB6; .NET CLR 1.1.4322; .NET CLR 2.0.50727; .NET CLR 3.0.4506.2152; .NET CLR 3.5.30729)', 'DEFAULT_SEARCH_COMPANY', false, 1, '(Id = 27, Name = Initiate Master Data Service, Version = 8.7)<br/> ', NULL, NULL);
INSERT INTO pr_search_log_report (id, search_date, search_performer, performer_ip_address, performer_hostname, browser_information, search_type, intersection_search, number_of_found_integration_statements, list_of_found_integration_statements, performer_city, performer_country) VALUES (467, '2009-11-20 14:43:00.314', NULL, '134.54.0.8', '134.54.0.8', 'Mozilla/4.0 (compatible; MSIE 6.0; Windows NT 5.1; SV1; GTB6; .NET CLR 1.1.4322; .NET CLR 2.0.50727; .NET CLR 3.0.4506.2152; .NET CLR 3.5.30729)', 'DEFAULT_SEARCH_SYSTEM_TYPE', false, 1, '(Id = 15, Name = syngo Suite, Version = V35A)<br/> ', NULL, NULL);
INSERT INTO pr_search_log_report (id, search_date, search_performer, performer_ip_address, performer_hostname, browser_information, search_type, intersection_search, number_of_found_integration_statements, list_of_found_integration_statements, performer_city, performer_country) VALUES (468, '2009-11-20 15:44:04.624', NULL, '134.54.0.8', '134.54.0.8', 'Mozilla/4.0 (compatible; MSIE 6.0; Windows NT 5.1; SV1; GTB6; .NET CLR 1.1.4322; .NET CLR 2.0.50727; .NET CLR 3.0.4506.2152; .NET CLR 3.5.30729)', 'DEFAULT_SEARCH_COMPANY', false, 5, '(Id = 23, Name = Acuson S2000, Version = 1.0)<br/> (Id = 26, Name = Artis zee, Artis zeego, Version = VC14C)<br/> (Id = 13, Name = syngo Dynamics Workplace, Version = 7.0)<br/> (Id = 14, Name = syngo MultiModality Workplace, Version = 2006A 2006B)<br/> (Id = 15, Name = syngo Suite, Version = V35A)<br/> ', NULL, NULL);
INSERT INTO pr_search_log_report (id, search_date, search_performer, performer_ip_address, performer_hostname, browser_information, search_type, intersection_search, number_of_found_integration_statements, list_of_found_integration_statements, performer_city, performer_country) VALUES (469, '2009-11-20 16:18:44.445', NULL, '68.156.159.10', '68.156.159.10', 'Mozilla/4.0 (compatible; MSIE 6.0; Windows NT 5.1; SV1; .NET CLR 1.1.4322; .NET CLR 2.0.50727; .NET CLR 3.0.04506.30; InfoPath.1)', 'DEFAULT_SEARCH_COMPANY', false, 5, '(Id = 23, Name = Acuson S2000, Version = 1.0)<br/> (Id = 26, Name = Artis zee, Artis zeego, Version = VC14C)<br/> (Id = 13, Name = syngo Dynamics Workplace, Version = 7.0)<br/> (Id = 14, Name = syngo MultiModality Workplace, Version = 2006A 2006B)<br/> (Id = 15, Name = syngo Suite, Version = V35A)<br/> ', NULL, NULL);
INSERT INTO pr_search_log_report (id, search_date, search_performer, performer_ip_address, performer_hostname, browser_information, search_type, intersection_search, number_of_found_integration_statements, list_of_found_integration_statements, performer_city, performer_country) VALUES (470, '2009-11-20 16:20:06.432', NULL, '68.156.159.10', '68.156.159.10', 'Mozilla/4.0 (compatible; MSIE 6.0; Windows NT 5.1; SV1; .NET CLR 1.1.4322; .NET CLR 2.0.50727; .NET CLR 3.0.04506.30; InfoPath.1)', 'DEFAULT_SEARCH_SYSTEM_TYPE', false, 3, '(Id = 11, Name = XDS Suite for IBM Health Information Exchange, Version = 2.1)<br/> (Id = 22, Name = xDL, Version = 3)<br/> (Id = 30, Name = Oracle Healthcare Transaction Base, Version = 5.3)<br/> ', NULL, NULL);
INSERT INTO pr_search_log_report (id, search_date, search_performer, performer_ip_address, performer_hostname, browser_information, search_type, intersection_search, number_of_found_integration_statements, list_of_found_integration_statements, performer_city, performer_country) VALUES (471, '2009-11-20 17:21:45.575', NULL, '85.228.222.165', 'c-a5dee455.026-337-73746f2.cust.bredbandsbolaget.se', 'Mozilla/5.0 (Macintosh; U; Intel Mac OS X 10_5_8; sv-se) AppleWebKit/531.9 (KHTML, like Gecko) Version/4.0.3 Safari/531.9', 'DEFAULT_SEARCH_COMPANY', false, 1, '(Id = 27, Name = Initiate Master Data Service, Version = 8.7)<br/> ', NULL, NULL);
INSERT INTO pr_search_log_report (id, search_date, search_performer, performer_ip_address, performer_hostname, browser_information, search_type, intersection_search, number_of_found_integration_statements, list_of_found_integration_statements, performer_city, performer_country) VALUES (472, '2009-11-20 17:22:00.424', NULL, '85.228.222.165', 'c-a5dee455.026-337-73746f2.cust.bredbandsbolaget.se', 'Mozilla/5.0 (Macintosh; U; Intel Mac OS X 10_5_8; sv-se) AppleWebKit/531.9 (KHTML, like Gecko) Version/4.0.3 Safari/531.9', 'DEFAULT_SEARCH_COMPANY', false, 5, '(Id = 23, Name = Acuson S2000, Version = 1.0)<br/> (Id = 26, Name = Artis zee, Artis zeego, Version = VC14C)<br/> (Id = 13, Name = syngo Dynamics Workplace, Version = 7.0)<br/> (Id = 14, Name = syngo MultiModality Workplace, Version = 2006A 2006B)<br/> (Id = 15, Name = syngo Suite, Version = V35A)<br/> ', NULL, NULL);
INSERT INTO pr_search_log_report (id, search_date, search_performer, performer_ip_address, performer_hostname, browser_information, search_type, intersection_search, number_of_found_integration_statements, list_of_found_integration_statements, performer_city, performer_country) VALUES (473, '2009-11-20 17:22:18.748', NULL, '85.228.222.165', 'c-a5dee455.026-337-73746f2.cust.bredbandsbolaget.se', 'Mozilla/5.0 (Macintosh; U; Intel Mac OS X 10_5_8; sv-se) AppleWebKit/531.9 (KHTML, like Gecko) Version/4.0.3 Safari/531.9', 'DEFAULT_SEARCH_COMPANY', false, 1, '(Id = 30, Name = Oracle Healthcare Transaction Base, Version = 5.3)<br/> ', NULL, NULL);
INSERT INTO pr_search_log_report (id, search_date, search_performer, performer_ip_address, performer_hostname, browser_information, search_type, intersection_search, number_of_found_integration_statements, list_of_found_integration_statements, performer_city, performer_country) VALUES (474, '2009-11-20 17:22:30.405', NULL, '85.228.222.165', 'c-a5dee455.026-337-73746f2.cust.bredbandsbolaget.se', 'Mozilla/5.0 (Macintosh; U; Intel Mac OS X 10_5_8; sv-se) AppleWebKit/531.9 (KHTML, like Gecko) Version/4.0.3 Safari/531.9', 'DEFAULT_SEARCH_COMPANY', false, 1, '(Id = 11, Name = XDS Suite for IBM Health Information Exchange, Version = 2.1)<br/> ', NULL, NULL);
INSERT INTO pr_search_log_report (id, search_date, search_performer, performer_ip_address, performer_hostname, browser_information, search_type, intersection_search, number_of_found_integration_statements, list_of_found_integration_statements, performer_city, performer_country) VALUES (475, '2009-11-23 11:01:27.345', NULL, '130.60.34.131', 'irmvpngtw.uzh.ch', 'Mozilla/5.0 (X11; U; Linux i686; en-US; rv:1.9.0.15) Gecko/2009102814 Ubuntu/8.04 (hardy) Firefox/3.0.15', 'DEFAULT_SEARCH_SYSTEM_TYPE', false, 2, '(Id = 3, Name = IMPAX, Version = 6.2.x & 6.3.x)<br/> (Id = 15, Name = syngo Suite, Version = V35A)<br/> ', NULL, NULL);
INSERT INTO pr_search_log_report (id, search_date, search_performer, performer_ip_address, performer_hostname, browser_information, search_type, intersection_search, number_of_found_integration_statements, list_of_found_integration_statements, performer_city, performer_country) VALUES (476, '2009-11-23 11:01:40.835', NULL, '130.60.34.131', 'irmvpngtw.uzh.ch', 'Mozilla/5.0 (X11; U; Linux i686; en-US; rv:1.9.0.15) Gecko/2009102814 Ubuntu/8.04 (hardy) Firefox/3.0.15', 'DEFAULT_SEARCH_SYSTEM_TYPE', false, 5, '(Id = 13, Name = syngo Dynamics Workplace, Version = 7.0)<br/> (Id = 14, Name = syngo MultiModality Workplace, Version = 2006A 2006B)<br/> (Id = 22, Name = xDL, Version = 3)<br/> (Id = 27, Name = Initiate Master Data Service, Version = 8.7)<br/> (Id = 30, Name = Oracle Healthcare Transaction Base, Version = 5.3)<br/> ', NULL, NULL);
INSERT INTO pr_search_log_report (id, search_date, search_performer, performer_ip_address, performer_hostname, browser_information, search_type, intersection_search, number_of_found_integration_statements, list_of_found_integration_statements, performer_city, performer_country) VALUES (477, '2009-11-23 14:39:48.83', NULL, '72.4.234.73', '72.4.234.73', 'Mozilla/5.0 (Macintosh; U; Intel Mac OS X 10.5; en-US; rv:1.9.1.5) Gecko/20091102 Firefox/3.5.5', 'DEFAULT_SEARCH_COMPANY', false, 1, '(Id = 3, Name = IMPAX, Version = 6.2.x & 6.3.x)<br/> ', NULL, NULL);
INSERT INTO pr_search_log_report (id, search_date, search_performer, performer_ip_address, performer_hostname, browser_information, search_type, intersection_search, number_of_found_integration_statements, list_of_found_integration_statements, performer_city, performer_country) VALUES (478, '2009-11-23 14:40:01.819', NULL, '72.4.234.73', '72.4.234.73', 'Mozilla/5.0 (Macintosh; U; Intel Mac OS X 10.5; en-US; rv:1.9.1.5) Gecko/20091102 Firefox/3.5.5', 'DEFAULT_SEARCH_COMPANY', false, 1, '(Id = 22, Name = xDL, Version = 3)<br/> ', NULL, NULL);
INSERT INTO pr_search_log_report (id, search_date, search_performer, performer_ip_address, performer_hostname, browser_information, search_type, intersection_search, number_of_found_integration_statements, list_of_found_integration_statements, performer_city, performer_country) VALUES (479, '2009-11-23 14:40:45.906', NULL, '72.4.234.73', '72.4.234.73', 'Mozilla/5.0 (Macintosh; U; Intel Mac OS X 10.5; en-US; rv:1.9.1.5) Gecko/20091102 Firefox/3.5.5', 'DEFAULT_SEARCH_SYSTEM_TYPE', false, 2, '(Id = 3, Name = IMPAX, Version = 6.2.x & 6.3.x)<br/> (Id = 15, Name = syngo Suite, Version = V35A)<br/> ', NULL, NULL);
INSERT INTO pr_search_log_report (id, search_date, search_performer, performer_ip_address, performer_hostname, browser_information, search_type, intersection_search, number_of_found_integration_statements, list_of_found_integration_statements, performer_city, performer_country) VALUES (480, '2009-11-23 15:23:31.33', NULL, '195.23.102.124', '195-23-102-124.static.net.novis.pt', 'Mozilla/5.0 (Windows; U; Windows NT 5.1; en-US; rv:1.9.1.5) Gecko/20091102 Firefox/3.5.5 (.NET CLR 3.5.30729)', 'DEFAULT_SEARCH_COMPANY', false, 1, '(Id = 3, Name = IMPAX, Version = 6.2.x & 6.3.x)<br/> ', NULL, NULL);
INSERT INTO pr_search_log_report (id, search_date, search_performer, performer_ip_address, performer_hostname, browser_information, search_type, intersection_search, number_of_found_integration_statements, list_of_found_integration_statements, performer_city, performer_country) VALUES (481, '2009-11-23 17:48:00.575', NULL, '67.93.21.98', 'ip67-93-21-98.z21-93-67.customer.algx.net', 'Mozilla/4.0 (compatible; MSIE 6.0; Windows NT 5.1; SV1; GTB6; .NET CLR 1.1.4322; .NET CLR 2.0.50727; .NET CLR 3.0.04506.30; InfoPath.1; .NET CLR 3.0.4506.2152; .NET CLR 3.5.30729)', 'DEFAULT_SEARCH_COMPANY', false, 1, '(Id = 3, Name = IMPAX, Version = 6.2.x & 6.3.x)<br/> ', NULL, NULL);
INSERT INTO pr_search_log_report (id, search_date, search_performer, performer_ip_address, performer_hostname, browser_information, search_type, intersection_search, number_of_found_integration_statements, list_of_found_integration_statements, performer_city, performer_country) VALUES (482, '2009-11-24 09:08:04.542', NULL, '159.213.47.125', 'mx.usl11.toscana.it', 'Mozilla/5.0 (X11; U; Linux i686; it; rv:1.9.1.5) Gecko/20091109 Ubuntu/9.10 (karmic) Firefox/3.5.5', 'DEFAULT_SEARCH_SYSTEM_TYPE', false, 1, '(Id = 15, Name = syngo Suite, Version = V35A)<br/> ', NULL, NULL);
INSERT INTO pr_search_log_report (id, search_date, search_performer, performer_ip_address, performer_hostname, browser_information, search_type, intersection_search, number_of_found_integration_statements, list_of_found_integration_statements, performer_city, performer_country) VALUES (483, '2009-11-25 15:42:37.719', NULL, '212.203.27.18', 'styx18.ict.nl', 'Mozilla/5.0 (Windows; U; Windows NT 5.1; en-GB; rv:1.9.1.5) Gecko/20091102 Firefox/3.5.5 (.NET CLR 3.5.30729)', 'DEFAULT_SEARCH_COMPANY', false, 1, '(Id = 11, Name = XDS Suite for IBM Health Information Exchange, Version = 2.1)<br/> ', NULL, NULL);
INSERT INTO pr_search_log_report (id, search_date, search_performer, performer_ip_address, performer_hostname, browser_information, search_type, intersection_search, number_of_found_integration_statements, list_of_found_integration_statements, performer_city, performer_country) VALUES (484, '2009-11-25 20:47:59.161', NULL, '92.226.32.38', 'g226032038.adsl.alicedsl.de', 'Mozilla/5.0 (Windows; U; Windows NT 5.1; de; rv:1.9.1.4) Gecko/20091016 Firefox/3.5.4 (.NET CLR 3.5.30729)', 'TF_SEARCH', false, 0, '', NULL, NULL);
INSERT INTO pr_search_log_report (id, search_date, search_performer, performer_ip_address, performer_hostname, browser_information, search_type, intersection_search, number_of_found_integration_statements, list_of_found_integration_statements, performer_city, performer_country) VALUES (485, '2009-11-25 20:48:54.753', NULL, '92.226.32.38', 'g226032038.adsl.alicedsl.de', 'Mozilla/5.0 (Windows; U; Windows NT 5.1; de; rv:1.9.1.4) Gecko/20091016 Firefox/3.5.4 (.NET CLR 3.5.30729)', 'TF_SEARCH', false, 1, '(Id = 11, Name = XDS Suite for IBM Health Information Exchange, Version = 2.1)<br/> ', NULL, NULL);
INSERT INTO pr_search_log_report (id, search_date, search_performer, performer_ip_address, performer_hostname, browser_information, search_type, intersection_search, number_of_found_integration_statements, list_of_found_integration_statements, performer_city, performer_country) VALUES (486, '2009-11-25 22:32:47.166', 'forcare', '86.92.204.129', '86.92.204.129', 'Mozilla/5.0 (Windows; U; Windows NT 6.0; en-US; rv:1.9.1.5) Gecko/20091102 Firefox/3.5.5 (.NET CLR 3.5.30729)', 'DEFAULT_SEARCH_COMPANY', false, 1, '(Id = 11, Name = XDS Suite for IBM Health Information Exchange, Version = 2.1)<br/> ', NULL, NULL);
INSERT INTO pr_search_log_report (id, search_date, search_performer, performer_ip_address, performer_hostname, browser_information, search_type, intersection_search, number_of_found_integration_statements, list_of_found_integration_statements, performer_city, performer_country) VALUES (487, '2009-11-25 22:35:03.743', 'forcare', '86.92.204.129', '86.92.204.129', 'Mozilla/5.0 (Windows; U; Windows NT 6.0; en-US; rv:1.9.1.5) Gecko/20091102 Firefox/3.5.5 (.NET CLR 3.5.30729)', 'ADVANCED_SEARCH', false, 2, '(Id = 11, Name = XDS Suite for IBM Health Information Exchange, Version = 2.1)<br/> (Id = 34, Name = forIndex, Version = 2.1)<br/> ', NULL, NULL);
INSERT INTO pr_search_log_report (id, search_date, search_performer, performer_ip_address, performer_hostname, browser_information, search_type, intersection_search, number_of_found_integration_statements, list_of_found_integration_statements, performer_city, performer_country) VALUES (488, '2009-11-26 00:09:41.577', NULL, '166.137.138.57', 'mobile-166-137-138-057.mycingular.net', 'Mozilla/5.0 (iPhone; U; CPU iPhone OS 3_1_2 like Mac OS X; en-us) AppleWebKit/528.18 (KHTML, like Gecko) Version/4.0 Mobile/7D11 Safari/528.16', 'DEFAULT_SEARCH_COMPANY', false, 1, '(Id = 30, Name = Oracle Healthcare Transaction Base, Version = 5.3)<br/> ', NULL, NULL);
INSERT INTO pr_search_log_report (id, search_date, search_performer, performer_ip_address, performer_hostname, browser_information, search_type, intersection_search, number_of_found_integration_statements, list_of_found_integration_statements, performer_city, performer_country) VALUES (489, '2009-11-26 06:59:38.109', NULL, '210.128.62.11', 'inet-proxy211.toshiba.co.jp', 'Mozilla/4.0 (compatible; MSIE 6.0; Windows NT 5.1; SV1; GTB6; .NET CLR 1.1.4322; .NET CLR 2.0.50727; .NET CLR 3.0.04506.30)', 'DEFAULT_SEARCH_COMPANY', false, 5, '(Id = 23, Name = Acuson S2000, Version = 1.0)<br/> (Id = 26, Name = Artis zee, Artis zeego, Version = VC14C)<br/> (Id = 13, Name = syngo Dynamics Workplace, Version = 7.0)<br/> (Id = 14, Name = syngo MultiModality Workplace, Version = 2006A 2006B)<br/> (Id = 15, Name = syngo Suite, Version = V35A)<br/> ', NULL, NULL);
INSERT INTO pr_search_log_report (id, search_date, search_performer, performer_ip_address, performer_hostname, browser_information, search_type, intersection_search, number_of_found_integration_statements, list_of_found_integration_statements, performer_city, performer_country) VALUES (490, '2009-11-26 07:00:51.847', NULL, '210.128.62.11', 'inet-proxy211.toshiba.co.jp', 'Mozilla/4.0 (compatible; MSIE 6.0; Windows NT 5.1; SV1; GTB6; .NET CLR 1.1.4322; .NET CLR 2.0.50727; .NET CLR 3.0.04506.30)', 'DEFAULT_SEARCH_COMPANY', false, 5, '(Id = 23, Name = Acuson S2000, Version = 1.0)<br/> (Id = 26, Name = Artis zee, Artis zeego, Version = VC14C)<br/> (Id = 13, Name = syngo Dynamics Workplace, Version = 7.0)<br/> (Id = 14, Name = syngo MultiModality Workplace, Version = 2006A 2006B)<br/> (Id = 15, Name = syngo Suite, Version = V35A)<br/> ', NULL, NULL);
INSERT INTO pr_search_log_report (id, search_date, search_performer, performer_ip_address, performer_hostname, browser_information, search_type, intersection_search, number_of_found_integration_statements, list_of_found_integration_statements, performer_city, performer_country) VALUES (491, '2009-11-26 08:46:39.348', NULL, '83.163.164.167', 'a83-163-164-167.adsl.xs4all.nl', 'Mozilla/4.0 (compatible; MSIE 8.0; Windows NT 6.1; Trident/4.0; SLCC2; .NET CLR 2.0.50727; .NET CLR 3.5.30729; .NET CLR 3.0.30729; Media Center PC 6.0; InfoPath.2)', 'DEFAULT_SEARCH_COMPANY', false, 1, '(Id = 34, Name = forIndex, Version = 2.1)<br/> ', NULL, NULL);
INSERT INTO pr_search_log_report (id, search_date, search_performer, performer_ip_address, performer_hostname, browser_information, search_type, intersection_search, number_of_found_integration_statements, list_of_found_integration_statements, performer_city, performer_country) VALUES (492, '2009-11-26 09:20:19.05', NULL, '194.121.72.75', '194.121.72.75', 'Mozilla/4.0 (compatible; MSIE 7.0; PPP v5.1 (1,1,1); Windows NT 6.0; Trident/4.0; SLCC1; .NET CLR 2.0.50727; .NET CLR 3.5.21022; .NET CLR 3.5.30729; MDDR; InfoPath.2; .NET CLR 3.0.30729)', 'DEFAULT_SEARCH_COMPANY', false, 1, '(Id = 34, Name = forIndex, Version = 2.1)<br/> ', NULL, NULL);
INSERT INTO pr_search_log_report (id, search_date, search_performer, performer_ip_address, performer_hostname, browser_information, search_type, intersection_search, number_of_found_integration_statements, list_of_found_integration_statements, performer_city, performer_country) VALUES (493, '2009-11-26 09:21:02.22', NULL, '194.121.72.75', '194.121.72.75', 'Mozilla/4.0 (compatible; MSIE 7.0; PPP v5.1 (1,1,1); Windows NT 6.0; Trident/4.0; SLCC1; .NET CLR 2.0.50727; .NET CLR 3.5.21022; .NET CLR 3.5.30729; MDDR; InfoPath.2; .NET CLR 3.0.30729)', 'DEFAULT_SEARCH_COMPANY', false, 1, '(Id = 22, Name = xDL, Version = 3)<br/> ', NULL, NULL);
INSERT INTO pr_search_log_report (id, search_date, search_performer, performer_ip_address, performer_hostname, browser_information, search_type, intersection_search, number_of_found_integration_statements, list_of_found_integration_statements, performer_city, performer_country) VALUES (494, '2009-11-26 09:21:36.288', NULL, '194.121.72.75', '194.121.72.75', 'Mozilla/4.0 (compatible; MSIE 7.0; PPP v5.1 (1,1,1); Windows NT 6.0; Trident/4.0; SLCC1; .NET CLR 2.0.50727; .NET CLR 3.5.21022; .NET CLR 3.5.30729; MDDR; InfoPath.2; .NET CLR 3.0.30729)', 'DEFAULT_SEARCH_COMPANY', false, 1, '(Id = 11, Name = XDS Suite for IBM Health Information Exchange, Version = 2.1)<br/> ', NULL, NULL);
INSERT INTO pr_search_log_report (id, search_date, search_performer, performer_ip_address, performer_hostname, browser_information, search_type, intersection_search, number_of_found_integration_statements, list_of_found_integration_statements, performer_city, performer_country) VALUES (495, '2009-11-26 09:22:00.47', NULL, '194.121.72.75', '194.121.72.75', 'Mozilla/4.0 (compatible; MSIE 7.0; PPP v5.1 (1,1,1); Windows NT 6.0; Trident/4.0; SLCC1; .NET CLR 2.0.50727; .NET CLR 3.5.21022; .NET CLR 3.5.30729; MDDR; InfoPath.2; .NET CLR 3.0.30729)', 'DEFAULT_SEARCH_SYSTEM_TYPE', false, 4, '(Id = 11, Name = XDS Suite for IBM Health Information Exchange, Version = 2.1)<br/> (Id = 22, Name = xDL, Version = 3)<br/> (Id = 30, Name = Oracle Healthcare Transaction Base, Version = 5.3)<br/> (Id = 34, Name = forIndex, Version = 2.1)<br/> ', NULL, NULL);
INSERT INTO pr_search_log_report (id, search_date, search_performer, performer_ip_address, performer_hostname, browser_information, search_type, intersection_search, number_of_found_integration_statements, list_of_found_integration_statements, performer_city, performer_country) VALUES (496, '2009-11-26 09:24:50.35', NULL, '194.121.72.75', '194.121.72.75', 'Mozilla/4.0 (compatible; MSIE 7.0; PPP v5.1 (1,1,1); Windows NT 6.0; Trident/4.0; SLCC1; .NET CLR 2.0.50727; .NET CLR 3.5.21022; .NET CLR 3.5.30729; MDDR; InfoPath.2; .NET CLR 3.0.30729)', 'DEFAULT_SEARCH_SYSTEM_TYPE', false, 6, '(Id = 13, Name = syngo Dynamics Workplace, Version = 7.0)<br/> (Id = 14, Name = syngo MultiModality Workplace, Version = 2006A 2006B)<br/> (Id = 22, Name = xDL, Version = 3)<br/> (Id = 27, Name = Initiate Master Data Service, Version = 8.7)<br/> (Id = 30, Name = Oracle Healthcare Transaction Base, Version = 5.3)<br/> (Id = 34, Name = forIndex, Version = 2.1)<br/> ', NULL, NULL);
INSERT INTO pr_search_log_report (id, search_date, search_performer, performer_ip_address, performer_hostname, browser_information, search_type, intersection_search, number_of_found_integration_statements, list_of_found_integration_statements, performer_city, performer_country) VALUES (497, '2009-11-26 09:25:01.616', NULL, '194.121.72.75', '194.121.72.75', 'Mozilla/4.0 (compatible; MSIE 7.0; PPP v5.1 (1,1,1); Windows NT 6.0; Trident/4.0; SLCC1; .NET CLR 2.0.50727; .NET CLR 3.5.21022; .NET CLR 3.5.30729; MDDR; InfoPath.2; .NET CLR 3.0.30729)', 'DEFAULT_SEARCH_SYSTEM_TYPE', false, 2, '(Id = 3, Name = IMPAX, Version = 6.2.x & 6.3.x)<br/> (Id = 15, Name = syngo Suite, Version = V35A)<br/> ', NULL, NULL);
INSERT INTO pr_search_log_report (id, search_date, search_performer, performer_ip_address, performer_hostname, browser_information, search_type, intersection_search, number_of_found_integration_statements, list_of_found_integration_statements, performer_city, performer_country) VALUES (498, '2009-11-26 16:42:36.19', NULL, '194.121.72.75', '194.121.72.75', 'Mozilla/4.0 (compatible; MSIE 8.0; Windows NT 6.1; WOW64; Trident/4.0; SLCC2; .NET CLR 2.0.50727; .NET CLR 3.5.30729; .NET CLR 3.0.30729; Media Center PC 6.0; InfoPath.2; OfficeLiveConnector.1.4; OfficeLivePatch.1.3)', 'DEFAULT_SEARCH_COMPANY', false, 1, '(Id = 34, Name = forIndex, Version = 2.1)<br/> ', NULL, NULL);
INSERT INTO pr_search_log_report (id, search_date, search_performer, performer_ip_address, performer_hostname, browser_information, search_type, intersection_search, number_of_found_integration_statements, list_of_found_integration_statements, performer_city, performer_country) VALUES (499, '2009-11-26 17:24:32.042', NULL, '194.8.49.225', '194.8.49.225', 'Mozilla/5.0 (Windows; U; Windows NT 5.1; en-US; rv:1.9.1.5) Gecko/20091102 Firefox/3.5.5 (.NET CLR 3.5.30729)', 'DEFAULT_SEARCH_COMPANY', false, 1, '(Id = 34, Name = forIndex, Version = 2.1)<br/> ', NULL, NULL);
INSERT INTO pr_search_log_report (id, search_date, search_performer, performer_ip_address, performer_hostname, browser_information, search_type, intersection_search, number_of_found_integration_statements, list_of_found_integration_statements, performer_city, performer_country) VALUES (500, '2009-11-26 19:01:10.421', NULL, '99.67.199.13', '99-67-199-13.lightspeed.cicril.sbcglobal.net', 'Mozilla/4.0 (compatible; MSIE 7.0; Windows NT 5.1; .NET CLR 1.1.4322)', 'DEFAULT_SEARCH_COMPANY', false, 1, '(Id = 30, Name = Oracle Healthcare Transaction Base, Version = 5.3)<br/> ', NULL, NULL);
INSERT INTO pr_search_log_report (id, search_date, search_performer, performer_ip_address, performer_hostname, browser_information, search_type, intersection_search, number_of_found_integration_statements, list_of_found_integration_statements, performer_city, performer_country) VALUES (501, '2009-11-27 11:39:07.034', NULL, '195.35.227.61', 'wcoe-61.r-195-35-227.atwork.nl', 'Mozilla/5.0 (X11; U; Linux x86_64; en-US; rv:1.9.1.5) Gecko/20091109 Ubuntu/9.10 (karmic) Firefox/3.5.5', 'DEFAULT_SEARCH_SYSTEM_TYPE', false, 6, '(Id = 13, Name = syngo Dynamics Workplace, Version = 7.0)<br/> (Id = 14, Name = syngo MultiModality Workplace, Version = 2006A 2006B)<br/> (Id = 22, Name = xDL, Version = 3)<br/> (Id = 27, Name = Initiate Master Data Service, Version = 8.7)<br/> (Id = 30, Name = Oracle Healthcare Transaction Base, Version = 5.3)<br/> (Id = 34, Name = forIndex, Version = 2.1)<br/> ', NULL, NULL);
INSERT INTO pr_search_log_report (id, search_date, search_performer, performer_ip_address, performer_hostname, browser_information, search_type, intersection_search, number_of_found_integration_statements, list_of_found_integration_statements, performer_city, performer_country) VALUES (502, '2009-11-27 11:50:32.967', NULL, '134.54.0.8', '134.54.0.8', 'Mozilla/4.0 (compatible; MSIE 6.0; Windows NT 5.1; SV1; GTB6; .NET CLR 1.1.4322; .NET CLR 2.0.50727; .NET CLR 3.0.4506.2152; .NET CLR 3.5.30729)', 'DEFAULT_SEARCH_COMPANY', false, 5, '(Id = 23, Name = Acuson S2000, Version = 1.0)<br/> (Id = 26, Name = Artis zee, Artis zeego, Version = VC14C)<br/> (Id = 13, Name = syngo Dynamics Workplace, Version = 7.0)<br/> (Id = 14, Name = syngo MultiModality Workplace, Version = 2006A 2006B)<br/> (Id = 15, Name = syngo Suite, Version = V35A)<br/> ', NULL, NULL);
INSERT INTO pr_search_log_report (id, search_date, search_performer, performer_ip_address, performer_hostname, browser_information, search_type, intersection_search, number_of_found_integration_statements, list_of_found_integration_statements, performer_city, performer_country) VALUES (503, '2009-11-27 11:50:59.558', NULL, '134.54.0.8', '134.54.0.8', 'Mozilla/4.0 (compatible; MSIE 6.0; Windows NT 5.1; SV1; GTB6; .NET CLR 1.1.4322; .NET CLR 2.0.50727; .NET CLR 3.0.4506.2152; .NET CLR 3.5.30729)', 'DEFAULT_SEARCH_COMPANY', false, 2, '(Id = 3, Name = IMPAX, Version = 6.2.x & 6.3.x)<br/> (Id = 31, Name = IMPAX RIS, Version = 5.6)<br/> ', NULL, NULL);
INSERT INTO pr_search_log_report (id, search_date, search_performer, performer_ip_address, performer_hostname, browser_information, search_type, intersection_search, number_of_found_integration_statements, list_of_found_integration_statements, performer_city, performer_country) VALUES (504, '2009-11-27 11:51:24.729', NULL, '134.54.0.8', '134.54.0.8', 'Mozilla/4.0 (compatible; MSIE 6.0; Windows NT 5.1; SV1; GTB6; .NET CLR 1.1.4322; .NET CLR 2.0.50727; .NET CLR 3.0.4506.2152; .NET CLR 3.5.30729)', 'DEFAULT_SEARCH_COMPANY', false, 1, '(Id = 22, Name = xDL, Version = 3)<br/> ', NULL, NULL);
INSERT INTO pr_search_log_report (id, search_date, search_performer, performer_ip_address, performer_hostname, browser_information, search_type, intersection_search, number_of_found_integration_statements, list_of_found_integration_statements, performer_city, performer_country) VALUES (505, '2009-11-27 17:32:28.809', 'karos', '209.222.173.133', 'karos_health.acceleratorcentre.net', 'Mozilla/5.0 (Macintosh; U; Intel Mac OS X 10.6; en-US; rv:1.9.1.5) Gecko/20091102 Firefox/3.5.5', 'DEFAULT_SEARCH_COMPANY', false, 1, '(Id = 34, Name = forIndex, Version = 2.1)<br/> ', NULL, NULL);
INSERT INTO pr_search_log_report (id, search_date, search_performer, performer_ip_address, performer_hostname, browser_information, search_type, intersection_search, number_of_found_integration_statements, list_of_found_integration_statements, performer_city, performer_country) VALUES (506, '2009-11-27 18:31:08.454', 'karos', '209.222.173.133', 'karoshealth.acceleratorcentre.net', 'Mozilla/5.0 (Macintosh; U; Intel Mac OS X 10.6; en-US; rv:1.9.1.5) Gecko/20091102 Firefox/3.5.5', 'DEFAULT_SEARCH_COMPANY', false, 1, '(Id = 22, Name = xDL, Version = 3)<br/> ', NULL, NULL);
INSERT INTO pr_search_log_report (id, search_date, search_performer, performer_ip_address, performer_hostname, browser_information, search_type, intersection_search, number_of_found_integration_statements, list_of_found_integration_statements, performer_city, performer_country) VALUES (507, '2009-11-29 17:02:10.223', NULL, '92.230.186.229', 'g230186229.adsl.alicedsl.de', 'Mozilla/5.0 (Windows; U; Windows NT 5.1; de; rv:1.9.1.4) Gecko/20091016 Firefox/3.5.4 (.NET CLR 3.5.30729)', 'TF_SEARCH', false, 0, '', NULL, NULL);
INSERT INTO pr_search_log_report (id, search_date, search_performer, performer_ip_address, performer_hostname, browser_information, search_type, intersection_search, number_of_found_integration_statements, list_of_found_integration_statements, performer_city, performer_country) VALUES (508, '2009-11-29 17:02:44.249', NULL, '92.230.186.229', 'g230186229.adsl.alicedsl.de', 'Mozilla/5.0 (Windows; U; Windows NT 5.1; de; rv:1.9.1.4) Gecko/20091016 Firefox/3.5.4 (.NET CLR 3.5.30729)', 'TF_SEARCH', false, 3, '(Id = 11, Name = XDS Suite for IBM Health Information Exchange, Version = 2.1)<br/> (Id = 22, Name = xDL, Version = 3)<br/> (Id = 34, Name = forIndex, Version = 2.1)<br/> ', NULL, NULL);
INSERT INTO pr_search_log_report (id, search_date, search_performer, performer_ip_address, performer_hostname, browser_information, search_type, intersection_search, number_of_found_integration_statements, list_of_found_integration_statements, performer_city, performer_country) VALUES (509, '2009-11-30 08:36:49.66', 'MOberfell', '194.138.39.53', 'proxy12.sbs.de', 'Mozilla/4.0 (compatible; MSIE 7.0; Windows NT 5.1; .NET CLR 1.1.4322; .NET CLR 2.0.50727; .NET CLR 3.0.04506.30; InfoPath.1; .NET CLR 3.0.04506.648; .NET CLR 3.5.21022; .NET CLR 1.0.3705; MS-RTC LM 8; .NET CLR 3.0.4506.2152; .NET CLR 3.5.30729)', 'DEFAULT_SEARCH_COMPANY', false, 5, '(Id = 23, Name = Acuson S2000, Version = 1.0)<br/> (Id = 26, Name = Artis zee, Artis zeego, Version = VC14C)<br/> (Id = 13, Name = syngo Dynamics Workplace, Version = 7.0)<br/> (Id = 14, Name = syngo MultiModality Workplace, Version = 2006A 2006B)<br/> (Id = 15, Name = syngo Suite, Version = V35A)<br/> ', NULL, NULL);
INSERT INTO pr_search_log_report (id, search_date, search_performer, performer_ip_address, performer_hostname, browser_information, search_type, intersection_search, number_of_found_integration_statements, list_of_found_integration_statements, performer_city, performer_country) VALUES (510, '2009-11-30 11:23:27.339', NULL, '82.83.44.140', 'dslc-082-083-044-140.pools.arcor-ip.net', 'Mozilla/5.0 (X11; U; Linux x86_64; en-US; rv:1.9.1.5) Gecko/20091109 Ubuntu/9.10 (karmic) Firefox/3.5.5', 'DEFAULT_SEARCH_COMPANY', false, 5, '(Id = 23, Name = Acuson S2000, Version = 1.0)<br/> (Id = 26, Name = Artis zee, Artis zeego, Version = VC14C)<br/> (Id = 13, Name = syngo Dynamics Workplace, Version = 7.0)<br/> (Id = 14, Name = syngo MultiModality Workplace, Version = 2006A 2006B)<br/> (Id = 15, Name = syngo Suite, Version = V35A)<br/> ', NULL, NULL);
INSERT INTO pr_search_log_report (id, search_date, search_performer, performer_ip_address, performer_hostname, browser_information, search_type, intersection_search, number_of_found_integration_statements, list_of_found_integration_statements, performer_city, performer_country) VALUES (511, '2009-11-30 16:36:02.208', NULL, '212.30.20.26', '212.30.20.26', 'Mozilla/4.0 (compatible; MSIE 7.0; Windows NT 5.1; .NET CLR 2.0.50727; InfoPath.2; .NET CLR 3.0.4506.2152; .NET CLR 3.5.30729)', 'DEFAULT_SEARCH_SYSTEM_TYPE', false, 4, '(Id = 11, Name = XDS Suite for IBM Health Information Exchange, Version = 2.1)<br/> (Id = 22, Name = xDL, Version = 3)<br/> (Id = 30, Name = Oracle Healthcare Transaction Base, Version = 5.3)<br/> (Id = 34, Name = forIndex, Version = 2.1)<br/> ', NULL, NULL);
INSERT INTO pr_search_log_report (id, search_date, search_performer, performer_ip_address, performer_hostname, browser_information, search_type, intersection_search, number_of_found_integration_statements, list_of_found_integration_statements, performer_city, performer_country) VALUES (512, '2009-11-30 16:36:11.083', NULL, '212.30.20.26', '212.30.20.26', 'Mozilla/4.0 (compatible; MSIE 7.0; Windows NT 5.1; .NET CLR 2.0.50727; InfoPath.2; .NET CLR 3.0.4506.2152; .NET CLR 3.5.30729)', 'DEFAULT_SEARCH_SYSTEM_TYPE', false, 4, '(Id = 11, Name = XDS Suite for IBM Health Information Exchange, Version = 2.1)<br/> (Id = 22, Name = xDL, Version = 3)<br/> (Id = 30, Name = Oracle Healthcare Transaction Base, Version = 5.3)<br/> (Id = 34, Name = forIndex, Version = 2.1)<br/> ', NULL, NULL);


--
-- Data for Name: pr_search_log_systems_found; Type: TABLE DATA; Schema: public; Owner: gazelle-tm
--

INSERT INTO pr_search_log_systems_found (system_id, search_report_id) VALUES (11, 53);
INSERT INTO pr_search_log_systems_found (system_id, search_report_id) VALUES (11, 54);
INSERT INTO pr_search_log_systems_found (system_id, search_report_id) VALUES (11, 56);
INSERT INTO pr_search_log_systems_found (system_id, search_report_id) VALUES (11, 61);
INSERT INTO pr_search_log_systems_found (system_id, search_report_id) VALUES (11, 62);
INSERT INTO pr_search_log_systems_found (system_id, search_report_id) VALUES (11, 69);
INSERT INTO pr_search_log_systems_found (system_id, search_report_id) VALUES (11, 70);
INSERT INTO pr_search_log_systems_found (system_id, search_report_id) VALUES (11, 77);
INSERT INTO pr_search_log_systems_found (system_id, search_report_id) VALUES (11, 79);
INSERT INTO pr_search_log_systems_found (system_id, search_report_id) VALUES (11, 80);
INSERT INTO pr_search_log_systems_found (system_id, search_report_id) VALUES (11, 82);
INSERT INTO pr_search_log_systems_found (system_id, search_report_id) VALUES (11, 83);
INSERT INTO pr_search_log_systems_found (system_id, search_report_id) VALUES (13, 86);
INSERT INTO pr_search_log_systems_found (system_id, search_report_id) VALUES (14, 86);
INSERT INTO pr_search_log_systems_found (system_id, search_report_id) VALUES (15, 86);
INSERT INTO pr_search_log_systems_found (system_id, search_report_id) VALUES (13, 87);
INSERT INTO pr_search_log_systems_found (system_id, search_report_id) VALUES (14, 87);
INSERT INTO pr_search_log_systems_found (system_id, search_report_id) VALUES (15, 87);
INSERT INTO pr_search_log_systems_found (system_id, search_report_id) VALUES (13, 89);
INSERT INTO pr_search_log_systems_found (system_id, search_report_id) VALUES (14, 89);
INSERT INTO pr_search_log_systems_found (system_id, search_report_id) VALUES (15, 89);
INSERT INTO pr_search_log_systems_found (system_id, search_report_id) VALUES (13, 90);
INSERT INTO pr_search_log_systems_found (system_id, search_report_id) VALUES (14, 90);
INSERT INTO pr_search_log_systems_found (system_id, search_report_id) VALUES (15, 90);
INSERT INTO pr_search_log_systems_found (system_id, search_report_id) VALUES (13, 92);
INSERT INTO pr_search_log_systems_found (system_id, search_report_id) VALUES (14, 92);
INSERT INTO pr_search_log_systems_found (system_id, search_report_id) VALUES (11, 93);
INSERT INTO pr_search_log_systems_found (system_id, search_report_id) VALUES (13, 94);
INSERT INTO pr_search_log_systems_found (system_id, search_report_id) VALUES (14, 94);
INSERT INTO pr_search_log_systems_found (system_id, search_report_id) VALUES (15, 94);
INSERT INTO pr_search_log_systems_found (system_id, search_report_id) VALUES (11, 95);
INSERT INTO pr_search_log_systems_found (system_id, search_report_id) VALUES (13, 96);
INSERT INTO pr_search_log_systems_found (system_id, search_report_id) VALUES (14, 96);
INSERT INTO pr_search_log_systems_found (system_id, search_report_id) VALUES (15, 96);
INSERT INTO pr_search_log_systems_found (system_id, search_report_id) VALUES (11, 98);
INSERT INTO pr_search_log_systems_found (system_id, search_report_id) VALUES (11, 99);
INSERT INTO pr_search_log_systems_found (system_id, search_report_id) VALUES (13, 100);
INSERT INTO pr_search_log_systems_found (system_id, search_report_id) VALUES (14, 100);
INSERT INTO pr_search_log_systems_found (system_id, search_report_id) VALUES (15, 102);
INSERT INTO pr_search_log_systems_found (system_id, search_report_id) VALUES (15, 103);
INSERT INTO pr_search_log_systems_found (system_id, search_report_id) VALUES (15, 104);
INSERT INTO pr_search_log_systems_found (system_id, search_report_id) VALUES (15, 105);
INSERT INTO pr_search_log_systems_found (system_id, search_report_id) VALUES (15, 110);
INSERT INTO pr_search_log_systems_found (system_id, search_report_id) VALUES (11, 111);
INSERT INTO pr_search_log_systems_found (system_id, search_report_id) VALUES (15, 112);
INSERT INTO pr_search_log_systems_found (system_id, search_report_id) VALUES (15, 113);
INSERT INTO pr_search_log_systems_found (system_id, search_report_id) VALUES (11, 114);
INSERT INTO pr_search_log_systems_found (system_id, search_report_id) VALUES (11, 115);
INSERT INTO pr_search_log_systems_found (system_id, search_report_id) VALUES (11, 116);
INSERT INTO pr_search_log_systems_found (system_id, search_report_id) VALUES (13, 117);
INSERT INTO pr_search_log_systems_found (system_id, search_report_id) VALUES (14, 117);
INSERT INTO pr_search_log_systems_found (system_id, search_report_id) VALUES (15, 118);
INSERT INTO pr_search_log_systems_found (system_id, search_report_id) VALUES (15, 122);
INSERT INTO pr_search_log_systems_found (system_id, search_report_id) VALUES (15, 123);
INSERT INTO pr_search_log_systems_found (system_id, search_report_id) VALUES (13, 124);
INSERT INTO pr_search_log_systems_found (system_id, search_report_id) VALUES (14, 124);
INSERT INTO pr_search_log_systems_found (system_id, search_report_id) VALUES (11, 126);
INSERT INTO pr_search_log_systems_found (system_id, search_report_id) VALUES (11, 127);
INSERT INTO pr_search_log_systems_found (system_id, search_report_id) VALUES (13, 128);
INSERT INTO pr_search_log_systems_found (system_id, search_report_id) VALUES (14, 128);
INSERT INTO pr_search_log_systems_found (system_id, search_report_id) VALUES (15, 128);
INSERT INTO pr_search_log_systems_found (system_id, search_report_id) VALUES (11, 131);
INSERT INTO pr_search_log_systems_found (system_id, search_report_id) VALUES (13, 132);
INSERT INTO pr_search_log_systems_found (system_id, search_report_id) VALUES (14, 132);
INSERT INTO pr_search_log_systems_found (system_id, search_report_id) VALUES (13, 133);
INSERT INTO pr_search_log_systems_found (system_id, search_report_id) VALUES (14, 133);
INSERT INTO pr_search_log_systems_found (system_id, search_report_id) VALUES (3, 134);
INSERT INTO pr_search_log_systems_found (system_id, search_report_id) VALUES (3, 135);
INSERT INTO pr_search_log_systems_found (system_id, search_report_id) VALUES (16, 136);
INSERT INTO pr_search_log_systems_found (system_id, search_report_id) VALUES (11, 137);
INSERT INTO pr_search_log_systems_found (system_id, search_report_id) VALUES (3, 138);
INSERT INTO pr_search_log_systems_found (system_id, search_report_id) VALUES (15, 139);
INSERT INTO pr_search_log_systems_found (system_id, search_report_id) VALUES (3, 139);
INSERT INTO pr_search_log_systems_found (system_id, search_report_id) VALUES (14, 139);
INSERT INTO pr_search_log_systems_found (system_id, search_report_id) VALUES (13, 140);
INSERT INTO pr_search_log_systems_found (system_id, search_report_id) VALUES (14, 140);
INSERT INTO pr_search_log_systems_found (system_id, search_report_id) VALUES (15, 140);
INSERT INTO pr_search_log_systems_found (system_id, search_report_id) VALUES (3, 141);
INSERT INTO pr_search_log_systems_found (system_id, search_report_id) VALUES (15, 141);
INSERT INTO pr_search_log_systems_found (system_id, search_report_id) VALUES (13, 142);
INSERT INTO pr_search_log_systems_found (system_id, search_report_id) VALUES (14, 142);
INSERT INTO pr_search_log_systems_found (system_id, search_report_id) VALUES (15, 143);
INSERT INTO pr_search_log_systems_found (system_id, search_report_id) VALUES (11, 144);
INSERT INTO pr_search_log_systems_found (system_id, search_report_id) VALUES (16, 144);
INSERT INTO pr_search_log_systems_found (system_id, search_report_id) VALUES (3, 145);
INSERT INTO pr_search_log_systems_found (system_id, search_report_id) VALUES (3, 146);
INSERT INTO pr_search_log_systems_found (system_id, search_report_id) VALUES (3, 147);
INSERT INTO pr_search_log_systems_found (system_id, search_report_id) VALUES (3, 148);
INSERT INTO pr_search_log_systems_found (system_id, search_report_id) VALUES (13, 149);
INSERT INTO pr_search_log_systems_found (system_id, search_report_id) VALUES (14, 149);
INSERT INTO pr_search_log_systems_found (system_id, search_report_id) VALUES (15, 149);
INSERT INTO pr_search_log_systems_found (system_id, search_report_id) VALUES (3, 150);
INSERT INTO pr_search_log_systems_found (system_id, search_report_id) VALUES (3, 151);
INSERT INTO pr_search_log_systems_found (system_id, search_report_id) VALUES (15, 151);
INSERT INTO pr_search_log_systems_found (system_id, search_report_id) VALUES (3, 152);
INSERT INTO pr_search_log_systems_found (system_id, search_report_id) VALUES (3, 153);
INSERT INTO pr_search_log_systems_found (system_id, search_report_id) VALUES (3, 154);
INSERT INTO pr_search_log_systems_found (system_id, search_report_id) VALUES (3, 155);
INSERT INTO pr_search_log_systems_found (system_id, search_report_id) VALUES (3, 156);
INSERT INTO pr_search_log_systems_found (system_id, search_report_id) VALUES (3, 157);
INSERT INTO pr_search_log_systems_found (system_id, search_report_id) VALUES (13, 158);
INSERT INTO pr_search_log_systems_found (system_id, search_report_id) VALUES (14, 158);
INSERT INTO pr_search_log_systems_found (system_id, search_report_id) VALUES (15, 158);
INSERT INTO pr_search_log_systems_found (system_id, search_report_id) VALUES (11, 159);
INSERT INTO pr_search_log_systems_found (system_id, search_report_id) VALUES (13, 160);
INSERT INTO pr_search_log_systems_found (system_id, search_report_id) VALUES (14, 160);
INSERT INTO pr_search_log_systems_found (system_id, search_report_id) VALUES (11, 161);
INSERT INTO pr_search_log_systems_found (system_id, search_report_id) VALUES (11, 162);
INSERT INTO pr_search_log_systems_found (system_id, search_report_id) VALUES (13, 163);
INSERT INTO pr_search_log_systems_found (system_id, search_report_id) VALUES (14, 163);
INSERT INTO pr_search_log_systems_found (system_id, search_report_id) VALUES (15, 163);
INSERT INTO pr_search_log_systems_found (system_id, search_report_id) VALUES (11, 164);
INSERT INTO pr_search_log_systems_found (system_id, search_report_id) VALUES (11, 165);
INSERT INTO pr_search_log_systems_found (system_id, search_report_id) VALUES (13, 166);
INSERT INTO pr_search_log_systems_found (system_id, search_report_id) VALUES (14, 166);
INSERT INTO pr_search_log_systems_found (system_id, search_report_id) VALUES (3, 167);
INSERT INTO pr_search_log_systems_found (system_id, search_report_id) VALUES (15, 167);
INSERT INTO pr_search_log_systems_found (system_id, search_report_id) VALUES (15, 168);
INSERT INTO pr_search_log_systems_found (system_id, search_report_id) VALUES (3, 169);
INSERT INTO pr_search_log_systems_found (system_id, search_report_id) VALUES (3, 170);
INSERT INTO pr_search_log_systems_found (system_id, search_report_id) VALUES (15, 170);
INSERT INTO pr_search_log_systems_found (system_id, search_report_id) VALUES (11, 171);
INSERT INTO pr_search_log_systems_found (system_id, search_report_id) VALUES (3, 172);
INSERT INTO pr_search_log_systems_found (system_id, search_report_id) VALUES (3, 173);
INSERT INTO pr_search_log_systems_found (system_id, search_report_id) VALUES (3, 174);
INSERT INTO pr_search_log_systems_found (system_id, search_report_id) VALUES (3, 175);
INSERT INTO pr_search_log_systems_found (system_id, search_report_id) VALUES (11, 176);
INSERT INTO pr_search_log_systems_found (system_id, search_report_id) VALUES (11, 177);
INSERT INTO pr_search_log_systems_found (system_id, search_report_id) VALUES (11, 178);
INSERT INTO pr_search_log_systems_found (system_id, search_report_id) VALUES (11, 182);
INSERT INTO pr_search_log_systems_found (system_id, search_report_id) VALUES (3, 183);
INSERT INTO pr_search_log_systems_found (system_id, search_report_id) VALUES (13, 184);
INSERT INTO pr_search_log_systems_found (system_id, search_report_id) VALUES (14, 184);
INSERT INTO pr_search_log_systems_found (system_id, search_report_id) VALUES (15, 184);
INSERT INTO pr_search_log_systems_found (system_id, search_report_id) VALUES (13, 185);
INSERT INTO pr_search_log_systems_found (system_id, search_report_id) VALUES (14, 185);
INSERT INTO pr_search_log_systems_found (system_id, search_report_id) VALUES (15, 185);
INSERT INTO pr_search_log_systems_found (system_id, search_report_id) VALUES (11, 186);
INSERT INTO pr_search_log_systems_found (system_id, search_report_id) VALUES (13, 187);
INSERT INTO pr_search_log_systems_found (system_id, search_report_id) VALUES (14, 187);
INSERT INTO pr_search_log_systems_found (system_id, search_report_id) VALUES (15, 187);
INSERT INTO pr_search_log_systems_found (system_id, search_report_id) VALUES (13, 188);
INSERT INTO pr_search_log_systems_found (system_id, search_report_id) VALUES (14, 188);
INSERT INTO pr_search_log_systems_found (system_id, search_report_id) VALUES (15, 188);
INSERT INTO pr_search_log_systems_found (system_id, search_report_id) VALUES (13, 189);
INSERT INTO pr_search_log_systems_found (system_id, search_report_id) VALUES (14, 189);
INSERT INTO pr_search_log_systems_found (system_id, search_report_id) VALUES (15, 189);
INSERT INTO pr_search_log_systems_found (system_id, search_report_id) VALUES (3, 190);
INSERT INTO pr_search_log_systems_found (system_id, search_report_id) VALUES (15, 190);
INSERT INTO pr_search_log_systems_found (system_id, search_report_id) VALUES (3, 191);
INSERT INTO pr_search_log_systems_found (system_id, search_report_id) VALUES (15, 191);
INSERT INTO pr_search_log_systems_found (system_id, search_report_id) VALUES (11, 192);
INSERT INTO pr_search_log_systems_found (system_id, search_report_id) VALUES (15, 193);
INSERT INTO pr_search_log_systems_found (system_id, search_report_id) VALUES (3, 194);
INSERT INTO pr_search_log_systems_found (system_id, search_report_id) VALUES (13, 195);
INSERT INTO pr_search_log_systems_found (system_id, search_report_id) VALUES (14, 195);
INSERT INTO pr_search_log_systems_found (system_id, search_report_id) VALUES (11, 196);
INSERT INTO pr_search_log_systems_found (system_id, search_report_id) VALUES (3, 197);
INSERT INTO pr_search_log_systems_found (system_id, search_report_id) VALUES (3, 198);
INSERT INTO pr_search_log_systems_found (system_id, search_report_id) VALUES (13, 199);
INSERT INTO pr_search_log_systems_found (system_id, search_report_id) VALUES (14, 199);
INSERT INTO pr_search_log_systems_found (system_id, search_report_id) VALUES (15, 199);
INSERT INTO pr_search_log_systems_found (system_id, search_report_id) VALUES (11, 200);
INSERT INTO pr_search_log_systems_found (system_id, search_report_id) VALUES (3, 201);
INSERT INTO pr_search_log_systems_found (system_id, search_report_id) VALUES (13, 202);
INSERT INTO pr_search_log_systems_found (system_id, search_report_id) VALUES (14, 202);
INSERT INTO pr_search_log_systems_found (system_id, search_report_id) VALUES (15, 202);
INSERT INTO pr_search_log_systems_found (system_id, search_report_id) VALUES (3, 203);
INSERT INTO pr_search_log_systems_found (system_id, search_report_id) VALUES (15, 203);
INSERT INTO pr_search_log_systems_found (system_id, search_report_id) VALUES (13, 204);
INSERT INTO pr_search_log_systems_found (system_id, search_report_id) VALUES (14, 204);
INSERT INTO pr_search_log_systems_found (system_id, search_report_id) VALUES (15, 204);
INSERT INTO pr_search_log_systems_found (system_id, search_report_id) VALUES (3, 205);
INSERT INTO pr_search_log_systems_found (system_id, search_report_id) VALUES (11, 206);
INSERT INTO pr_search_log_systems_found (system_id, search_report_id) VALUES (3, 207);
INSERT INTO pr_search_log_systems_found (system_id, search_report_id) VALUES (22, 208);
INSERT INTO pr_search_log_systems_found (system_id, search_report_id) VALUES (13, 209);
INSERT INTO pr_search_log_systems_found (system_id, search_report_id) VALUES (14, 209);
INSERT INTO pr_search_log_systems_found (system_id, search_report_id) VALUES (15, 209);
INSERT INTO pr_search_log_systems_found (system_id, search_report_id) VALUES (13, 210);
INSERT INTO pr_search_log_systems_found (system_id, search_report_id) VALUES (14, 210);
INSERT INTO pr_search_log_systems_found (system_id, search_report_id) VALUES (15, 210);
INSERT INTO pr_search_log_systems_found (system_id, search_report_id) VALUES (13, 211);
INSERT INTO pr_search_log_systems_found (system_id, search_report_id) VALUES (14, 211);
INSERT INTO pr_search_log_systems_found (system_id, search_report_id) VALUES (15, 211);
INSERT INTO pr_search_log_systems_found (system_id, search_report_id) VALUES (19, 212);
INSERT INTO pr_search_log_systems_found (system_id, search_report_id) VALUES (13, 213);
INSERT INTO pr_search_log_systems_found (system_id, search_report_id) VALUES (14, 213);
INSERT INTO pr_search_log_systems_found (system_id, search_report_id) VALUES (15, 213);
INSERT INTO pr_search_log_systems_found (system_id, search_report_id) VALUES (19, 214);
INSERT INTO pr_search_log_systems_found (system_id, search_report_id) VALUES (3, 215);
INSERT INTO pr_search_log_systems_found (system_id, search_report_id) VALUES (22, 216);
INSERT INTO pr_search_log_systems_found (system_id, search_report_id) VALUES (11, 217);
INSERT INTO pr_search_log_systems_found (system_id, search_report_id) VALUES (19, 218);
INSERT INTO pr_search_log_systems_found (system_id, search_report_id) VALUES (23, 219);
INSERT INTO pr_search_log_systems_found (system_id, search_report_id) VALUES (13, 219);
INSERT INTO pr_search_log_systems_found (system_id, search_report_id) VALUES (14, 219);
INSERT INTO pr_search_log_systems_found (system_id, search_report_id) VALUES (15, 219);
INSERT INTO pr_search_log_systems_found (system_id, search_report_id) VALUES (11, 221);
INSERT INTO pr_search_log_systems_found (system_id, search_report_id) VALUES (3, 222);
INSERT INTO pr_search_log_systems_found (system_id, search_report_id) VALUES (3, 223);
INSERT INTO pr_search_log_systems_found (system_id, search_report_id) VALUES (3, 224);
INSERT INTO pr_search_log_systems_found (system_id, search_report_id) VALUES (11, 225);
INSERT INTO pr_search_log_systems_found (system_id, search_report_id) VALUES (23, 226);
INSERT INTO pr_search_log_systems_found (system_id, search_report_id) VALUES (13, 226);
INSERT INTO pr_search_log_systems_found (system_id, search_report_id) VALUES (14, 226);
INSERT INTO pr_search_log_systems_found (system_id, search_report_id) VALUES (15, 226);
INSERT INTO pr_search_log_systems_found (system_id, search_report_id) VALUES (13, 227);
INSERT INTO pr_search_log_systems_found (system_id, search_report_id) VALUES (14, 227);
INSERT INTO pr_search_log_systems_found (system_id, search_report_id) VALUES (22, 227);
INSERT INTO pr_search_log_systems_found (system_id, search_report_id) VALUES (3, 228);
INSERT INTO pr_search_log_systems_found (system_id, search_report_id) VALUES (22, 229);
INSERT INTO pr_search_log_systems_found (system_id, search_report_id) VALUES (3, 230);
INSERT INTO pr_search_log_systems_found (system_id, search_report_id) VALUES (23, 231);
INSERT INTO pr_search_log_systems_found (system_id, search_report_id) VALUES (13, 231);
INSERT INTO pr_search_log_systems_found (system_id, search_report_id) VALUES (14, 231);
INSERT INTO pr_search_log_systems_found (system_id, search_report_id) VALUES (15, 231);
INSERT INTO pr_search_log_systems_found (system_id, search_report_id) VALUES (3, 232);
INSERT INTO pr_search_log_systems_found (system_id, search_report_id) VALUES (15, 232);
INSERT INTO pr_search_log_systems_found (system_id, search_report_id) VALUES (3, 233);
INSERT INTO pr_search_log_systems_found (system_id, search_report_id) VALUES (15, 233);
INSERT INTO pr_search_log_systems_found (system_id, search_report_id) VALUES (11, 234);
INSERT INTO pr_search_log_systems_found (system_id, search_report_id) VALUES (11, 235);
INSERT INTO pr_search_log_systems_found (system_id, search_report_id) VALUES (3, 236);
INSERT INTO pr_search_log_systems_found (system_id, search_report_id) VALUES (23, 237);
INSERT INTO pr_search_log_systems_found (system_id, search_report_id) VALUES (13, 237);
INSERT INTO pr_search_log_systems_found (system_id, search_report_id) VALUES (14, 237);
INSERT INTO pr_search_log_systems_found (system_id, search_report_id) VALUES (15, 237);
INSERT INTO pr_search_log_systems_found (system_id, search_report_id) VALUES (3, 238);
INSERT INTO pr_search_log_systems_found (system_id, search_report_id) VALUES (3, 239);
INSERT INTO pr_search_log_systems_found (system_id, search_report_id) VALUES (15, 239);
INSERT INTO pr_search_log_systems_found (system_id, search_report_id) VALUES (13, 240);
INSERT INTO pr_search_log_systems_found (system_id, search_report_id) VALUES (14, 240);
INSERT INTO pr_search_log_systems_found (system_id, search_report_id) VALUES (22, 240);
INSERT INTO pr_search_log_systems_found (system_id, search_report_id) VALUES (11, 241);
INSERT INTO pr_search_log_systems_found (system_id, search_report_id) VALUES (22, 241);
INSERT INTO pr_search_log_systems_found (system_id, search_report_id) VALUES (19, 242);
INSERT INTO pr_search_log_systems_found (system_id, search_report_id) VALUES (23, 242);
INSERT INTO pr_search_log_systems_found (system_id, search_report_id) VALUES (15, 243);
INSERT INTO pr_search_log_systems_found (system_id, search_report_id) VALUES (23, 244);
INSERT INTO pr_search_log_systems_found (system_id, search_report_id) VALUES (13, 244);
INSERT INTO pr_search_log_systems_found (system_id, search_report_id) VALUES (14, 244);
INSERT INTO pr_search_log_systems_found (system_id, search_report_id) VALUES (15, 244);
INSERT INTO pr_search_log_systems_found (system_id, search_report_id) VALUES (3, 245);
INSERT INTO pr_search_log_systems_found (system_id, search_report_id) VALUES (22, 246);
INSERT INTO pr_search_log_systems_found (system_id, search_report_id) VALUES (11, 247);
INSERT INTO pr_search_log_systems_found (system_id, search_report_id) VALUES (3, 248);
INSERT INTO pr_search_log_systems_found (system_id, search_report_id) VALUES (11, 249);
INSERT INTO pr_search_log_systems_found (system_id, search_report_id) VALUES (11, 250);
INSERT INTO pr_search_log_systems_found (system_id, search_report_id) VALUES (22, 250);
INSERT INTO pr_search_log_systems_found (system_id, search_report_id) VALUES (19, 251);
INSERT INTO pr_search_log_systems_found (system_id, search_report_id) VALUES (23, 251);
INSERT INTO pr_search_log_systems_found (system_id, search_report_id) VALUES (13, 252);
INSERT INTO pr_search_log_systems_found (system_id, search_report_id) VALUES (14, 252);
INSERT INTO pr_search_log_systems_found (system_id, search_report_id) VALUES (22, 252);
INSERT INTO pr_search_log_systems_found (system_id, search_report_id) VALUES (3, 253);
INSERT INTO pr_search_log_systems_found (system_id, search_report_id) VALUES (22, 254);
INSERT INTO pr_search_log_systems_found (system_id, search_report_id) VALUES (11, 255);
INSERT INTO pr_search_log_systems_found (system_id, search_report_id) VALUES (22, 255);
INSERT INTO pr_search_log_systems_found (system_id, search_report_id) VALUES (11, 256);
INSERT INTO pr_search_log_systems_found (system_id, search_report_id) VALUES (22, 256);
INSERT INTO pr_search_log_systems_found (system_id, search_report_id) VALUES (11, 257);
INSERT INTO pr_search_log_systems_found (system_id, search_report_id) VALUES (22, 257);
INSERT INTO pr_search_log_systems_found (system_id, search_report_id) VALUES (15, 258);
INSERT INTO pr_search_log_systems_found (system_id, search_report_id) VALUES (15, 259);
INSERT INTO pr_search_log_systems_found (system_id, search_report_id) VALUES (13, 260);
INSERT INTO pr_search_log_systems_found (system_id, search_report_id) VALUES (14, 260);
INSERT INTO pr_search_log_systems_found (system_id, search_report_id) VALUES (22, 260);
INSERT INTO pr_search_log_systems_found (system_id, search_report_id) VALUES (11, 261);
INSERT INTO pr_search_log_systems_found (system_id, search_report_id) VALUES (11, 262);
INSERT INTO pr_search_log_systems_found (system_id, search_report_id) VALUES (3, 263);
INSERT INTO pr_search_log_systems_found (system_id, search_report_id) VALUES (15, 263);
INSERT INTO pr_search_log_systems_found (system_id, search_report_id) VALUES (3, 264);
INSERT INTO pr_search_log_systems_found (system_id, search_report_id) VALUES (23, 265);
INSERT INTO pr_search_log_systems_found (system_id, search_report_id) VALUES (13, 265);
INSERT INTO pr_search_log_systems_found (system_id, search_report_id) VALUES (14, 265);
INSERT INTO pr_search_log_systems_found (system_id, search_report_id) VALUES (15, 265);
INSERT INTO pr_search_log_systems_found (system_id, search_report_id) VALUES (3, 266);
INSERT INTO pr_search_log_systems_found (system_id, search_report_id) VALUES (3, 267);
INSERT INTO pr_search_log_systems_found (system_id, search_report_id) VALUES (15, 267);
INSERT INTO pr_search_log_systems_found (system_id, search_report_id) VALUES (23, 268);
INSERT INTO pr_search_log_systems_found (system_id, search_report_id) VALUES (13, 268);
INSERT INTO pr_search_log_systems_found (system_id, search_report_id) VALUES (14, 268);
INSERT INTO pr_search_log_systems_found (system_id, search_report_id) VALUES (15, 268);
INSERT INTO pr_search_log_systems_found (system_id, search_report_id) VALUES (3, 269);
INSERT INTO pr_search_log_systems_found (system_id, search_report_id) VALUES (13, 270);
INSERT INTO pr_search_log_systems_found (system_id, search_report_id) VALUES (14, 270);
INSERT INTO pr_search_log_systems_found (system_id, search_report_id) VALUES (22, 270);
INSERT INTO pr_search_log_systems_found (system_id, search_report_id) VALUES (11, 271);
INSERT INTO pr_search_log_systems_found (system_id, search_report_id) VALUES (22, 272);
INSERT INTO pr_search_log_systems_found (system_id, search_report_id) VALUES (11, 273);
INSERT INTO pr_search_log_systems_found (system_id, search_report_id) VALUES (23, 274);
INSERT INTO pr_search_log_systems_found (system_id, search_report_id) VALUES (13, 274);
INSERT INTO pr_search_log_systems_found (system_id, search_report_id) VALUES (14, 274);
INSERT INTO pr_search_log_systems_found (system_id, search_report_id) VALUES (15, 274);
INSERT INTO pr_search_log_systems_found (system_id, search_report_id) VALUES (3, 275);
INSERT INTO pr_search_log_systems_found (system_id, search_report_id) VALUES (11, 276);
INSERT INTO pr_search_log_systems_found (system_id, search_report_id) VALUES (22, 276);
INSERT INTO pr_search_log_systems_found (system_id, search_report_id) VALUES (13, 277);
INSERT INTO pr_search_log_systems_found (system_id, search_report_id) VALUES (14, 277);
INSERT INTO pr_search_log_systems_found (system_id, search_report_id) VALUES (22, 277);
INSERT INTO pr_search_log_systems_found (system_id, search_report_id) VALUES (11, 278);
INSERT INTO pr_search_log_systems_found (system_id, search_report_id) VALUES (19, 279);
INSERT INTO pr_search_log_systems_found (system_id, search_report_id) VALUES (11, 280);
INSERT INTO pr_search_log_systems_found (system_id, search_report_id) VALUES (3, 281);
INSERT INTO pr_search_log_systems_found (system_id, search_report_id) VALUES (23, 282);
INSERT INTO pr_search_log_systems_found (system_id, search_report_id) VALUES (13, 282);
INSERT INTO pr_search_log_systems_found (system_id, search_report_id) VALUES (14, 282);
INSERT INTO pr_search_log_systems_found (system_id, search_report_id) VALUES (15, 282);
INSERT INTO pr_search_log_systems_found (system_id, search_report_id) VALUES (22, 283);
INSERT INTO pr_search_log_systems_found (system_id, search_report_id) VALUES (3, 284);
INSERT INTO pr_search_log_systems_found (system_id, search_report_id) VALUES (23, 285);
INSERT INTO pr_search_log_systems_found (system_id, search_report_id) VALUES (13, 285);
INSERT INTO pr_search_log_systems_found (system_id, search_report_id) VALUES (14, 285);
INSERT INTO pr_search_log_systems_found (system_id, search_report_id) VALUES (15, 285);
INSERT INTO pr_search_log_systems_found (system_id, search_report_id) VALUES (22, 286);
INSERT INTO pr_search_log_systems_found (system_id, search_report_id) VALUES (22, 287);
INSERT INTO pr_search_log_systems_found (system_id, search_report_id) VALUES (3, 288);
INSERT INTO pr_search_log_systems_found (system_id, search_report_id) VALUES (23, 289);
INSERT INTO pr_search_log_systems_found (system_id, search_report_id) VALUES (13, 289);
INSERT INTO pr_search_log_systems_found (system_id, search_report_id) VALUES (14, 289);
INSERT INTO pr_search_log_systems_found (system_id, search_report_id) VALUES (15, 289);
INSERT INTO pr_search_log_systems_found (system_id, search_report_id) VALUES (3, 290);
INSERT INTO pr_search_log_systems_found (system_id, search_report_id) VALUES (22, 291);
INSERT INTO pr_search_log_systems_found (system_id, search_report_id) VALUES (11, 292);
INSERT INTO pr_search_log_systems_found (system_id, search_report_id) VALUES (19, 293);
INSERT INTO pr_search_log_systems_found (system_id, search_report_id) VALUES (13, 294);
INSERT INTO pr_search_log_systems_found (system_id, search_report_id) VALUES (14, 294);
INSERT INTO pr_search_log_systems_found (system_id, search_report_id) VALUES (22, 294);
INSERT INTO pr_search_log_systems_found (system_id, search_report_id) VALUES (13, 295);
INSERT INTO pr_search_log_systems_found (system_id, search_report_id) VALUES (14, 295);
INSERT INTO pr_search_log_systems_found (system_id, search_report_id) VALUES (22, 295);
INSERT INTO pr_search_log_systems_found (system_id, search_report_id) VALUES (19, 296);
INSERT INTO pr_search_log_systems_found (system_id, search_report_id) VALUES (23, 296);
INSERT INTO pr_search_log_systems_found (system_id, search_report_id) VALUES (26, 296);
INSERT INTO pr_search_log_systems_found (system_id, search_report_id) VALUES (13, 297);
INSERT INTO pr_search_log_systems_found (system_id, search_report_id) VALUES (14, 297);
INSERT INTO pr_search_log_systems_found (system_id, search_report_id) VALUES (22, 297);
INSERT INTO pr_search_log_systems_found (system_id, search_report_id) VALUES (23, 298);
INSERT INTO pr_search_log_systems_found (system_id, search_report_id) VALUES (26, 298);
INSERT INTO pr_search_log_systems_found (system_id, search_report_id) VALUES (13, 298);
INSERT INTO pr_search_log_systems_found (system_id, search_report_id) VALUES (14, 298);
INSERT INTO pr_search_log_systems_found (system_id, search_report_id) VALUES (15, 298);
INSERT INTO pr_search_log_systems_found (system_id, search_report_id) VALUES (3, 299);
INSERT INTO pr_search_log_systems_found (system_id, search_report_id) VALUES (3, 300);
INSERT INTO pr_search_log_systems_found (system_id, search_report_id) VALUES (11, 301);
INSERT INTO pr_search_log_systems_found (system_id, search_report_id) VALUES (19, 302);
INSERT INTO pr_search_log_systems_found (system_id, search_report_id) VALUES (3, 303);
INSERT INTO pr_search_log_systems_found (system_id, search_report_id) VALUES (15, 303);
INSERT INTO pr_search_log_systems_found (system_id, search_report_id) VALUES (19, 304);
INSERT INTO pr_search_log_systems_found (system_id, search_report_id) VALUES (23, 304);
INSERT INTO pr_search_log_systems_found (system_id, search_report_id) VALUES (26, 304);
INSERT INTO pr_search_log_systems_found (system_id, search_report_id) VALUES (3, 305);
INSERT INTO pr_search_log_systems_found (system_id, search_report_id) VALUES (15, 305);
INSERT INTO pr_search_log_systems_found (system_id, search_report_id) VALUES (3, 306);
INSERT INTO pr_search_log_systems_found (system_id, search_report_id) VALUES (15, 306);
INSERT INTO pr_search_log_systems_found (system_id, search_report_id) VALUES (22, 306);
INSERT INTO pr_search_log_systems_found (system_id, search_report_id) VALUES (23, 307);
INSERT INTO pr_search_log_systems_found (system_id, search_report_id) VALUES (26, 307);
INSERT INTO pr_search_log_systems_found (system_id, search_report_id) VALUES (13, 307);
INSERT INTO pr_search_log_systems_found (system_id, search_report_id) VALUES (14, 307);
INSERT INTO pr_search_log_systems_found (system_id, search_report_id) VALUES (15, 307);
INSERT INTO pr_search_log_systems_found (system_id, search_report_id) VALUES (23, 308);
INSERT INTO pr_search_log_systems_found (system_id, search_report_id) VALUES (26, 308);
INSERT INTO pr_search_log_systems_found (system_id, search_report_id) VALUES (13, 308);
INSERT INTO pr_search_log_systems_found (system_id, search_report_id) VALUES (14, 308);
INSERT INTO pr_search_log_systems_found (system_id, search_report_id) VALUES (15, 308);
INSERT INTO pr_search_log_systems_found (system_id, search_report_id) VALUES (22, 309);
INSERT INTO pr_search_log_systems_found (system_id, search_report_id) VALUES (3, 310);
INSERT INTO pr_search_log_systems_found (system_id, search_report_id) VALUES (3, 311);
INSERT INTO pr_search_log_systems_found (system_id, search_report_id) VALUES (3, 312);
INSERT INTO pr_search_log_systems_found (system_id, search_report_id) VALUES (15, 312);
INSERT INTO pr_search_log_systems_found (system_id, search_report_id) VALUES (14, 312);
INSERT INTO pr_search_log_systems_found (system_id, search_report_id) VALUES (22, 312);
INSERT INTO pr_search_log_systems_found (system_id, search_report_id) VALUES (26, 312);
INSERT INTO pr_search_log_systems_found (system_id, search_report_id) VALUES (13, 313);
INSERT INTO pr_search_log_systems_found (system_id, search_report_id) VALUES (14, 313);
INSERT INTO pr_search_log_systems_found (system_id, search_report_id) VALUES (22, 313);
INSERT INTO pr_search_log_systems_found (system_id, search_report_id) VALUES (22, 314);
INSERT INTO pr_search_log_systems_found (system_id, search_report_id) VALUES (11, 315);
INSERT INTO pr_search_log_systems_found (system_id, search_report_id) VALUES (19, 316);
INSERT INTO pr_search_log_systems_found (system_id, search_report_id) VALUES (11, 317);
INSERT INTO pr_search_log_systems_found (system_id, search_report_id) VALUES (22, 317);
INSERT INTO pr_search_log_systems_found (system_id, search_report_id) VALUES (3, 318);
INSERT INTO pr_search_log_systems_found (system_id, search_report_id) VALUES (15, 319);
INSERT INTO pr_search_log_systems_found (system_id, search_report_id) VALUES (15, 320);
INSERT INTO pr_search_log_systems_found (system_id, search_report_id) VALUES (15, 321);
INSERT INTO pr_search_log_systems_found (system_id, search_report_id) VALUES (13, 322);
INSERT INTO pr_search_log_systems_found (system_id, search_report_id) VALUES (14, 322);
INSERT INTO pr_search_log_systems_found (system_id, search_report_id) VALUES (22, 322);
INSERT INTO pr_search_log_systems_found (system_id, search_report_id) VALUES (3, 323);
INSERT INTO pr_search_log_systems_found (system_id, search_report_id) VALUES (15, 324);
INSERT INTO pr_search_log_systems_found (system_id, search_report_id) VALUES (15, 325);
INSERT INTO pr_search_log_systems_found (system_id, search_report_id) VALUES (15, 326);
INSERT INTO pr_search_log_systems_found (system_id, search_report_id) VALUES (15, 327);
INSERT INTO pr_search_log_systems_found (system_id, search_report_id) VALUES (15, 328);
INSERT INTO pr_search_log_systems_found (system_id, search_report_id) VALUES (23, 329);
INSERT INTO pr_search_log_systems_found (system_id, search_report_id) VALUES (26, 329);
INSERT INTO pr_search_log_systems_found (system_id, search_report_id) VALUES (13, 329);
INSERT INTO pr_search_log_systems_found (system_id, search_report_id) VALUES (14, 329);
INSERT INTO pr_search_log_systems_found (system_id, search_report_id) VALUES (15, 329);
INSERT INTO pr_search_log_systems_found (system_id, search_report_id) VALUES (13, 330);
INSERT INTO pr_search_log_systems_found (system_id, search_report_id) VALUES (14, 330);
INSERT INTO pr_search_log_systems_found (system_id, search_report_id) VALUES (22, 330);
INSERT INTO pr_search_log_systems_found (system_id, search_report_id) VALUES (23, 331);
INSERT INTO pr_search_log_systems_found (system_id, search_report_id) VALUES (26, 331);
INSERT INTO pr_search_log_systems_found (system_id, search_report_id) VALUES (13, 331);
INSERT INTO pr_search_log_systems_found (system_id, search_report_id) VALUES (14, 331);
INSERT INTO pr_search_log_systems_found (system_id, search_report_id) VALUES (15, 331);
INSERT INTO pr_search_log_systems_found (system_id, search_report_id) VALUES (19, 332);
INSERT INTO pr_search_log_systems_found (system_id, search_report_id) VALUES (23, 332);
INSERT INTO pr_search_log_systems_found (system_id, search_report_id) VALUES (26, 332);
INSERT INTO pr_search_log_systems_found (system_id, search_report_id) VALUES (3, 333);
INSERT INTO pr_search_log_systems_found (system_id, search_report_id) VALUES (15, 333);
INSERT INTO pr_search_log_systems_found (system_id, search_report_id) VALUES (22, 334);
INSERT INTO pr_search_log_systems_found (system_id, search_report_id) VALUES (3, 335);
INSERT INTO pr_search_log_systems_found (system_id, search_report_id) VALUES (15, 335);
INSERT INTO pr_search_log_systems_found (system_id, search_report_id) VALUES (3, 336);
INSERT INTO pr_search_log_systems_found (system_id, search_report_id) VALUES (15, 336);
INSERT INTO pr_search_log_systems_found (system_id, search_report_id) VALUES (19, 337);
INSERT INTO pr_search_log_systems_found (system_id, search_report_id) VALUES (23, 337);
INSERT INTO pr_search_log_systems_found (system_id, search_report_id) VALUES (26, 337);
INSERT INTO pr_search_log_systems_found (system_id, search_report_id) VALUES (15, 338);
INSERT INTO pr_search_log_systems_found (system_id, search_report_id) VALUES (15, 339);
INSERT INTO pr_search_log_systems_found (system_id, search_report_id) VALUES (3, 340);
INSERT INTO pr_search_log_systems_found (system_id, search_report_id) VALUES (15, 340);
INSERT INTO pr_search_log_systems_found (system_id, search_report_id) VALUES (13, 341);
INSERT INTO pr_search_log_systems_found (system_id, search_report_id) VALUES (14, 341);
INSERT INTO pr_search_log_systems_found (system_id, search_report_id) VALUES (22, 341);
INSERT INTO pr_search_log_systems_found (system_id, search_report_id) VALUES (3, 343);
INSERT INTO pr_search_log_systems_found (system_id, search_report_id) VALUES (22, 344);
INSERT INTO pr_search_log_systems_found (system_id, search_report_id) VALUES (11, 345);
INSERT INTO pr_search_log_systems_found (system_id, search_report_id) VALUES (19, 346);
INSERT INTO pr_search_log_systems_found (system_id, search_report_id) VALUES (23, 347);
INSERT INTO pr_search_log_systems_found (system_id, search_report_id) VALUES (26, 347);
INSERT INTO pr_search_log_systems_found (system_id, search_report_id) VALUES (13, 347);
INSERT INTO pr_search_log_systems_found (system_id, search_report_id) VALUES (14, 347);
INSERT INTO pr_search_log_systems_found (system_id, search_report_id) VALUES (15, 347);
INSERT INTO pr_search_log_systems_found (system_id, search_report_id) VALUES (13, 349);
INSERT INTO pr_search_log_systems_found (system_id, search_report_id) VALUES (14, 349);
INSERT INTO pr_search_log_systems_found (system_id, search_report_id) VALUES (22, 349);
INSERT INTO pr_search_log_systems_found (system_id, search_report_id) VALUES (27, 349);
INSERT INTO pr_search_log_systems_found (system_id, search_report_id) VALUES (27, 350);
INSERT INTO pr_search_log_systems_found (system_id, search_report_id) VALUES (3, 351);
INSERT INTO pr_search_log_systems_found (system_id, search_report_id) VALUES (15, 351);
INSERT INTO pr_search_log_systems_found (system_id, search_report_id) VALUES (11, 352);
INSERT INTO pr_search_log_systems_found (system_id, search_report_id) VALUES (22, 352);
INSERT INTO pr_search_log_systems_found (system_id, search_report_id) VALUES (19, 353);
INSERT INTO pr_search_log_systems_found (system_id, search_report_id) VALUES (23, 353);
INSERT INTO pr_search_log_systems_found (system_id, search_report_id) VALUES (26, 353);
INSERT INTO pr_search_log_systems_found (system_id, search_report_id) VALUES (3, 354);
INSERT INTO pr_search_log_systems_found (system_id, search_report_id) VALUES (11, 355);
INSERT INTO pr_search_log_systems_found (system_id, search_report_id) VALUES (22, 355);
INSERT INTO pr_search_log_systems_found (system_id, search_report_id) VALUES (11, 356);
INSERT INTO pr_search_log_systems_found (system_id, search_report_id) VALUES (22, 356);
INSERT INTO pr_search_log_systems_found (system_id, search_report_id) VALUES (26, 357);
INSERT INTO pr_search_log_systems_found (system_id, search_report_id) VALUES (23, 358);
INSERT INTO pr_search_log_systems_found (system_id, search_report_id) VALUES (26, 358);
INSERT INTO pr_search_log_systems_found (system_id, search_report_id) VALUES (13, 358);
INSERT INTO pr_search_log_systems_found (system_id, search_report_id) VALUES (14, 358);
INSERT INTO pr_search_log_systems_found (system_id, search_report_id) VALUES (15, 358);
INSERT INTO pr_search_log_systems_found (system_id, search_report_id) VALUES (27, 359);
INSERT INTO pr_search_log_systems_found (system_id, search_report_id) VALUES (30, 360);
INSERT INTO pr_search_log_systems_found (system_id, search_report_id) VALUES (19, 361);
INSERT INTO pr_search_log_systems_found (system_id, search_report_id) VALUES (19, 362);
INSERT INTO pr_search_log_systems_found (system_id, search_report_id) VALUES (30, 363);
INSERT INTO pr_search_log_systems_found (system_id, search_report_id) VALUES (3, 364);
INSERT INTO pr_search_log_systems_found (system_id, search_report_id) VALUES (3, 365);
INSERT INTO pr_search_log_systems_found (system_id, search_report_id) VALUES (22, 366);
INSERT INTO pr_search_log_systems_found (system_id, search_report_id) VALUES (13, 367);
INSERT INTO pr_search_log_systems_found (system_id, search_report_id) VALUES (14, 367);
INSERT INTO pr_search_log_systems_found (system_id, search_report_id) VALUES (22, 367);
INSERT INTO pr_search_log_systems_found (system_id, search_report_id) VALUES (27, 367);
INSERT INTO pr_search_log_systems_found (system_id, search_report_id) VALUES (30, 367);
INSERT INTO pr_search_log_systems_found (system_id, search_report_id) VALUES (26, 368);
INSERT INTO pr_search_log_systems_found (system_id, search_report_id) VALUES (23, 369);
INSERT INTO pr_search_log_systems_found (system_id, search_report_id) VALUES (26, 369);
INSERT INTO pr_search_log_systems_found (system_id, search_report_id) VALUES (13, 369);
INSERT INTO pr_search_log_systems_found (system_id, search_report_id) VALUES (14, 369);
INSERT INTO pr_search_log_systems_found (system_id, search_report_id) VALUES (15, 369);
INSERT INTO pr_search_log_systems_found (system_id, search_report_id) VALUES (3, 370);
INSERT INTO pr_search_log_systems_found (system_id, search_report_id) VALUES (13, 371);
INSERT INTO pr_search_log_systems_found (system_id, search_report_id) VALUES (14, 371);
INSERT INTO pr_search_log_systems_found (system_id, search_report_id) VALUES (22, 371);
INSERT INTO pr_search_log_systems_found (system_id, search_report_id) VALUES (27, 371);
INSERT INTO pr_search_log_systems_found (system_id, search_report_id) VALUES (30, 371);
INSERT INTO pr_search_log_systems_found (system_id, search_report_id) VALUES (11, 372);
INSERT INTO pr_search_log_systems_found (system_id, search_report_id) VALUES (22, 372);
INSERT INTO pr_search_log_systems_found (system_id, search_report_id) VALUES (30, 372);
INSERT INTO pr_search_log_systems_found (system_id, search_report_id) VALUES (19, 373);
INSERT INTO pr_search_log_systems_found (system_id, search_report_id) VALUES (23, 373);
INSERT INTO pr_search_log_systems_found (system_id, search_report_id) VALUES (26, 373);
INSERT INTO pr_search_log_systems_found (system_id, search_report_id) VALUES (13, 374);
INSERT INTO pr_search_log_systems_found (system_id, search_report_id) VALUES (14, 374);
INSERT INTO pr_search_log_systems_found (system_id, search_report_id) VALUES (22, 374);
INSERT INTO pr_search_log_systems_found (system_id, search_report_id) VALUES (27, 374);
INSERT INTO pr_search_log_systems_found (system_id, search_report_id) VALUES (30, 374);
INSERT INTO pr_search_log_systems_found (system_id, search_report_id) VALUES (3, 375);
INSERT INTO pr_search_log_systems_found (system_id, search_report_id) VALUES (15, 375);
INSERT INTO pr_search_log_systems_found (system_id, search_report_id) VALUES (15, 376);
INSERT INTO pr_search_log_systems_found (system_id, search_report_id) VALUES (26, 377);
INSERT INTO pr_search_log_systems_found (system_id, search_report_id) VALUES (19, 378);
INSERT INTO pr_search_log_systems_found (system_id, search_report_id) VALUES (26, 379);
INSERT INTO pr_search_log_systems_found (system_id, search_report_id) VALUES (26, 380);
INSERT INTO pr_search_log_systems_found (system_id, search_report_id) VALUES (19, 381);
INSERT INTO pr_search_log_systems_found (system_id, search_report_id) VALUES (26, 382);
INSERT INTO pr_search_log_systems_found (system_id, search_report_id) VALUES (19, 383);
INSERT INTO pr_search_log_systems_found (system_id, search_report_id) VALUES (23, 383);
INSERT INTO pr_search_log_systems_found (system_id, search_report_id) VALUES (26, 383);
INSERT INTO pr_search_log_systems_found (system_id, search_report_id) VALUES (11, 384);
INSERT INTO pr_search_log_systems_found (system_id, search_report_id) VALUES (22, 384);
INSERT INTO pr_search_log_systems_found (system_id, search_report_id) VALUES (30, 384);
INSERT INTO pr_search_log_systems_found (system_id, search_report_id) VALUES (3, 385);
INSERT INTO pr_search_log_systems_found (system_id, search_report_id) VALUES (15, 385);
INSERT INTO pr_search_log_systems_found (system_id, search_report_id) VALUES (23, 386);
INSERT INTO pr_search_log_systems_found (system_id, search_report_id) VALUES (26, 386);
INSERT INTO pr_search_log_systems_found (system_id, search_report_id) VALUES (13, 386);
INSERT INTO pr_search_log_systems_found (system_id, search_report_id) VALUES (14, 386);
INSERT INTO pr_search_log_systems_found (system_id, search_report_id) VALUES (15, 386);
INSERT INTO pr_search_log_systems_found (system_id, search_report_id) VALUES (23, 387);
INSERT INTO pr_search_log_systems_found (system_id, search_report_id) VALUES (26, 387);
INSERT INTO pr_search_log_systems_found (system_id, search_report_id) VALUES (13, 387);
INSERT INTO pr_search_log_systems_found (system_id, search_report_id) VALUES (14, 387);
INSERT INTO pr_search_log_systems_found (system_id, search_report_id) VALUES (15, 387);
INSERT INTO pr_search_log_systems_found (system_id, search_report_id) VALUES (3, 388);
INSERT INTO pr_search_log_systems_found (system_id, search_report_id) VALUES (30, 389);
INSERT INTO pr_search_log_systems_found (system_id, search_report_id) VALUES (11, 390);
INSERT INTO pr_search_log_systems_found (system_id, search_report_id) VALUES (22, 390);
INSERT INTO pr_search_log_systems_found (system_id, search_report_id) VALUES (30, 390);
INSERT INTO pr_search_log_systems_found (system_id, search_report_id) VALUES (23, 391);
INSERT INTO pr_search_log_systems_found (system_id, search_report_id) VALUES (26, 391);
INSERT INTO pr_search_log_systems_found (system_id, search_report_id) VALUES (13, 391);
INSERT INTO pr_search_log_systems_found (system_id, search_report_id) VALUES (14, 391);
INSERT INTO pr_search_log_systems_found (system_id, search_report_id) VALUES (15, 391);
INSERT INTO pr_search_log_systems_found (system_id, search_report_id) VALUES (22, 394);
INSERT INTO pr_search_log_systems_found (system_id, search_report_id) VALUES (30, 395);
INSERT INTO pr_search_log_systems_found (system_id, search_report_id) VALUES (11, 396);
INSERT INTO pr_search_log_systems_found (system_id, search_report_id) VALUES (3, 397);
INSERT INTO pr_search_log_systems_found (system_id, search_report_id) VALUES (30, 398);
INSERT INTO pr_search_log_systems_found (system_id, search_report_id) VALUES (23, 399);
INSERT INTO pr_search_log_systems_found (system_id, search_report_id) VALUES (26, 399);
INSERT INTO pr_search_log_systems_found (system_id, search_report_id) VALUES (13, 399);
INSERT INTO pr_search_log_systems_found (system_id, search_report_id) VALUES (14, 399);
INSERT INTO pr_search_log_systems_found (system_id, search_report_id) VALUES (15, 399);
INSERT INTO pr_search_log_systems_found (system_id, search_report_id) VALUES (23, 400);
INSERT INTO pr_search_log_systems_found (system_id, search_report_id) VALUES (26, 400);
INSERT INTO pr_search_log_systems_found (system_id, search_report_id) VALUES (13, 400);
INSERT INTO pr_search_log_systems_found (system_id, search_report_id) VALUES (14, 400);
INSERT INTO pr_search_log_systems_found (system_id, search_report_id) VALUES (15, 400);
INSERT INTO pr_search_log_systems_found (system_id, search_report_id) VALUES (15, 401);
INSERT INTO pr_search_log_systems_found (system_id, search_report_id) VALUES (22, 401);
INSERT INTO pr_search_log_systems_found (system_id, search_report_id) VALUES (3, 402);
INSERT INTO pr_search_log_systems_found (system_id, search_report_id) VALUES (11, 403);
INSERT INTO pr_search_log_systems_found (system_id, search_report_id) VALUES (22, 403);
INSERT INTO pr_search_log_systems_found (system_id, search_report_id) VALUES (30, 403);
INSERT INTO pr_search_log_systems_found (system_id, search_report_id) VALUES (19, 404);
INSERT INTO pr_search_log_systems_found (system_id, search_report_id) VALUES (23, 404);
INSERT INTO pr_search_log_systems_found (system_id, search_report_id) VALUES (26, 404);
INSERT INTO pr_search_log_systems_found (system_id, search_report_id) VALUES (13, 405);
INSERT INTO pr_search_log_systems_found (system_id, search_report_id) VALUES (14, 405);
INSERT INTO pr_search_log_systems_found (system_id, search_report_id) VALUES (22, 405);
INSERT INTO pr_search_log_systems_found (system_id, search_report_id) VALUES (27, 405);
INSERT INTO pr_search_log_systems_found (system_id, search_report_id) VALUES (30, 405);
INSERT INTO pr_search_log_systems_found (system_id, search_report_id) VALUES (15, 406);
INSERT INTO pr_search_log_systems_found (system_id, search_report_id) VALUES (27, 407);
INSERT INTO pr_search_log_systems_found (system_id, search_report_id) VALUES (15, 408);
INSERT INTO pr_search_log_systems_found (system_id, search_report_id) VALUES (13, 409);
INSERT INTO pr_search_log_systems_found (system_id, search_report_id) VALUES (14, 409);
INSERT INTO pr_search_log_systems_found (system_id, search_report_id) VALUES (22, 409);
INSERT INTO pr_search_log_systems_found (system_id, search_report_id) VALUES (27, 409);
INSERT INTO pr_search_log_systems_found (system_id, search_report_id) VALUES (30, 409);
INSERT INTO pr_search_log_systems_found (system_id, search_report_id) VALUES (11, 410);
INSERT INTO pr_search_log_systems_found (system_id, search_report_id) VALUES (13, 411);
INSERT INTO pr_search_log_systems_found (system_id, search_report_id) VALUES (14, 411);
INSERT INTO pr_search_log_systems_found (system_id, search_report_id) VALUES (22, 411);
INSERT INTO pr_search_log_systems_found (system_id, search_report_id) VALUES (27, 411);
INSERT INTO pr_search_log_systems_found (system_id, search_report_id) VALUES (30, 411);
INSERT INTO pr_search_log_systems_found (system_id, search_report_id) VALUES (23, 415);
INSERT INTO pr_search_log_systems_found (system_id, search_report_id) VALUES (26, 415);
INSERT INTO pr_search_log_systems_found (system_id, search_report_id) VALUES (13, 415);
INSERT INTO pr_search_log_systems_found (system_id, search_report_id) VALUES (14, 415);
INSERT INTO pr_search_log_systems_found (system_id, search_report_id) VALUES (15, 415);
INSERT INTO pr_search_log_systems_found (system_id, search_report_id) VALUES (11, 416);
INSERT INTO pr_search_log_systems_found (system_id, search_report_id) VALUES (22, 416);
INSERT INTO pr_search_log_systems_found (system_id, search_report_id) VALUES (30, 416);
INSERT INTO pr_search_log_systems_found (system_id, search_report_id) VALUES (13, 417);
INSERT INTO pr_search_log_systems_found (system_id, search_report_id) VALUES (14, 417);
INSERT INTO pr_search_log_systems_found (system_id, search_report_id) VALUES (22, 417);
INSERT INTO pr_search_log_systems_found (system_id, search_report_id) VALUES (27, 417);
INSERT INTO pr_search_log_systems_found (system_id, search_report_id) VALUES (30, 417);
INSERT INTO pr_search_log_systems_found (system_id, search_report_id) VALUES (13, 418);
INSERT INTO pr_search_log_systems_found (system_id, search_report_id) VALUES (14, 418);
INSERT INTO pr_search_log_systems_found (system_id, search_report_id) VALUES (22, 418);
INSERT INTO pr_search_log_systems_found (system_id, search_report_id) VALUES (27, 418);
INSERT INTO pr_search_log_systems_found (system_id, search_report_id) VALUES (30, 418);
INSERT INTO pr_search_log_systems_found (system_id, search_report_id) VALUES (26, 419);
INSERT INTO pr_search_log_systems_found (system_id, search_report_id) VALUES (23, 420);
INSERT INTO pr_search_log_systems_found (system_id, search_report_id) VALUES (26, 420);
INSERT INTO pr_search_log_systems_found (system_id, search_report_id) VALUES (13, 420);
INSERT INTO pr_search_log_systems_found (system_id, search_report_id) VALUES (14, 420);
INSERT INTO pr_search_log_systems_found (system_id, search_report_id) VALUES (15, 420);
INSERT INTO pr_search_log_systems_found (system_id, search_report_id) VALUES (3, 421);
INSERT INTO pr_search_log_systems_found (system_id, search_report_id) VALUES (27, 422);
INSERT INTO pr_search_log_systems_found (system_id, search_report_id) VALUES (19, 423);
INSERT INTO pr_search_log_systems_found (system_id, search_report_id) VALUES (22, 424);
INSERT INTO pr_search_log_systems_found (system_id, search_report_id) VALUES (3, 425);
INSERT INTO pr_search_log_systems_found (system_id, search_report_id) VALUES (11, 425);
INSERT INTO pr_search_log_systems_found (system_id, search_report_id) VALUES (13, 425);
INSERT INTO pr_search_log_systems_found (system_id, search_report_id) VALUES (15, 425);
INSERT INTO pr_search_log_systems_found (system_id, search_report_id) VALUES (22, 425);
INSERT INTO pr_search_log_systems_found (system_id, search_report_id) VALUES (26, 425);
INSERT INTO pr_search_log_systems_found (system_id, search_report_id) VALUES (27, 425);
INSERT INTO pr_search_log_systems_found (system_id, search_report_id) VALUES (30, 425);
INSERT INTO pr_search_log_systems_found (system_id, search_report_id) VALUES (23, 426);
INSERT INTO pr_search_log_systems_found (system_id, search_report_id) VALUES (26, 426);
INSERT INTO pr_search_log_systems_found (system_id, search_report_id) VALUES (13, 426);
INSERT INTO pr_search_log_systems_found (system_id, search_report_id) VALUES (14, 426);
INSERT INTO pr_search_log_systems_found (system_id, search_report_id) VALUES (15, 426);
INSERT INTO pr_search_log_systems_found (system_id, search_report_id) VALUES (3, 427);
INSERT INTO pr_search_log_systems_found (system_id, search_report_id) VALUES (23, 428);
INSERT INTO pr_search_log_systems_found (system_id, search_report_id) VALUES (26, 428);
INSERT INTO pr_search_log_systems_found (system_id, search_report_id) VALUES (13, 428);
INSERT INTO pr_search_log_systems_found (system_id, search_report_id) VALUES (14, 428);
INSERT INTO pr_search_log_systems_found (system_id, search_report_id) VALUES (15, 428);
INSERT INTO pr_search_log_systems_found (system_id, search_report_id) VALUES (11, 429);
INSERT INTO pr_search_log_systems_found (system_id, search_report_id) VALUES (22, 429);
INSERT INTO pr_search_log_systems_found (system_id, search_report_id) VALUES (30, 429);
INSERT INTO pr_search_log_systems_found (system_id, search_report_id) VALUES (11, 430);
INSERT INTO pr_search_log_systems_found (system_id, search_report_id) VALUES (22, 430);
INSERT INTO pr_search_log_systems_found (system_id, search_report_id) VALUES (30, 430);
INSERT INTO pr_search_log_systems_found (system_id, search_report_id) VALUES (11, 431);
INSERT INTO pr_search_log_systems_found (system_id, search_report_id) VALUES (22, 431);
INSERT INTO pr_search_log_systems_found (system_id, search_report_id) VALUES (3, 432);
INSERT INTO pr_search_log_systems_found (system_id, search_report_id) VALUES (11, 433);
INSERT INTO pr_search_log_systems_found (system_id, search_report_id) VALUES (22, 433);
INSERT INTO pr_search_log_systems_found (system_id, search_report_id) VALUES (30, 433);
INSERT INTO pr_search_log_systems_found (system_id, search_report_id) VALUES (11, 434);
INSERT INTO pr_search_log_systems_found (system_id, search_report_id) VALUES (22, 434);
INSERT INTO pr_search_log_systems_found (system_id, search_report_id) VALUES (30, 434);
INSERT INTO pr_search_log_systems_found (system_id, search_report_id) VALUES (11, 435);
INSERT INTO pr_search_log_systems_found (system_id, search_report_id) VALUES (13, 436);
INSERT INTO pr_search_log_systems_found (system_id, search_report_id) VALUES (14, 436);
INSERT INTO pr_search_log_systems_found (system_id, search_report_id) VALUES (22, 436);
INSERT INTO pr_search_log_systems_found (system_id, search_report_id) VALUES (27, 436);
INSERT INTO pr_search_log_systems_found (system_id, search_report_id) VALUES (30, 436);
INSERT INTO pr_search_log_systems_found (system_id, search_report_id) VALUES (15, 437);
INSERT INTO pr_search_log_systems_found (system_id, search_report_id) VALUES (3, 438);
INSERT INTO pr_search_log_systems_found (system_id, search_report_id) VALUES (15, 438);
INSERT INTO pr_search_log_systems_found (system_id, search_report_id) VALUES (22, 439);
INSERT INTO pr_search_log_systems_found (system_id, search_report_id) VALUES (11, 440);
INSERT INTO pr_search_log_systems_found (system_id, search_report_id) VALUES (3, 441);
INSERT INTO pr_search_log_systems_found (system_id, search_report_id) VALUES (27, 442);
INSERT INTO pr_search_log_systems_found (system_id, search_report_id) VALUES (3, 445);
INSERT INTO pr_search_log_systems_found (system_id, search_report_id) VALUES (11, 446);
INSERT INTO pr_search_log_systems_found (system_id, search_report_id) VALUES (27, 447);
INSERT INTO pr_search_log_systems_found (system_id, search_report_id) VALUES (3, 448);
INSERT INTO pr_search_log_systems_found (system_id, search_report_id) VALUES (11, 449);
INSERT INTO pr_search_log_systems_found (system_id, search_report_id) VALUES (11, 450);
INSERT INTO pr_search_log_systems_found (system_id, search_report_id) VALUES (22, 450);
INSERT INTO pr_search_log_systems_found (system_id, search_report_id) VALUES (30, 450);
INSERT INTO pr_search_log_systems_found (system_id, search_report_id) VALUES (11, 451);
INSERT INTO pr_search_log_systems_found (system_id, search_report_id) VALUES (22, 451);
INSERT INTO pr_search_log_systems_found (system_id, search_report_id) VALUES (30, 451);
INSERT INTO pr_search_log_systems_found (system_id, search_report_id) VALUES (13, 452);
INSERT INTO pr_search_log_systems_found (system_id, search_report_id) VALUES (14, 452);
INSERT INTO pr_search_log_systems_found (system_id, search_report_id) VALUES (22, 452);
INSERT INTO pr_search_log_systems_found (system_id, search_report_id) VALUES (27, 452);
INSERT INTO pr_search_log_systems_found (system_id, search_report_id) VALUES (30, 452);
INSERT INTO pr_search_log_systems_found (system_id, search_report_id) VALUES (15, 453);
INSERT INTO pr_search_log_systems_found (system_id, search_report_id) VALUES (11, 454);
INSERT INTO pr_search_log_systems_found (system_id, search_report_id) VALUES (22, 454);
INSERT INTO pr_search_log_systems_found (system_id, search_report_id) VALUES (30, 454);
INSERT INTO pr_search_log_systems_found (system_id, search_report_id) VALUES (11, 455);
INSERT INTO pr_search_log_systems_found (system_id, search_report_id) VALUES (22, 455);
INSERT INTO pr_search_log_systems_found (system_id, search_report_id) VALUES (30, 455);
INSERT INTO pr_search_log_systems_found (system_id, search_report_id) VALUES (3, 456);
INSERT INTO pr_search_log_systems_found (system_id, search_report_id) VALUES (15, 456);
INSERT INTO pr_search_log_systems_found (system_id, search_report_id) VALUES (3, 457);
INSERT INTO pr_search_log_systems_found (system_id, search_report_id) VALUES (23, 458);
INSERT INTO pr_search_log_systems_found (system_id, search_report_id) VALUES (26, 458);
INSERT INTO pr_search_log_systems_found (system_id, search_report_id) VALUES (13, 458);
INSERT INTO pr_search_log_systems_found (system_id, search_report_id) VALUES (14, 458);
INSERT INTO pr_search_log_systems_found (system_id, search_report_id) VALUES (15, 458);
INSERT INTO pr_search_log_systems_found (system_id, search_report_id) VALUES (3, 459);
INSERT INTO pr_search_log_systems_found (system_id, search_report_id) VALUES (13, 460);
INSERT INTO pr_search_log_systems_found (system_id, search_report_id) VALUES (14, 460);
INSERT INTO pr_search_log_systems_found (system_id, search_report_id) VALUES (22, 460);
INSERT INTO pr_search_log_systems_found (system_id, search_report_id) VALUES (27, 460);
INSERT INTO pr_search_log_systems_found (system_id, search_report_id) VALUES (30, 460);
INSERT INTO pr_search_log_systems_found (system_id, search_report_id) VALUES (19, 461);
INSERT INTO pr_search_log_systems_found (system_id, search_report_id) VALUES (23, 461);
INSERT INTO pr_search_log_systems_found (system_id, search_report_id) VALUES (26, 461);
INSERT INTO pr_search_log_systems_found (system_id, search_report_id) VALUES (13, 462);
INSERT INTO pr_search_log_systems_found (system_id, search_report_id) VALUES (14, 462);
INSERT INTO pr_search_log_systems_found (system_id, search_report_id) VALUES (22, 462);
INSERT INTO pr_search_log_systems_found (system_id, search_report_id) VALUES (27, 462);
INSERT INTO pr_search_log_systems_found (system_id, search_report_id) VALUES (30, 462);
INSERT INTO pr_search_log_systems_found (system_id, search_report_id) VALUES (19, 463);
INSERT INTO pr_search_log_systems_found (system_id, search_report_id) VALUES (23, 463);
INSERT INTO pr_search_log_systems_found (system_id, search_report_id) VALUES (26, 463);
INSERT INTO pr_search_log_systems_found (system_id, search_report_id) VALUES (23, 464);
INSERT INTO pr_search_log_systems_found (system_id, search_report_id) VALUES (26, 464);
INSERT INTO pr_search_log_systems_found (system_id, search_report_id) VALUES (13, 464);
INSERT INTO pr_search_log_systems_found (system_id, search_report_id) VALUES (14, 464);
INSERT INTO pr_search_log_systems_found (system_id, search_report_id) VALUES (15, 464);
INSERT INTO pr_search_log_systems_found (system_id, search_report_id) VALUES (3, 465);
INSERT INTO pr_search_log_systems_found (system_id, search_report_id) VALUES (27, 466);
INSERT INTO pr_search_log_systems_found (system_id, search_report_id) VALUES (15, 467);
INSERT INTO pr_search_log_systems_found (system_id, search_report_id) VALUES (23, 468);
INSERT INTO pr_search_log_systems_found (system_id, search_report_id) VALUES (26, 468);
INSERT INTO pr_search_log_systems_found (system_id, search_report_id) VALUES (13, 468);
INSERT INTO pr_search_log_systems_found (system_id, search_report_id) VALUES (14, 468);
INSERT INTO pr_search_log_systems_found (system_id, search_report_id) VALUES (15, 468);
INSERT INTO pr_search_log_systems_found (system_id, search_report_id) VALUES (23, 469);
INSERT INTO pr_search_log_systems_found (system_id, search_report_id) VALUES (26, 469);
INSERT INTO pr_search_log_systems_found (system_id, search_report_id) VALUES (13, 469);
INSERT INTO pr_search_log_systems_found (system_id, search_report_id) VALUES (14, 469);
INSERT INTO pr_search_log_systems_found (system_id, search_report_id) VALUES (15, 469);
INSERT INTO pr_search_log_systems_found (system_id, search_report_id) VALUES (11, 470);
INSERT INTO pr_search_log_systems_found (system_id, search_report_id) VALUES (22, 470);
INSERT INTO pr_search_log_systems_found (system_id, search_report_id) VALUES (30, 470);
INSERT INTO pr_search_log_systems_found (system_id, search_report_id) VALUES (27, 471);
INSERT INTO pr_search_log_systems_found (system_id, search_report_id) VALUES (23, 472);
INSERT INTO pr_search_log_systems_found (system_id, search_report_id) VALUES (26, 472);
INSERT INTO pr_search_log_systems_found (system_id, search_report_id) VALUES (13, 472);
INSERT INTO pr_search_log_systems_found (system_id, search_report_id) VALUES (14, 472);
INSERT INTO pr_search_log_systems_found (system_id, search_report_id) VALUES (15, 472);
INSERT INTO pr_search_log_systems_found (system_id, search_report_id) VALUES (30, 473);
INSERT INTO pr_search_log_systems_found (system_id, search_report_id) VALUES (11, 474);
INSERT INTO pr_search_log_systems_found (system_id, search_report_id) VALUES (3, 475);
INSERT INTO pr_search_log_systems_found (system_id, search_report_id) VALUES (15, 475);
INSERT INTO pr_search_log_systems_found (system_id, search_report_id) VALUES (13, 476);
INSERT INTO pr_search_log_systems_found (system_id, search_report_id) VALUES (14, 476);
INSERT INTO pr_search_log_systems_found (system_id, search_report_id) VALUES (22, 476);
INSERT INTO pr_search_log_systems_found (system_id, search_report_id) VALUES (27, 476);
INSERT INTO pr_search_log_systems_found (system_id, search_report_id) VALUES (30, 476);
INSERT INTO pr_search_log_systems_found (system_id, search_report_id) VALUES (3, 477);
INSERT INTO pr_search_log_systems_found (system_id, search_report_id) VALUES (22, 478);
INSERT INTO pr_search_log_systems_found (system_id, search_report_id) VALUES (3, 479);
INSERT INTO pr_search_log_systems_found (system_id, search_report_id) VALUES (15, 479);
INSERT INTO pr_search_log_systems_found (system_id, search_report_id) VALUES (3, 480);
INSERT INTO pr_search_log_systems_found (system_id, search_report_id) VALUES (3, 481);
INSERT INTO pr_search_log_systems_found (system_id, search_report_id) VALUES (15, 482);
INSERT INTO pr_search_log_systems_found (system_id, search_report_id) VALUES (11, 483);
INSERT INTO pr_search_log_systems_found (system_id, search_report_id) VALUES (11, 485);
INSERT INTO pr_search_log_systems_found (system_id, search_report_id) VALUES (11, 486);
INSERT INTO pr_search_log_systems_found (system_id, search_report_id) VALUES (11, 487);
INSERT INTO pr_search_log_systems_found (system_id, search_report_id) VALUES (34, 487);
INSERT INTO pr_search_log_systems_found (system_id, search_report_id) VALUES (30, 488);
INSERT INTO pr_search_log_systems_found (system_id, search_report_id) VALUES (23, 489);
INSERT INTO pr_search_log_systems_found (system_id, search_report_id) VALUES (26, 489);
INSERT INTO pr_search_log_systems_found (system_id, search_report_id) VALUES (13, 489);
INSERT INTO pr_search_log_systems_found (system_id, search_report_id) VALUES (14, 489);
INSERT INTO pr_search_log_systems_found (system_id, search_report_id) VALUES (15, 489);
INSERT INTO pr_search_log_systems_found (system_id, search_report_id) VALUES (23, 490);
INSERT INTO pr_search_log_systems_found (system_id, search_report_id) VALUES (26, 490);
INSERT INTO pr_search_log_systems_found (system_id, search_report_id) VALUES (13, 490);
INSERT INTO pr_search_log_systems_found (system_id, search_report_id) VALUES (14, 490);
INSERT INTO pr_search_log_systems_found (system_id, search_report_id) VALUES (15, 490);
INSERT INTO pr_search_log_systems_found (system_id, search_report_id) VALUES (34, 491);
INSERT INTO pr_search_log_systems_found (system_id, search_report_id) VALUES (34, 492);
INSERT INTO pr_search_log_systems_found (system_id, search_report_id) VALUES (22, 493);
INSERT INTO pr_search_log_systems_found (system_id, search_report_id) VALUES (11, 494);
INSERT INTO pr_search_log_systems_found (system_id, search_report_id) VALUES (11, 495);
INSERT INTO pr_search_log_systems_found (system_id, search_report_id) VALUES (22, 495);
INSERT INTO pr_search_log_systems_found (system_id, search_report_id) VALUES (30, 495);
INSERT INTO pr_search_log_systems_found (system_id, search_report_id) VALUES (34, 495);
INSERT INTO pr_search_log_systems_found (system_id, search_report_id) VALUES (13, 496);
INSERT INTO pr_search_log_systems_found (system_id, search_report_id) VALUES (14, 496);
INSERT INTO pr_search_log_systems_found (system_id, search_report_id) VALUES (22, 496);
INSERT INTO pr_search_log_systems_found (system_id, search_report_id) VALUES (27, 496);
INSERT INTO pr_search_log_systems_found (system_id, search_report_id) VALUES (30, 496);
INSERT INTO pr_search_log_systems_found (system_id, search_report_id) VALUES (34, 496);
INSERT INTO pr_search_log_systems_found (system_id, search_report_id) VALUES (3, 497);
INSERT INTO pr_search_log_systems_found (system_id, search_report_id) VALUES (15, 497);
INSERT INTO pr_search_log_systems_found (system_id, search_report_id) VALUES (34, 498);
INSERT INTO pr_search_log_systems_found (system_id, search_report_id) VALUES (34, 499);
INSERT INTO pr_search_log_systems_found (system_id, search_report_id) VALUES (30, 500);
INSERT INTO pr_search_log_systems_found (system_id, search_report_id) VALUES (13, 501);
INSERT INTO pr_search_log_systems_found (system_id, search_report_id) VALUES (14, 501);
INSERT INTO pr_search_log_systems_found (system_id, search_report_id) VALUES (22, 501);
INSERT INTO pr_search_log_systems_found (system_id, search_report_id) VALUES (27, 501);
INSERT INTO pr_search_log_systems_found (system_id, search_report_id) VALUES (30, 501);
INSERT INTO pr_search_log_systems_found (system_id, search_report_id) VALUES (34, 501);
INSERT INTO pr_search_log_systems_found (system_id, search_report_id) VALUES (23, 502);
INSERT INTO pr_search_log_systems_found (system_id, search_report_id) VALUES (26, 502);
INSERT INTO pr_search_log_systems_found (system_id, search_report_id) VALUES (13, 502);
INSERT INTO pr_search_log_systems_found (system_id, search_report_id) VALUES (14, 502);
INSERT INTO pr_search_log_systems_found (system_id, search_report_id) VALUES (15, 502);
INSERT INTO pr_search_log_systems_found (system_id, search_report_id) VALUES (3, 503);
INSERT INTO pr_search_log_systems_found (system_id, search_report_id) VALUES (31, 503);
INSERT INTO pr_search_log_systems_found (system_id, search_report_id) VALUES (22, 504);
INSERT INTO pr_search_log_systems_found (system_id, search_report_id) VALUES (34, 505);
INSERT INTO pr_search_log_systems_found (system_id, search_report_id) VALUES (22, 506);
INSERT INTO pr_search_log_systems_found (system_id, search_report_id) VALUES (11, 508);
INSERT INTO pr_search_log_systems_found (system_id, search_report_id) VALUES (22, 508);
INSERT INTO pr_search_log_systems_found (system_id, search_report_id) VALUES (34, 508);
INSERT INTO pr_search_log_systems_found (system_id, search_report_id) VALUES (23, 509);
INSERT INTO pr_search_log_systems_found (system_id, search_report_id) VALUES (26, 509);
INSERT INTO pr_search_log_systems_found (system_id, search_report_id) VALUES (13, 509);
INSERT INTO pr_search_log_systems_found (system_id, search_report_id) VALUES (14, 509);
INSERT INTO pr_search_log_systems_found (system_id, search_report_id) VALUES (15, 509);
INSERT INTO pr_search_log_systems_found (system_id, search_report_id) VALUES (23, 510);
INSERT INTO pr_search_log_systems_found (system_id, search_report_id) VALUES (26, 510);
INSERT INTO pr_search_log_systems_found (system_id, search_report_id) VALUES (13, 510);
INSERT INTO pr_search_log_systems_found (system_id, search_report_id) VALUES (14, 510);
INSERT INTO pr_search_log_systems_found (system_id, search_report_id) VALUES (15, 510);
INSERT INTO pr_search_log_systems_found (system_id, search_report_id) VALUES (11, 511);
INSERT INTO pr_search_log_systems_found (system_id, search_report_id) VALUES (22, 511);
INSERT INTO pr_search_log_systems_found (system_id, search_report_id) VALUES (30, 511);
INSERT INTO pr_search_log_systems_found (system_id, search_report_id) VALUES (34, 511);
INSERT INTO pr_search_log_systems_found (system_id, search_report_id) VALUES (11, 512);
INSERT INTO pr_search_log_systems_found (system_id, search_report_id) VALUES (22, 512);
INSERT INTO pr_search_log_systems_found (system_id, search_report_id) VALUES (30, 512);
INSERT INTO pr_search_log_systems_found (system_id, search_report_id) VALUES (34, 512);


--
-- Data for Name: pr_subtypes_per_system; Type: TABLE DATA; Schema: public; Owner: gazelle-tm
--

INSERT INTO pr_subtypes_per_system (id, last_changed, last_modifier_id, system_id, system_subtypes_per_system_type_id) VALUES (4, '2009-07-09 11:31:35.463', 'epoiseau', 11, 10);
INSERT INTO pr_subtypes_per_system (id, last_changed, last_modifier_id, system_id, system_subtypes_per_system_type_id) VALUES (5, '2009-07-15 13:53:16.316', 'MOberfell', 13, 30);
INSERT INTO pr_subtypes_per_system (id, last_changed, last_modifier_id, system_id, system_subtypes_per_system_type_id) VALUES (6, '2009-07-15 14:18:56.498', 'MOberfell', 14, 30);
INSERT INTO pr_subtypes_per_system (id, last_changed, last_modifier_id, system_id, system_subtypes_per_system_type_id) VALUES (7, '2009-07-16 08:48:41.123', 'MOberfell', 15, 51);
INSERT INTO pr_subtypes_per_system (id, last_changed, last_modifier_id, system_id, system_subtypes_per_system_type_id) VALUES (8, '2009-07-16 08:48:41.131', 'MOberfell', 15, 1);
INSERT INTO pr_subtypes_per_system (id, last_changed, last_modifier_id, system_id, system_subtypes_per_system_type_id) VALUES (9, '2009-08-06 19:48:50.122', 'laroccam', 16, 10);
INSERT INTO pr_subtypes_per_system (id, last_changed, last_modifier_id, system_id, system_subtypes_per_system_type_id) VALUES (10, '2009-08-17 17:20:19.949', 'epoiseau', 3, 51);
INSERT INTO pr_subtypes_per_system (id, last_changed, last_modifier_id, system_id, system_subtypes_per_system_type_id) VALUES (13, '2009-09-01 03:46:14.781', 'mindrayguowei', 19, 100);
INSERT INTO pr_subtypes_per_system (id, last_changed, last_modifier_id, system_id, system_subtypes_per_system_type_id) VALUES (14, '2009-09-01 03:46:14.788', 'mindrayguowei', 19, 103);
INSERT INTO pr_subtypes_per_system (id, last_changed, last_modifier_id, system_id, system_subtypes_per_system_type_id) VALUES (16, '2009-09-15 19:39:43.714', 'fganong20', 22, 10);
INSERT INTO pr_subtypes_per_system (id, last_changed, last_modifier_id, system_id, system_subtypes_per_system_type_id) VALUES (17, '2009-09-15 19:39:43.72', 'fganong20', 22, 30);
INSERT INTO pr_subtypes_per_system (id, last_changed, last_modifier_id, system_id, system_subtypes_per_system_type_id) VALUES (18, '2009-09-21 11:05:26.953', 'MOberfell', 23, 100);
INSERT INTO pr_subtypes_per_system (id, last_changed, last_modifier_id, system_id, system_subtypes_per_system_type_id) VALUES (19, '2009-09-23 16:20:58.429', 'MOberfell', 24, 30);
INSERT INTO pr_subtypes_per_system (id, last_changed, last_modifier_id, system_id, system_subtypes_per_system_type_id) VALUES (20, '2009-10-14 04:40:03.836', 'karos', 25, 30);
INSERT INTO pr_subtypes_per_system (id, last_changed, last_modifier_id, system_id, system_subtypes_per_system_type_id) VALUES (21, '2009-10-14 10:42:06.322', 'Nolte', 26, 100);
INSERT INTO pr_subtypes_per_system (id, last_changed, last_modifier_id, system_id, system_subtypes_per_system_type_id) VALUES (22, '2009-10-14 10:42:06.327', 'Nolte', 26, 115);
INSERT INTO pr_subtypes_per_system (id, last_changed, last_modifier_id, system_id, system_subtypes_per_system_type_id) VALUES (23, '2009-10-14 10:42:06.332', 'Nolte', 26, 135);
INSERT INTO pr_subtypes_per_system (id, last_changed, last_modifier_id, system_id, system_subtypes_per_system_type_id) VALUES (24, '2009-10-28 17:23:41.518', 'bklaver', 27, 30);
INSERT INTO pr_subtypes_per_system (id, last_changed, last_modifier_id, system_id, system_subtypes_per_system_type_id) VALUES (25, '2009-11-03 05:31:01.872', 'sbajaj', 30, 30);
INSERT INTO pr_subtypes_per_system (id, last_changed, last_modifier_id, system_id, system_subtypes_per_system_type_id) VALUES (26, '2009-11-03 05:31:01.882', 'sbajaj', 30, 10);
INSERT INTO pr_subtypes_per_system (id, last_changed, last_modifier_id, system_id, system_subtypes_per_system_type_id) VALUES (27, '2009-11-17 16:16:00.66', 'pbuytaert', 31, 1);
INSERT INTO pr_subtypes_per_system (id, last_changed, last_modifier_id, system_id, system_subtypes_per_system_type_id) VALUES (28, '2009-11-17 18:04:45.482', 'dnicholson', 32, 30);
INSERT INTO pr_subtypes_per_system (id, last_changed, last_modifier_id, system_id, system_subtypes_per_system_type_id) VALUES (29, '2009-11-20 21:22:12.951', 'kjekkmec', 33, 30);
INSERT INTO pr_subtypes_per_system (id, last_changed, last_modifier_id, system_id, system_subtypes_per_system_type_id) VALUES (30, '2009-11-25 21:00:56.582', 'forcare', 34, 10);
INSERT INTO pr_subtypes_per_system (id, last_changed, last_modifier_id, system_id, system_subtypes_per_system_type_id) VALUES (31, '2009-11-25 21:02:49.80', 'forcare', 34, 30);
INSERT INTO pr_subtypes_per_system (id, last_changed, last_modifier_id, system_id, system_subtypes_per_system_type_id) VALUES (32, '2009-11-25 21:21:11.451', 'forcare', 35, 30);
INSERT INTO pr_subtypes_per_system (id, last_changed, last_modifier_id, system_id, system_subtypes_per_system_type_id) VALUES (33, '2009-11-25 21:21:11.453', 'forcare', 35, 10);
INSERT INTO pr_subtypes_per_system (id, last_changed, last_modifier_id, system_id, system_subtypes_per_system_type_id) VALUES (34, '2009-11-25 21:27:28.834', 'forcare', 36, 30);
INSERT INTO pr_subtypes_per_system (id, last_changed, last_modifier_id, system_id, system_subtypes_per_system_type_id) VALUES (35, '2009-11-25 21:57:30.426', 'forcare', 37, 30);
INSERT INTO pr_subtypes_per_system (id, last_changed, last_modifier_id, system_id, system_subtypes_per_system_type_id) VALUES (36, '2009-11-25 22:03:16.302', 'forcare', 38, 10);
INSERT INTO pr_subtypes_per_system (id, last_changed, last_modifier_id, system_id, system_subtypes_per_system_type_id) VALUES (37, '2009-11-25 22:03:16.303', 'forcare', 38, 30);


--
-- Data for Name: pr_system; Type: TABLE DATA; Schema: public; Owner: gazelle-tm
--

INSERT INTO pr_system (id, last_changed, last_modifier_id, name, version, is_hl7_system, is_dicom_system, hl7_conformance_statement_url, dicom_conformance_statement_url, integration_statement_url, integration_statement_size, integration_statement_date, events_history, is_actor_profile_entered, is_url_responding, publication_request, publication_request_date, waiting_for_admin_validation, is_integration_statement_referenced, is_integration_statement_rejected, integration_statement_validated_last_time, integration_statement_referenced_checksum, integration_statement_generated_checksum, integration_statement_generated_date, integration_statement_validated_by_admin_checksum, integration_statement_validated_by_admin_date, integration_statement_validated_by_admin_comment, counter_of_downloads, comment, owner_user_id, system_type_id) VALUES (14, '2009-11-30 11:23:45.286', NULL, 'syngo MultiModality Workplace', '2006A 2006B', NULL, NULL, '', '', 'http://www.medical.siemens.com/siemens/en_INT/rg_marcom_FBAs/files/brochures/IHE/IHE_Integration_Statement_LEO_2006.pdf', 13618, '2006-02-01 00:00:00', NULL, true, true, true, NULL, true, true, false, NULL, 'e57d2679bd2d1f4c4dfa06dd9a9b4120', NULL, NULL, 'e57d2679bd2d1f4c4dfa06dd9a9b4120', '2009-07-17 16:32:16.964', '', 3, NULL, 22, NULL);
INSERT INTO pr_system (id, last_changed, last_modifier_id, name, version, is_hl7_system, is_dicom_system, hl7_conformance_statement_url, dicom_conformance_statement_url, integration_statement_url, integration_statement_size, integration_statement_date, events_history, is_actor_profile_entered, is_url_responding, publication_request, publication_request_date, waiting_for_admin_validation, is_integration_statement_referenced, is_integration_statement_rejected, integration_statement_validated_last_time, integration_statement_referenced_checksum, integration_statement_generated_checksum, integration_statement_generated_date, integration_statement_validated_by_admin_checksum, integration_statement_validated_by_admin_date, integration_statement_validated_by_admin_comment, counter_of_downloads, comment, owner_user_id, system_type_id) VALUES (16, '2009-08-27 18:33:23.42', 'jchatel', 'HealthShare', '2009.1', NULL, NULL, '', '', '', 10210, '2009-08-06 19:53:50.218', NULL, true, false, false, NULL, false, false, false, NULL, '90407cb6d5ffa74faaf27c568fcb72f4', NULL, NULL, '817522fb32fd2adfe6d281b1e70451ee', NULL, NULL, 0, NULL, 29, NULL);
INSERT INTO pr_system (id, last_changed, last_modifier_id, name, version, is_hl7_system, is_dicom_system, hl7_conformance_statement_url, dicom_conformance_statement_url, integration_statement_url, integration_statement_size, integration_statement_date, events_history, is_actor_profile_entered, is_url_responding, publication_request, publication_request_date, waiting_for_admin_validation, is_integration_statement_referenced, is_integration_statement_rejected, integration_statement_validated_last_time, integration_statement_referenced_checksum, integration_statement_generated_checksum, integration_statement_generated_date, integration_statement_validated_by_admin_checksum, integration_statement_validated_by_admin_date, integration_statement_validated_by_admin_comment, counter_of_downloads, comment, owner_user_id, system_type_id) VALUES (19, '2009-11-12 11:28:19.536', NULL, 'M7', '1.0', NULL, NULL, '', 'http://www.mindray.com.cn/download/beiyan/M7%20DICOM%20CONFORMANCE%20STATEMENT.pdf', 'http://www.mindray.com.cn/download/beiyan/IntegrationStatement-M7-1[1].0.pdf', 2647, '2009-09-01 05:14:15.261', 'Tue Sep 01 03:46:14 CEST 2009 : mindrayguowei - System creation  <br/>Tue Sep 01 05:14:15 CEST 2009 : mindrayguowei - IS PDF generated before publication request  <br/>Fri Sep 11 11:22:10 CEST 2009 : mindrayguowei - IS PDF generated before publication request  <br/>Thu Sep 17 03:09:30 CEST 2009 : mindrayguowei - Publication request  <br/>Thu Sep 17 03:09:32 CEST 2009 : mindrayguowei - IS automatically referenced  <br/>', true, true, true, '2009-09-17 03:09:30.358', true, true, false, NULL, '41fd3bd88904477d67cf5a112a8125b6', '41fd3bd88904477d67cf5a112a8125b6', '2009-09-11 11:22:10.565', NULL, NULL, NULL, 4, NULL, 30, NULL);
INSERT INTO pr_system (id, last_changed, last_modifier_id, name, version, is_hl7_system, is_dicom_system, hl7_conformance_statement_url, dicom_conformance_statement_url, integration_statement_url, integration_statement_size, integration_statement_date, events_history, is_actor_profile_entered, is_url_responding, publication_request, publication_request_date, waiting_for_admin_validation, is_integration_statement_referenced, is_integration_statement_rejected, integration_statement_validated_last_time, integration_statement_referenced_checksum, integration_statement_generated_checksum, integration_statement_generated_date, integration_statement_validated_by_admin_checksum, integration_statement_validated_by_admin_date, integration_statement_validated_by_admin_comment, counter_of_downloads, comment, owner_user_id, system_type_id) VALUES (9, '2009-09-15 21:52:51.273', 'epoiseau', 'TSG-iView - Radiology', 'V 1.0', NULL, NULL, '', 'http://www.tsgintegrations.com/dicom.htm', 'http://www.tsgintegrations.com/ihe/TSG_IHEStatement-Radiology.pdf', 194806, '2009-04-24 06:39:02.548', 'Tue Sep 15 21:52:51 CEST 2009 : epoiseau - Validation : Rejected by Admin (You need to enter in the product registry all the integration profile, actors and option your system supports. )  <br/>', true, true, false, NULL, false, false, true, NULL, '5b9b7f5a67db60c728a0ec6a7f88d685', NULL, NULL, NULL, '2009-09-15 21:52:51.268', 'You need to enter in the product registry all the integration profile, actors and option your system supports. ', 0, NULL, 11, 2);
INSERT INTO pr_system (id, last_changed, last_modifier_id, name, version, is_hl7_system, is_dicom_system, hl7_conformance_statement_url, dicom_conformance_statement_url, integration_statement_url, integration_statement_size, integration_statement_date, events_history, is_actor_profile_entered, is_url_responding, publication_request, publication_request_date, waiting_for_admin_validation, is_integration_statement_referenced, is_integration_statement_rejected, integration_statement_validated_last_time, integration_statement_referenced_checksum, integration_statement_generated_checksum, integration_statement_generated_date, integration_statement_validated_by_admin_checksum, integration_statement_validated_by_admin_date, integration_statement_validated_by_admin_comment, counter_of_downloads, comment, owner_user_id, system_type_id) VALUES (11, '2009-11-29 17:02:57.749', NULL, 'XDS Suite for IBM Health Information Exchange', '2.1', NULL, NULL, '', '', 'http://www-03.ibm.com/industries/healthcare/us/detail/resource/B402812O92611R42.html ', 12860, '2009-04-29 15:08:32.714', NULL, true, true, true, NULL, true, true, false, NULL, 'b7c5edcfa2aaad22631bbcc43cbbc2fb', NULL, NULL, 'b7c5edcfa2aaad22631bbcc43cbbc2fb', '2009-07-06 17:52:09.844', 'Validated by JRC', 29, NULL, 13, 6);
INSERT INTO pr_system (id, last_changed, last_modifier_id, name, version, is_hl7_system, is_dicom_system, hl7_conformance_statement_url, dicom_conformance_statement_url, integration_statement_url, integration_statement_size, integration_statement_date, events_history, is_actor_profile_entered, is_url_responding, publication_request, publication_request_date, waiting_for_admin_validation, is_integration_statement_referenced, is_integration_statement_rejected, integration_statement_validated_last_time, integration_statement_referenced_checksum, integration_statement_generated_checksum, integration_statement_generated_date, integration_statement_validated_by_admin_checksum, integration_statement_validated_by_admin_date, integration_statement_validated_by_admin_comment, counter_of_downloads, comment, owner_user_id, system_type_id) VALUES (25, '2009-11-27 18:21:35.417', 'karos', 'Rialto', '2.0', NULL, NULL, '', 'http://karoshealth.com/dicom_cs_rialto_20.pdf', 'http://karoshealth.com/ihe_is_rialto_20.pdf', 9081, '2008-09-15 00:00:00', 'Wed Oct 14 04:40:03 CEST 2009 : karos - System creation  <br/>Tue Oct 27 22:15:21 CET 2009 : epoiseau - Add A/IP/IPO : ARR/ATNA/NONE  <br/>Tue Oct 27 22:15:38 CET 2009 : epoiseau - Add A/IP/IPO : SA/ATNA/NONE  <br/>Tue Oct 27 22:15:48 CET 2009 : epoiseau - Add A/IP/IPO : SN/ATNA/NONE  <br/>Tue Oct 27 22:16:03 CET 2009 : epoiseau - Add A/IP/IPO : CONTENT_CONSUMER/BPPC/NONE  <br/>Tue Oct 27 22:16:12 CET 2009 : epoiseau - Add A/IP/IPO : DOC_CONSUMER/BPPC/NONE  <br/>Tue Oct 27 22:16:28 CET 2009 : epoiseau - Add A/IP/IPO : TIME_CLIENT/CT/NONE  <br/>Tue Oct 27 22:16:46 CET 2009 : epoiseau - Add A/IP/IPO : DOC_CONSUMER/DSG/NONE  <br/>Tue Oct 27 22:16:52 CET 2009 : epoiseau - Add A/IP/IPO : DOC_SOURCE/DSG/NONE  <br/>Tue Oct 27 22:17:17 CET 2009 : epoiseau - Add A/IP/IPO : PDC/PDQ/PEDIATRIC_DEMOG  <br/>Tue Oct 27 22:17:38 CET 2009 : epoiseau - Add A/IP/IPO : PDS/PDQ/PEDIATRIC_DEMOG  <br/>Tue Oct 27 22:18:12 CET 2009 : epoiseau - Add A/IP/IPO : PDS/PDQV3/PEDIATRIC_DEMOG  <br/>Tue Oct 27 22:18:43 CET 2009 : epoiseau - Add A/IP/IPO : ADT/PIR/NONE  <br/>Fri Nov 27 17:36:47 CET 2009 : karos - IS PDF generated before publication request  <br/>Fri Nov 27 17:39:38 CET 2009 : karos - Remove A/IP/IPO : ARR/ATNA/NONE  <br/>Fri Nov 27 17:39:54 CET 2009 : karos - Add A/IP/IPO : ARR/ATNA/NONE  <br/>Fri Nov 27 17:40:21 CET 2009 : karos - Remove A/IP/IPO : SA/ATNA/NONE  <br/>Fri Nov 27 17:40:25 CET 2009 : karos - Remove A/IP/IPO : SN/ATNA/NONE  <br/>Fri Nov 27 17:40:31 CET 2009 : karos - Add A/IP/IPO : SA/ATNA/NONE  <br/>Fri Nov 27 17:41:00 CET 2009 : karos - Add A/IP/IPO : SN/ATNA/NONE  <br/>Fri Nov 27 17:42:04 CET 2009 : karos - Add A/IP/IPO : PDC/PDQV3/NONE  <br/>Fri Nov 27 17:44:11 CET 2009 : karos - Add A/IP/IPO : PAT_IDENTITY_CONSUMER/PIX/NONE  <br/>Fri Nov 27 17:45:06 CET 2009 : karos - Add A/IP/IPO : PAT_IDENTITY_SRC/PIX/NONE  <br/>Fri Nov 27 17:47:26 CET 2009 : karos - Add A/IP/IPO : PAT_IDENTITY_X_REF_MGR/PIX/NONE  <br/>Fri Nov 27 17:47:52 CET 2009 : karos - Add A/IP/IPO : PAT_IDENTITY_CONSUMER/PIXV3/NONE  <br/>Fri Nov 27 17:48:16 CET 2009 : karos - Add A/IP/IPO : PAT_IDENTITY_SRC/PIXV3/NONE  <br/>Fri Nov 27 17:48:33 CET 2009 : karos - Add A/IP/IPO : PAT_IDENTITY_X_REF_MGR/PIXV3/NONE  <br/>Fri Nov 27 17:48:58 CET 2009 : karos - Add A/IP/IPO : PWPC/PWP/NONE  <br/>Fri Nov 27 17:50:13 CET 2009 : karos - Add A/IP/IPO : FORM_ARCHIVER/RFD/NONE  <br/>Fri Nov 27 17:50:35 CET 2009 : karos - Add A/IP/IPO : PWPD/PWP/NONE  <br/>Fri Nov 27 17:55:47 CET 2009 : karos - Add A/IP/IPO : VALUE_SET_CONSUMER/SVS/HTTP_BINDING  <br/>Fri Nov 27 17:56:05 CET 2009 : karos - Add A/IP/IPO : VALUE_SET_REPOSITORY/SVS/NONE  <br/>Fri Nov 27 17:57:07 CET 2009 : karos - Add A/IP/IPO : ADT/SWF/NONE  <br/>Fri Nov 27 17:57:53 CET 2009 : karos - Add A/IP/IPO : INIT_GATEWAY/XCA/NONE  <br/>Fri Nov 27 17:58:13 CET 2009 : karos - Add A/IP/IPO : RESP_GATEWAY/XCA/NONE  <br/>Fri Nov 27 18:00:07 CET 2009 : karos - Add A/IP/IPO : PMC/XDM/CD_R  <br/>Fri Nov 27 18:00:45 CET 2009 : karos - Add A/IP/IPO : PMI/XDM/NONE  <br/>Fri Nov 27 18:05:31 CET 2009 : karos - Add A/IP/IPO : DOC_CONSUMER/XDS.a/NONE  <br/>Fri Nov 27 18:07:04 CET 2009 : karos - Add A/IP/IPO : DOC_REGISTRY/XDS.a/PAT_IDENTITY_FEED  <br/>Fri Nov 27 18:07:53 CET 2009 : karos - Add A/IP/IPO : DOC_REPOSITORY/XDS.a/NONE  <br/>Fri Nov 27 18:08:06 CET 2009 : karos - Add A/IP/IPO : DOC_SOURCE/XDS.a/NONE  <br/>Fri Nov 27 18:08:53 CET 2009 : karos - Add A/IP/IPO : PAT_IDENTITY_SRC/XDS.a/NONE  <br/>Fri Nov 27 18:09:31 CET 2009 : karos - Add A/IP/IPO : DOC_CONSUMER/XDS.b/NONE  <br/>Fri Nov 27 18:09:54 CET 2009 : karos - Add A/IP/IPO : DOC_REGISTRY/XDS.b/NONE  <br/>Fri Nov 27 18:10:30 CET 2009 : karos - Add A/IP/IPO : DOC_REPOSITORY/XDS.b/NONE  <br/>Fri Nov 27 18:11:05 CET 2009 : karos - Add A/IP/IPO : DOC_SOURCE/XDS.b/NONE  <br/>Fri Nov 27 18:11:35 CET 2009 : karos - Add A/IP/IPO : PAT_IDENTITY_SRC/XDS.b/NONE  <br/>Fri Nov 27 18:12:22 CET 2009 : karos - Add A/IP/IPO : DOC_CONSUMER/XDS-I/NONE  <br/>Fri Nov 27 18:13:11 CET 2009 : karos - Add A/IP/IPO : DOC_REGISTRY/XDS-I/NONE  <br/>Fri Nov 27 18:13:23 CET 2009 : karos - Add A/IP/IPO : DOC_REPOSITORY/XDS-I/NONE  <br/>Fri Nov 27 18:14:04 CET 2009 : karos - Add A/IP/IPO : DOC_SOURCE/XDS-I/NONE  <br/>Fri Nov 27 18:14:24 CET 2009 : karos - Add A/IP/IPO : IMG_DOC_CONSUMER/XDS-I/NONE  <br/>Fri Nov 27 18:15:01 CET 2009 : karos - Add A/IP/IPO : IMG_DOC_SOURCE/XDS-I/NONE  <br/>Fri Nov 27 18:15:45 CET 2009 : karos - Add A/IP/IPO : DOC_CONSUMER/XDS-I.b/NONE  <br/>Fri Nov 27 18:15:56 CET 2009 : karos - Add A/IP/IPO : DOC_REGISTRY/XDS-I.b/NONE  <br/>Fri Nov 27 18:16:13 CET 2009 : karos - Add A/IP/IPO : DOC_REPOSITORY/XDS-I.b/NONE  <br/>Fri Nov 27 18:16:37 CET 2009 : karos - Add A/IP/IPO : IMG_DOC_CONSUMER/XDS-I.b/NONE  <br/>Fri Nov 27 18:16:49 CET 2009 : karos - Add A/IP/IPO : IMG_DOC_SOURCE/XDS-I.b/NONE  <br/>Fri Nov 27 18:17:27 CET 2009 : karos - Add A/IP/IPO : CONTENT_CONSUMER/XDS-MS/NONE  <br/>Fri Nov 27 18:18:00 CET 2009 : karos - Add A/IP/IPO : CONTENT_CREATOR/XDS-MS/NONE  <br/>Fri Nov 27 18:18:38 CET 2009 : karos - Add A/IP/IPO : X-SERVICE-PROVIDER/XUA/NONE  <br/>Fri Nov 27 18:19:09 CET 2009 : karos - Add A/IP/IPO : X-SERVICE-USER/XUA/NONE  <br/>Fri Nov 27 18:19:54 CET 2009 : karos - Add A/IP/IPO dependency : CONTENT_CONSUMER/XDS-SD/NONE  <br/>Fri Nov 27 18:21:35 CET 2009 : karos - IS PDF generated before publication request  <br/>', true, true, false, NULL, false, false, false, NULL, '7d4ed20d972111455bb22ff347652b75', 'ac14664e210e067f14f43b1f02a748c1', '2009-11-27 18:21:35.031', NULL, NULL, NULL, 0, NULL, 47, NULL);
INSERT INTO pr_system (id, last_changed, last_modifier_id, name, version, is_hl7_system, is_dicom_system, hl7_conformance_statement_url, dicom_conformance_statement_url, integration_statement_url, integration_statement_size, integration_statement_date, events_history, is_actor_profile_entered, is_url_responding, publication_request, publication_request_date, waiting_for_admin_validation, is_integration_statement_referenced, is_integration_statement_rejected, integration_statement_validated_last_time, integration_statement_referenced_checksum, integration_statement_generated_checksum, integration_statement_generated_date, integration_statement_validated_by_admin_checksum, integration_statement_validated_by_admin_date, integration_statement_validated_by_admin_comment, counter_of_downloads, comment, owner_user_id, system_type_id) VALUES (15, '2009-11-20 16:19:09.467', NULL, 'syngo Suite', 'V35A', NULL, NULL, '', '', 'http://www.medical.siemens.com/siemens/en_INT/rg_marcom_FBAs/files/brochures/IHE/syngoSuite_IntegrationStatement_2009.pdf', 19680, '2008-08-01 00:00:00', NULL, true, true, true, NULL, true, true, false, NULL, 'a6bc9330f034591bffb77d6942ddbf5f', NULL, NULL, 'a6bc9330f034591bffb77d6942ddbf5f', '2009-07-17 16:35:07.963', '', 16, NULL, 22, NULL);
INSERT INTO pr_system (id, last_changed, last_modifier_id, name, version, is_hl7_system, is_dicom_system, hl7_conformance_statement_url, dicom_conformance_statement_url, integration_statement_url, integration_statement_size, integration_statement_date, events_history, is_actor_profile_entered, is_url_responding, publication_request, publication_request_date, waiting_for_admin_validation, is_integration_statement_referenced, is_integration_statement_rejected, integration_statement_validated_last_time, integration_statement_referenced_checksum, integration_statement_generated_checksum, integration_statement_generated_date, integration_statement_validated_by_admin_checksum, integration_statement_validated_by_admin_date, integration_statement_validated_by_admin_comment, counter_of_downloads, comment, owner_user_id, system_type_id) VALUES (12, '2009-09-16 09:40:54.541', 'epoiseau', 'Rogan OnLine Access (ROX)', '6.1', NULL, NULL, 'http://www.rogan-delft.com/index.php?option=com_jotloader&view=categories&cid=0&Itemid=29&lang=en', 'http://www.rogan-delft.com/index.php?option=com_jotloader&view=categories&cid=0&Itemid=29&lang=en', 'http://www.rogan-delft.com/index.php?option=com_jotloader&view=categories&cid=0&Itemid=29&lang=en', 5897, '2009-05-07 09:38:45.407', '', true, true, false, NULL, false, false, true, '2009-07-09 11:35:54.611', '77622ffe2ad61c413e652ed546af527d', NULL, NULL, NULL, '2009-09-15 21:54:28.211', 'The url given for the integration statement ; http://www.rogan-delft.com/index.php?option=com_jotloader&view=categories&cid=0&Itemid=29&lang=en do not point to the integration statement', 0, NULL, 17, 2);
INSERT INTO pr_system (id, last_changed, last_modifier_id, name, version, is_hl7_system, is_dicom_system, hl7_conformance_statement_url, dicom_conformance_statement_url, integration_statement_url, integration_statement_size, integration_statement_date, events_history, is_actor_profile_entered, is_url_responding, publication_request, publication_request_date, waiting_for_admin_validation, is_integration_statement_referenced, is_integration_statement_rejected, integration_statement_validated_last_time, integration_statement_referenced_checksum, integration_statement_generated_checksum, integration_statement_generated_date, integration_statement_validated_by_admin_checksum, integration_statement_validated_by_admin_date, integration_statement_validated_by_admin_comment, counter_of_downloads, comment, owner_user_id, system_type_id) VALUES (10, '2009-09-15 21:50:24.615', 'epoiseau', 'PrimeSuite', 'PrimeSuite 2008', NULL, NULL, '', '', 'http://www.greenwaymedical.com/dynamic/pdf/products/ihe+hitsp_greenway_integration_statements.pdf', 54931, '2009-04-27 22:11:42.213', 'Tue Sep 15 21:50:24 CEST 2009 : epoiseau - Validation : Rejected by Admin (Cannot validate as the Integration statement on the company website contains more integration profiles and actors than the one in the database. Please update your system in the product registry tool)  <br/>', true, true, false, NULL, false, false, true, NULL, '223e058ee0b3a9d00ab3a05db5da3f26', NULL, NULL, NULL, '2009-09-15 21:50:24.613', 'Cannot validate as the Integration statement on the company website contains more integration profiles and actors than the one in the database. Please update your system in the product registry tool', 0, NULL, 12, 3);
INSERT INTO pr_system (id, last_changed, last_modifier_id, name, version, is_hl7_system, is_dicom_system, hl7_conformance_statement_url, dicom_conformance_statement_url, integration_statement_url, integration_statement_size, integration_statement_date, events_history, is_actor_profile_entered, is_url_responding, publication_request, publication_request_date, waiting_for_admin_validation, is_integration_statement_referenced, is_integration_statement_rejected, integration_statement_validated_last_time, integration_statement_referenced_checksum, integration_statement_generated_checksum, integration_statement_generated_date, integration_statement_validated_by_admin_checksum, integration_statement_validated_by_admin_date, integration_statement_validated_by_admin_comment, counter_of_downloads, comment, owner_user_id, system_type_id) VALUES (13, '2009-11-04 17:15:27.047', NULL, 'syngo Dynamics Workplace', '7.0', NULL, NULL, '', '', 'http://www.medical.siemens.com/siemens/en_INT/rg_marcom_FBAs/files/brochures/IHE/syngo_Dynamics_Workplace_70.pdf', 18625, '2008-02-01 00:00:00', NULL, true, true, true, NULL, true, true, false, NULL, 'aec022f61800960427e4a02c0b098e78', NULL, NULL, 'aec022f61800960427e4a02c0b098e78', '2009-07-17 16:28:41.006', '', 10, NULL, 22, NULL);
INSERT INTO pr_system (id, last_changed, last_modifier_id, name, version, is_hl7_system, is_dicom_system, hl7_conformance_statement_url, dicom_conformance_statement_url, integration_statement_url, integration_statement_size, integration_statement_date, events_history, is_actor_profile_entered, is_url_responding, publication_request, publication_request_date, waiting_for_admin_validation, is_integration_statement_referenced, is_integration_statement_rejected, integration_statement_validated_last_time, integration_statement_referenced_checksum, integration_statement_generated_checksum, integration_statement_generated_date, integration_statement_validated_by_admin_checksum, integration_statement_validated_by_admin_date, integration_statement_validated_by_admin_comment, counter_of_downloads, comment, owner_user_id, system_type_id) VALUES (3, '2009-11-23 15:23:38.945', NULL, 'IMPAX', '6.2.x & 6.3.x', NULL, NULL, 'http://www.agfa.com/healthcare/hl7', 'http://www.agfa.com/healthcare/dicom', 'http://www.agfa.com/he/en/binaries/001138_IMPAX_6%2E2%2Ex_and_6%2E3%2Ex_Solution_IHE_Integration_Statement_5%2E0_tcm220-31192.pdf', 154389, '2006-02-23 00:00:00', NULL, true, true, true, NULL, true, true, false, NULL, '6f816e390ba37df13a5c54bd56b1fb0b', NULL, NULL, '6f816e390ba37df13a5c54bd56b1fb0b', '2009-08-17 17:23:00.25', '', 35, NULL, 2, 2);
INSERT INTO pr_system (id, last_changed, last_modifier_id, name, version, is_hl7_system, is_dicom_system, hl7_conformance_statement_url, dicom_conformance_statement_url, integration_statement_url, integration_statement_size, integration_statement_date, events_history, is_actor_profile_entered, is_url_responding, publication_request, publication_request_date, waiting_for_admin_validation, is_integration_statement_referenced, is_integration_statement_rejected, integration_statement_validated_last_time, integration_statement_referenced_checksum, integration_statement_generated_checksum, integration_statement_generated_date, integration_statement_validated_by_admin_checksum, integration_statement_validated_by_admin_date, integration_statement_validated_by_admin_comment, counter_of_downloads, comment, owner_user_id, system_type_id) VALUES (24, '2009-09-23 16:27:41.625', 'MOberfell', 'syngo MammoReport', 'VB23', NULL, NULL, '', '', 'http://www.medical.siemens.com/siemens/en_INT/rg_marcom_FBAs/files/brochures/IHE/MammoReportVB23.pdf', 15625, '2009-09-23 16:20:58.357', 'Wed Sep 23 16:20:58 CEST 2009 : MOberfell - System creation  <br/>Wed Sep 23 16:22:34 CEST 2009 : MOberfell - Add A/IP/IPO : ID/PERF/NONE  <br/>Wed Sep 23 16:23:23 CEST 2009 : MOberfell - Add A/IP/IPO : DISPLAY/ECG/NONE  <br/>Wed Sep 23 16:23:47 CEST 2009 : MOberfell - Remove A/IP/IPO : ID/PERF/NONE  <br/>Wed Sep 23 16:23:52 CEST 2009 : MOberfell - Remove A/IP/IPO : DISPLAY/ECG/NONE  <br/>Wed Sep 23 16:24:46 CEST 2009 : MOberfell - Add A/IP/IPO : ID/SWF/NONE  <br/>Wed Sep 23 16:25:11 CEST 2009 : MOberfell - Add A/IP/IPO : ID/MAMMO/NONE  <br/>Wed Sep 23 16:26:09 CEST 2009 : MOberfell - Add A/IP/IPO : ID/ARI/NONE  <br/>Wed Sep 23 16:27:06 CEST 2009 : MOberfell - Add A/IP/IPO : PMC/PDI/NONE  <br/>Wed Sep 23 16:27:27 CEST 2009 : MOberfell - Add A/IP/IPO : PC/PDI/NONE  <br/>Wed Sep 23 16:27:41 CEST 2009 : MOberfell - Add A/IP/IPO : ID/PDI/NONE  <br/>', false, true, false, NULL, false, false, false, NULL, 'd4ad3f6fbfad1079be17547960b6d4b4', NULL, NULL, NULL, NULL, NULL, 0, NULL, 22, NULL);
INSERT INTO pr_system (id, last_changed, last_modifier_id, name, version, is_hl7_system, is_dicom_system, hl7_conformance_statement_url, dicom_conformance_statement_url, integration_statement_url, integration_statement_size, integration_statement_date, events_history, is_actor_profile_entered, is_url_responding, publication_request, publication_request_date, waiting_for_admin_validation, is_integration_statement_referenced, is_integration_statement_rejected, integration_statement_validated_last_time, integration_statement_referenced_checksum, integration_statement_generated_checksum, integration_statement_generated_date, integration_statement_validated_by_admin_checksum, integration_statement_validated_by_admin_date, integration_statement_validated_by_admin_comment, counter_of_downloads, comment, owner_user_id, system_type_id) VALUES (22, '2009-11-26 09:21:07.33', NULL, 'xDL', '3', NULL, NULL, '', 'http://www.dejarnette.com/', 'http://www.dejarnette.com/(073-00-0007%20C)%20xDL%20IHE%20Integration%20Statement.pdf', 32514, '2008-11-05 00:00:00', 'Tue Sep 15 19:39:43 CEST 2009 : fganong20 - System creation  <br/>Tue Sep 15 19:40:25 CEST 2009 : fganong20 - Add A/IP/IPO : DOC_REPOSITORY/XDS-I.b/NONE  <br/>Tue Sep 15 19:40:57 CEST 2009 : fganong20 - Add A/IP/IPO : PAT_IDENTITY_CONSUMER/PIX/PIX_UPDATE_NOTIFICATION  <br/>Tue Sep 15 19:42:05 CEST 2009 : fganong20 - Add A/IP/IPO : PDC/PDQ/NONE  <br/>Tue Sep 15 19:42:34 CEST 2009 : fganong20 - Add A/IP/IPO dependency : TIME_CLIENT/CT/NONE  <br/>Tue Sep 15 19:42:41 CEST 2009 : fganong20 - Add A/IP/IPO dependency : DOC_REPOSITORY/XDS.b/NONE  <br/>Tue Sep 15 19:42:47 CEST 2009 : fganong20 - Add A/IP/IPO dependency : SN/ATNA/NONE  <br/>Tue Sep 15 19:43:49 CEST 2009 : fganong20 - IS PDF generated before publication request  <br/>Tue Sep 15 19:55:10 CEST 2009 : fganong20 - Remove A/IP/IPO : PAT_IDENTITY_CONSUMER/PIX/PIX_UPDATE_NOTIFICATION  <br/>Tue Sep 15 19:56:23 CEST 2009 : fganong20 - Remove A/IP/IPO : SN/ATNA/NONE  <br/>Tue Sep 15 19:56:44 CEST 2009 : fganong20 - Add A/IP/IPO : SA/ATNA/NONE  <br/>Tue Sep 15 19:56:56 CEST 2009 : fganong20 - Remove A/IP/IPO : DOC_REPOSITORY/XDS-I.b/NONE  <br/>Tue Sep 15 19:58:27 CEST 2009 : fganong20 - Add A/IP/IPO : IM/SWF/NONE  <br/>Tue Sep 15 19:58:48 CEST 2009 : fganong20 - Add A/IP/IPO : IM/PIR/NONE  <br/>Tue Sep 15 19:59:15 CEST 2009 : fganong20 - Add A/IP/IPO : IM/CPI/NONE  <br/>Tue Sep 15 19:59:32 CEST 2009 : fganong20 - Add A/IP/IPO : IM/PGP/NONE  <br/>Tue Sep 15 19:59:54 CEST 2009 : fganong20 - Add A/IP/IPO : IM/KIN/NONE  <br/>Tue Sep 15 20:00:20 CEST 2009 : fganong20 - Add A/IP/IPO : ERR/SINR/NONE  <br/>Tue Sep 15 20:00:54 CEST 2009 : fganong20 - Add A/IP/IPO : IM/NMI/NONE  <br/>Tue Sep 15 20:01:49 CEST 2009 : fganong20 - Add A/IP/IPO : IM/CATH/NONE  <br/>Tue Sep 15 20:02:07 CEST 2009 : fganong20 - Add A/IP/IPO : IM/ECHO/NONE  <br/>Tue Sep 15 20:02:20 CEST 2009 : fganong20 - Add A/IP/IPO : RRP/DRPT/NONE  <br/>Tue Sep 15 20:08:02 CEST 2009 : fganong20 - Add A/IP/IPO dependency : PPSM/SWF/NONE  <br/>Tue Sep 15 22:19:19 CEST 2009 : epoiseau - Publication request  <br/>Tue Sep 15 22:23:30 CEST 2009 : epoiseau - Add A/IP/IPO : IM/ARI/NONE  <br/>Tue Sep 15 22:24:36 CEST 2009 : epoiseau - Validation : IS referenced by Admin  <br/>', true, true, true, '2009-09-15 22:19:19.113', true, true, false, NULL, '811a1751b94be18edfc8f1f671653979', 'e9f5fc2d3b065f665e94e9b7c02cd07f', '2009-09-15 19:43:49.978', '811a1751b94be18edfc8f1f671653979', '2009-09-15 22:24:36.169', 'I had to add missing ARI/IM on your declaration in order to match the IS on the web', 18, NULL, 38, NULL);
INSERT INTO pr_system (id, last_changed, last_modifier_id, name, version, is_hl7_system, is_dicom_system, hl7_conformance_statement_url, dicom_conformance_statement_url, integration_statement_url, integration_statement_size, integration_statement_date, events_history, is_actor_profile_entered, is_url_responding, publication_request, publication_request_date, waiting_for_admin_validation, is_integration_statement_referenced, is_integration_statement_rejected, integration_statement_validated_last_time, integration_statement_referenced_checksum, integration_statement_generated_checksum, integration_statement_generated_date, integration_statement_validated_by_admin_checksum, integration_statement_validated_by_admin_date, integration_statement_validated_by_admin_comment, counter_of_downloads, comment, owner_user_id, system_type_id) VALUES (23, '2009-11-04 17:15:21.501', NULL, 'Acuson S2000', '1.0', NULL, NULL, '', '', 'http://www.medical.siemens.com/siemens/en_INT/rg_marcom_FBAs/files/brochures/IHE/Acuson_S2000_V1.0_IHE_Integration_Statement.pdf', 13004, '2009-09-21 11:05:26.493', 'Mon Sep 21 11:05:26 CEST 2009 : MOberfell - System creation  <br/>Mon Sep 21 11:16:02 CEST 2009 : MOberfell - Remove A/IP/IPO : EC/ED-CARD/ECHO_EVIDENCE  <br/>Mon Sep 21 11:16:34 CEST 2009 : MOberfell - Publication request  <br/>Mon Sep 21 12:28:25 CEST 2009 : epoiseau - Add A/IP/IPO : MOD/SWF/BROAD_QUERY  <br/>Mon Sep 21 12:28:41 CEST 2009 : epoiseau - Add A/IP/IPO : MOD/SWF/PAT_QUERY  <br/>Mon Sep 21 12:35:34 CEST 2009 : epoiseau - Validation : IS referenced by Admin  <br/>', true, true, true, '2009-09-21 11:16:34.346', true, true, false, NULL, '104a3f07684b97f01647e394d1ec2c47', NULL, NULL, '104a3f07684b97f01647e394d1ec2c47', '2009-09-21 12:35:34.958', 'Manfred, I had to add the options for SWF/MOD. Note that the options for the ED/EC actor are not "real options" in the sense of IHE. I do understand tha we need to take them into account', 8, NULL, 22, NULL);
INSERT INTO pr_system (id, last_changed, last_modifier_id, name, version, is_hl7_system, is_dicom_system, hl7_conformance_statement_url, dicom_conformance_statement_url, integration_statement_url, integration_statement_size, integration_statement_date, events_history, is_actor_profile_entered, is_url_responding, publication_request, publication_request_date, waiting_for_admin_validation, is_integration_statement_referenced, is_integration_statement_rejected, integration_statement_validated_last_time, integration_statement_referenced_checksum, integration_statement_generated_checksum, integration_statement_generated_date, integration_statement_validated_by_admin_checksum, integration_statement_validated_by_admin_date, integration_statement_validated_by_admin_comment, counter_of_downloads, comment, owner_user_id, system_type_id) VALUES (26, '2009-11-20 14:30:04.987', NULL, 'Artis zee, Artis zeego', 'VC14C', NULL, NULL, '', 'http://www.siemens.com/dicom', 'http://www.medical.siemens.com/siemens/en_INT/rg_marcom_FBAs/files/brochures/IHE/IHE_Artis_zee_zeego_VC14_2009_07.pdf', 91960, '2009-10-14 10:42:05.826', 'Wed Oct 14 10:42:05 CEST 2009 : Nolte - System creation  <br/>Wed Oct 14 10:52:47 CEST 2009 : Nolte - IS PDF generated before publication request  <br/>Wed Oct 14 10:55:27 CEST 2009 : Nolte - Publication request  <br/>Wed Oct 14 11:02:05 CEST 2009 : Nolte - Remove A/IP/IPO : ID/ARI/NONE  <br/>Wed Oct 14 11:02:26 CEST 2009 : Nolte - Add A/IP/IPO : ID/ARI/MULTIPLE_SRCS  <br/>Wed Oct 14 11:05:03 CEST 2009 : Nolte - Add A/IP/IPO : MOD/SWF/MOD_GROUP_CASE  <br/>Wed Oct 14 11:05:18 CEST 2009 : Nolte - Add A/IP/IPO : MOD/SWF/BILL_AND_MAT_MGT  <br/>Wed Oct 14 11:30:53 CEST 2009 : epoiseau - Validation : IS referenced by Admin  <br/>', true, true, true, '2009-10-14 10:55:27.017', true, true, false, NULL, '15bf5391f9a9fc34557cbf299c641ccd', '6a77a4e03b6fc9700e78392752deba5e', '2009-10-14 10:52:47.812', '15bf5391f9a9fc34557cbf299c641ccd', '2009-10-14 11:30:53.697', '', 7, NULL, 46, NULL);
INSERT INTO pr_system (id, last_changed, last_modifier_id, name, version, is_hl7_system, is_dicom_system, hl7_conformance_statement_url, dicom_conformance_statement_url, integration_statement_url, integration_statement_size, integration_statement_date, events_history, is_actor_profile_entered, is_url_responding, publication_request, publication_request_date, waiting_for_admin_validation, is_integration_statement_referenced, is_integration_statement_rejected, integration_statement_validated_last_time, integration_statement_referenced_checksum, integration_statement_generated_checksum, integration_statement_generated_date, integration_statement_validated_by_admin_checksum, integration_statement_validated_by_admin_date, integration_statement_validated_by_admin_comment, counter_of_downloads, comment, owner_user_id, system_type_id) VALUES (27, '2009-11-20 14:31:40.959', NULL, 'Initiate Master Data Service', '8.7', NULL, NULL, '', '', 'http://www.initiate.com/resources/Documents/IHE_Integration_Statement.pdf', 95635, '2009-10-28 17:23:41.432', 'Wed Oct 28 17:23:41 CET 2009 : bklaver - System creation  <br/>Wed Oct 28 17:39:10 CET 2009 : bklaver - IS PDF generated before publication request  <br/>Wed Oct 28 17:40:54 CET 2009 : bklaver - Publication request  <br/>Wed Oct 28 19:16:41 CET 2009 : epoiseau - Validation : IS referenced by Admin  <br/>', true, true, true, '2009-10-28 17:40:54.516', true, true, false, NULL, '76015fb9a5f66ad9b1797c1708bdb260', '8a29d59c8bf4a19570c669c7ff950af5', '2009-10-28 17:39:10.85', '76015fb9a5f66ad9b1797c1708bdb260', '2009-10-28 19:16:41.909', '', 7, NULL, 50, NULL);
INSERT INTO pr_system (id, last_changed, last_modifier_id, name, version, is_hl7_system, is_dicom_system, hl7_conformance_statement_url, dicom_conformance_statement_url, integration_statement_url, integration_statement_size, integration_statement_date, events_history, is_actor_profile_entered, is_url_responding, publication_request, publication_request_date, waiting_for_admin_validation, is_integration_statement_referenced, is_integration_statement_rejected, integration_statement_validated_last_time, integration_statement_referenced_checksum, integration_statement_generated_checksum, integration_statement_generated_date, integration_statement_validated_by_admin_checksum, integration_statement_validated_by_admin_date, integration_statement_validated_by_admin_comment, counter_of_downloads, comment, owner_user_id, system_type_id) VALUES (30, '2009-11-27 11:39:18.906', NULL, 'Oracle Healthcare Transaction Base', '5.3', NULL, NULL, 'http://www.hl7.org', 'http://www.oracle.com/industries/healthcare/ihe.html', 'http://www.oracle.com/us/industries/communications/027316.pdf', 2936, '2008-02-15 00:00:00', 'Tue Nov 03 05:31:01 CET 2009 : sbajaj - System creation  <br/>Tue Nov 03 05:48:06 CET 2009 : sbajaj - IS PDF generated before publication request  <br/>Tue Nov 03 05:48:44 CET 2009 : sbajaj - IS PDF generated before publication request  <br/>Tue Nov 03 05:50:32 CET 2009 : sbajaj - IS PDF generated before publication request  <br/>Tue Nov 03 05:52:36 CET 2009 : sbajaj - Publication request  <br/>Tue Nov 03 07:19:22 CET 2009 : epoiseau - Validation : IS referenced by Admin  <br/>Fri Nov 06 04:46:15 CET 2009 : sbajaj - IS PDF generated before publication request  <br/>', true, true, true, '2009-11-03 05:52:36.267', true, true, false, NULL, '5f4eabfc6955df7c98a4b1a0acf78994', '229ebda68671792702d2efc91b6fd303', '2009-11-06 04:46:15.747', '5f4eabfc6955df7c98a4b1a0acf78994', '2009-11-03 07:19:22.321', '', 6, NULL, 53, NULL);
INSERT INTO pr_system (id, last_changed, last_modifier_id, name, version, is_hl7_system, is_dicom_system, hl7_conformance_statement_url, dicom_conformance_statement_url, integration_statement_url, integration_statement_size, integration_statement_date, events_history, is_actor_profile_entered, is_url_responding, publication_request, publication_request_date, waiting_for_admin_validation, is_integration_statement_referenced, is_integration_statement_rejected, integration_statement_validated_last_time, integration_statement_referenced_checksum, integration_statement_generated_checksum, integration_statement_generated_date, integration_statement_validated_by_admin_checksum, integration_statement_validated_by_admin_date, integration_statement_validated_by_admin_comment, counter_of_downloads, comment, owner_user_id, system_type_id) VALUES (32, '2009-11-23 20:33:39.345', 'dnicholson', 'Elysium', '8', NULL, NULL, 'http://www.axolotl.com/IHE', '', '', 3248, '2009-03-02 00:00:00', 'Tue Nov 17 18:04:45 CET 2009 : dnicholson - System creation  <br/>Tue Nov 17 18:10:19 CET 2009 : dnicholson - Add A/IP/IPO : SA/ATNA/NONE  <br/>Tue Nov 17 18:13:36 CET 2009 : dnicholson - Add A/IP/IPO : ARR/ATNA/NONE  <br/>Tue Nov 17 18:14:38 CET 2009 : dnicholson - Add A/IP/IPO : PAT_IDENTITY_SRC/PIXV3/NONE  <br/>Tue Nov 17 18:15:06 CET 2009 : dnicholson - Add A/IP/IPO : PAT_IDENTITY_CONSUMER/PIXV3/PIXV3_UPDATE_NOTIFICATION  <br/>Tue Nov 17 18:15:38 CET 2009 : dnicholson - Add A/IP/IPO : PAT_IDENTITY_X_REF_MGR/PIXV3/NONE  <br/>Tue Nov 17 18:16:49 CET 2009 : dnicholson - Add A/IP/IPO : PDC/PDQV3/NONE  <br/>Tue Nov 17 18:18:27 CET 2009 : dnicholson - Add A/IP/IPO : PDS/PDQV3/PEDIATRIC_DEMOG  <br/>Tue Nov 17 18:19:38 CET 2009 : dnicholson - Add A/IP/IPO : DOC_REGISTRY/XDS.b/NONE  <br/>Tue Nov 17 18:20:21 CET 2009 : dnicholson - Add A/IP/IPO : DOC_REPOSITORY/XDS.b/NONE  <br/>Tue Nov 17 18:22:15 CET 2009 : dnicholson - Add A/IP/IPO dependency : TIME_CLIENT/CT/NONE  <br/>Tue Nov 17 18:23:48 CET 2009 : dnicholson - IS PDF generated before publication request  <br/>Mon Nov 23 20:33:37 CET 2009 : dnicholson - IS PDF generated before publication request  <br/>', true, NULL, false, NULL, false, false, false, NULL, NULL, '978e3312923aaecf7e13c6cb7aeb15a1', '2009-11-23 20:33:37.737', NULL, NULL, NULL, 0, NULL, 58, NULL);
INSERT INTO pr_system (id, last_changed, last_modifier_id, name, version, is_hl7_system, is_dicom_system, hl7_conformance_statement_url, dicom_conformance_statement_url, integration_statement_url, integration_statement_size, integration_statement_date, events_history, is_actor_profile_entered, is_url_responding, publication_request, publication_request_date, waiting_for_admin_validation, is_integration_statement_referenced, is_integration_statement_rejected, integration_statement_validated_last_time, integration_statement_referenced_checksum, integration_statement_generated_checksum, integration_statement_generated_date, integration_statement_validated_by_admin_checksum, integration_statement_validated_by_admin_date, integration_statement_validated_by_admin_comment, counter_of_downloads, comment, owner_user_id, system_type_id) VALUES (33, '2009-11-20 21:36:21.955', 'kjekkmec', 'Intel SOA Expressway for Healthcare', '2.0', NULL, NULL, '', '', 'http://www.intel.com/healthcare/ps/soa/pdf/ihe_integration_statement.pdf', 159456, '2009-11-20 21:22:10.628', 'Fri Nov 20 21:22:10 CET 2009 : kjekkmec - System creation  <br/>Fri Nov 20 21:23:12 CET 2009 : kjekkmec - Add A/IP/IPO : SA/ATNA/NONE  <br/>Fri Nov 20 21:26:09 CET 2009 : kjekkmec - Add A/IP/IPO : DOC_CONSUMER/XDS.b/NONE  <br/>Fri Nov 20 21:26:48 CET 2009 : kjekkmec - Add A/IP/IPO : DOC_SOURCE/XDS.b/NONE  <br/>Fri Nov 20 21:27:27 CET 2009 : kjekkmec - Add A/IP/IPO : DOC_CONSUMER/XDS.a/NONE  <br/>Fri Nov 20 21:29:50 CET 2009 : kjekkmec - Add A/IP/IPO : DOC_SOURCE/XDS.a/NONE  <br/>Fri Nov 20 21:30:34 CET 2009 : kjekkmec - Remove A/IP/IPO : DOC_SOURCE/XDS.a/NONE  <br/>Fri Nov 20 21:30:44 CET 2009 : kjekkmec - Remove A/IP/IPO : DOC_SOURCE/XDS.b/NONE  <br/>Fri Nov 20 21:30:56 CET 2009 : kjekkmec - Add A/IP/IPO : DOC_SOURCE/XDS.a/NONE  <br/>Fri Nov 20 21:33:58 CET 2009 : kjekkmec - Add A/IP/IPO : DOC_SOURCE/XDS.b/NONE  <br/>Fri Nov 20 21:34:45 CET 2009 : kjekkmec - Add A/IP/IPO : DOC_CONSUMER/TP13b/NONE  <br/>Fri Nov 20 21:35:05 CET 2009 : kjekkmec - Add A/IP/IPO : DOC_SOURCE/TP13b/NONE  <br/>Fri Nov 20 21:36:21 CET 2009 : kjekkmec - Add A/IP/IPO : SA/T15/NONE  <br/>', false, true, false, NULL, false, false, false, NULL, 'a98c917f138ff9a18b3ae8ae90888cfa', NULL, NULL, NULL, NULL, NULL, 0, NULL, 52, NULL);
INSERT INTO pr_system (id, last_changed, last_modifier_id, name, version, is_hl7_system, is_dicom_system, hl7_conformance_statement_url, dicom_conformance_statement_url, integration_statement_url, integration_statement_size, integration_statement_date, events_history, is_actor_profile_entered, is_url_responding, publication_request, publication_request_date, waiting_for_admin_validation, is_integration_statement_referenced, is_integration_statement_rejected, integration_statement_validated_last_time, integration_statement_referenced_checksum, integration_statement_generated_checksum, integration_statement_generated_date, integration_statement_validated_by_admin_checksum, integration_statement_validated_by_admin_date, integration_statement_validated_by_admin_comment, counter_of_downloads, comment, owner_user_id, system_type_id) VALUES (31, '2009-11-24 12:34:07.918', 'epoiseau', 'IMPAX RIS', '5.6', NULL, NULL, 'http://www.agfa.com/healthcare/hl7', 'http://www.agfa.com/healthcare/dicom', 'http://www.agfa.com/he/en/binaries/001269%20IMPAX%20RIS%205%2E6%20IHE%20Integration%20Statement%202%2E0_tcm220-35742.pdf', 147086, '2009-11-17 16:16:00.535', 'Tue Nov 17 16:16:00 CET 2009 : pbuytaert - System creation  <br/>Tue Nov 17 16:18:02 CET 2009 : pbuytaert - Add A/IP/IPO : OF/SWF/DEPARTMENTAL_APPOINTMENT_NOTIFICATION  <br/>Tue Nov 17 16:18:43 CET 2009 : pbuytaert - Add A/IP/IPO : OF/SWF/AVAILABILITY_OF_PPS_REFERENCED_INSTANCES  <br/>Tue Nov 17 16:19:13 CET 2009 : pbuytaert - Add A/IP/IPO : PPSM/SWF/NONE  <br/>Tue Nov 17 16:19:43 CET 2009 : pbuytaert - Add A/IP/IPO : OF/PIR/NONE  <br/>Tue Nov 17 16:20:03 CET 2009 : pbuytaert - Add A/IP/IPO : PPSM/PIR/NONE  <br/>Tue Nov 17 16:20:59 CET 2009 : pbuytaert - Add A/IP/IPO : OF/PGP/NONE  <br/>Tue Nov 17 16:21:57 CET 2009 : pbuytaert - Add A/IP/IPO : OF/CHG/NONE  <br/>Tue Nov 17 16:22:48 CET 2009 : pbuytaert - Add A/IP/IPO : PDC/PDQ/NONE  <br/>Tue Nov 17 16:23:19 CET 2009 : pbuytaert - Add A/IP/IPO : TIME_CLIENT/CT/NONE  <br/>Tue Nov 17 16:23:47 CET 2009 : pbuytaert - Add A/IP/IPO : SA/ATNA/NONE  <br/>Tue Nov 17 16:24:02 CET 2009 : pbuytaert - Add A/IP/IPO : SN/ATNA/NONE  <br/>Tue Nov 17 16:26:09 CET 2009 : pbuytaert - Add A/IP/IPO dependency : PPSM/CHG/NONE  <br/>Tue Nov 17 16:26:56 CET 2009 : pbuytaert - Add A/IP/IPO dependency : PPSM/PGP/NONE  <br/>Tue Nov 17 16:27:34 CET 2009 : pbuytaert - Add A/IP/IPO dependency : OF/SWF/NONE  <br/>Tue Nov 17 16:27:34 CET 2009 : pbuytaert - Add A/IP/IPO dependency : ID/CPI/NONE  <br/>Tue Nov 17 16:27:34 CET 2009 : pbuytaert - Add A/IP/IPO dependency : ID/ARI/NONE  <br/>Tue Nov 17 16:29:25 CET 2009 : pbuytaert - Publication request  <br/>Tue Nov 17 16:32:12 CET 2009 : pbuytaert - Remove A/IP/IPO : ID/ARI/NONE  <br/>Tue Nov 17 16:32:25 CET 2009 : pbuytaert - Add A/IP/IPO dependency : ID/ARI/NONE  <br/>Tue Nov 17 20:16:49 CET 2009 : epoiseau - Validation : Rejected by Admin (There are some differences between the integration statement registered in the product registry and the one on your web page. For instance ARI/ID is registered in the product registry but not on your web site Statement. Please correct and resubmit. )  <br/>Wed Nov 18 13:26:09 CET 2009 : pbuytaert - Remove A/IP/IPO : ID/ARI/NONE  <br/>Wed Nov 18 13:26:15 CET 2009 : pbuytaert - Remove A/IP/IPO : OF/PGP/NONE  <br/>Wed Nov 18 13:26:21 CET 2009 : pbuytaert - Remove A/IP/IPO : PPSM/PGP/NONE  <br/>Wed Nov 18 13:26:27 CET 2009 : pbuytaert - Remove A/IP/IPO : ID/CPI/NONE  <br/>Mon Nov 23 16:07:48 CET 2009 : pbuytaert - Publication request  <br/>Tue Nov 24 12:34:07 CET 2009 : epoiseau - Validation : IS referenced by Admin  <br/>', true, true, true, '2009-11-23 16:07:48.789', true, true, false, NULL, '786a200a0868c717c847df6a81c7396c', NULL, NULL, '786a200a0868c717c847df6a81c7396c', '2009-11-24 12:34:07.913', '', 0, NULL, 44, NULL);
INSERT INTO pr_system (id, last_changed, last_modifier_id, name, version, is_hl7_system, is_dicom_system, hl7_conformance_statement_url, dicom_conformance_statement_url, integration_statement_url, integration_statement_size, integration_statement_date, events_history, is_actor_profile_entered, is_url_responding, publication_request, publication_request_date, waiting_for_admin_validation, is_integration_statement_referenced, is_integration_statement_rejected, integration_statement_validated_last_time, integration_statement_referenced_checksum, integration_statement_generated_checksum, integration_statement_generated_date, integration_statement_validated_by_admin_checksum, integration_statement_validated_by_admin_date, integration_statement_validated_by_admin_comment, counter_of_downloads, comment, owner_user_id, system_type_id) VALUES (35, '2009-11-25 21:25:55.989', 'forcare', 'forStore', '2.1', NULL, NULL, '', '', 'http://www.forcare.nl/images/stories/documents/forcare_ihe_integration_statement_v21.pdf', 141110, '2009-11-25 21:21:11.396', 'Wed Nov 25 21:21:11 CET 2009 : forcare - System creation  <br/>Wed Nov 25 21:25:55 CET 2009 : forcare - Publication request  <br/>', true, true, true, '2009-11-25 21:25:55.466', true, false, false, NULL, '2d9ce5e42bd7575c1dff88d471ead4ce', NULL, NULL, NULL, NULL, NULL, 0, NULL, 57, NULL);
INSERT INTO pr_system (id, last_changed, last_modifier_id, name, version, is_hl7_system, is_dicom_system, hl7_conformance_statement_url, dicom_conformance_statement_url, integration_statement_url, integration_statement_size, integration_statement_date, events_history, is_actor_profile_entered, is_url_responding, publication_request, publication_request_date, waiting_for_admin_validation, is_integration_statement_referenced, is_integration_statement_rejected, integration_statement_validated_last_time, integration_statement_referenced_checksum, integration_statement_generated_checksum, integration_statement_generated_date, integration_statement_validated_by_admin_checksum, integration_statement_validated_by_admin_date, integration_statement_validated_by_admin_comment, counter_of_downloads, comment, owner_user_id, system_type_id) VALUES (36, '2009-11-25 21:56:29.583', 'epoiseau', 'forConnect', '2.1', NULL, NULL, '', 'http://www.forcare.nl/images/stories/documents/forcare_dicom_conformance_statement_v21.pdf', 'http://www.forcare.nl/images/stories/documents/forcare_ihe_integration_statement_v21.pdf', 141110, '2009-10-15 00:00:00', 'Wed Nov 25 21:27:28 CET 2009 : forcare - System creation  <br/>Wed Nov 25 21:28:05 CET 2009 : forcare - Add A/IP/IPO : TIME_CLIENT/CT/NONE  <br/>Wed Nov 25 21:28:58 CET 2009 : forcare - Add A/IP/IPO : SN/ATNA/ATNA_ENCRYPTION  <br/>Wed Nov 25 21:30:09 CET 2009 : forcare - Add A/IP/IPO : DOC_CONSUMER/XDS.a/NONE  <br/>Wed Nov 25 21:30:51 CET 2009 : forcare - Add A/IP/IPO : DOC_SOURCE/XDS.a/NONE  <br/>Wed Nov 25 21:32:40 CET 2009 : forcare - Remove A/IP/IPO : DOC_SOURCE/XDS.a/NONE  <br/>Wed Nov 25 21:32:48 CET 2009 : forcare - Add A/IP/IPO : DOC_SOURCE/XDS.a/NONE  <br/>Wed Nov 25 21:33:55 CET 2009 : forcare - Add A/IP/IPO : DOC_CONSUMER/XDS.b/NONE  <br/>Wed Nov 25 21:34:32 CET 2009 : forcare - Add A/IP/IPO : DOC_SOURCE/XDS.b/MULTIPLE_DOCUMENT_SUBMISSION  <br/>Wed Nov 25 21:39:17 CET 2009 : forcare - Add A/IP/IPO : PAT_IDENTITY_CONSUMER/PIX/NONE  <br/>Wed Nov 25 21:39:51 CET 2009 : forcare - Add A/IP/IPO : CONTENT_CREATOR/XDS-SD/NONE  <br/>Wed Nov 25 21:42:30 CET 2009 : forcare - Add A/IP/IPO : IMG_DOC_SOURCE/XDS-I/TEXT_REPORT  <br/>Wed Nov 25 21:47:00 CET 2009 : forcare - Remove A/IP/IPO : IMG_DOC_SOURCE/XDS-I/TEXT_REPORT  <br/>Wed Nov 25 21:52:39 CET 2009 : forcare - Publication request  <br/>', true, true, true, '2009-11-25 21:52:39.054', true, false, false, NULL, '2d9ce5e42bd7575c1dff88d471ead4ce', NULL, NULL, NULL, NULL, NULL, 0, NULL, 57, NULL);
INSERT INTO pr_system (id, last_changed, last_modifier_id, name, version, is_hl7_system, is_dicom_system, hl7_conformance_statement_url, dicom_conformance_statement_url, integration_statement_url, integration_statement_size, integration_statement_date, events_history, is_actor_profile_entered, is_url_responding, publication_request, publication_request_date, waiting_for_admin_validation, is_integration_statement_referenced, is_integration_statement_rejected, integration_statement_validated_last_time, integration_statement_referenced_checksum, integration_statement_generated_checksum, integration_statement_generated_date, integration_statement_validated_by_admin_checksum, integration_statement_validated_by_admin_date, integration_statement_validated_by_admin_comment, counter_of_downloads, comment, owner_user_id, system_type_id) VALUES (37, '2009-11-25 22:00:51.63', 'forcare', 'forAudit', '2.1', NULL, NULL, '', '', 'http://www.forcare.nl/images/stories/documents/forcare_ihe_integration_statement_v21.pdf', 141110, '2009-11-25 21:57:30.368', 'Wed Nov 25 21:57:30 CET 2009 : forcare - System creation  <br/>Wed Nov 25 22:00:51 CET 2009 : forcare - Publication request  <br/>', true, true, true, '2009-11-25 22:00:51.056', true, false, false, NULL, '2d9ce5e42bd7575c1dff88d471ead4ce', NULL, NULL, NULL, NULL, NULL, 0, NULL, 57, NULL);
INSERT INTO pr_system (id, last_changed, last_modifier_id, name, version, is_hl7_system, is_dicom_system, hl7_conformance_statement_url, dicom_conformance_statement_url, integration_statement_url, integration_statement_size, integration_statement_date, events_history, is_actor_profile_entered, is_url_responding, publication_request, publication_request_date, waiting_for_admin_validation, is_integration_statement_referenced, is_integration_statement_rejected, integration_statement_validated_last_time, integration_statement_referenced_checksum, integration_statement_generated_checksum, integration_statement_generated_date, integration_statement_validated_by_admin_checksum, integration_statement_validated_by_admin_date, integration_statement_validated_by_admin_comment, counter_of_downloads, comment, owner_user_id, system_type_id) VALUES (34, '2009-11-26 09:20:24.749', NULL, 'forIndex', '2.1', NULL, NULL, '', 'http://www.forcare.nl/images/stories/documents/forcare_dicom_conformance_statement_v21.pdf', 'http://www.forcare.nl/images/stories/documents/forcare_ihe_integration_statement_v21.pdf', 141110, '2009-11-25 21:11:57.123', 'Wed Nov 25 21:00:56 CET 2009 : forcare - System creation  <br/>Wed Nov 25 21:04:21 CET 2009 : forcare - Add A/IP/IPO : TIME_CLIENT/CT/NONE  <br/>Wed Nov 25 21:05:14 CET 2009 : forcare - Add A/IP/IPO : SN/ATNA/NONE  <br/>Wed Nov 25 21:05:50 CET 2009 : forcare - Add A/IP/IPO : DOC_REGISTRY/XDS.a/NONE  <br/>Wed Nov 25 21:05:51 CET 2009 : forcare - Add A/IP/IPO : DOC_REGISTRY/XDS.a/PAT_IDENTITY_FEED  <br/>Wed Nov 25 21:06:51 CET 2009 : forcare - Add A/IP/IPO : DOC_REGISTRY/XDS.b/NONE  <br/>Wed Nov 25 21:07:12 CET 2009 : forcare - Add A/IP/IPO : DOC_REGISTRY/XDS.b/PAT_IDENTITY_FEED  <br/>Wed Nov 25 21:08:24 CET 2009 : forcare - Remove A/IP/IPO : SN/ATNA/NONE  <br/>Wed Nov 25 21:11:57 CET 2009 : forcare - IS PDF generated before publication request  <br/>Wed Nov 25 21:19:03 CET 2009 : forcare - Publication request  <br/>Wed Nov 25 21:54:14 CET 2009 : epoiseau - Add A/IP/IPO : SA/ATNA/ATNA_ENCRYPTION  <br/>Wed Nov 25 21:54:19 CET 2009 : epoiseau - Remove A/IP/IPO : SN/ATNA/NONE  <br/>Wed Nov 25 21:54:44 CET 2009 : forcare - Add A/IP/IPO : SN/ATNA/ATNA_ENCRYPTION  <br/>Wed Nov 25 21:55:12 CET 2009 : epoiseau - Remove A/IP/IPO : DOC_REGISTRY/XDS.a/PAT_IDENTITY_FEED  <br/>Wed Nov 25 21:55:24 CET 2009 : epoiseau - Remove A/IP/IPO : SN/ATNA/ATNA_ENCRYPTION  <br/>Wed Nov 25 21:59:31 CET 2009 : epoiseau - Validation : IS referenced by Admin  <br/>', true, true, true, '2009-11-25 21:19:03.963', true, true, false, NULL, '2d9ce5e42bd7575c1dff88d471ead4ce', 'e64f7b9ba5efecb8d7719583393c22a9', '2009-11-25 21:11:57.127', '2d9ce5e42bd7575c1dff88d471ead4ce', '2009-11-25 21:59:31.404', 'Mark, I had to change SN into SA to be conform with the IS on your web page and remove the option for XDS.a', 1, NULL, 57, NULL);
INSERT INTO pr_system (id, last_changed, last_modifier_id, name, version, is_hl7_system, is_dicom_system, hl7_conformance_statement_url, dicom_conformance_statement_url, integration_statement_url, integration_statement_size, integration_statement_date, events_history, is_actor_profile_entered, is_url_responding, publication_request, publication_request_date, waiting_for_admin_validation, is_integration_statement_referenced, is_integration_statement_rejected, integration_statement_validated_last_time, integration_statement_referenced_checksum, integration_statement_generated_checksum, integration_statement_generated_date, integration_statement_validated_by_admin_checksum, integration_statement_validated_by_admin_date, integration_statement_validated_by_admin_comment, counter_of_downloads, comment, owner_user_id, system_type_id) VALUES (38, '2009-11-25 22:30:01.226', 'forcare', 'forView', '2.1', NULL, NULL, '', '', 'http://www.forcare.nl/images/stories/documents/forcare_ihe_integration_statement_v21.pdf', 141110, '2009-11-25 22:03:16.251', 'Wed Nov 25 22:03:16 CET 2009 : forcare - System creation  <br/>Wed Nov 25 22:30:00 CET 2009 : forcare - Publication request  <br/>', true, true, true, '2009-11-25 22:30:00.684', true, false, false, NULL, '2d9ce5e42bd7575c1dff88d471ead4ce', NULL, NULL, NULL, NULL, NULL, 0, NULL, 57, NULL);


--
-- Data for Name: pr_system_actor_profiles; Type: TABLE DATA; Schema: public; Owner: gazelle-tm
--

INSERT INTO pr_system_actor_profiles (id, last_changed, last_modifier_id, actor_integration_profile_id, integration_profile_option_id, system_id) VALUES (16, '2009-02-27 14:48:49.036', 'BrunoL', 1, NULL, 3);
INSERT INTO pr_system_actor_profiles (id, last_changed, last_modifier_id, actor_integration_profile_id, integration_profile_option_id, system_id) VALUES (17, '2009-02-27 14:49:01.187', 'BrunoL', 1, NULL, 3);
INSERT INTO pr_system_actor_profiles (id, last_changed, last_modifier_id, actor_integration_profile_id, integration_profile_option_id, system_id) VALUES (18, '2009-02-27 14:50:15.644', 'BrunoL', 157, NULL, 3);
INSERT INTO pr_system_actor_profiles (id, last_changed, last_modifier_id, actor_integration_profile_id, integration_profile_option_id, system_id) VALUES (19, '2009-02-27 14:51:26.908', 'BrunoL', 157, NULL, 3);
INSERT INTO pr_system_actor_profiles (id, last_changed, last_modifier_id, actor_integration_profile_id, integration_profile_option_id, system_id) VALUES (20, '2009-02-27 14:51:43.261', 'BrunoL', 160, NULL, 3);
INSERT INTO pr_system_actor_profiles (id, last_changed, last_modifier_id, actor_integration_profile_id, integration_profile_option_id, system_id) VALUES (21, '2009-02-27 14:51:52.238', 'BrunoL', 159, NULL, 3);
INSERT INTO pr_system_actor_profiles (id, last_changed, last_modifier_id, actor_integration_profile_id, integration_profile_option_id, system_id) VALUES (22, '2009-02-27 14:52:19.091', 'BrunoL', 161, NULL, 3);
INSERT INTO pr_system_actor_profiles (id, last_changed, last_modifier_id, actor_integration_profile_id, integration_profile_option_id, system_id) VALUES (23, '2009-02-27 14:52:43.023', 'BrunoL', 2, NULL, 3);
INSERT INTO pr_system_actor_profiles (id, last_changed, last_modifier_id, actor_integration_profile_id, integration_profile_option_id, system_id) VALUES (24, '2009-02-27 14:55:28.777', 'BrunoL', 99, NULL, 3);
INSERT INTO pr_system_actor_profiles (id, last_changed, last_modifier_id, actor_integration_profile_id, integration_profile_option_id, system_id) VALUES (25, '2009-02-27 14:55:44.735', 'BrunoL', 100, NULL, 3);
INSERT INTO pr_system_actor_profiles (id, last_changed, last_modifier_id, actor_integration_profile_id, integration_profile_option_id, system_id) VALUES (26, '2009-02-27 14:56:13.433', 'BrunoL', 24, NULL, 3);
INSERT INTO pr_system_actor_profiles (id, last_changed, last_modifier_id, actor_integration_profile_id, integration_profile_option_id, system_id) VALUES (27, '2009-02-27 14:56:23.211', 'BrunoL', 26, NULL, 3);
INSERT INTO pr_system_actor_profiles (id, last_changed, last_modifier_id, actor_integration_profile_id, integration_profile_option_id, system_id) VALUES (28, '2009-02-27 14:56:34.398', 'BrunoL', 27, NULL, 3);
INSERT INTO pr_system_actor_profiles (id, last_changed, last_modifier_id, actor_integration_profile_id, integration_profile_option_id, system_id) VALUES (29, '2009-02-27 14:56:46.843', 'BrunoL', 28, NULL, 3);
INSERT INTO pr_system_actor_profiles (id, last_changed, last_modifier_id, actor_integration_profile_id, integration_profile_option_id, system_id) VALUES (30, '2009-02-27 14:57:18.119', 'BrunoL', 85, NULL, 3);
INSERT INTO pr_system_actor_profiles (id, last_changed, last_modifier_id, actor_integration_profile_id, integration_profile_option_id, system_id) VALUES (31, '2009-02-27 14:57:30.83', 'BrunoL', 86, NULL, 3);
INSERT INTO pr_system_actor_profiles (id, last_changed, last_modifier_id, actor_integration_profile_id, integration_profile_option_id, system_id) VALUES (32, '2009-02-27 14:57:39.563', 'BrunoL', 88, NULL, 3);
INSERT INTO pr_system_actor_profiles (id, last_changed, last_modifier_id, actor_integration_profile_id, integration_profile_option_id, system_id) VALUES (33, '2009-02-27 14:57:49.814', 'BrunoL', 88, NULL, 3);
INSERT INTO pr_system_actor_profiles (id, last_changed, last_modifier_id, actor_integration_profile_id, integration_profile_option_id, system_id) VALUES (34, '2009-02-27 14:58:11.027', 'BrunoL', 88, NULL, 3);
INSERT INTO pr_system_actor_profiles (id, last_changed, last_modifier_id, actor_integration_profile_id, integration_profile_option_id, system_id) VALUES (35, '2009-02-27 14:58:26.483', 'BrunoL', 88, NULL, 3);
INSERT INTO pr_system_actor_profiles (id, last_changed, last_modifier_id, actor_integration_profile_id, integration_profile_option_id, system_id) VALUES (36, '2009-02-27 14:58:50.728', 'BrunoL', 89, NULL, 3);
INSERT INTO pr_system_actor_profiles (id, last_changed, last_modifier_id, actor_integration_profile_id, integration_profile_option_id, system_id) VALUES (37, '2009-02-27 14:59:32.335', 'BrunoL', 185, NULL, 3);
INSERT INTO pr_system_actor_profiles (id, last_changed, last_modifier_id, actor_integration_profile_id, integration_profile_option_id, system_id) VALUES (38, '2009-02-27 14:59:45.549', 'BrunoL', 188, NULL, 3);
INSERT INTO pr_system_actor_profiles (id, last_changed, last_modifier_id, actor_integration_profile_id, integration_profile_option_id, system_id) VALUES (39, '2009-02-27 15:00:56.205', 'BrunoL', 31, NULL, 3);
INSERT INTO pr_system_actor_profiles (id, last_changed, last_modifier_id, actor_integration_profile_id, integration_profile_option_id, system_id) VALUES (40, '2009-02-27 15:01:25.257', 'BrunoL', 15, NULL, 3);
INSERT INTO pr_system_actor_profiles (id, last_changed, last_modifier_id, actor_integration_profile_id, integration_profile_option_id, system_id) VALUES (41, '2009-02-27 15:01:38.546', 'BrunoL', 49, NULL, 3);
INSERT INTO pr_system_actor_profiles (id, last_changed, last_modifier_id, actor_integration_profile_id, integration_profile_option_id, system_id) VALUES (42, '2009-02-27 15:02:17.745', 'BrunoL', 150, NULL, 3);
INSERT INTO pr_system_actor_profiles (id, last_changed, last_modifier_id, actor_integration_profile_id, integration_profile_option_id, system_id) VALUES (65, '2009-04-24 06:42:50.861', 'shagun.grover', 161, NULL, 9);
INSERT INTO pr_system_actor_profiles (id, last_changed, last_modifier_id, actor_integration_profile_id, integration_profile_option_id, system_id) VALUES (66, '2009-04-24 06:43:15.947', 'shagun.grover', 161, NULL, 9);
INSERT INTO pr_system_actor_profiles (id, last_changed, last_modifier_id, actor_integration_profile_id, integration_profile_option_id, system_id) VALUES (67, '2009-04-24 06:43:56.678', 'shagun.grover', 161, NULL, 9);
INSERT INTO pr_system_actor_profiles (id, last_changed, last_modifier_id, actor_integration_profile_id, integration_profile_option_id, system_id) VALUES (75, '2009-04-27 22:34:12.389', 'jcolquitt', 293, NULL, 10);
INSERT INTO pr_system_actor_profiles (id, last_changed, last_modifier_id, actor_integration_profile_id, integration_profile_option_id, system_id) VALUES (76, '2009-04-27 22:34:26.578', 'jcolquitt', 31, NULL, 10);
INSERT INTO pr_system_actor_profiles (id, last_changed, last_modifier_id, actor_integration_profile_id, integration_profile_option_id, system_id) VALUES (77, '2009-04-27 22:36:46.972', 'jcolquitt', 91, NULL, 10);
INSERT INTO pr_system_actor_profiles (id, last_changed, last_modifier_id, actor_integration_profile_id, integration_profile_option_id, system_id) VALUES (78, '2009-04-27 22:37:57.38', 'jcolquitt', 106, 74, 10);
INSERT INTO pr_system_actor_profiles (id, last_changed, last_modifier_id, actor_integration_profile_id, integration_profile_option_id, system_id) VALUES (79, '2009-04-27 22:37:57.391', 'jcolquitt', 106, NULL, 10);
INSERT INTO pr_system_actor_profiles (id, last_changed, last_modifier_id, actor_integration_profile_id, integration_profile_option_id, system_id) VALUES (80, '2009-04-27 22:38:22.093', 'jcolquitt', 104, NULL, 10);
INSERT INTO pr_system_actor_profiles (id, last_changed, last_modifier_id, actor_integration_profile_id, integration_profile_option_id, system_id) VALUES (81, '2009-04-27 22:40:21.956', 'jcolquitt', 242, 111, 10);
INSERT INTO pr_system_actor_profiles (id, last_changed, last_modifier_id, actor_integration_profile_id, integration_profile_option_id, system_id) VALUES (82, '2009-04-27 22:40:21.963', 'jcolquitt', 242, NULL, 10);
INSERT INTO pr_system_actor_profiles (id, last_changed, last_modifier_id, actor_integration_profile_id, integration_profile_option_id, system_id) VALUES (85, '2009-04-27 22:40:55.072', 'jcolquitt', 242, 113, 10);
INSERT INTO pr_system_actor_profiles (id, last_changed, last_modifier_id, actor_integration_profile_id, integration_profile_option_id, system_id) VALUES (86, '2009-04-27 22:41:02.875', 'jcolquitt', 242, 112, 10);
INSERT INTO pr_system_actor_profiles (id, last_changed, last_modifier_id, actor_integration_profile_id, integration_profile_option_id, system_id) VALUES (87, '2009-04-27 22:41:54.668', 'jcolquitt', 309, NULL, 10);
INSERT INTO pr_system_actor_profiles (id, last_changed, last_modifier_id, actor_integration_profile_id, integration_profile_option_id, system_id) VALUES (88, '2009-04-29 15:10:12.049', 'witting', 7, NULL, 11);
INSERT INTO pr_system_actor_profiles (id, last_changed, last_modifier_id, actor_integration_profile_id, integration_profile_option_id, system_id) VALUES (89, '2009-04-29 15:10:40.875', 'witting', 293, 33, 11);
INSERT INTO pr_system_actor_profiles (id, last_changed, last_modifier_id, actor_integration_profile_id, integration_profile_option_id, system_id) VALUES (90, '2009-04-29 15:11:02.882', 'witting', 31, NULL, 11);
INSERT INTO pr_system_actor_profiles (id, last_changed, last_modifier_id, actor_integration_profile_id, integration_profile_option_id, system_id) VALUES (91, '2009-04-29 15:11:30.781', 'witting', 264, 146, 11);
INSERT INTO pr_system_actor_profiles (id, last_changed, last_modifier_id, actor_integration_profile_id, integration_profile_option_id, system_id) VALUES (92, '2009-04-29 15:11:30.789', 'witting', 264, NULL, 11);
INSERT INTO pr_system_actor_profiles (id, last_changed, last_modifier_id, actor_integration_profile_id, integration_profile_option_id, system_id) VALUES (93, '2009-04-29 15:11:36.886', 'witting', 264, 135, 11);
INSERT INTO pr_system_actor_profiles (id, last_changed, last_modifier_id, actor_integration_profile_id, integration_profile_option_id, system_id) VALUES (94, '2009-04-29 15:20:08.939', 'witting', 265, NULL, 11);
INSERT INTO pr_system_actor_profiles (id, last_changed, last_modifier_id, actor_integration_profile_id, integration_profile_option_id, system_id) VALUES (95, '2009-04-29 15:21:20.697', 'witting', 253, NULL, 11);
INSERT INTO pr_system_actor_profiles (id, last_changed, last_modifier_id, actor_integration_profile_id, integration_profile_option_id, system_id) VALUES (96, '2009-04-29 15:21:53.55', 'witting', 166, NULL, 11);
INSERT INTO pr_system_actor_profiles (id, last_changed, last_modifier_id, actor_integration_profile_id, integration_profile_option_id, system_id) VALUES (97, '2009-04-29 15:22:06.971', 'witting', 167, NULL, 11);
INSERT INTO pr_system_actor_profiles (id, last_changed, last_modifier_id, actor_integration_profile_id, integration_profile_option_id, system_id) VALUES (99, '2009-04-29 15:23:00.568', 'witting', 262, 146, 11);
INSERT INTO pr_system_actor_profiles (id, last_changed, last_modifier_id, actor_integration_profile_id, integration_profile_option_id, system_id) VALUES (100, '2009-04-29 15:23:00.571', 'witting', 262, NULL, 11);
INSERT INTO pr_system_actor_profiles (id, last_changed, last_modifier_id, actor_integration_profile_id, integration_profile_option_id, system_id) VALUES (101, '2009-04-29 15:23:07.735', 'witting', 262, 115, 11);
INSERT INTO pr_system_actor_profiles (id, last_changed, last_modifier_id, actor_integration_profile_id, integration_profile_option_id, system_id) VALUES (102, '2009-04-29 15:26:07.934', 'witting', 261, 146, 11);
INSERT INTO pr_system_actor_profiles (id, last_changed, last_modifier_id, actor_integration_profile_id, integration_profile_option_id, system_id) VALUES (103, '2009-04-29 15:26:07.942', 'witting', 261, NULL, 11);
INSERT INTO pr_system_actor_profiles (id, last_changed, last_modifier_id, actor_integration_profile_id, integration_profile_option_id, system_id) VALUES (105, '2009-05-07 09:27:11.337', 'timmer', 157, NULL, 12);
INSERT INTO pr_system_actor_profiles (id, last_changed, last_modifier_id, actor_integration_profile_id, integration_profile_option_id, system_id) VALUES (107, '2009-05-07 09:28:05.528', 'timmer', 24, NULL, 12);
INSERT INTO pr_system_actor_profiles (id, last_changed, last_modifier_id, actor_integration_profile_id, integration_profile_option_id, system_id) VALUES (108, '2009-05-07 09:28:20.008', 'timmer', 64, NULL, 12);
INSERT INTO pr_system_actor_profiles (id, last_changed, last_modifier_id, actor_integration_profile_id, integration_profile_option_id, system_id) VALUES (109, '2009-05-07 09:28:56.068', 'timmer', 52, NULL, 12);
INSERT INTO pr_system_actor_profiles (id, last_changed, last_modifier_id, actor_integration_profile_id, integration_profile_option_id, system_id) VALUES (110, '2009-05-07 09:29:27.887', 'timmer', 31, NULL, 12);
INSERT INTO pr_system_actor_profiles (id, last_changed, last_modifier_id, actor_integration_profile_id, integration_profile_option_id, system_id) VALUES (111, '2009-05-07 09:30:06.638', 'timmer', 293, NULL, 12);
INSERT INTO pr_system_actor_profiles (id, last_changed, last_modifier_id, actor_integration_profile_id, integration_profile_option_id, system_id) VALUES (112, '2009-05-07 09:30:32.319', 'timmer', 169, NULL, 12);
INSERT INTO pr_system_actor_profiles (id, last_changed, last_modifier_id, actor_integration_profile_id, integration_profile_option_id, system_id) VALUES (113, '2009-05-07 09:30:47.045', 'timmer', 260, NULL, 12);
INSERT INTO pr_system_actor_profiles (id, last_changed, last_modifier_id, actor_integration_profile_id, integration_profile_option_id, system_id) VALUES (115, '2009-05-07 09:32:35.933', 'timmer', 172, NULL, 12);
INSERT INTO pr_system_actor_profiles (id, last_changed, last_modifier_id, actor_integration_profile_id, integration_profile_option_id, system_id) VALUES (116, '2009-05-07 09:34:35.90', 'timmer', 159, NULL, 12);
INSERT INTO pr_system_actor_profiles (id, last_changed, last_modifier_id, actor_integration_profile_id, integration_profile_option_id, system_id) VALUES (117, '2009-05-07 09:34:38.329', 'timmer', 100, NULL, 12);
INSERT INTO pr_system_actor_profiles (id, last_changed, last_modifier_id, actor_integration_profile_id, integration_profile_option_id, system_id) VALUES (118, '2009-05-07 09:43:26.315', 'timmer', 215, NULL, 12);
INSERT INTO pr_system_actor_profiles (id, last_changed, last_modifier_id, actor_integration_profile_id, integration_profile_option_id, system_id) VALUES (119, '2009-05-07 09:43:26.895', 'timmer', 215, NULL, 12);
INSERT INTO pr_system_actor_profiles (id, last_changed, last_modifier_id, actor_integration_profile_id, integration_profile_option_id, system_id) VALUES (121, '2009-07-15 13:54:34.324', 'MOberfell', 55, 85, 13);
INSERT INTO pr_system_actor_profiles (id, last_changed, last_modifier_id, actor_integration_profile_id, integration_profile_option_id, system_id) VALUES (122, '2009-07-15 13:54:34.359', 'MOberfell', 55, 1, 13);
INSERT INTO pr_system_actor_profiles (id, last_changed, last_modifier_id, actor_integration_profile_id, integration_profile_option_id, system_id) VALUES (124, '2009-07-15 13:55:55.389', 'MOberfell', 40, 1, 13);
INSERT INTO pr_system_actor_profiles (id, last_changed, last_modifier_id, actor_integration_profile_id, integration_profile_option_id, system_id) VALUES (125, '2009-07-15 13:57:07.886', 'MOberfell', 32, 1, 13);
INSERT INTO pr_system_actor_profiles (id, last_changed, last_modifier_id, actor_integration_profile_id, integration_profile_option_id, system_id) VALUES (126, '2009-07-15 13:58:16.256', 'MOberfell', 117, 1, 13);
INSERT INTO pr_system_actor_profiles (id, last_changed, last_modifier_id, actor_integration_profile_id, integration_profile_option_id, system_id) VALUES (127, '2009-07-15 14:19:40.119', 'MOberfell', 161, 1, 14);
INSERT INTO pr_system_actor_profiles (id, last_changed, last_modifier_id, actor_integration_profile_id, integration_profile_option_id, system_id) VALUES (128, '2009-07-15 14:20:14.871', 'MOberfell', 160, 1, 14);
INSERT INTO pr_system_actor_profiles (id, last_changed, last_modifier_id, actor_integration_profile_id, integration_profile_option_id, system_id) VALUES (129, '2009-07-15 14:20:56.851', 'MOberfell', 28, 1, 14);
INSERT INTO pr_system_actor_profiles (id, last_changed, last_modifier_id, actor_integration_profile_id, integration_profile_option_id, system_id) VALUES (130, '2009-07-15 14:21:23.292', 'MOberfell', 149, 1, 14);
INSERT INTO pr_system_actor_profiles (id, last_changed, last_modifier_id, actor_integration_profile_id, integration_profile_option_id, system_id) VALUES (131, '2009-07-15 14:22:11.992', 'MOberfell', 151, 1, 14);
INSERT INTO pr_system_actor_profiles (id, last_changed, last_modifier_id, actor_integration_profile_id, integration_profile_option_id, system_id) VALUES (132, '2009-07-15 14:22:41.406', 'MOberfell', 85, 1, 14);
INSERT INTO pr_system_actor_profiles (id, last_changed, last_modifier_id, actor_integration_profile_id, integration_profile_option_id, system_id) VALUES (133, '2009-07-15 14:23:16.688', 'MOberfell', 88, 1, 14);
INSERT INTO pr_system_actor_profiles (id, last_changed, last_modifier_id, actor_integration_profile_id, integration_profile_option_id, system_id) VALUES (134, '2009-07-15 14:23:43.227', 'MOberfell', 89, 1, 14);
INSERT INTO pr_system_actor_profiles (id, last_changed, last_modifier_id, actor_integration_profile_id, integration_profile_option_id, system_id) VALUES (135, '2009-07-15 14:24:20.616', 'MOberfell', 90, 1, 14);
INSERT INTO pr_system_actor_profiles (id, last_changed, last_modifier_id, actor_integration_profile_id, integration_profile_option_id, system_id) VALUES (136, '2009-07-16 08:49:16.076', 'MOberfell', 155, 1, 15);
INSERT INTO pr_system_actor_profiles (id, last_changed, last_modifier_id, actor_integration_profile_id, integration_profile_option_id, system_id) VALUES (137, '2009-07-16 08:49:52.944', 'MOberfell', 157, 1, 15);
INSERT INTO pr_system_actor_profiles (id, last_changed, last_modifier_id, actor_integration_profile_id, integration_profile_option_id, system_id) VALUES (138, '2009-07-16 08:50:23.288', 'MOberfell', 159, 1, 15);
INSERT INTO pr_system_actor_profiles (id, last_changed, last_modifier_id, actor_integration_profile_id, integration_profile_option_id, system_id) VALUES (139, '2009-07-16 08:50:55.137', 'MOberfell', 161, 1, 15);
INSERT INTO pr_system_actor_profiles (id, last_changed, last_modifier_id, actor_integration_profile_id, integration_profile_option_id, system_id) VALUES (140, '2009-07-16 08:51:26.42', 'MOberfell', 99, 1, 15);
INSERT INTO pr_system_actor_profiles (id, last_changed, last_modifier_id, actor_integration_profile_id, integration_profile_option_id, system_id) VALUES (141, '2009-07-16 08:51:59.261', 'MOberfell', 100, 1, 15);
INSERT INTO pr_system_actor_profiles (id, last_changed, last_modifier_id, actor_integration_profile_id, integration_profile_option_id, system_id) VALUES (142, '2009-07-16 08:52:31.373', 'MOberfell', 123, 1, 15);
INSERT INTO pr_system_actor_profiles (id, last_changed, last_modifier_id, actor_integration_profile_id, integration_profile_option_id, system_id) VALUES (143, '2009-07-16 08:53:10.894', 'MOberfell', 122, 1, 15);
INSERT INTO pr_system_actor_profiles (id, last_changed, last_modifier_id, actor_integration_profile_id, integration_profile_option_id, system_id) VALUES (144, '2009-07-16 08:54:06.274', 'MOberfell', 24, 1, 15);
INSERT INTO pr_system_actor_profiles (id, last_changed, last_modifier_id, actor_integration_profile_id, integration_profile_option_id, system_id) VALUES (145, '2009-07-16 08:54:29.918', 'MOberfell', 28, 1, 15);
INSERT INTO pr_system_actor_profiles (id, last_changed, last_modifier_id, actor_integration_profile_id, integration_profile_option_id, system_id) VALUES (146, '2009-07-16 09:00:45.178', 'MOberfell', 64, 1, 15);
INSERT INTO pr_system_actor_profiles (id, last_changed, last_modifier_id, actor_integration_profile_id, integration_profile_option_id, system_id) VALUES (147, '2009-07-16 09:01:12.292', 'MOberfell', 52, 1, 15);
INSERT INTO pr_system_actor_profiles (id, last_changed, last_modifier_id, actor_integration_profile_id, integration_profile_option_id, system_id) VALUES (148, '2009-07-16 09:01:40.484', 'MOberfell', 150, 1, 15);
INSERT INTO pr_system_actor_profiles (id, last_changed, last_modifier_id, actor_integration_profile_id, integration_profile_option_id, system_id) VALUES (149, '2009-07-16 09:02:46.719', 'MOberfell', 1, 12, 15);
INSERT INTO pr_system_actor_profiles (id, last_changed, last_modifier_id, actor_integration_profile_id, integration_profile_option_id, system_id) VALUES (150, '2009-07-16 09:02:46.736', 'MOberfell', 1, 1, 15);
INSERT INTO pr_system_actor_profiles (id, last_changed, last_modifier_id, actor_integration_profile_id, integration_profile_option_id, system_id) VALUES (151, '2009-07-16 09:03:24.843', 'MOberfell', 3, 12, 15);
INSERT INTO pr_system_actor_profiles (id, last_changed, last_modifier_id, actor_integration_profile_id, integration_profile_option_id, system_id) VALUES (152, '2009-07-16 09:03:24.862', 'MOberfell', 3, 1, 15);
INSERT INTO pr_system_actor_profiles (id, last_changed, last_modifier_id, actor_integration_profile_id, integration_profile_option_id, system_id) VALUES (153, '2009-07-16 09:04:02.139', 'MOberfell', 2, 1, 15);
INSERT INTO pr_system_actor_profiles (id, last_changed, last_modifier_id, actor_integration_profile_id, integration_profile_option_id, system_id) VALUES (154, '2009-07-16 09:04:31.671', 'MOberfell', 185, 1, 15);
INSERT INTO pr_system_actor_profiles (id, last_changed, last_modifier_id, actor_integration_profile_id, integration_profile_option_id, system_id) VALUES (155, '2009-07-16 09:05:59.366', 'MOberfell', 78, 1, 15);
INSERT INTO pr_system_actor_profiles (id, last_changed, last_modifier_id, actor_integration_profile_id, integration_profile_option_id, system_id) VALUES (156, '2009-07-16 09:07:03.307', 'MOberfell', 85, 1, 15);
INSERT INTO pr_system_actor_profiles (id, last_changed, last_modifier_id, actor_integration_profile_id, integration_profile_option_id, system_id) VALUES (157, '2009-07-16 09:07:40.637', 'MOberfell', 88, 1, 15);
INSERT INTO pr_system_actor_profiles (id, last_changed, last_modifier_id, actor_integration_profile_id, integration_profile_option_id, system_id) VALUES (158, '2009-07-16 09:08:15.635', 'MOberfell', 89, 1, 15);
INSERT INTO pr_system_actor_profiles (id, last_changed, last_modifier_id, actor_integration_profile_id, integration_profile_option_id, system_id) VALUES (159, '2009-07-16 09:08:48.391', 'MOberfell', 31, 1, 15);
INSERT INTO pr_system_actor_profiles (id, last_changed, last_modifier_id, actor_integration_profile_id, integration_profile_option_id, system_id) VALUES (161, '2009-07-16 09:10:07.888', 'MOberfell', 30, 1, 15);
INSERT INTO pr_system_actor_profiles (id, last_changed, last_modifier_id, actor_integration_profile_id, integration_profile_option_id, system_id) VALUES (162, '2009-07-16 09:11:40.083', 'MOberfell', 240, 1, 15);
INSERT INTO pr_system_actor_profiles (id, last_changed, last_modifier_id, actor_integration_profile_id, integration_profile_option_id, system_id) VALUES (163, '2009-07-17 16:31:51.717', 'epoiseau', 2, 1, 14);
INSERT INTO pr_system_actor_profiles (id, last_changed, last_modifier_id, actor_integration_profile_id, integration_profile_option_id, system_id) VALUES (164, '2009-08-06 19:50:14.692', 'laroccam', 7, 1, 16);
INSERT INTO pr_system_actor_profiles (id, last_changed, last_modifier_id, actor_integration_profile_id, integration_profile_option_id, system_id) VALUES (165, '2009-08-06 19:50:32.354', 'laroccam', 293, 1, 16);
INSERT INTO pr_system_actor_profiles (id, last_changed, last_modifier_id, actor_integration_profile_id, integration_profile_option_id, system_id) VALUES (166, '2009-08-06 19:50:55.649', 'laroccam', 31, 1, 16);
INSERT INTO pr_system_actor_profiles (id, last_changed, last_modifier_id, actor_integration_profile_id, integration_profile_option_id, system_id) VALUES (167, '2009-08-06 19:51:14.335', 'laroccam', 257, 1, 16);
INSERT INTO pr_system_actor_profiles (id, last_changed, last_modifier_id, actor_integration_profile_id, integration_profile_option_id, system_id) VALUES (168, '2009-08-06 19:51:27.226', 'laroccam', 258, 1, 16);
INSERT INTO pr_system_actor_profiles (id, last_changed, last_modifier_id, actor_integration_profile_id, integration_profile_option_id, system_id) VALUES (169, '2009-08-06 19:51:48.354', 'laroccam', 255, 1, 16);
INSERT INTO pr_system_actor_profiles (id, last_changed, last_modifier_id, actor_integration_profile_id, integration_profile_option_id, system_id) VALUES (170, '2009-08-06 19:52:04.804', 'laroccam', 256, 1, 16);
INSERT INTO pr_system_actor_profiles (id, last_changed, last_modifier_id, actor_integration_profile_id, integration_profile_option_id, system_id) VALUES (171, '2009-08-06 19:52:46.531', 'laroccam', 264, 135, 16);
INSERT INTO pr_system_actor_profiles (id, last_changed, last_modifier_id, actor_integration_profile_id, integration_profile_option_id, system_id) VALUES (172, '2009-08-06 19:52:46.548', 'laroccam', 264, 1, 16);
INSERT INTO pr_system_actor_profiles (id, last_changed, last_modifier_id, actor_integration_profile_id, integration_profile_option_id, system_id) VALUES (173, '2009-08-06 19:52:57.205', 'laroccam', 265, 1, 16);
INSERT INTO pr_system_actor_profiles (id, last_changed, last_modifier_id, actor_integration_profile_id, integration_profile_option_id, system_id) VALUES (174, '2009-08-06 19:53:22.179', 'laroccam', 293, 33, 16);
INSERT INTO pr_system_actor_profiles (id, last_changed, last_modifier_id, actor_integration_profile_id, integration_profile_option_id, system_id) VALUES (182, '2009-09-01 03:48:50.163', 'mindrayguowei', 158, 1, 19);
INSERT INTO pr_system_actor_profiles (id, last_changed, last_modifier_id, actor_integration_profile_id, integration_profile_option_id, system_id) VALUES (183, '2009-09-01 03:51:04.751', 'mindrayguowei', 85, 1, 19);
INSERT INTO pr_system_actor_profiles (id, last_changed, last_modifier_id, actor_integration_profile_id, integration_profile_option_id, system_id) VALUES (184, '2009-09-01 03:54:06.907', 'mindrayguowei', 51, 1, 19);
INSERT INTO pr_system_actor_profiles (id, last_changed, last_modifier_id, actor_integration_profile_id, integration_profile_option_id, system_id) VALUES (187, '2009-09-15 19:40:57.033', 'fganong20', 106, 1, 22);
INSERT INTO pr_system_actor_profiles (id, last_changed, last_modifier_id, actor_integration_profile_id, integration_profile_option_id, system_id) VALUES (188, '2009-09-15 19:42:05.164', 'fganong20', 91, 1, 22);
INSERT INTO pr_system_actor_profiles (id, last_changed, last_modifier_id, actor_integration_profile_id, integration_profile_option_id, system_id) VALUES (189, '2009-09-15 19:42:34.363', 'fganong20', 31, 1, 22);
INSERT INTO pr_system_actor_profiles (id, last_changed, last_modifier_id, actor_integration_profile_id, integration_profile_option_id, system_id) VALUES (190, '2009-09-15 19:42:41.811', 'fganong20', 261, 1, 22);
INSERT INTO pr_system_actor_profiles (id, last_changed, last_modifier_id, actor_integration_profile_id, integration_profile_option_id, system_id) VALUES (192, '2009-09-15 19:56:44.469', 'fganong20', 293, 1, 22);
INSERT INTO pr_system_actor_profiles (id, last_changed, last_modifier_id, actor_integration_profile_id, integration_profile_option_id, system_id) VALUES (193, '2009-09-15 19:58:27.824', 'fganong20', 157, 1, 22);
INSERT INTO pr_system_actor_profiles (id, last_changed, last_modifier_id, actor_integration_profile_id, integration_profile_option_id, system_id) VALUES (194, '2009-09-15 19:58:48.291', 'fganong20', 99, 1, 22);
INSERT INTO pr_system_actor_profiles (id, last_changed, last_modifier_id, actor_integration_profile_id, integration_profile_option_id, system_id) VALUES (195, '2009-09-15 19:59:15.483', 'fganong20', 24, 1, 22);
INSERT INTO pr_system_actor_profiles (id, last_changed, last_modifier_id, actor_integration_profile_id, integration_profile_option_id, system_id) VALUES (196, '2009-09-15 19:59:32.792', 'fganong20', 93, 1, 22);
INSERT INTO pr_system_actor_profiles (id, last_changed, last_modifier_id, actor_integration_profile_id, integration_profile_option_id, system_id) VALUES (197, '2009-09-15 19:59:54.898', 'fganong20', 64, 1, 22);
INSERT INTO pr_system_actor_profiles (id, last_changed, last_modifier_id, actor_integration_profile_id, integration_profile_option_id, system_id) VALUES (198, '2009-09-15 20:00:20.078', 'fganong20', 153, 1, 22);
INSERT INTO pr_system_actor_profiles (id, last_changed, last_modifier_id, actor_integration_profile_id, integration_profile_option_id, system_id) VALUES (199, '2009-09-15 20:00:54.686', 'fganong20', 78, 1, 22);
INSERT INTO pr_system_actor_profiles (id, last_changed, last_modifier_id, actor_integration_profile_id, integration_profile_option_id, system_id) VALUES (200, '2009-09-15 20:01:49.862', 'fganong20', 11, 1, 22);
INSERT INTO pr_system_actor_profiles (id, last_changed, last_modifier_id, actor_integration_profile_id, integration_profile_option_id, system_id) VALUES (201, '2009-09-15 20:02:07.892', 'fganong20', 45, 1, 22);
INSERT INTO pr_system_actor_profiles (id, last_changed, last_modifier_id, actor_integration_profile_id, integration_profile_option_id, system_id) VALUES (202, '2009-09-15 20:02:20.059', 'fganong20', 34, 1, 22);
INSERT INTO pr_system_actor_profiles (id, last_changed, last_modifier_id, actor_integration_profile_id, integration_profile_option_id, system_id) VALUES (203, '2009-09-15 20:08:02.05', 'fganong20', 159, 1, 22);
INSERT INTO pr_system_actor_profiles (id, last_changed, last_modifier_id, actor_integration_profile_id, integration_profile_option_id, system_id) VALUES (204, '2009-09-15 22:23:30.985', 'epoiseau', 1, 1, 22);
INSERT INTO pr_system_actor_profiles (id, last_changed, last_modifier_id, actor_integration_profile_id, integration_profile_option_id, system_id) VALUES (205, '2009-09-21 11:08:17.71', 'MOberfell', 158, 1, 23);
INSERT INTO pr_system_actor_profiles (id, last_changed, last_modifier_id, actor_integration_profile_id, integration_profile_option_id, system_id) VALUES (206, '2009-09-21 11:08:44.301', 'MOberfell', 98, 1, 23);
INSERT INTO pr_system_actor_profiles (id, last_changed, last_modifier_id, actor_integration_profile_id, integration_profile_option_id, system_id) VALUES (207, '2009-09-21 11:11:19.562', 'MOberfell', 50, 1, 23);
INSERT INTO pr_system_actor_profiles (id, last_changed, last_modifier_id, actor_integration_profile_id, integration_profile_option_id, system_id) VALUES (209, '2009-09-21 12:28:25.828', 'epoiseau', 158, 7, 23);
INSERT INTO pr_system_actor_profiles (id, last_changed, last_modifier_id, actor_integration_profile_id, integration_profile_option_id, system_id) VALUES (210, '2009-09-21 12:28:41.381', 'epoiseau', 158, 6, 23);
INSERT INTO pr_system_actor_profiles (id, last_changed, last_modifier_id, actor_integration_profile_id, integration_profile_option_id, system_id) VALUES (213, '2009-09-23 16:24:46.532', 'MOberfell', 161, 1, 24);
INSERT INTO pr_system_actor_profiles (id, last_changed, last_modifier_id, actor_integration_profile_id, integration_profile_option_id, system_id) VALUES (214, '2009-09-23 16:25:11.596', 'MOberfell', 187, 1, 24);
INSERT INTO pr_system_actor_profiles (id, last_changed, last_modifier_id, actor_integration_profile_id, integration_profile_option_id, system_id) VALUES (215, '2009-09-23 16:26:09.799', 'MOberfell', 2, 1, 24);
INSERT INTO pr_system_actor_profiles (id, last_changed, last_modifier_id, actor_integration_profile_id, integration_profile_option_id, system_id) VALUES (216, '2009-09-23 16:27:06.297', 'MOberfell', 85, 1, 24);
INSERT INTO pr_system_actor_profiles (id, last_changed, last_modifier_id, actor_integration_profile_id, integration_profile_option_id, system_id) VALUES (217, '2009-09-23 16:27:27.60', 'MOberfell', 89, 1, 24);
INSERT INTO pr_system_actor_profiles (id, last_changed, last_modifier_id, actor_integration_profile_id, integration_profile_option_id, system_id) VALUES (218, '2009-09-23 16:27:41.623', 'MOberfell', 88, 1, 24);
INSERT INTO pr_system_actor_profiles (id, last_changed, last_modifier_id, actor_integration_profile_id, integration_profile_option_id, system_id) VALUES (219, '2009-10-14 10:43:21.463', 'Nolte', 158, 6, 26);
INSERT INTO pr_system_actor_profiles (id, last_changed, last_modifier_id, actor_integration_profile_id, integration_profile_option_id, system_id) VALUES (220, '2009-10-14 10:43:33.217', 'Nolte', 158, 7, 26);
INSERT INTO pr_system_actor_profiles (id, last_changed, last_modifier_id, actor_integration_profile_id, integration_profile_option_id, system_id) VALUES (221, '2009-10-14 10:43:49.094', 'Nolte', 158, 3, 26);
INSERT INTO pr_system_actor_profiles (id, last_changed, last_modifier_id, actor_integration_profile_id, integration_profile_option_id, system_id) VALUES (222, '2009-10-14 10:44:07.725', 'Nolte', 161, 1, 26);
INSERT INTO pr_system_actor_profiles (id, last_changed, last_modifier_id, actor_integration_profile_id, integration_profile_option_id, system_id) VALUES (223, '2009-10-14 10:44:14.81', 'Nolte', 160, 1, 26);
INSERT INTO pr_system_actor_profiles (id, last_changed, last_modifier_id, actor_integration_profile_id, integration_profile_option_id, system_id) VALUES (224, '2009-10-14 10:44:51.613', 'Nolte', 12, 6, 26);
INSERT INTO pr_system_actor_profiles (id, last_changed, last_modifier_id, actor_integration_profile_id, integration_profile_option_id, system_id) VALUES (225, '2009-10-14 10:44:51.644', 'Nolte', 12, 1, 26);
INSERT INTO pr_system_actor_profiles (id, last_changed, last_modifier_id, actor_integration_profile_id, integration_profile_option_id, system_id) VALUES (226, '2009-10-14 10:46:32.861', 'Nolte', 15, 1, 26);
INSERT INTO pr_system_actor_profiles (id, last_changed, last_modifier_id, actor_integration_profile_id, integration_profile_option_id, system_id) VALUES (227, '2009-10-14 10:47:05.689', 'Nolte', 12, 7, 26);
INSERT INTO pr_system_actor_profiles (id, last_changed, last_modifier_id, actor_integration_profile_id, integration_profile_option_id, system_id) VALUES (228, '2009-10-14 10:48:05.051', 'Nolte', 98, 1, 26);
INSERT INTO pr_system_actor_profiles (id, last_changed, last_modifier_id, actor_integration_profile_id, integration_profile_option_id, system_id) VALUES (230, '2009-10-14 10:49:15.964', 'Nolte', 28, 1, 26);
INSERT INTO pr_system_actor_profiles (id, last_changed, last_modifier_id, actor_integration_profile_id, integration_profile_option_id, system_id) VALUES (231, '2009-10-14 10:50:28.57', 'Nolte', 31, 43, 26);
INSERT INTO pr_system_actor_profiles (id, last_changed, last_modifier_id, actor_integration_profile_id, integration_profile_option_id, system_id) VALUES (232, '2009-10-14 10:50:58.724', 'Nolte', 85, 1, 26);
INSERT INTO pr_system_actor_profiles (id, last_changed, last_modifier_id, actor_integration_profile_id, integration_profile_option_id, system_id) VALUES (233, '2009-10-14 10:51:10.129', 'Nolte', 88, 1, 26);
INSERT INTO pr_system_actor_profiles (id, last_changed, last_modifier_id, actor_integration_profile_id, integration_profile_option_id, system_id) VALUES (234, '2009-10-14 10:51:19.684', 'Nolte', 89, 1, 26);
INSERT INTO pr_system_actor_profiles (id, last_changed, last_modifier_id, actor_integration_profile_id, integration_profile_option_id, system_id) VALUES (235, '2009-10-14 10:51:37.818', 'Nolte', 301, 1, 26);
INSERT INTO pr_system_actor_profiles (id, last_changed, last_modifier_id, actor_integration_profile_id, integration_profile_option_id, system_id) VALUES (236, '2009-10-14 11:02:26.541', 'Nolte', 2, 12, 26);
INSERT INTO pr_system_actor_profiles (id, last_changed, last_modifier_id, actor_integration_profile_id, integration_profile_option_id, system_id) VALUES (237, '2009-10-14 11:05:03.967', 'Nolte', 158, 8, 26);
INSERT INTO pr_system_actor_profiles (id, last_changed, last_modifier_id, actor_integration_profile_id, integration_profile_option_id, system_id) VALUES (238, '2009-10-14 11:05:18.143', 'Nolte', 158, 9, 26);
INSERT INTO pr_system_actor_profiles (id, last_changed, last_modifier_id, actor_integration_profile_id, integration_profile_option_id, system_id) VALUES (242, '2009-10-27 22:16:03.032', 'epoiseau', 247, 1, 25);
INSERT INTO pr_system_actor_profiles (id, last_changed, last_modifier_id, actor_integration_profile_id, integration_profile_option_id, system_id) VALUES (243, '2009-10-27 22:16:12.89', 'epoiseau', 217, 1, 25);
INSERT INTO pr_system_actor_profiles (id, last_changed, last_modifier_id, actor_integration_profile_id, integration_profile_option_id, system_id) VALUES (244, '2009-10-27 22:16:28.184', 'epoiseau', 31, 1, 25);
INSERT INTO pr_system_actor_profiles (id, last_changed, last_modifier_id, actor_integration_profile_id, integration_profile_option_id, system_id) VALUES (245, '2009-10-27 22:16:46.107', 'epoiseau', 39, 1, 25);
INSERT INTO pr_system_actor_profiles (id, last_changed, last_modifier_id, actor_integration_profile_id, integration_profile_option_id, system_id) VALUES (246, '2009-10-27 22:16:52.446', 'epoiseau', 38, 1, 25);
INSERT INTO pr_system_actor_profiles (id, last_changed, last_modifier_id, actor_integration_profile_id, integration_profile_option_id, system_id) VALUES (247, '2009-10-27 22:17:17.975', 'epoiseau', 91, 147, 25);
INSERT INTO pr_system_actor_profiles (id, last_changed, last_modifier_id, actor_integration_profile_id, integration_profile_option_id, system_id) VALUES (248, '2009-10-27 22:17:38.074', 'epoiseau', 92, 147, 25);
INSERT INTO pr_system_actor_profiles (id, last_changed, last_modifier_id, actor_integration_profile_id, integration_profile_option_id, system_id) VALUES (249, '2009-10-27 22:17:38.102', 'epoiseau', 92, 1, 25);
INSERT INTO pr_system_actor_profiles (id, last_changed, last_modifier_id, actor_integration_profile_id, integration_profile_option_id, system_id) VALUES (250, '2009-10-27 22:18:12.193', 'epoiseau', 258, 147, 25);
INSERT INTO pr_system_actor_profiles (id, last_changed, last_modifier_id, actor_integration_profile_id, integration_profile_option_id, system_id) VALUES (251, '2009-10-27 22:18:43.754', 'epoiseau', 101, 1, 25);
INSERT INTO pr_system_actor_profiles (id, last_changed, last_modifier_id, actor_integration_profile_id, integration_profile_option_id, system_id) VALUES (252, '2009-10-28 17:24:29.94', 'bklaver', 105, 147, 27);
INSERT INTO pr_system_actor_profiles (id, last_changed, last_modifier_id, actor_integration_profile_id, integration_profile_option_id, system_id) VALUES (253, '2009-10-28 17:24:29.989', 'bklaver', 105, 1, 27);
INSERT INTO pr_system_actor_profiles (id, last_changed, last_modifier_id, actor_integration_profile_id, integration_profile_option_id, system_id) VALUES (254, '2009-10-28 17:25:37.484', 'bklaver', 256, 1, 27);
INSERT INTO pr_system_actor_profiles (id, last_changed, last_modifier_id, actor_integration_profile_id, integration_profile_option_id, system_id) VALUES (255, '2009-10-28 17:26:13.935', 'bklaver', 293, 33, 27);
INSERT INTO pr_system_actor_profiles (id, last_changed, last_modifier_id, actor_integration_profile_id, integration_profile_option_id, system_id) VALUES (256, '2009-10-28 17:26:55.291', 'bklaver', 31, 1, 27);
INSERT INTO pr_system_actor_profiles (id, last_changed, last_modifier_id, actor_integration_profile_id, integration_profile_option_id, system_id) VALUES (257, '2009-10-28 17:27:14.283', 'bklaver', 31, 44, 27);
INSERT INTO pr_system_actor_profiles (id, last_changed, last_modifier_id, actor_integration_profile_id, integration_profile_option_id, system_id) VALUES (258, '2009-10-28 17:28:07.452', 'bklaver', 81, 1, 27);
INSERT INTO pr_system_actor_profiles (id, last_changed, last_modifier_id, actor_integration_profile_id, integration_profile_option_id, system_id) VALUES (259, '2009-10-28 17:28:24.121', 'bklaver', 81, 56, 27);
INSERT INTO pr_system_actor_profiles (id, last_changed, last_modifier_id, actor_integration_profile_id, integration_profile_option_id, system_id) VALUES (260, '2009-10-28 17:29:01.764', 'bklaver', 92, 30, 27);
INSERT INTO pr_system_actor_profiles (id, last_changed, last_modifier_id, actor_integration_profile_id, integration_profile_option_id, system_id) VALUES (261, '2009-10-28 17:29:13.877', 'bklaver', 92, 147, 27);
INSERT INTO pr_system_actor_profiles (id, last_changed, last_modifier_id, actor_integration_profile_id, integration_profile_option_id, system_id) VALUES (262, '2009-10-28 17:30:01.483', 'bklaver', 258, 147, 27);
INSERT INTO pr_system_actor_profiles (id, last_changed, last_modifier_id, actor_integration_profile_id, integration_profile_option_id, system_id) VALUES (263, '2009-10-28 17:30:42.495', 'bklaver', 491, 1, 27);
INSERT INTO pr_system_actor_profiles (id, last_changed, last_modifier_id, actor_integration_profile_id, integration_profile_option_id, system_id) VALUES (264, '2009-10-28 17:31:03.222', 'bklaver', 443, 1, 27);
INSERT INTO pr_system_actor_profiles (id, last_changed, last_modifier_id, actor_integration_profile_id, integration_profile_option_id, system_id) VALUES (265, '2009-10-28 17:31:20.444', 'bklaver', 445, 1, 27);
INSERT INTO pr_system_actor_profiles (id, last_changed, last_modifier_id, actor_integration_profile_id, integration_profile_option_id, system_id) VALUES (266, '2009-10-28 17:31:46.544', 'bklaver', 476, 1, 27);
INSERT INTO pr_system_actor_profiles (id, last_changed, last_modifier_id, actor_integration_profile_id, integration_profile_option_id, system_id) VALUES (267, '2009-10-28 17:32:08.635', 'bklaver', 476, 147, 27);
INSERT INTO pr_system_actor_profiles (id, last_changed, last_modifier_id, actor_integration_profile_id, integration_profile_option_id, system_id) VALUES (268, '2009-10-28 17:33:11.57', 'bklaver', 474, 1, 27);
INSERT INTO pr_system_actor_profiles (id, last_changed, last_modifier_id, actor_integration_profile_id, integration_profile_option_id, system_id) VALUES (269, '2009-10-28 17:33:29.393', 'bklaver', 473, 1, 27);
INSERT INTO pr_system_actor_profiles (id, last_changed, last_modifier_id, actor_integration_profile_id, integration_profile_option_id, system_id) VALUES (270, '2009-10-28 17:33:54.499', 'bklaver', 104, 147, 27);
INSERT INTO pr_system_actor_profiles (id, last_changed, last_modifier_id, actor_integration_profile_id, integration_profile_option_id, system_id) VALUES (271, '2009-10-28 17:33:54.527', 'bklaver', 104, 1, 27);
INSERT INTO pr_system_actor_profiles (id, last_changed, last_modifier_id, actor_integration_profile_id, integration_profile_option_id, system_id) VALUES (272, '2009-10-28 17:37:08.181', 'bklaver', 254, 1, 27);
INSERT INTO pr_system_actor_profiles (id, last_changed, last_modifier_id, actor_integration_profile_id, integration_profile_option_id, system_id) VALUES (273, '2009-11-03 05:42:05.245', 'sbajaj', 6, 1, 30);
INSERT INTO pr_system_actor_profiles (id, last_changed, last_modifier_id, actor_integration_profile_id, integration_profile_option_id, system_id) VALUES (274, '2009-11-03 05:42:53.304', 'sbajaj', 31, 1, 30);
INSERT INTO pr_system_actor_profiles (id, last_changed, last_modifier_id, actor_integration_profile_id, integration_profile_option_id, system_id) VALUES (275, '2009-11-03 05:43:48.337', 'sbajaj', 167, 1, 30);
INSERT INTO pr_system_actor_profiles (id, last_changed, last_modifier_id, actor_integration_profile_id, integration_profile_option_id, system_id) VALUES (276, '2009-11-17 16:18:02.233', 'pbuytaert', 155, 25, 31);
INSERT INTO pr_system_actor_profiles (id, last_changed, last_modifier_id, actor_integration_profile_id, integration_profile_option_id, system_id) VALUES (277, '2009-11-17 16:18:43.655', 'pbuytaert', 155, 48, 31);
INSERT INTO pr_system_actor_profiles (id, last_changed, last_modifier_id, actor_integration_profile_id, integration_profile_option_id, system_id) VALUES (278, '2009-11-17 16:19:13.819', 'pbuytaert', 159, 1, 31);
INSERT INTO pr_system_actor_profiles (id, last_changed, last_modifier_id, actor_integration_profile_id, integration_profile_option_id, system_id) VALUES (279, '2009-11-17 16:19:43.67', 'pbuytaert', 97, 1, 31);
INSERT INTO pr_system_actor_profiles (id, last_changed, last_modifier_id, actor_integration_profile_id, integration_profile_option_id, system_id) VALUES (280, '2009-11-17 16:20:03.734', 'pbuytaert', 100, 1, 31);
INSERT INTO pr_system_actor_profiles (id, last_changed, last_modifier_id, actor_integration_profile_id, integration_profile_option_id, system_id) VALUES (282, '2009-11-17 16:21:57.05', 'pbuytaert', 16, 1, 31);
INSERT INTO pr_system_actor_profiles (id, last_changed, last_modifier_id, actor_integration_profile_id, integration_profile_option_id, system_id) VALUES (283, '2009-11-17 16:22:48.044', 'pbuytaert', 91, 1, 31);
INSERT INTO pr_system_actor_profiles (id, last_changed, last_modifier_id, actor_integration_profile_id, integration_profile_option_id, system_id) VALUES (284, '2009-11-17 16:23:19.301', 'pbuytaert', 31, 1, 31);
INSERT INTO pr_system_actor_profiles (id, last_changed, last_modifier_id, actor_integration_profile_id, integration_profile_option_id, system_id) VALUES (285, '2009-11-17 16:23:47.166', 'pbuytaert', 293, 1, 31);
INSERT INTO pr_system_actor_profiles (id, last_changed, last_modifier_id, actor_integration_profile_id, integration_profile_option_id, system_id) VALUES (286, '2009-11-17 16:24:02.766', 'pbuytaert', 6, 1, 31);
INSERT INTO pr_system_actor_profiles (id, last_changed, last_modifier_id, actor_integration_profile_id, integration_profile_option_id, system_id) VALUES (287, '2009-11-17 16:26:09.172', 'pbuytaert', 18, 1, 31);
INSERT INTO pr_system_actor_profiles (id, last_changed, last_modifier_id, actor_integration_profile_id, integration_profile_option_id, system_id) VALUES (289, '2009-11-17 16:27:34.116', 'pbuytaert', 155, 1, 31);
INSERT INTO pr_system_actor_profiles (id, last_changed, last_modifier_id, actor_integration_profile_id, integration_profile_option_id, system_id) VALUES (293, '2009-11-17 18:10:19.236', 'dnicholson', 293, 1, 32);
INSERT INTO pr_system_actor_profiles (id, last_changed, last_modifier_id, actor_integration_profile_id, integration_profile_option_id, system_id) VALUES (294, '2009-11-17 18:13:36.745', 'dnicholson', 7, 1, 32);
INSERT INTO pr_system_actor_profiles (id, last_changed, last_modifier_id, actor_integration_profile_id, integration_profile_option_id, system_id) VALUES (295, '2009-11-17 18:14:38.703', 'dnicholson', 254, 1, 32);
INSERT INTO pr_system_actor_profiles (id, last_changed, last_modifier_id, actor_integration_profile_id, integration_profile_option_id, system_id) VALUES (296, '2009-11-17 18:15:06.133', 'dnicholson', 255, 114, 32);
INSERT INTO pr_system_actor_profiles (id, last_changed, last_modifier_id, actor_integration_profile_id, integration_profile_option_id, system_id) VALUES (297, '2009-11-17 18:15:38.089', 'dnicholson', 256, 1, 32);
INSERT INTO pr_system_actor_profiles (id, last_changed, last_modifier_id, actor_integration_profile_id, integration_profile_option_id, system_id) VALUES (298, '2009-11-17 18:16:49.642', 'dnicholson', 257, 1, 32);
INSERT INTO pr_system_actor_profiles (id, last_changed, last_modifier_id, actor_integration_profile_id, integration_profile_option_id, system_id) VALUES (299, '2009-11-17 18:18:27.968', 'dnicholson', 258, 147, 32);
INSERT INTO pr_system_actor_profiles (id, last_changed, last_modifier_id, actor_integration_profile_id, integration_profile_option_id, system_id) VALUES (300, '2009-11-17 18:19:38.554', 'dnicholson', 262, 1, 32);
INSERT INTO pr_system_actor_profiles (id, last_changed, last_modifier_id, actor_integration_profile_id, integration_profile_option_id, system_id) VALUES (301, '2009-11-17 18:20:21.008', 'dnicholson', 261, 1, 32);
INSERT INTO pr_system_actor_profiles (id, last_changed, last_modifier_id, actor_integration_profile_id, integration_profile_option_id, system_id) VALUES (302, '2009-11-17 18:22:15.746', 'dnicholson', 31, 1, 32);
INSERT INTO pr_system_actor_profiles (id, last_changed, last_modifier_id, actor_integration_profile_id, integration_profile_option_id, system_id) VALUES (303, '2009-11-20 21:23:12.901', 'kjekkmec', 293, 1, 33);
INSERT INTO pr_system_actor_profiles (id, last_changed, last_modifier_id, actor_integration_profile_id, integration_profile_option_id, system_id) VALUES (304, '2009-11-20 21:26:09.147', 'kjekkmec', 259, 1, 33);
INSERT INTO pr_system_actor_profiles (id, last_changed, last_modifier_id, actor_integration_profile_id, integration_profile_option_id, system_id) VALUES (306, '2009-11-20 21:27:27.098', 'kjekkmec', 170, 1, 33);
INSERT INTO pr_system_actor_profiles (id, last_changed, last_modifier_id, actor_integration_profile_id, integration_profile_option_id, system_id) VALUES (308, '2009-11-20 21:30:56.05', 'kjekkmec', 169, 1, 33);
INSERT INTO pr_system_actor_profiles (id, last_changed, last_modifier_id, actor_integration_profile_id, integration_profile_option_id, system_id) VALUES (309, '2009-11-20 21:33:58.261', 'kjekkmec', 260, 1, 33);
INSERT INTO pr_system_actor_profiles (id, last_changed, last_modifier_id, actor_integration_profile_id, integration_profile_option_id, system_id) VALUES (310, '2009-11-20 21:34:45.911', 'kjekkmec', 463, 1, 33);
INSERT INTO pr_system_actor_profiles (id, last_changed, last_modifier_id, actor_integration_profile_id, integration_profile_option_id, system_id) VALUES (311, '2009-11-20 21:35:05.618', 'kjekkmec', 466, 1, 33);
INSERT INTO pr_system_actor_profiles (id, last_changed, last_modifier_id, actor_integration_profile_id, integration_profile_option_id, system_id) VALUES (312, '2009-11-20 21:36:21.951', 'kjekkmec', 491, 1, 33);
INSERT INTO pr_system_actor_profiles (id, last_changed, last_modifier_id, actor_integration_profile_id, integration_profile_option_id, system_id) VALUES (313, '2009-11-25 21:04:21.899', 'forcare', 31, 1, 34);
INSERT INTO pr_system_actor_profiles (id, last_changed, last_modifier_id, actor_integration_profile_id, integration_profile_option_id, system_id) VALUES (315, '2009-11-25 21:05:50.641', 'forcare', 166, 1, 34);
INSERT INTO pr_system_actor_profiles (id, last_changed, last_modifier_id, actor_integration_profile_id, integration_profile_option_id, system_id) VALUES (317, '2009-11-25 21:06:51.347', 'forcare', 262, 1, 34);
INSERT INTO pr_system_actor_profiles (id, last_changed, last_modifier_id, actor_integration_profile_id, integration_profile_option_id, system_id) VALUES (318, '2009-11-25 21:07:12.581', 'forcare', 262, 115, 34);
INSERT INTO pr_system_actor_profiles (id, last_changed, last_modifier_id, actor_integration_profile_id, integration_profile_option_id, system_id) VALUES (320, '2009-11-25 21:09:37.122', 'forcare', 253, 1, 34);
INSERT INTO pr_system_actor_profiles (id, last_changed, last_modifier_id, actor_integration_profile_id, integration_profile_option_id, system_id) VALUES (321, '2009-11-25 21:10:15.46', 'forcare', 92, 1, 34);
INSERT INTO pr_system_actor_profiles (id, last_changed, last_modifier_id, actor_integration_profile_id, integration_profile_option_id, system_id) VALUES (322, '2009-11-25 21:22:10.755', 'forcare', 31, 1, 35);
INSERT INTO pr_system_actor_profiles (id, last_changed, last_modifier_id, actor_integration_profile_id, integration_profile_option_id, system_id) VALUES (323, '2009-11-25 21:22:38.987', 'forcare', 6, 33, 35);
INSERT INTO pr_system_actor_profiles (id, last_changed, last_modifier_id, actor_integration_profile_id, integration_profile_option_id, system_id) VALUES (324, '2009-11-25 21:23:21.721', 'forcare', 167, 1, 35);
INSERT INTO pr_system_actor_profiles (id, last_changed, last_modifier_id, actor_integration_profile_id, integration_profile_option_id, system_id) VALUES (325, '2009-11-25 21:23:54.399', 'forcare', 261, 1, 35);
INSERT INTO pr_system_actor_profiles (id, last_changed, last_modifier_id, actor_integration_profile_id, integration_profile_option_id, system_id) VALUES (326, '2009-11-25 21:24:24.503', 'forcare', 253, 1, 35);
INSERT INTO pr_system_actor_profiles (id, last_changed, last_modifier_id, actor_integration_profile_id, integration_profile_option_id, system_id) VALUES (327, '2009-11-25 21:24:38.007', 'forcare', 252, 1, 35);
INSERT INTO pr_system_actor_profiles (id, last_changed, last_modifier_id, actor_integration_profile_id, integration_profile_option_id, system_id) VALUES (328, '2009-11-25 21:28:05.002', 'forcare', 31, 1, 36);
INSERT INTO pr_system_actor_profiles (id, last_changed, last_modifier_id, actor_integration_profile_id, integration_profile_option_id, system_id) VALUES (329, '2009-11-25 21:28:58.392', 'forcare', 6, 33, 36);
INSERT INTO pr_system_actor_profiles (id, last_changed, last_modifier_id, actor_integration_profile_id, integration_profile_option_id, system_id) VALUES (330, '2009-11-25 21:30:09.479', 'forcare', 170, 1, 36);
INSERT INTO pr_system_actor_profiles (id, last_changed, last_modifier_id, actor_integration_profile_id, integration_profile_option_id, system_id) VALUES (332, '2009-11-25 21:32:48.701', 'forcare', 169, 1, 36);
INSERT INTO pr_system_actor_profiles (id, last_changed, last_modifier_id, actor_integration_profile_id, integration_profile_option_id, system_id) VALUES (333, '2009-11-25 21:33:55.696', 'forcare', 259, 1, 36);
INSERT INTO pr_system_actor_profiles (id, last_changed, last_modifier_id, actor_integration_profile_id, integration_profile_option_id, system_id) VALUES (334, '2009-11-25 21:34:32.891', 'forcare', 260, 81, 36);
INSERT INTO pr_system_actor_profiles (id, last_changed, last_modifier_id, actor_integration_profile_id, integration_profile_option_id, system_id) VALUES (335, '2009-11-25 21:39:17.338', 'forcare', 106, 1, 36);
INSERT INTO pr_system_actor_profiles (id, last_changed, last_modifier_id, actor_integration_profile_id, integration_profile_option_id, system_id) VALUES (336, '2009-11-25 21:39:51.682', 'forcare', 214, 1, 36);
INSERT INTO pr_system_actor_profiles (id, last_changed, last_modifier_id, actor_integration_profile_id, integration_profile_option_id, system_id) VALUES (338, '2009-11-25 21:42:30.231', 'forcare', 172, 1, 36);
INSERT INTO pr_system_actor_profiles (id, last_changed, last_modifier_id, actor_integration_profile_id, integration_profile_option_id, system_id) VALUES (339, '2009-11-25 21:47:05.825', 'forcare', 172, 68, 36);
INSERT INTO pr_system_actor_profiles (id, last_changed, last_modifier_id, actor_integration_profile_id, integration_profile_option_id, system_id) VALUES (340, '2009-11-25 21:47:25.833', 'forcare', 172, 66, 36);
INSERT INTO pr_system_actor_profiles (id, last_changed, last_modifier_id, actor_integration_profile_id, integration_profile_option_id, system_id) VALUES (341, '2009-11-25 21:48:22.508', 'forcare', 172, 67, 36);
INSERT INTO pr_system_actor_profiles (id, last_changed, last_modifier_id, actor_integration_profile_id, integration_profile_option_id, system_id) VALUES (342, '2009-11-25 21:48:50.644', 'forcare', 245, 1, 36);
INSERT INTO pr_system_actor_profiles (id, last_changed, last_modifier_id, actor_integration_profile_id, integration_profile_option_id, system_id) VALUES (343, '2009-11-25 21:49:05.176', 'forcare', 177, 1, 36);
INSERT INTO pr_system_actor_profiles (id, last_changed, last_modifier_id, actor_integration_profile_id, integration_profile_option_id, system_id) VALUES (344, '2009-11-25 21:50:02.581', 'forcare', 260, 82, 36);
INSERT INTO pr_system_actor_profiles (id, last_changed, last_modifier_id, actor_integration_profile_id, integration_profile_option_id, system_id) VALUES (345, '2009-11-25 21:51:22.122', 'forcare', 169, 138, 36);
INSERT INTO pr_system_actor_profiles (id, last_changed, last_modifier_id, actor_integration_profile_id, integration_profile_option_id, system_id) VALUES (346, '2009-11-25 21:54:14.842', 'epoiseau', 293, 33, 34);
INSERT INTO pr_system_actor_profiles (id, last_changed, last_modifier_id, actor_integration_profile_id, integration_profile_option_id, system_id) VALUES (348, '2009-11-25 21:58:05.775', 'forcare', 7, 1, 37);
INSERT INTO pr_system_actor_profiles (id, last_changed, last_modifier_id, actor_integration_profile_id, integration_profile_option_id, system_id) VALUES (349, '2009-11-25 21:58:55.94', 'forcare', 59, 1, 37);
INSERT INTO pr_system_actor_profiles (id, last_changed, last_modifier_id, actor_integration_profile_id, integration_profile_option_id, system_id) VALUES (350, '2009-11-25 21:59:12.368', 'forcare', 60, 1, 37);
INSERT INTO pr_system_actor_profiles (id, last_changed, last_modifier_id, actor_integration_profile_id, integration_profile_option_id, system_id) VALUES (351, '2009-11-25 21:59:31.912', 'forcare', 31, 1, 37);
INSERT INTO pr_system_actor_profiles (id, last_changed, last_modifier_id, actor_integration_profile_id, integration_profile_option_id, system_id) VALUES (352, '2009-11-25 22:00:09.815', 'forcare', 6, 33, 37);
INSERT INTO pr_system_actor_profiles (id, last_changed, last_modifier_id, actor_integration_profile_id, integration_profile_option_id, system_id) VALUES (353, '2009-11-25 22:03:44.437', 'forcare', 31, 1, 38);
INSERT INTO pr_system_actor_profiles (id, last_changed, last_modifier_id, actor_integration_profile_id, integration_profile_option_id, system_id) VALUES (354, '2009-11-25 22:04:11.42', 'forcare', 6, 1, 38);
INSERT INTO pr_system_actor_profiles (id, last_changed, last_modifier_id, actor_integration_profile_id, integration_profile_option_id, system_id) VALUES (355, '2009-11-25 22:04:28.262', 'forcare', 6, 33, 38);
INSERT INTO pr_system_actor_profiles (id, last_changed, last_modifier_id, actor_integration_profile_id, integration_profile_option_id, system_id) VALUES (356, '2009-11-25 22:05:29.595', 'forcare', 169, 139, 38);
INSERT INTO pr_system_actor_profiles (id, last_changed, last_modifier_id, actor_integration_profile_id, integration_profile_option_id, system_id) VALUES (357, '2009-11-25 22:05:41.369', 'forcare', 169, 138, 38);
INSERT INTO pr_system_actor_profiles (id, last_changed, last_modifier_id, actor_integration_profile_id, integration_profile_option_id, system_id) VALUES (358, '2009-11-25 22:05:55.56', 'forcare', 169, 140, 38);
INSERT INTO pr_system_actor_profiles (id, last_changed, last_modifier_id, actor_integration_profile_id, integration_profile_option_id, system_id) VALUES (359, '2009-11-25 22:06:11.983', 'forcare', 170, 1, 38);
INSERT INTO pr_system_actor_profiles (id, last_changed, last_modifier_id, actor_integration_profile_id, integration_profile_option_id, system_id) VALUES (360, '2009-11-25 22:06:50.777', 'forcare', 260, 1, 38);
INSERT INTO pr_system_actor_profiles (id, last_changed, last_modifier_id, actor_integration_profile_id, integration_profile_option_id, system_id) VALUES (361, '2009-11-25 22:07:23.978', 'forcare', 260, 82, 38);
INSERT INTO pr_system_actor_profiles (id, last_changed, last_modifier_id, actor_integration_profile_id, integration_profile_option_id, system_id) VALUES (362, '2009-11-25 22:08:36.446', 'forcare', 177, 1, 38);
INSERT INTO pr_system_actor_profiles (id, last_changed, last_modifier_id, actor_integration_profile_id, integration_profile_option_id, system_id) VALUES (363, '2009-11-25 22:08:54.984', 'forcare', 171, 1, 38);
INSERT INTO pr_system_actor_profiles (id, last_changed, last_modifier_id, actor_integration_profile_id, integration_profile_option_id, system_id) VALUES (364, '2009-11-25 22:09:30.812', 'forcare', 91, 1, 38);
INSERT INTO pr_system_actor_profiles (id, last_changed, last_modifier_id, actor_integration_profile_id, integration_profile_option_id, system_id) VALUES (365, '2009-11-25 22:09:55.759', 'forcare', 106, 1, 38);
INSERT INTO pr_system_actor_profiles (id, last_changed, last_modifier_id, actor_integration_profile_id, integration_profile_option_id, system_id) VALUES (366, '2009-11-25 22:10:18.333', 'forcare', 115, 1, 38);
INSERT INTO pr_system_actor_profiles (id, last_changed, last_modifier_id, actor_integration_profile_id, integration_profile_option_id, system_id) VALUES (367, '2009-11-25 22:10:46.841', 'forcare', 252, 1, 38);
INSERT INTO pr_system_actor_profiles (id, last_changed, last_modifier_id, actor_integration_profile_id, integration_profile_option_id, system_id) VALUES (368, '2009-11-25 22:11:52.892', 'forcare', 59, 1, 38);
INSERT INTO pr_system_actor_profiles (id, last_changed, last_modifier_id, actor_integration_profile_id, integration_profile_option_id, system_id) VALUES (369, '2009-11-25 22:12:11.825', 'forcare', 60, 1, 38);
INSERT INTO pr_system_actor_profiles (id, last_changed, last_modifier_id, actor_integration_profile_id, integration_profile_option_id, system_id) VALUES (370, '2009-11-25 22:12:49.855', 'forcare', 215, 1, 38);
INSERT INTO pr_system_actor_profiles (id, last_changed, last_modifier_id, actor_integration_profile_id, integration_profile_option_id, system_id) VALUES (371, '2009-11-25 22:13:27.749', 'forcare', 228, 1, 38);
INSERT INTO pr_system_actor_profiles (id, last_changed, last_modifier_id, actor_integration_profile_id, integration_profile_option_id, system_id) VALUES (372, '2009-11-25 22:14:16.685', 'forcare', 179, 77, 38);
INSERT INTO pr_system_actor_profiles (id, last_changed, last_modifier_id, actor_integration_profile_id, integration_profile_option_id, system_id) VALUES (373, '2009-11-25 22:14:16.703', 'forcare', 179, 1, 38);
INSERT INTO pr_system_actor_profiles (id, last_changed, last_modifier_id, actor_integration_profile_id, integration_profile_option_id, system_id) VALUES (374, '2009-11-25 22:14:34.697', 'forcare', 307, 1, 38);
INSERT INTO pr_system_actor_profiles (id, last_changed, last_modifier_id, actor_integration_profile_id, integration_profile_option_id, system_id) VALUES (375, '2009-11-25 22:14:57.904', 'forcare', 267, 1, 38);
INSERT INTO pr_system_actor_profiles (id, last_changed, last_modifier_id, actor_integration_profile_id, integration_profile_option_id, system_id) VALUES (376, '2009-11-25 22:15:26.929', 'forcare', 221, 77, 38);
INSERT INTO pr_system_actor_profiles (id, last_changed, last_modifier_id, actor_integration_profile_id, integration_profile_option_id, system_id) VALUES (377, '2009-11-25 22:15:26.949', 'forcare', 221, 1, 38);
INSERT INTO pr_system_actor_profiles (id, last_changed, last_modifier_id, actor_integration_profile_id, integration_profile_option_id, system_id) VALUES (378, '2009-11-25 22:15:51.558', 'forcare', 267, 77, 38);
INSERT INTO pr_system_actor_profiles (id, last_changed, last_modifier_id, actor_integration_profile_id, integration_profile_option_id, system_id) VALUES (379, '2009-11-25 22:17:52.206', 'forcare', 313, 77, 38);
INSERT INTO pr_system_actor_profiles (id, last_changed, last_modifier_id, actor_integration_profile_id, integration_profile_option_id, system_id) VALUES (380, '2009-11-25 22:17:52.227', 'forcare', 313, 1, 38);
INSERT INTO pr_system_actor_profiles (id, last_changed, last_modifier_id, actor_integration_profile_id, integration_profile_option_id, system_id) VALUES (381, '2009-11-25 22:18:25.294', 'forcare', 223, 100, 38);
INSERT INTO pr_system_actor_profiles (id, last_changed, last_modifier_id, actor_integration_profile_id, integration_profile_option_id, system_id) VALUES (382, '2009-11-25 22:18:25.312', 'forcare', 223, 1, 38);
INSERT INTO pr_system_actor_profiles (id, last_changed, last_modifier_id, actor_integration_profile_id, integration_profile_option_id, system_id) VALUES (383, '2009-11-25 22:20:32.524', 'forcare', 259, 1, 38);
INSERT INTO pr_system_actor_profiles (id, last_changed, last_modifier_id, actor_integration_profile_id, integration_profile_option_id, system_id) VALUES (384, '2009-11-27 17:39:54.847', 'karos', 7, 1, 25);
INSERT INTO pr_system_actor_profiles (id, last_changed, last_modifier_id, actor_integration_profile_id, integration_profile_option_id, system_id) VALUES (385, '2009-11-27 17:40:31.24', 'karos', 293, 1, 25);
INSERT INTO pr_system_actor_profiles (id, last_changed, last_modifier_id, actor_integration_profile_id, integration_profile_option_id, system_id) VALUES (386, '2009-11-27 17:41:00.667', 'karos', 6, 1, 25);
INSERT INTO pr_system_actor_profiles (id, last_changed, last_modifier_id, actor_integration_profile_id, integration_profile_option_id, system_id) VALUES (387, '2009-11-27 17:42:04.666', 'karos', 257, 1, 25);
INSERT INTO pr_system_actor_profiles (id, last_changed, last_modifier_id, actor_integration_profile_id, integration_profile_option_id, system_id) VALUES (388, '2009-11-27 17:44:11.924', 'karos', 106, 1, 25);
INSERT INTO pr_system_actor_profiles (id, last_changed, last_modifier_id, actor_integration_profile_id, integration_profile_option_id, system_id) VALUES (389, '2009-11-27 17:45:06.454', 'karos', 104, 1, 25);
INSERT INTO pr_system_actor_profiles (id, last_changed, last_modifier_id, actor_integration_profile_id, integration_profile_option_id, system_id) VALUES (390, '2009-11-27 17:47:26.908', 'karos', 105, 1, 25);
INSERT INTO pr_system_actor_profiles (id, last_changed, last_modifier_id, actor_integration_profile_id, integration_profile_option_id, system_id) VALUES (391, '2009-11-27 17:47:52.516', 'karos', 255, 1, 25);
INSERT INTO pr_system_actor_profiles (id, last_changed, last_modifier_id, actor_integration_profile_id, integration_profile_option_id, system_id) VALUES (392, '2009-11-27 17:48:16.175', 'karos', 254, 1, 25);
INSERT INTO pr_system_actor_profiles (id, last_changed, last_modifier_id, actor_integration_profile_id, integration_profile_option_id, system_id) VALUES (393, '2009-11-27 17:48:33.117', 'karos', 256, 1, 25);
INSERT INTO pr_system_actor_profiles (id, last_changed, last_modifier_id, actor_integration_profile_id, integration_profile_option_id, system_id) VALUES (394, '2009-11-27 17:48:58.057', 'karos', 115, 1, 25);
INSERT INTO pr_system_actor_profiles (id, last_changed, last_modifier_id, actor_integration_profile_id, integration_profile_option_id, system_id) VALUES (395, '2009-11-27 17:50:13.677', 'karos', 244, 1, 25);
INSERT INTO pr_system_actor_profiles (id, last_changed, last_modifier_id, actor_integration_profile_id, integration_profile_option_id, system_id) VALUES (396, '2009-11-27 17:50:35.602', 'karos', 116, 1, 25);
INSERT INTO pr_system_actor_profiles (id, last_changed, last_modifier_id, actor_integration_profile_id, integration_profile_option_id, system_id) VALUES (397, '2009-11-27 17:55:47.486', 'karos', 309, 156, 25);
INSERT INTO pr_system_actor_profiles (id, last_changed, last_modifier_id, actor_integration_profile_id, integration_profile_option_id, system_id) VALUES (398, '2009-11-27 17:55:47.509', 'karos', 309, 1, 25);
INSERT INTO pr_system_actor_profiles (id, last_changed, last_modifier_id, actor_integration_profile_id, integration_profile_option_id, system_id) VALUES (399, '2009-11-27 17:56:05.42', 'karos', 308, 1, 25);
INSERT INTO pr_system_actor_profiles (id, last_changed, last_modifier_id, actor_integration_profile_id, integration_profile_option_id, system_id) VALUES (400, '2009-11-27 17:57:07.173', 'karos', 154, 1, 25);
INSERT INTO pr_system_actor_profiles (id, last_changed, last_modifier_id, actor_integration_profile_id, integration_profile_option_id, system_id) VALUES (401, '2009-11-27 17:57:53.059', 'karos', 264, 1, 25);
INSERT INTO pr_system_actor_profiles (id, last_changed, last_modifier_id, actor_integration_profile_id, integration_profile_option_id, system_id) VALUES (402, '2009-11-27 17:58:13.412', 'karos', 265, 1, 25);
INSERT INTO pr_system_actor_profiles (id, last_changed, last_modifier_id, actor_integration_profile_id, integration_profile_option_id, system_id) VALUES (403, '2009-11-27 18:00:07.834', 'karos', 210, 95, 25);
INSERT INTO pr_system_actor_profiles (id, last_changed, last_modifier_id, actor_integration_profile_id, integration_profile_option_id, system_id) VALUES (404, '2009-11-27 18:00:07.857', 'karos', 210, 1, 25);
INSERT INTO pr_system_actor_profiles (id, last_changed, last_modifier_id, actor_integration_profile_id, integration_profile_option_id, system_id) VALUES (405, '2009-11-27 18:00:45.458', 'karos', 211, 1, 25);
INSERT INTO pr_system_actor_profiles (id, last_changed, last_modifier_id, actor_integration_profile_id, integration_profile_option_id, system_id) VALUES (406, '2009-11-27 18:05:31.299', 'karos', 170, 1, 25);
INSERT INTO pr_system_actor_profiles (id, last_changed, last_modifier_id, actor_integration_profile_id, integration_profile_option_id, system_id) VALUES (407, '2009-11-27 18:07:04.739', 'karos', 166, 115, 25);
INSERT INTO pr_system_actor_profiles (id, last_changed, last_modifier_id, actor_integration_profile_id, integration_profile_option_id, system_id) VALUES (408, '2009-11-27 18:07:53.065', 'karos', 167, 1, 25);
INSERT INTO pr_system_actor_profiles (id, last_changed, last_modifier_id, actor_integration_profile_id, integration_profile_option_id, system_id) VALUES (409, '2009-11-27 18:08:06.909', 'karos', 169, 1, 25);
INSERT INTO pr_system_actor_profiles (id, last_changed, last_modifier_id, actor_integration_profile_id, integration_profile_option_id, system_id) VALUES (410, '2009-11-27 18:08:53.919', 'karos', 165, 1, 25);
INSERT INTO pr_system_actor_profiles (id, last_changed, last_modifier_id, actor_integration_profile_id, integration_profile_option_id, system_id) VALUES (411, '2009-11-27 18:09:31.261', 'karos', 259, 1, 25);
INSERT INTO pr_system_actor_profiles (id, last_changed, last_modifier_id, actor_integration_profile_id, integration_profile_option_id, system_id) VALUES (412, '2009-11-27 18:09:53.997', 'karos', 262, 1, 25);
INSERT INTO pr_system_actor_profiles (id, last_changed, last_modifier_id, actor_integration_profile_id, integration_profile_option_id, system_id) VALUES (413, '2009-11-27 18:10:30.869', 'karos', 261, 1, 25);
INSERT INTO pr_system_actor_profiles (id, last_changed, last_modifier_id, actor_integration_profile_id, integration_profile_option_id, system_id) VALUES (414, '2009-11-27 18:11:05.349', 'karos', 260, 1, 25);
INSERT INTO pr_system_actor_profiles (id, last_changed, last_modifier_id, actor_integration_profile_id, integration_profile_option_id, system_id) VALUES (415, '2009-11-27 18:11:35.90', 'karos', 263, 1, 25);
INSERT INTO pr_system_actor_profiles (id, last_changed, last_modifier_id, actor_integration_profile_id, integration_profile_option_id, system_id) VALUES (416, '2009-11-27 18:12:22.261', 'karos', 177, 1, 25);
INSERT INTO pr_system_actor_profiles (id, last_changed, last_modifier_id, actor_integration_profile_id, integration_profile_option_id, system_id) VALUES (417, '2009-11-27 18:13:11.142', 'karos', 174, 1, 25);
INSERT INTO pr_system_actor_profiles (id, last_changed, last_modifier_id, actor_integration_profile_id, integration_profile_option_id, system_id) VALUES (418, '2009-11-27 18:13:23.574', 'karos', 173, 1, 25);
INSERT INTO pr_system_actor_profiles (id, last_changed, last_modifier_id, actor_integration_profile_id, integration_profile_option_id, system_id) VALUES (419, '2009-11-27 18:14:04.943', 'karos', 245, 1, 25);
INSERT INTO pr_system_actor_profiles (id, last_changed, last_modifier_id, actor_integration_profile_id, integration_profile_option_id, system_id) VALUES (420, '2009-11-27 18:14:24.005', 'karos', 171, 1, 25);
INSERT INTO pr_system_actor_profiles (id, last_changed, last_modifier_id, actor_integration_profile_id, integration_profile_option_id, system_id) VALUES (421, '2009-11-27 18:15:01.164', 'karos', 172, 1, 25);
INSERT INTO pr_system_actor_profiles (id, last_changed, last_modifier_id, actor_integration_profile_id, integration_profile_option_id, system_id) VALUES (422, '2009-11-27 18:15:45.603', 'karos', 364, 1, 25);
INSERT INTO pr_system_actor_profiles (id, last_changed, last_modifier_id, actor_integration_profile_id, integration_profile_option_id, system_id) VALUES (423, '2009-11-27 18:15:56.648', 'karos', 353, 1, 25);
INSERT INTO pr_system_actor_profiles (id, last_changed, last_modifier_id, actor_integration_profile_id, integration_profile_option_id, system_id) VALUES (424, '2009-11-27 18:16:13.853', 'karos', 352, 1, 25);
INSERT INTO pr_system_actor_profiles (id, last_changed, last_modifier_id, actor_integration_profile_id, integration_profile_option_id, system_id) VALUES (425, '2009-11-27 18:16:37.565', 'karos', 334, 1, 25);
INSERT INTO pr_system_actor_profiles (id, last_changed, last_modifier_id, actor_integration_profile_id, integration_profile_option_id, system_id) VALUES (426, '2009-11-27 18:16:49.865', 'karos', 351, 1, 25);
INSERT INTO pr_system_actor_profiles (id, last_changed, last_modifier_id, actor_integration_profile_id, integration_profile_option_id, system_id) VALUES (427, '2009-11-27 18:17:27.45', 'karos', 179, 1, 25);
INSERT INTO pr_system_actor_profiles (id, last_changed, last_modifier_id, actor_integration_profile_id, integration_profile_option_id, system_id) VALUES (428, '2009-11-27 18:18:00.291', 'karos', 178, 1, 25);
INSERT INTO pr_system_actor_profiles (id, last_changed, last_modifier_id, actor_integration_profile_id, integration_profile_option_id, system_id) VALUES (429, '2009-11-27 18:18:38.847', 'karos', 253, 1, 25);
INSERT INTO pr_system_actor_profiles (id, last_changed, last_modifier_id, actor_integration_profile_id, integration_profile_option_id, system_id) VALUES (430, '2009-11-27 18:19:09.30', 'karos', 252, 1, 25);
INSERT INTO pr_system_actor_profiles (id, last_changed, last_modifier_id, actor_integration_profile_id, integration_profile_option_id, system_id) VALUES (431, '2009-11-27 18:19:54.822', 'karos', 215, 1, 25);


--
-- Data for Name: pr_system_in_session; Type: TABLE DATA; Schema: public; Owner: gazelle-tm
--



--
-- Data for Name: pr_testing_session; Type: TABLE DATA; Schema: public; Owner: gazelle-tm
--

INSERT INTO pr_testing_session (id, last_changed, last_modifier_id, type, zone, year, description, beginning_date, ending_date, registration_deadline_date, invoice_payment_deadline_date, active, currency_id, address_id) VALUES (1, NULL, NULL, 'Connectathon', 'Europe', 2007, 'European Connectathon 2007 - Berlin', '2007-01-28 00:00:00', '2007-02-01 00:00:00', '2006-10-17 12:00:00', NULL, false, NULL, 1);
INSERT INTO pr_testing_session (id, last_changed, last_modifier_id, type, zone, year, description, beginning_date, ending_date, registration_deadline_date, invoice_payment_deadline_date, active, currency_id, address_id) VALUES (2, NULL, NULL, 'Showcase', 'Europe', 2007, 'Showcase 2007 - Wien', '2007-01-28 00:00:00', '2007-02-01 00:00:00', '2006-10-17 12:00:00', NULL, false, NULL, 1);
INSERT INTO pr_testing_session (id, last_changed, last_modifier_id, type, zone, year, description, beginning_date, ending_date, registration_deadline_date, invoice_payment_deadline_date, active, currency_id, address_id) VALUES (3, NULL, NULL, 'Connectathon', 'NA', 2008, 'Connectathon NA 2008 - Chicago', '2008-01-28 00:00:00', '2008-02-01 00:00:00', '2007-10-17 12:00:00', NULL, false, NULL, 5);
INSERT INTO pr_testing_session (id, last_changed, last_modifier_id, type, zone, year, description, beginning_date, ending_date, registration_deadline_date, invoice_payment_deadline_date, active, currency_id, address_id) VALUES (4, NULL, NULL, 'Connectathon', 'Japan', 2008, 'Connectathon Japan 2008 - Tokyo', '2007-01-28 00:00:00', '2007-02-01 00:00:00', '2006-10-17 12:00:00', NULL, false, NULL, 1);
INSERT INTO pr_testing_session (id, last_changed, last_modifier_id, type, zone, year, description, beginning_date, ending_date, registration_deadline_date, invoice_payment_deadline_date, active, currency_id, address_id) VALUES (5, NULL, NULL, 'Connectathon', 'Europe', 2008, 'European Connectathon 2008 - Oxford', '2008-04-07 00:00:00', '2008-04-11 00:00:00', '2007-10-17 12:00:00', NULL, false, NULL, 1);
INSERT INTO pr_testing_session (id, last_changed, last_modifier_id, type, zone, year, description, beginning_date, ending_date, registration_deadline_date, invoice_payment_deadline_date, active, currency_id, address_id) VALUES (6, NULL, NULL, 'Connectathon', 'NA', 2009, 'Connectathon NA 2009 - Chicago', '2009-02-23 00:00:00', '2009-02-27 00:00:00', '2008-10-17 12:00:00', NULL, false, NULL, 5);
INSERT INTO pr_testing_session (id, last_changed, last_modifier_id, type, zone, year, description, beginning_date, ending_date, registration_deadline_date, invoice_payment_deadline_date, active, currency_id, address_id) VALUES (7, NULL, NULL, 'Connectathon', 'Europe', 2009, 'IHE Europe 2009 Connectathon - Vienna', '2009-04-20 00:00:00', '2009-04-24 00:00:00', '2009-01-07 23:59:59', NULL, true, NULL, 4);


--
-- Data for Name: sys_dicom_documents_for_systems; Type: TABLE DATA; Schema: public; Owner: gazelle-tm
--



--
-- Data for Name: sys_hl7_documents_for_systems; Type: TABLE DATA; Schema: public; Owner: gazelle-tm
--



--
-- Data for Name: sys_system_subtype; Type: TABLE DATA; Schema: public; Owner: gazelle-tm
--

INSERT INTO sys_system_subtype (id, last_changed, last_modifier_id, keyword, description, subtype_for_quick_search) VALUES (1, NULL, NULL, 'Cardio-PACS', 'PACS used for Cardiology', true);
INSERT INTO sys_system_subtype (id, last_changed, last_modifier_id, keyword, description, subtype_for_quick_search) VALUES (2, NULL, NULL, 'Radio-PACS', 'PACS used for Radiology', true);
INSERT INTO sys_system_subtype (id, last_changed, last_modifier_id, keyword, description, subtype_for_quick_search) VALUES (101, NULL, NULL, 'MR', 'Magnetic Resonance', true);
INSERT INTO sys_system_subtype (id, last_changed, last_modifier_id, keyword, description, subtype_for_quick_search) VALUES (102, NULL, NULL, 'NM', 'Nuclear Medicine', false);
INSERT INTO sys_system_subtype (id, last_changed, last_modifier_id, keyword, description, subtype_for_quick_search) VALUES (103, NULL, NULL, 'US', 'Ultrasound', true);
INSERT INTO sys_system_subtype (id, last_changed, last_modifier_id, keyword, description, subtype_for_quick_search) VALUES (104, NULL, NULL, 'OT', 'Other', false);
INSERT INTO sys_system_subtype (id, last_changed, last_modifier_id, keyword, description, subtype_for_quick_search) VALUES (105, NULL, NULL, 'BI', 'Biomagnetic imaging', false);
INSERT INTO sys_system_subtype (id, last_changed, last_modifier_id, keyword, description, subtype_for_quick_search) VALUES (106, NULL, NULL, 'CD', 'Color flow Doppler', false);
INSERT INTO sys_system_subtype (id, last_changed, last_modifier_id, keyword, description, subtype_for_quick_search) VALUES (107, NULL, NULL, 'DD', 'Duplex Doppler', false);
INSERT INTO sys_system_subtype (id, last_changed, last_modifier_id, keyword, description, subtype_for_quick_search) VALUES (108, NULL, NULL, 'DG', 'Diaphanography', false);
INSERT INTO sys_system_subtype (id, last_changed, last_modifier_id, keyword, description, subtype_for_quick_search) VALUES (109, NULL, NULL, 'ES', 'Endoscopy', false);
INSERT INTO sys_system_subtype (id, last_changed, last_modifier_id, keyword, description, subtype_for_quick_search) VALUES (110, NULL, NULL, 'LS', 'Laser surface scan', false);
INSERT INTO sys_system_subtype (id, last_changed, last_modifier_id, keyword, description, subtype_for_quick_search) VALUES (111, NULL, NULL, 'PT', 'Positron emission tomography (PET)', false);
INSERT INTO sys_system_subtype (id, last_changed, last_modifier_id, keyword, description, subtype_for_quick_search) VALUES (112, NULL, NULL, 'RG', 'Radiographic imaging (conventional film/screen)', false);
INSERT INTO sys_system_subtype (id, last_changed, last_modifier_id, keyword, description, subtype_for_quick_search) VALUES (113, NULL, NULL, 'ST', 'Single-photon emission computed tomography (SPECT)', false);
INSERT INTO sys_system_subtype (id, last_changed, last_modifier_id, keyword, description, subtype_for_quick_search) VALUES (114, NULL, NULL, 'TG', 'Thermography', false);
INSERT INTO sys_system_subtype (id, last_changed, last_modifier_id, keyword, description, subtype_for_quick_search) VALUES (115, NULL, NULL, 'XA', 'X-Ray Angiography', false);
INSERT INTO sys_system_subtype (id, last_changed, last_modifier_id, keyword, description, subtype_for_quick_search) VALUES (116, NULL, NULL, 'RF', 'Radio Fluoroscopy', false);
INSERT INTO sys_system_subtype (id, last_changed, last_modifier_id, keyword, description, subtype_for_quick_search) VALUES (117, NULL, NULL, 'RTIMAGE', 'Radiotherapy Image', false);
INSERT INTO sys_system_subtype (id, last_changed, last_modifier_id, keyword, description, subtype_for_quick_search) VALUES (118, NULL, NULL, 'RTDOSE', 'Radiotherapy Dose', false);
INSERT INTO sys_system_subtype (id, last_changed, last_modifier_id, keyword, description, subtype_for_quick_search) VALUES (119, NULL, NULL, 'RTSTRUCT', 'Radiotherapy Structure Set', false);
INSERT INTO sys_system_subtype (id, last_changed, last_modifier_id, keyword, description, subtype_for_quick_search) VALUES (120, NULL, NULL, 'RTPLAN', 'Radiotherapy Plan', false);
INSERT INTO sys_system_subtype (id, last_changed, last_modifier_id, keyword, description, subtype_for_quick_search) VALUES (121, NULL, NULL, 'RTRECORD', 'RT Treatment Record', false);
INSERT INTO sys_system_subtype (id, last_changed, last_modifier_id, keyword, description, subtype_for_quick_search) VALUES (122, NULL, NULL, 'HC', 'Hard Copy', false);
INSERT INTO sys_system_subtype (id, last_changed, last_modifier_id, keyword, description, subtype_for_quick_search) VALUES (123, NULL, NULL, 'DX', 'Digital Radiography', false);
INSERT INTO sys_system_subtype (id, last_changed, last_modifier_id, keyword, description, subtype_for_quick_search) VALUES (124, NULL, NULL, 'MG', 'Mammography', false);
INSERT INTO sys_system_subtype (id, last_changed, last_modifier_id, keyword, description, subtype_for_quick_search) VALUES (125, NULL, NULL, 'IO', 'Intra-oral Radiography', false);
INSERT INTO sys_system_subtype (id, last_changed, last_modifier_id, keyword, description, subtype_for_quick_search) VALUES (126, NULL, NULL, 'PX', 'Panoramic X-Ray', false);
INSERT INTO sys_system_subtype (id, last_changed, last_modifier_id, keyword, description, subtype_for_quick_search) VALUES (127, NULL, NULL, 'GM', 'General Microscopy', false);
INSERT INTO sys_system_subtype (id, last_changed, last_modifier_id, keyword, description, subtype_for_quick_search) VALUES (128, NULL, NULL, 'SM', 'Slide Microscopy', false);
INSERT INTO sys_system_subtype (id, last_changed, last_modifier_id, keyword, description, subtype_for_quick_search) VALUES (129, NULL, NULL, 'XC', 'External-camera Photography', false);
INSERT INTO sys_system_subtype (id, last_changed, last_modifier_id, keyword, description, subtype_for_quick_search) VALUES (130, NULL, NULL, 'PR', 'Presentation State', false);
INSERT INTO sys_system_subtype (id, last_changed, last_modifier_id, keyword, description, subtype_for_quick_search) VALUES (131, NULL, NULL, 'AU', 'Audio', false);
INSERT INTO sys_system_subtype (id, last_changed, last_modifier_id, keyword, description, subtype_for_quick_search) VALUES (132, NULL, NULL, 'ECG', 'Electrocardiography', false);
INSERT INTO sys_system_subtype (id, last_changed, last_modifier_id, keyword, description, subtype_for_quick_search) VALUES (133, NULL, NULL, 'EPS', 'Cardiac Electrophysiology', false);
INSERT INTO sys_system_subtype (id, last_changed, last_modifier_id, keyword, description, subtype_for_quick_search) VALUES (134, NULL, NULL, 'HD', 'Hemodynamic Waveform', false);
INSERT INTO sys_system_subtype (id, last_changed, last_modifier_id, keyword, description, subtype_for_quick_search) VALUES (135, NULL, NULL, 'SR', 'SR Document', false);
INSERT INTO sys_system_subtype (id, last_changed, last_modifier_id, keyword, description, subtype_for_quick_search) VALUES (136, NULL, NULL, 'IVUS', 'Intravascular Ultrasound', false);
INSERT INTO sys_system_subtype (id, last_changed, last_modifier_id, keyword, description, subtype_for_quick_search) VALUES (137, NULL, NULL, 'OP', 'Ophthalmic Photography', false);
INSERT INTO sys_system_subtype (id, last_changed, last_modifier_id, keyword, description, subtype_for_quick_search) VALUES (138, NULL, NULL, 'SMR', 'Stereometric Relationship', false);
INSERT INTO sys_system_subtype (id, last_changed, last_modifier_id, keyword, description, subtype_for_quick_search) VALUES (139, NULL, NULL, 'CT', 'Computed Tomography', true);
INSERT INTO sys_system_subtype (id, last_changed, last_modifier_id, keyword, description, subtype_for_quick_search) VALUES (140, NULL, NULL, 'CR', 'Computed Radiography', false);


--
-- Data for Name: sys_system_subtypes_per_system_type; Type: TABLE DATA; Schema: public; Owner: gazelle-tm
--

INSERT INTO sys_system_subtypes_per_system_type (id, last_changed, last_modifier_id, system_type_id, system_subtype_id) VALUES (1, NULL, NULL, 1, NULL);
INSERT INTO sys_system_subtypes_per_system_type (id, last_changed, last_modifier_id, system_type_id, system_subtype_id) VALUES (10, NULL, NULL, 3, NULL);
INSERT INTO sys_system_subtypes_per_system_type (id, last_changed, last_modifier_id, system_type_id, system_subtype_id) VALUES (20, NULL, NULL, 4, NULL);
INSERT INTO sys_system_subtypes_per_system_type (id, last_changed, last_modifier_id, system_type_id, system_subtype_id) VALUES (30, NULL, NULL, 6, NULL);
INSERT INTO sys_system_subtypes_per_system_type (id, last_changed, last_modifier_id, system_type_id, system_subtype_id) VALUES (51, NULL, NULL, 2, NULL);
INSERT INTO sys_system_subtypes_per_system_type (id, last_changed, last_modifier_id, system_type_id, system_subtype_id) VALUES (52, NULL, NULL, 2, 1);
INSERT INTO sys_system_subtypes_per_system_type (id, last_changed, last_modifier_id, system_type_id, system_subtype_id) VALUES (53, NULL, NULL, 2, 2);
INSERT INTO sys_system_subtypes_per_system_type (id, last_changed, last_modifier_id, system_type_id, system_subtype_id) VALUES (100, NULL, NULL, 5, NULL);
INSERT INTO sys_system_subtypes_per_system_type (id, last_changed, last_modifier_id, system_type_id, system_subtype_id) VALUES (101, NULL, NULL, 5, 101);
INSERT INTO sys_system_subtypes_per_system_type (id, last_changed, last_modifier_id, system_type_id, system_subtype_id) VALUES (102, NULL, NULL, 5, 102);
INSERT INTO sys_system_subtypes_per_system_type (id, last_changed, last_modifier_id, system_type_id, system_subtype_id) VALUES (103, NULL, NULL, 5, 103);
INSERT INTO sys_system_subtypes_per_system_type (id, last_changed, last_modifier_id, system_type_id, system_subtype_id) VALUES (104, NULL, NULL, 5, 104);
INSERT INTO sys_system_subtypes_per_system_type (id, last_changed, last_modifier_id, system_type_id, system_subtype_id) VALUES (105, NULL, NULL, 5, 105);
INSERT INTO sys_system_subtypes_per_system_type (id, last_changed, last_modifier_id, system_type_id, system_subtype_id) VALUES (106, NULL, NULL, 5, 106);
INSERT INTO sys_system_subtypes_per_system_type (id, last_changed, last_modifier_id, system_type_id, system_subtype_id) VALUES (107, NULL, NULL, 5, 107);
INSERT INTO sys_system_subtypes_per_system_type (id, last_changed, last_modifier_id, system_type_id, system_subtype_id) VALUES (108, NULL, NULL, 5, 108);
INSERT INTO sys_system_subtypes_per_system_type (id, last_changed, last_modifier_id, system_type_id, system_subtype_id) VALUES (109, NULL, NULL, 5, 109);
INSERT INTO sys_system_subtypes_per_system_type (id, last_changed, last_modifier_id, system_type_id, system_subtype_id) VALUES (110, NULL, NULL, 5, 110);
INSERT INTO sys_system_subtypes_per_system_type (id, last_changed, last_modifier_id, system_type_id, system_subtype_id) VALUES (111, NULL, NULL, 5, 111);
INSERT INTO sys_system_subtypes_per_system_type (id, last_changed, last_modifier_id, system_type_id, system_subtype_id) VALUES (112, NULL, NULL, 5, 112);
INSERT INTO sys_system_subtypes_per_system_type (id, last_changed, last_modifier_id, system_type_id, system_subtype_id) VALUES (113, NULL, NULL, 5, 113);
INSERT INTO sys_system_subtypes_per_system_type (id, last_changed, last_modifier_id, system_type_id, system_subtype_id) VALUES (114, NULL, NULL, 5, 114);
INSERT INTO sys_system_subtypes_per_system_type (id, last_changed, last_modifier_id, system_type_id, system_subtype_id) VALUES (115, NULL, NULL, 5, 115);
INSERT INTO sys_system_subtypes_per_system_type (id, last_changed, last_modifier_id, system_type_id, system_subtype_id) VALUES (116, NULL, NULL, 5, 116);
INSERT INTO sys_system_subtypes_per_system_type (id, last_changed, last_modifier_id, system_type_id, system_subtype_id) VALUES (117, NULL, NULL, 5, 117);
INSERT INTO sys_system_subtypes_per_system_type (id, last_changed, last_modifier_id, system_type_id, system_subtype_id) VALUES (118, NULL, NULL, 5, 118);
INSERT INTO sys_system_subtypes_per_system_type (id, last_changed, last_modifier_id, system_type_id, system_subtype_id) VALUES (119, NULL, NULL, 5, 119);
INSERT INTO sys_system_subtypes_per_system_type (id, last_changed, last_modifier_id, system_type_id, system_subtype_id) VALUES (120, NULL, NULL, 5, 120);
INSERT INTO sys_system_subtypes_per_system_type (id, last_changed, last_modifier_id, system_type_id, system_subtype_id) VALUES (121, NULL, NULL, 5, 121);
INSERT INTO sys_system_subtypes_per_system_type (id, last_changed, last_modifier_id, system_type_id, system_subtype_id) VALUES (122, NULL, NULL, 5, 122);
INSERT INTO sys_system_subtypes_per_system_type (id, last_changed, last_modifier_id, system_type_id, system_subtype_id) VALUES (123, NULL, NULL, 5, 123);
INSERT INTO sys_system_subtypes_per_system_type (id, last_changed, last_modifier_id, system_type_id, system_subtype_id) VALUES (124, NULL, NULL, 5, 124);
INSERT INTO sys_system_subtypes_per_system_type (id, last_changed, last_modifier_id, system_type_id, system_subtype_id) VALUES (125, NULL, NULL, 5, 125);
INSERT INTO sys_system_subtypes_per_system_type (id, last_changed, last_modifier_id, system_type_id, system_subtype_id) VALUES (126, NULL, NULL, 5, 126);
INSERT INTO sys_system_subtypes_per_system_type (id, last_changed, last_modifier_id, system_type_id, system_subtype_id) VALUES (127, NULL, NULL, 5, 127);
INSERT INTO sys_system_subtypes_per_system_type (id, last_changed, last_modifier_id, system_type_id, system_subtype_id) VALUES (128, NULL, NULL, 5, 128);
INSERT INTO sys_system_subtypes_per_system_type (id, last_changed, last_modifier_id, system_type_id, system_subtype_id) VALUES (129, NULL, NULL, 5, 129);
INSERT INTO sys_system_subtypes_per_system_type (id, last_changed, last_modifier_id, system_type_id, system_subtype_id) VALUES (130, NULL, NULL, 5, 130);
INSERT INTO sys_system_subtypes_per_system_type (id, last_changed, last_modifier_id, system_type_id, system_subtype_id) VALUES (131, NULL, NULL, 5, 131);
INSERT INTO sys_system_subtypes_per_system_type (id, last_changed, last_modifier_id, system_type_id, system_subtype_id) VALUES (132, NULL, NULL, 5, 132);
INSERT INTO sys_system_subtypes_per_system_type (id, last_changed, last_modifier_id, system_type_id, system_subtype_id) VALUES (133, NULL, NULL, 5, 133);
INSERT INTO sys_system_subtypes_per_system_type (id, last_changed, last_modifier_id, system_type_id, system_subtype_id) VALUES (134, NULL, NULL, 5, 134);
INSERT INTO sys_system_subtypes_per_system_type (id, last_changed, last_modifier_id, system_type_id, system_subtype_id) VALUES (135, NULL, NULL, 5, 135);
INSERT INTO sys_system_subtypes_per_system_type (id, last_changed, last_modifier_id, system_type_id, system_subtype_id) VALUES (136, NULL, NULL, 5, 136);
INSERT INTO sys_system_subtypes_per_system_type (id, last_changed, last_modifier_id, system_type_id, system_subtype_id) VALUES (137, NULL, NULL, 5, 137);
INSERT INTO sys_system_subtypes_per_system_type (id, last_changed, last_modifier_id, system_type_id, system_subtype_id) VALUES (138, NULL, NULL, 5, 138);
INSERT INTO sys_system_subtypes_per_system_type (id, last_changed, last_modifier_id, system_type_id, system_subtype_id) VALUES (139, NULL, NULL, 5, 139);
INSERT INTO sys_system_subtypes_per_system_type (id, last_changed, last_modifier_id, system_type_id, system_subtype_id) VALUES (140, NULL, NULL, 5, 140);


--
-- Data for Name: sys_system_type; Type: TABLE DATA; Schema: public; Owner: gazelle-tm
--

INSERT INTO sys_system_type (id, last_changed, last_modifier_id, keyword, description) VALUES (1, NULL, NULL, 'RIS', 'Radiology Information System');
INSERT INTO sys_system_type (id, last_changed, last_modifier_id, keyword, description) VALUES (2, NULL, NULL, 'PACS', 'Image Manager and Image Archive');
INSERT INTO sys_system_type (id, last_changed, last_modifier_id, keyword, description) VALUES (3, NULL, NULL, 'EHR', 'Electronic HealthCare Record Manager');
INSERT INTO sys_system_type (id, last_changed, last_modifier_id, keyword, description) VALUES (4, NULL, NULL, 'LIS', 'Laboratory Information System');
INSERT INTO sys_system_type (id, last_changed, last_modifier_id, keyword, description) VALUES (5, NULL, NULL, 'MOD', 'Modality');
INSERT INTO sys_system_type (id, last_changed, last_modifier_id, keyword, description) VALUES (6, NULL, NULL, 'OTHER', 'Other');


--
-- Data for Name: sys_table_session; Type: TABLE DATA; Schema: public; Owner: gazelle-tm
--

INSERT INTO sys_table_session (id, lastchanged, lastmodifierid, table_keyword) VALUES (0, NULL, NULL, 'None');
INSERT INTO sys_table_session (id, lastchanged, lastmodifierid, table_keyword) VALUES (1, NULL, NULL, 'A1');
INSERT INTO sys_table_session (id, lastchanged, lastmodifierid, table_keyword) VALUES (2, NULL, NULL, 'A2');
INSERT INTO sys_table_session (id, lastchanged, lastmodifierid, table_keyword) VALUES (3, NULL, NULL, 'A3');
INSERT INTO sys_table_session (id, lastchanged, lastmodifierid, table_keyword) VALUES (4, NULL, NULL, 'A4');
INSERT INTO sys_table_session (id, lastchanged, lastmodifierid, table_keyword) VALUES (5, NULL, NULL, 'A5');
INSERT INTO sys_table_session (id, lastchanged, lastmodifierid, table_keyword) VALUES (6, NULL, NULL, 'A6');
INSERT INTO sys_table_session (id, lastchanged, lastmodifierid, table_keyword) VALUES (7, NULL, NULL, 'A7');
INSERT INTO sys_table_session (id, lastchanged, lastmodifierid, table_keyword) VALUES (8, NULL, NULL, 'A8');
INSERT INTO sys_table_session (id, lastchanged, lastmodifierid, table_keyword) VALUES (9, NULL, NULL, 'A9');
INSERT INTO sys_table_session (id, lastchanged, lastmodifierid, table_keyword) VALUES (10, NULL, NULL, 'A10');
INSERT INTO sys_table_session (id, lastchanged, lastmodifierid, table_keyword) VALUES (11, NULL, NULL, 'A11');
INSERT INTO sys_table_session (id, lastchanged, lastmodifierid, table_keyword) VALUES (12, NULL, NULL, 'A12');
INSERT INTO sys_table_session (id, lastchanged, lastmodifierid, table_keyword) VALUES (13, NULL, NULL, 'B1');
INSERT INTO sys_table_session (id, lastchanged, lastmodifierid, table_keyword) VALUES (14, NULL, NULL, 'B2');
INSERT INTO sys_table_session (id, lastchanged, lastmodifierid, table_keyword) VALUES (15, NULL, NULL, 'B3');
INSERT INTO sys_table_session (id, lastchanged, lastmodifierid, table_keyword) VALUES (16, NULL, NULL, 'B4');
INSERT INTO sys_table_session (id, lastchanged, lastmodifierid, table_keyword) VALUES (17, NULL, NULL, 'B5');
INSERT INTO sys_table_session (id, lastchanged, lastmodifierid, table_keyword) VALUES (18, NULL, NULL, 'B6');
INSERT INTO sys_table_session (id, lastchanged, lastmodifierid, table_keyword) VALUES (19, NULL, NULL, 'B7');
INSERT INTO sys_table_session (id, lastchanged, lastmodifierid, table_keyword) VALUES (20, NULL, NULL, 'B8');
INSERT INTO sys_table_session (id, lastchanged, lastmodifierid, table_keyword) VALUES (21, NULL, NULL, 'B9');
INSERT INTO sys_table_session (id, lastchanged, lastmodifierid, table_keyword) VALUES (22, NULL, NULL, 'B10');
INSERT INTO sys_table_session (id, lastchanged, lastmodifierid, table_keyword) VALUES (23, NULL, NULL, 'B11');
INSERT INTO sys_table_session (id, lastchanged, lastmodifierid, table_keyword) VALUES (24, NULL, NULL, 'B12');


--
-- Data for Name: tf_actor; Type: TABLE DATA; Schema: public; Owner: gazelle-tm
--



--
-- Data for Name: tf_actor_integration_profile; Type: TABLE DATA; Schema: public; Owner: gazelle-tm
--



--
-- Data for Name: tf_actor_integration_profile_option; Type: TABLE DATA; Schema: public; Owner: gazelle-tm
--



--
-- Data for Name: tf_domain; Type: TABLE DATA; Schema: public; Owner: gazelle-tm
--



--
-- Data for Name: tf_domain_profile; Type: TABLE DATA; Schema: public; Owner: gazelle-tm
--



--
-- Data for Name: tf_hl7_message_profile; Type: TABLE DATA; Schema: public; Owner: gazelle-tm
--



--
-- Data for Name: tf_hl7_message_profile_table; Type: TABLE DATA; Schema: public; Owner: gazelle-tm
--


--
-- Data for Name: usr_address; Type: TABLE DATA; Schema: public; Owner: gazelle-tm
--

INSERT INTO usr_address (id, last_changed, last_modifier_id, address, city, zip_code, state, phone, fax, address_type, country) VALUES (25, '2009-08-27 18:03:15.967', 'acardin', NULL, NULL, NULL, NULL, NULL, NULL, NULL, '-');
INSERT INTO usr_address (id, last_changed, last_modifier_id, address, city, zip_code, state, phone, fax, address_type, country) VALUES (24, '2009-08-27 18:03:45.039', 'acardin', '5, rue du Petit Pont', 'Rennes', '35000', '', NULL, NULL, NULL, 'FR');
INSERT INTO usr_address (id, last_changed, last_modifier_id, address, city, zip_code, state, phone, fax, address_type, country) VALUES (22, '2009-09-17 03:20:12.597', 'mindrayguowei', 'Mindray Building, Keji 12th Road South, NanShan', 'ShenZhen', '518057', 'GuangDong Province', NULL, NULL, NULL, 'CN');
INSERT INTO usr_address (id, last_changed, last_modifier_id, address, city, zip_code, state, phone, fax, address_type, country) VALUES (26, '2009-10-15 08:30:26.463', 'crealife', NULL, NULL, NULL, NULL, NULL, NULL, NULL, '-');
INSERT INTO usr_address (id, last_changed, last_modifier_id, address, city, zip_code, state, phone, fax, address_type, country) VALUES (27, '2009-10-15 08:30:26.465', 'crealife', NULL, NULL, NULL, NULL, NULL, NULL, NULL, '-');
INSERT INTO usr_address (id, last_changed, last_modifier_id, address, city, zip_code, state, phone, fax, address_type, country) VALUES (29, '2009-10-26 09:54:57.956', 'esaote', NULL, NULL, NULL, NULL, NULL, NULL, NULL, '-');
INSERT INTO usr_address (id, last_changed, last_modifier_id, address, city, zip_code, state, phone, fax, address_type, country) VALUES (28, '2009-10-26 12:00:17.556', 'esaote', 'via Siffredi 58', 'Genova', '16153', '', NULL, NULL, NULL, 'IT');
INSERT INTO usr_address (id, last_changed, last_modifier_id, address, city, zip_code, state, phone, fax, address_type, country) VALUES (31, '2009-10-29 01:46:51.047', 'AxolotlCorp', NULL, NULL, NULL, NULL, NULL, NULL, NULL, '-');
INSERT INTO usr_address (id, last_changed, last_modifier_id, address, city, zip_code, state, phone, fax, address_type, country) VALUES (30, '2009-10-29 01:47:37.483', 'AxolotlCorp', '160 West Santa Clara St, Suite 1000', 'San Jose', '95113', 'CA', NULL, NULL, NULL, 'US');
INSERT INTO usr_address (id, last_changed, last_modifier_id, address, city, zip_code, state, phone, fax, address_type, country) VALUES (33, '2009-11-04 18:44:23.813', 'pkatzman', NULL, NULL, NULL, NULL, NULL, NULL, NULL, '-');
INSERT INTO usr_address (id, last_changed, last_modifier_id, address, city, zip_code, state, phone, fax, address_type, country) VALUES (32, '2009-11-04 18:45:06.523', 'pkatzman', '40 Middlesex Turnpike', 'Bedford', '01701', 'MA', NULL, NULL, NULL, 'US');
INSERT INTO usr_address (id, last_changed, last_modifier_id, address, city, zip_code, state, phone, fax, address_type, country) VALUES (35, '2009-11-10 16:50:03.635', 'forcare', NULL, NULL, NULL, NULL, NULL, NULL, NULL, '-');
INSERT INTO usr_address (id, last_changed, last_modifier_id, address, city, zip_code, state, phone, fax, address_type, country) VALUES (34, '2009-11-10 16:51:21.189', 'forcare', 'Laan van Vollenhove 3221', 'Zeist', '3706 AR', 'UT', NULL, NULL, NULL, 'NL');
INSERT INTO usr_address (id, last_changed, last_modifier_id, address, city, zip_code, state, phone, fax, address_type, country) VALUES (36, '2009-11-20 21:54:55.786', 'kjekkmec', NULL, NULL, NULL, NULL, NULL, NULL, NULL, '-');
INSERT INTO usr_address (id, last_changed, last_modifier_id, address, city, zip_code, state, phone, fax, address_type, country) VALUES (37, '2009-11-20 21:54:55.788', 'kjekkmec', NULL, NULL, NULL, NULL, NULL, NULL, NULL, '-');
INSERT INTO usr_address (id, last_changed, last_modifier_id, address, city, zip_code, state, phone, fax, address_type, country) VALUES (39, '2009-11-30 14:55:27.519', 'manuela.ghezzi', NULL, NULL, NULL, NULL, NULL, NULL, NULL, '-');
INSERT INTO usr_address (id, last_changed, last_modifier_id, address, city, zip_code, state, phone, fax, address_type, country) VALUES (0, NULL, NULL, '', '', '', '', '', '', '', 'US');
INSERT INTO usr_address (id, last_changed, last_modifier_id, address, city, zip_code, state, phone, fax, address_type, country) VALUES (1, NULL, NULL, 'INRIA/IRISA, Campus Universitaire de Beaulieu', 'Rennes Cedex', '35042', '', '+33 299 847 456 ', '+33 299 847 171', '', 'FR');
INSERT INTO usr_address (id, last_changed, last_modifier_id, address, city, zip_code, state, phone, fax, address_type, country) VALUES (4, NULL, NULL, 'The Remise', 'Vienna', '1110', 'Vienna', '0043 0 123 45 67 89', '0043 0 123 45 67 89', 'CONNECTATHON', 'AT');
INSERT INTO usr_address (id, last_changed, last_modifier_id, address, city, zip_code, state, phone, fax, address_type, country) VALUES (5, NULL, NULL, 'Hyatt Regency, East Wacker Dr', 'Chicago', '60601', 'IL', '+1 312 565 1234', '+1 312 239 4414', 'CONNECTATHON', 'US');
INSERT INTO usr_address (id, last_changed, last_modifier_id, address, city, zip_code, state, phone, fax, address_type, country) VALUES (6, '2009-02-06 09:24:10.934', 'jbmeyer', NULL, NULL, NULL, NULL, NULL, NULL, NULL, '-');
INSERT INTO usr_address (id, last_changed, last_modifier_id, address, city, zip_code, state, phone, fax, address_type, country) VALUES (7, '2009-02-06 09:24:10.934', 'jbmeyer', NULL, NULL, NULL, NULL, NULL, NULL, NULL, '-');
INSERT INTO usr_address (id, last_changed, last_modifier_id, address, city, zip_code, state, phone, fax, address_type, country) VALUES (9, '2009-03-16 16:26:04.983', 'acardin', NULL, NULL, NULL, NULL, NULL, NULL, NULL, '-');
INSERT INTO usr_address (id, last_changed, last_modifier_id, address, city, zip_code, state, phone, fax, address_type, country) VALUES (11, '2009-03-16 17:37:46.604', 'acardin2', NULL, NULL, NULL, NULL, NULL, NULL, NULL, '-');
INSERT INTO usr_address (id, last_changed, last_modifier_id, address, city, zip_code, state, phone, fax, address_type, country) VALUES (10, '2009-03-16 17:38:51.457', 'acardin2', '7, rue de Chateaudun ', 'Marseille', '13000', 'France', NULL, NULL, NULL, 'FR');
INSERT INTO usr_address (id, last_changed, last_modifier_id, address, city, zip_code, state, phone, fax, address_type, country) VALUES (8, '2009-03-16 17:39:44.708', 'acardin', '5, rue de Nemours', 'Paris', '75000', 'France', NULL, NULL, NULL, 'FR');
INSERT INTO usr_address (id, last_changed, last_modifier_id, address, city, zip_code, state, phone, fax, address_type, country) VALUES (13, '2009-04-24 06:44:30.304', 'shagun.grover', NULL, NULL, NULL, NULL, NULL, NULL, NULL, '-');
INSERT INTO usr_address (id, last_changed, last_modifier_id, address, city, zip_code, state, phone, fax, address_type, country) VALUES (12, '2009-04-24 06:45:39.468', 'shagun.grover', '202Ashok Bhawan, 93 Nehru Place', 'New Delhi', '110019', 'Delhi', NULL, NULL, NULL, 'IN');
INSERT INTO usr_address (id, last_changed, last_modifier_id, address, city, zip_code, state, phone, fax, address_type, country) VALUES (15, '2009-04-29 15:26:33.589', 'witting', NULL, NULL, NULL, NULL, NULL, NULL, NULL, '-');
INSERT INTO usr_address (id, last_changed, last_modifier_id, address, city, zip_code, state, phone, fax, address_type, country) VALUES (14, '2009-04-29 15:27:39.098', 'witting', '', '', '', '', NULL, NULL, NULL, '-');
INSERT INTO usr_address (id, last_changed, last_modifier_id, address, city, zip_code, state, phone, fax, address_type, country) VALUES (17, '2009-05-07 09:14:21.331', 'timmer', NULL, NULL, NULL, NULL, NULL, NULL, NULL, '-');
INSERT INTO usr_address (id, last_changed, last_modifier_id, address, city, zip_code, state, phone, fax, address_type, country) VALUES (16, '2009-05-07 09:18:44.673', 'timmer', 'Wiltonstraat 41', 'Veenendaal', '3905 KW', '', NULL, NULL, NULL, 'NL');
INSERT INTO usr_address (id, last_changed, last_modifier_id, address, city, zip_code, state, phone, fax, address_type, country) VALUES (19, '2009-07-07 15:17:45.296', 'peterkuenecke', NULL, NULL, NULL, NULL, NULL, NULL, NULL, '-');
INSERT INTO usr_address (id, last_changed, last_modifier_id, address, city, zip_code, state, phone, fax, address_type, country) VALUES (18, '2009-07-17 11:42:34.185', 'MOberfell', 'Hartmannstreet 16', 'Erlangen', '91052', 'Bavaria', NULL, NULL, NULL, 'DE');
INSERT INTO usr_address (id, last_changed, last_modifier_id, address, city, zip_code, state, phone, fax, address_type, country) VALUES (20, '2009-08-17 17:14:56.797', 'epoiseau', NULL, NULL, NULL, NULL, NULL, NULL, NULL, '-');
INSERT INTO usr_address (id, last_changed, last_modifier_id, address, city, zip_code, state, phone, fax, address_type, country) VALUES (21, '2009-08-17 17:14:56.803', 'epoiseau', NULL, NULL, NULL, NULL, NULL, NULL, NULL, '-');
INSERT INTO usr_address (id, last_changed, last_modifier_id, address, city, zip_code, state, phone, fax, address_type, country) VALUES (23, '2009-08-27 08:24:52.905', 'mindrayguowei', NULL, NULL, NULL, NULL, NULL, NULL, NULL, '-');
INSERT INTO usr_address (id, last_changed, last_modifier_id, address, city, zip_code, state, phone, fax, address_type, country) VALUES (38, '2009-11-30 14:56:51.74', 'manuela.ghezzi', 'Via Durando, 38', 'MILAN', '20158', 'LOMBARDY', NULL, NULL, NULL, 'IT');


--
-- Data for Name: usr_currency; Type: TABLE DATA; Schema: public; Owner: gazelle-tm
--

INSERT INTO usr_currency (keyword, last_changed, last_modifier_id, name, comment) VALUES ('USD', NULL, NULL, 'United States Dollar', 'Currency used for NA registration');
INSERT INTO usr_currency (keyword, last_changed, last_modifier_id, name, comment) VALUES ('EUR', NULL, NULL, 'Euro', 'Currency used for European registration');


--
-- Data for Name: usr_gazelle_language; Type: TABLE DATA; Schema: public; Owner: gazelle-tm
--



--
-- Data for Name: usr_institution; Type: TABLE DATA; Schema: public; Owner: gazelle-tm
--

INSERT INTO usr_institution (id, last_changed, last_modifier_id, name, keyword, note, url, integration_statements_repository_url, activated, institution_type_id, mailing_address_id, billing_address_id) VALUES (16, '2009-09-17 03:20:52.841', 'mindrayguowei', 'Mindray', 'MR', NULL, 'http://www.mindray.com/main/index.htm', 'http://www.mindray.com.cn/download/downloads.htm', true, 2, 22, 23);
INSERT INTO usr_institution (id, last_changed, last_modifier_id, name, keyword, note, url, integration_statements_repository_url, activated, institution_type_id, mailing_address_id, billing_address_id) VALUES (3, '2009-11-17 16:28:22.739', 'pbuytaert', 'AGFA Healthcare', 'AGFA', NULL, 'http://agfa.com/healthcare', 'http://www.agfa.com/healthcare/ihe', true, 2, NULL, NULL);
INSERT INTO usr_institution (id, last_changed, last_modifier_id, name, keyword, note, url, integration_statements_repository_url, activated, institution_type_id, mailing_address_id, billing_address_id) VALUES (19, '2009-11-30 14:56:51.74', 'manuela.ghezzi', 'Santer Reply', 'Santer', NULL, 'http://www.reply.eu', 'http://www.reply.eu/en/healthcare_certification', true, 2, 38, 39);
INSERT INTO usr_institution (id, last_changed, last_modifier_id, name, keyword, note, url, integration_statements_repository_url, activated, institution_type_id, mailing_address_id, billing_address_id) VALUES (1, NULL, NULL, 'IHE Connectathon Management', 'IHE', NULL, 'http://www.ihe.net/', NULL, NULL, 1, 1, 1);
INSERT INTO usr_institution (id, last_changed, last_modifier_id, name, keyword, note, url, integration_statements_repository_url, activated, institution_type_id, mailing_address_id, billing_address_id) VALUES (0, '2009-02-26 18:37:54.498', NULL, 'New company - Create your company', 'NULL', NULL, 'http://www.ihe.net', NULL, NULL, 1, 0, 0);
INSERT INTO usr_institution (id, last_changed, last_modifier_id, name, keyword, note, url, integration_statements_repository_url, activated, institution_type_id, mailing_address_id, billing_address_id) VALUES (9, '2009-04-24 08:16:51.952', 'epoiseau', 'TSG Integrations', 'TSG', NULL, 'http://www.tsgintegrations.com', 'http://www.tsgintegrations.com/ihe/TSG_IHEStatement-Radiology.pdf', true, 2, 12, 13);
INSERT INTO usr_institution (id, last_changed, last_modifier_id, name, keyword, note, url, integration_statements_repository_url, activated, institution_type_id, mailing_address_id, billing_address_id) VALUES (10, '2009-04-27 22:06:13.158', 'jcolquitt', 'Greenway Medical Technologies', 'Greenway', NULL, 'http://www.GreenwayMedical.com', NULL, true, 2, NULL, NULL);
INSERT INTO usr_institution (id, last_changed, last_modifier_id, name, keyword, note, url, integration_statements_repository_url, activated, institution_type_id, mailing_address_id, billing_address_id) VALUES (11, '2009-04-29 15:27:39.098', 'witting', 'IBM', 'IBM', NULL, 'http://www.ibm.com', 'http://www-03.ibm.com/industries/healthcare/us/detail/resource/B402812O92611R42.html ', true, 2, 14, 15);
INSERT INTO usr_institution (id, last_changed, last_modifier_id, name, keyword, note, url, integration_statements_repository_url, activated, institution_type_id, mailing_address_id, billing_address_id) VALUES (12, '2009-05-05 18:55:38.22', NULL, 'AAMI', 'AAMI', NULL, 'http://www.aami.org', NULL, true, 1, NULL, NULL);
INSERT INTO usr_institution (id, last_changed, last_modifier_id, name, keyword, note, url, integration_statements_repository_url, activated, institution_type_id, mailing_address_id, billing_address_id) VALUES (13, '2009-05-07 09:18:44.674', 'timmer', 'Rogan-Delft', 'PACS, RIS, XDS', NULL, 'http://www.rogan-delft.com', 'http://www.rogan-delft.com/index.php?option=com_jotloader&view=categories&cid=0&Itemid=29&lang=en', true, 2, 16, 17);
INSERT INTO usr_institution (id, last_changed, last_modifier_id, name, keyword, note, url, integration_statements_repository_url, activated, institution_type_id, mailing_address_id, billing_address_id) VALUES (14, '2009-07-17 11:44:52.461', 'MOberfell', 'Siemens AG, Healthcare Sector', 'SAG', NULL, 'http://www.siemens.com', 'http://www.siemens.com/ihe', true, 2, 18, 19);
INSERT INTO usr_institution (id, last_changed, last_modifier_id, name, keyword, note, url, integration_statements_repository_url, activated, institution_type_id, mailing_address_id, billing_address_id) VALUES (15, '2009-08-06 19:49:35.38', 'laroccam', 'InterSystems Corporation', 'ISC', NULL, 'http://www.intersystems.com', 'http://www.intersystems.com/healthshare/ihe/InterSystems_IHE_Integration_Statement.pdf', true, 2, NULL, NULL);
INSERT INTO usr_institution (id, last_changed, last_modifier_id, name, keyword, note, url, integration_statements_repository_url, activated, institution_type_id, mailing_address_id, billing_address_id) VALUES (5, '2009-08-17 17:14:56.808', 'epoiseau', 'Toshiba Medical Systems', 'TOSHIBA', NULL, 'http://medical.toshiba.com', NULL, true, 2, 20, 21);
INSERT INTO usr_institution (id, last_changed, last_modifier_id, name, keyword, note, url, integration_statements_repository_url, activated, institution_type_id, mailing_address_id, billing_address_id) VALUES (20, '2009-09-15 18:09:20.99', NULL, 'DeJarnette Research Systems', 'DRS', NULL, 'http://www.dejarnette.com', NULL, false, 2, NULL, NULL);
INSERT INTO usr_institution (id, last_changed, last_modifier_id, name, keyword, note, url, integration_statements_repository_url, activated, institution_type_id, mailing_address_id, billing_address_id) VALUES (21, '2009-09-15 19:43:11.141', 'fganong20', 'DeJarnette Research Systems Inc.', 'DeJarnette', NULL, 'http://www.dejarnette.com', 'http://www.dejarnette.com', true, 2, NULL, NULL);
INSERT INTO usr_institution (id, last_changed, last_modifier_id, name, keyword, note, url, integration_statements_repository_url, activated, institution_type_id, mailing_address_id, billing_address_id) VALUES (22, '2009-09-17 16:59:32.186', NULL, 'HealthCard', 'HCD', NULL, 'http://HCDCompany.fr', NULL, true, 2, NULL, NULL);
INSERT INTO usr_institution (id, last_changed, last_modifier_id, name, keyword, note, url, integration_statements_repository_url, activated, institution_type_id, mailing_address_id, billing_address_id) VALUES (23, '2009-09-23 13:15:21.277', NULL, 'ALERT Life Sciences Computing', 'ALERT', NULL, 'http://www.alert-online.com', NULL, false, 2, NULL, NULL);
INSERT INTO usr_institution (id, last_changed, last_modifier_id, name, keyword, note, url, integration_statements_repository_url, activated, institution_type_id, mailing_address_id, billing_address_id) VALUES (26, '2009-09-24 20:48:08.823', NULL, 'B. Braun Medical', 'BBM', NULL, 'http://www.bbraunusa.com', NULL, true, 2, NULL, NULL);
INSERT INTO usr_institution (id, last_changed, last_modifier_id, name, keyword, note, url, integration_statements_repository_url, activated, institution_type_id, mailing_address_id, billing_address_id) VALUES (28, '2009-10-15 08:30:26.48', 'crealife', 'crealife', 'crea', NULL, 'http://crealifemed.com', NULL, true, 2, 26, 27);
INSERT INTO usr_institution (id, last_changed, last_modifier_id, name, keyword, note, url, integration_statements_repository_url, activated, institution_type_id, mailing_address_id, billing_address_id) VALUES (29, '2009-10-26 12:00:17.556', 'esaote', 'Esaote S.p.A.', 'Esaote', NULL, 'http://www.esaote.com', 'http://www.esaote.com/dicom.htm', true, 2, 28, 29);
INSERT INTO usr_institution (id, last_changed, last_modifier_id, name, keyword, note, url, integration_statements_repository_url, activated, institution_type_id, mailing_address_id, billing_address_id) VALUES (30, '2009-10-28 17:39:01.586', 'bklaver', 'Initiate Systems', 'Initiate', NULL, 'http://www.initiate.com/Pages/default.aspx', 'http://www.initiate.com/resources/Documents', true, 2, NULL, NULL);
INSERT INTO usr_institution (id, last_changed, last_modifier_id, name, keyword, note, url, integration_statements_repository_url, activated, institution_type_id, mailing_address_id, billing_address_id) VALUES (33, '2009-11-03 05:41:00.761', 'sbajaj', 'Oracle', 'Oracle', NULL, 'http://www.oracle.com/industries/healthcare/ihe.html', 'http://www.oracle.com/us/industries/communications/027316.pdf', true, 1, NULL, NULL);
INSERT INTO usr_institution (id, last_changed, last_modifier_id, name, keyword, note, url, integration_statements_repository_url, activated, institution_type_id, mailing_address_id, billing_address_id) VALUES (34, '2009-11-04 18:45:06.523', 'pkatzman', 'Aware Inc.', 'Aware', NULL, 'http://www.aware.com/medical', '', true, 2, 32, 33);
INSERT INTO usr_institution (id, last_changed, last_modifier_id, name, keyword, note, url, integration_statements_repository_url, activated, institution_type_id, mailing_address_id, billing_address_id) VALUES (35, '2009-11-07 23:12:11.409', NULL, 'Nucletron B.V.', 'NUC', NULL, 'http://www.nucletron.com', NULL, true, 2, NULL, NULL);
INSERT INTO usr_institution (id, last_changed, last_modifier_id, name, keyword, note, url, integration_statements_repository_url, activated, institution_type_id, mailing_address_id, billing_address_id) VALUES (36, '2009-11-09 21:34:44.766', 'emcosa', 'EMC Corporation', 'EMC', NULL, 'http://www.emc.com/', NULL, true, 1, NULL, NULL);
INSERT INTO usr_institution (id, last_changed, last_modifier_id, name, keyword, note, url, integration_statements_repository_url, activated, institution_type_id, mailing_address_id, billing_address_id) VALUES (31, '2009-11-17 18:23:01.629', 'dnicholson', 'Axolotl Corp', 'Axolotl', NULL, 'http://www.axolotl.com', 'http://www.axolotl.com/IHE', true, 3, 30, 31);
INSERT INTO usr_institution (id, last_changed, last_modifier_id, name, keyword, note, url, integration_statements_repository_url, activated, institution_type_id, mailing_address_id, billing_address_id) VALUES (38, '2009-11-19 17:01:01.669', 'barrybrown', 'Mortara Instrument, Inc.', 'Mortara', NULL, 'http://www.mortara.com', NULL, true, 2, NULL, NULL);
INSERT INTO usr_institution (id, last_changed, last_modifier_id, name, keyword, note, url, integration_statements_repository_url, activated, institution_type_id, mailing_address_id, billing_address_id) VALUES (32, '2009-11-20 21:54:55.79', 'kjekkmec', 'Intel Corporation', 'Intel', NULL, 'http://www.intel.com/healthcare/ps/soa/', NULL, true, 2, 36, 37);
INSERT INTO usr_institution (id, last_changed, last_modifier_id, name, keyword, note, url, integration_statements_repository_url, activated, institution_type_id, mailing_address_id, billing_address_id) VALUES (37, '2009-11-25 21:11:21.825', 'forcare', 'Forcare BV', 'Forcare', NULL, 'http://www.forcare.nl', 'http://www.forcare.nl/images/stories/documents/forcare_ihe_integration_statement_v21.pdf', true, 2, 34, 35);
INSERT INTO usr_institution (id, last_changed, last_modifier_id, name, keyword, note, url, integration_statements_repository_url, activated, institution_type_id, mailing_address_id, billing_address_id) VALUES (27, '2009-11-27 18:21:08.849', 'karos', 'Karos Health', 'Karos', NULL, 'http://www.karoshealth.com', 'http://www.karoshealth.com/stanhttp://www.karoshealth.com/Rialto_Standards.htm', true, 2, NULL, NULL);


--
-- Data for Name: usr_institution_address; Type: TABLE DATA; Schema: public; Owner: gazelle-tm
--



--
-- Data for Name: usr_institution_type; Type: TABLE DATA; Schema: public; Owner: gazelle-tm
--

INSERT INTO usr_institution_type (id, last_changed, last_modifier_id, type, description) VALUES (1, NULL, NULL, 'Public', 'This institution is public (administration, ...)');
INSERT INTO usr_institution_type (id, last_changed, last_modifier_id, type, description) VALUES (2, NULL, NULL, 'Company', 'A company.');
INSERT INTO usr_institution_type (id, last_changed, last_modifier_id, type, description) VALUES (3, NULL, NULL, 'Sponsor', 'This institution is a sponsor.');
INSERT INTO usr_institution_type (id, last_changed, last_modifier_id, type, description) VALUES (4, NULL, NULL, 'Healthcare Enterprise', 'Any kind of Healthcare entreprise');


--
-- Data for Name: usr_iso_3166_country_code; Type: TABLE DATA; Schema: public; Owner: gazelle-tm
--

INSERT INTO usr_iso_3166_country_code (iso, name, printable_name, iso3, numcode, ec, flag_url) VALUES ('-', '', '', '', NULL, NULL, NULL);
INSERT INTO usr_iso_3166_country_code (iso, name, printable_name, iso3, numcode, ec, flag_url) VALUES ('AF', 'AFGHANISTAN', 'Afghanistan', 'AFG', 4, NULL, '/img/flags/af.png');
INSERT INTO usr_iso_3166_country_code (iso, name, printable_name, iso3, numcode, ec, flag_url) VALUES ('AL', 'ALBANIA', 'Albania', 'ALB', 8, NULL, '/img/flags/al.png');
INSERT INTO usr_iso_3166_country_code (iso, name, printable_name, iso3, numcode, ec, flag_url) VALUES ('DZ', 'ALGERIA', 'Algeria', 'DZA', 12, NULL, '/img/flags/dz.png');
INSERT INTO usr_iso_3166_country_code (iso, name, printable_name, iso3, numcode, ec, flag_url) VALUES ('AS', 'AMERICAN SAMOA', 'American Samoa', 'ASM', 16, NULL, '/img/flags/as.png');
INSERT INTO usr_iso_3166_country_code (iso, name, printable_name, iso3, numcode, ec, flag_url) VALUES ('AD', 'ANDORRA', 'Andorra', 'AND', 20, NULL, '/img/flags/ad.png');
INSERT INTO usr_iso_3166_country_code (iso, name, printable_name, iso3, numcode, ec, flag_url) VALUES ('AO', 'ANGOLA', 'Angola', 'AGO', 24, NULL, '/img/flags/ao.png');
INSERT INTO usr_iso_3166_country_code (iso, name, printable_name, iso3, numcode, ec, flag_url) VALUES ('AI', 'ANGUILLA', 'Anguilla', 'AIA', 660, NULL, '/img/flags/ai.png');
INSERT INTO usr_iso_3166_country_code (iso, name, printable_name, iso3, numcode, ec, flag_url) VALUES ('AQ', 'ANTARCTICA', 'Antarctica', NULL, NULL, NULL, '/img/flags/aq.png');
INSERT INTO usr_iso_3166_country_code (iso, name, printable_name, iso3, numcode, ec, flag_url) VALUES ('AG', 'ANTIGUA AND BARBUDA', 'Antigua and Barbuda', 'ATG', 28, NULL, '/img/flags/ag.png');
INSERT INTO usr_iso_3166_country_code (iso, name, printable_name, iso3, numcode, ec, flag_url) VALUES ('AR', 'ARGENTINA', 'Argentina', 'ARG', 32, NULL, '/img/flags/ar.png');
INSERT INTO usr_iso_3166_country_code (iso, name, printable_name, iso3, numcode, ec, flag_url) VALUES ('AM', 'ARMENIA', 'Armenia', 'ARM', 51, NULL, '/img/flags/am.png');
INSERT INTO usr_iso_3166_country_code (iso, name, printable_name, iso3, numcode, ec, flag_url) VALUES ('AW', 'ARUBA', 'Aruba', 'ABW', 533, NULL, '/img/flags/aw.png');
INSERT INTO usr_iso_3166_country_code (iso, name, printable_name, iso3, numcode, ec, flag_url) VALUES ('AU', 'AUSTRALIA', 'Australia', 'AUS', 36, NULL, '/img/flags/au.png');
INSERT INTO usr_iso_3166_country_code (iso, name, printable_name, iso3, numcode, ec, flag_url) VALUES ('AZ', 'AZERBAIJAN', 'Azerbaijan', 'AZE', 31, NULL, '/img/flags/az.png');
INSERT INTO usr_iso_3166_country_code (iso, name, printable_name, iso3, numcode, ec, flag_url) VALUES ('BS', 'BAHAMAS', 'Bahamas', 'BHS', 44, NULL, '/img/flags/bs.png');
INSERT INTO usr_iso_3166_country_code (iso, name, printable_name, iso3, numcode, ec, flag_url) VALUES ('BH', 'BAHRAIN', 'Bahrain', 'BHR', 48, NULL, '/img/flags/bh.png');
INSERT INTO usr_iso_3166_country_code (iso, name, printable_name, iso3, numcode, ec, flag_url) VALUES ('BD', 'BANGLADESH', 'Bangladesh', 'BGD', 50, NULL, '/img/flags/bd.png');
INSERT INTO usr_iso_3166_country_code (iso, name, printable_name, iso3, numcode, ec, flag_url) VALUES ('BB', 'BARBADOS', 'Barbados', 'BRB', 52, NULL, '/img/flags/bb.png');
INSERT INTO usr_iso_3166_country_code (iso, name, printable_name, iso3, numcode, ec, flag_url) VALUES ('BY', 'BELARUS', 'Belarus', 'BLR', 112, NULL, '/img/flags/by.png');
INSERT INTO usr_iso_3166_country_code (iso, name, printable_name, iso3, numcode, ec, flag_url) VALUES ('BZ', 'BELIZE', 'Belize', 'BLZ', 84, NULL, '/img/flags/bz.png');
INSERT INTO usr_iso_3166_country_code (iso, name, printable_name, iso3, numcode, ec, flag_url) VALUES ('BJ', 'BENIN', 'Benin', 'BEN', 204, NULL, '/img/flags/bj.png');
INSERT INTO usr_iso_3166_country_code (iso, name, printable_name, iso3, numcode, ec, flag_url) VALUES ('BM', 'BERMUDA', 'Bermuda', 'BMU', 60, NULL, '/img/flags/bm.png');
INSERT INTO usr_iso_3166_country_code (iso, name, printable_name, iso3, numcode, ec, flag_url) VALUES ('BT', 'BHUTAN', 'Bhutan', 'BTN', 64, NULL, '/img/flags/bt.png');
INSERT INTO usr_iso_3166_country_code (iso, name, printable_name, iso3, numcode, ec, flag_url) VALUES ('BO', 'BOLIVIA', 'Bolivia', 'BOL', 68, NULL, '/img/flags/bo.png');
INSERT INTO usr_iso_3166_country_code (iso, name, printable_name, iso3, numcode, ec, flag_url) VALUES ('BA', 'BOSNIA AND HERZEGOVINA', 'Bosnia and Herzegovina', 'BIH', 70, NULL, '/img/flags/ba.png');
INSERT INTO usr_iso_3166_country_code (iso, name, printable_name, iso3, numcode, ec, flag_url) VALUES ('BW', 'BOTSWANA', 'Botswana', 'BWA', 72, NULL, '/img/flags/bw.png');
INSERT INTO usr_iso_3166_country_code (iso, name, printable_name, iso3, numcode, ec, flag_url) VALUES ('BV', 'BOUVET ISLAND', 'Bouvet Island', NULL, NULL, NULL, '/img/flags/bv.png');
INSERT INTO usr_iso_3166_country_code (iso, name, printable_name, iso3, numcode, ec, flag_url) VALUES ('BR', 'BRAZIL', 'Brazil', 'BRA', 76, NULL, '/img/flags/br.png');
INSERT INTO usr_iso_3166_country_code (iso, name, printable_name, iso3, numcode, ec, flag_url) VALUES ('IO', 'BRITISH INDIAN OCEAN TERRITORY', 'British Indian Ocean Territory', NULL, NULL, NULL, '/img/flags/io.png');
INSERT INTO usr_iso_3166_country_code (iso, name, printable_name, iso3, numcode, ec, flag_url) VALUES ('BN', 'BRUNEI DARUSSALAM', 'Brunei Darussalam', 'BRN', 96, NULL, '/img/flags/bn.png');
INSERT INTO usr_iso_3166_country_code (iso, name, printable_name, iso3, numcode, ec, flag_url) VALUES ('BF', 'BURKINA FASO', 'Burkina Faso', 'BFA', 854, NULL, '/img/flags/bf.png');
INSERT INTO usr_iso_3166_country_code (iso, name, printable_name, iso3, numcode, ec, flag_url) VALUES ('BI', 'BURUNDI', 'Burundi', 'BDI', 108, NULL, '/img/flags/bi.png');
INSERT INTO usr_iso_3166_country_code (iso, name, printable_name, iso3, numcode, ec, flag_url) VALUES ('KH', 'CAMBODIA', 'Cambodia', 'KHM', 116, NULL, '/img/flags/kh.png');
INSERT INTO usr_iso_3166_country_code (iso, name, printable_name, iso3, numcode, ec, flag_url) VALUES ('CM', 'CAMEROON', 'Cameroon', 'CMR', 120, NULL, '/img/flags/cm.png');
INSERT INTO usr_iso_3166_country_code (iso, name, printable_name, iso3, numcode, ec, flag_url) VALUES ('CA', 'CANADA', 'Canada', 'CAN', 124, NULL, '/img/flags/ca.png');
INSERT INTO usr_iso_3166_country_code (iso, name, printable_name, iso3, numcode, ec, flag_url) VALUES ('CV', 'CAPE VERDE', 'Cape Verde', 'CPV', 132, NULL, '/img/flags/cv.png');
INSERT INTO usr_iso_3166_country_code (iso, name, printable_name, iso3, numcode, ec, flag_url) VALUES ('KY', 'CAYMAN ISLANDS', 'Cayman Islands', 'CYM', 136, NULL, '/img/flags/ky.png');
INSERT INTO usr_iso_3166_country_code (iso, name, printable_name, iso3, numcode, ec, flag_url) VALUES ('CF', 'CENTRAL AFRICAN REPUBLIC', 'Central African Republic', 'CAF', 140, NULL, '/img/flags/cf.png');
INSERT INTO usr_iso_3166_country_code (iso, name, printable_name, iso3, numcode, ec, flag_url) VALUES ('TD', 'CHAD', 'Chad', 'TCD', 148, NULL, '/img/flags/td.png');
INSERT INTO usr_iso_3166_country_code (iso, name, printable_name, iso3, numcode, ec, flag_url) VALUES ('CL', 'CHILE', 'Chile', 'CHL', 152, NULL, '/img/flags/cl.png');
INSERT INTO usr_iso_3166_country_code (iso, name, printable_name, iso3, numcode, ec, flag_url) VALUES ('CN', 'CHINA', 'China', 'CHN', 156, NULL, '/img/flags/cn.png');
INSERT INTO usr_iso_3166_country_code (iso, name, printable_name, iso3, numcode, ec, flag_url) VALUES ('CX', 'CHRISTMAS ISLAND', 'Christmas Island', NULL, NULL, NULL, '/img/flags/cx.png');
INSERT INTO usr_iso_3166_country_code (iso, name, printable_name, iso3, numcode, ec, flag_url) VALUES ('CC', 'COCOS (KEELING) ISLANDS', 'Cocos (Keeling) Islands', NULL, NULL, NULL, '/img/flags/cc.png');
INSERT INTO usr_iso_3166_country_code (iso, name, printable_name, iso3, numcode, ec, flag_url) VALUES ('CO', 'COLOMBIA', 'Colombia', 'COL', 170, NULL, '/img/flags/co.png');
INSERT INTO usr_iso_3166_country_code (iso, name, printable_name, iso3, numcode, ec, flag_url) VALUES ('KM', 'COMOROS', 'Comoros', 'COM', 174, NULL, '/img/flags/km.png');
INSERT INTO usr_iso_3166_country_code (iso, name, printable_name, iso3, numcode, ec, flag_url) VALUES ('CG', 'CONGO', 'Congo', 'COG', 178, NULL, '/img/flags/cg.png');
INSERT INTO usr_iso_3166_country_code (iso, name, printable_name, iso3, numcode, ec, flag_url) VALUES ('CD', 'CONGO, THE DEMOCRATIC REPUBLIC OF THE', 'Congo, the Democratic Republic of the', 'COD', 180, NULL, '/img/flags/cd.png');
INSERT INTO usr_iso_3166_country_code (iso, name, printable_name, iso3, numcode, ec, flag_url) VALUES ('CK', 'COOK ISLANDS', 'Cook Islands', 'COK', 184, NULL, '/img/flags/ck.png');
INSERT INTO usr_iso_3166_country_code (iso, name, printable_name, iso3, numcode, ec, flag_url) VALUES ('CR', 'COSTA RICA', 'Costa Rica', 'CRI', 188, NULL, '/img/flags/cr.png');
INSERT INTO usr_iso_3166_country_code (iso, name, printable_name, iso3, numcode, ec, flag_url) VALUES ('CI', 'COTE D''IVOIRE', 'Cote D''Ivoire', 'CIV', 384, NULL, '/img/flags/ci.png');
INSERT INTO usr_iso_3166_country_code (iso, name, printable_name, iso3, numcode, ec, flag_url) VALUES ('HR', 'CROATIA', 'Croatia', 'HRV', 191, NULL, '/img/flags/hr.png');
INSERT INTO usr_iso_3166_country_code (iso, name, printable_name, iso3, numcode, ec, flag_url) VALUES ('CU', 'CUBA', 'Cuba', 'CUB', 192, NULL, '/img/flags/cu.png');
INSERT INTO usr_iso_3166_country_code (iso, name, printable_name, iso3, numcode, ec, flag_url) VALUES ('DJ', 'DJIBOUTI', 'Djibouti', 'DJI', 262, NULL, '/img/flags/dj.png');
INSERT INTO usr_iso_3166_country_code (iso, name, printable_name, iso3, numcode, ec, flag_url) VALUES ('DM', 'DOMINICA', 'Dominica', 'DMA', 212, NULL, '/img/flags/dm.png');
INSERT INTO usr_iso_3166_country_code (iso, name, printable_name, iso3, numcode, ec, flag_url) VALUES ('DO', 'DOMINICAN REPUBLIC', 'Dominican Republic', 'DOM', 214, NULL, '/img/flags/do.png');
INSERT INTO usr_iso_3166_country_code (iso, name, printable_name, iso3, numcode, ec, flag_url) VALUES ('EC', 'ECUADOR', 'Ecuador', 'ECU', 218, NULL, '/img/flags/ec.png');
INSERT INTO usr_iso_3166_country_code (iso, name, printable_name, iso3, numcode, ec, flag_url) VALUES ('EG', 'EGYPT', 'Egypt', 'EGY', 818, NULL, '/img/flags/eg.png');
INSERT INTO usr_iso_3166_country_code (iso, name, printable_name, iso3, numcode, ec, flag_url) VALUES ('SV', 'EL SALVADOR', 'El Salvador', 'SLV', 222, NULL, '/img/flags/sv.png');
INSERT INTO usr_iso_3166_country_code (iso, name, printable_name, iso3, numcode, ec, flag_url) VALUES ('GQ', 'EQUATORIAL GUINEA', 'Equatorial Guinea', 'GNQ', 226, NULL, '/img/flags/qg.png');
INSERT INTO usr_iso_3166_country_code (iso, name, printable_name, iso3, numcode, ec, flag_url) VALUES ('ER', 'ERITREA', 'Eritrea', 'ERI', 232, NULL, '/img/flags/er.png');
INSERT INTO usr_iso_3166_country_code (iso, name, printable_name, iso3, numcode, ec, flag_url) VALUES ('ET', 'ETHIOPIA', 'Ethiopia', 'ETH', 231, NULL, '/img/flags/et.png');
INSERT INTO usr_iso_3166_country_code (iso, name, printable_name, iso3, numcode, ec, flag_url) VALUES ('FK', 'FALKLAND ISLANDS (MALVINAS)', 'Falkland Islands (Malvinas)', 'FLK', 238, NULL, '/img/flags/fk.png');
INSERT INTO usr_iso_3166_country_code (iso, name, printable_name, iso3, numcode, ec, flag_url) VALUES ('FO', 'FAROE ISLANDS', 'Faroe Islands', 'FRO', 234, NULL, '/img/flags/fo.png');
INSERT INTO usr_iso_3166_country_code (iso, name, printable_name, iso3, numcode, ec, flag_url) VALUES ('FJ', 'FIJI', 'Fiji', 'FJI', 242, NULL, '/img/flags/fj.png');
INSERT INTO usr_iso_3166_country_code (iso, name, printable_name, iso3, numcode, ec, flag_url) VALUES ('GF', 'FRENCH GUIANA', 'French Guiana', 'GUF', 254, NULL, '/img/flags/gf.png');
INSERT INTO usr_iso_3166_country_code (iso, name, printable_name, iso3, numcode, ec, flag_url) VALUES ('PF', 'FRENCH POLYNESIA', 'French Polynesia', 'PYF', 258, NULL, '/img/flags/pf.png');
INSERT INTO usr_iso_3166_country_code (iso, name, printable_name, iso3, numcode, ec, flag_url) VALUES ('TF', 'FRENCH SOUTHERN TERRITORIES', 'French Southern Territories', NULL, NULL, NULL, '/img/flags/tf.png');
INSERT INTO usr_iso_3166_country_code (iso, name, printable_name, iso3, numcode, ec, flag_url) VALUES ('GA', 'GABON', 'Gabon', 'GAB', 266, NULL, '/img/flags/ga.png');
INSERT INTO usr_iso_3166_country_code (iso, name, printable_name, iso3, numcode, ec, flag_url) VALUES ('GM', 'GAMBIA', 'Gambia', 'GMB', 270, NULL, '/img/flags/gm.png');
INSERT INTO usr_iso_3166_country_code (iso, name, printable_name, iso3, numcode, ec, flag_url) VALUES ('GE', 'GEORGIA', 'Georgia', 'GEO', 268, NULL, '/img/flags/ge.png');
INSERT INTO usr_iso_3166_country_code (iso, name, printable_name, iso3, numcode, ec, flag_url) VALUES ('GH', 'GHANA', 'Ghana', 'GHA', 288, NULL, '/img/flags/gh.png');
INSERT INTO usr_iso_3166_country_code (iso, name, printable_name, iso3, numcode, ec, flag_url) VALUES ('GI', 'GIBRALTAR', 'Gibraltar', 'GIB', 292, NULL, '/img/flags/gi.png');
INSERT INTO usr_iso_3166_country_code (iso, name, printable_name, iso3, numcode, ec, flag_url) VALUES ('GR', 'GREECE', 'Greece', 'GRC', 300, NULL, '/img/flags/gr.png');
INSERT INTO usr_iso_3166_country_code (iso, name, printable_name, iso3, numcode, ec, flag_url) VALUES ('GL', 'GREENLAND', 'Greenland', 'GRL', 304, NULL, '/img/flags/gl.png');
INSERT INTO usr_iso_3166_country_code (iso, name, printable_name, iso3, numcode, ec, flag_url) VALUES ('GD', 'GRENADA', 'Grenada', 'GRD', 308, NULL, '/img/flags/gd.png');
INSERT INTO usr_iso_3166_country_code (iso, name, printable_name, iso3, numcode, ec, flag_url) VALUES ('GP', 'GUADELOUPE', 'Guadeloupe', 'GLP', 312, NULL, '/img/flags/gp.png');
INSERT INTO usr_iso_3166_country_code (iso, name, printable_name, iso3, numcode, ec, flag_url) VALUES ('GU', 'GUAM', 'Guam', 'GUM', 316, NULL, '/img/flags/gu.png');
INSERT INTO usr_iso_3166_country_code (iso, name, printable_name, iso3, numcode, ec, flag_url) VALUES ('GT', 'GUATEMALA', 'Guatemala', 'GTM', 320, NULL, '/img/flags/gt.png');
INSERT INTO usr_iso_3166_country_code (iso, name, printable_name, iso3, numcode, ec, flag_url) VALUES ('GN', 'GUINEA', 'Guinea', 'GIN', 324, NULL, '/img/flags/gn.png');
INSERT INTO usr_iso_3166_country_code (iso, name, printable_name, iso3, numcode, ec, flag_url) VALUES ('GW', 'GUINEA-BISSAU', 'Guinea-Bissau', 'GNB', 624, NULL, '/img/flags/gw.png');
INSERT INTO usr_iso_3166_country_code (iso, name, printable_name, iso3, numcode, ec, flag_url) VALUES ('GY', 'GUYANA', 'Guyana', 'GUY', 328, NULL, '/img/flags/gy.png');
INSERT INTO usr_iso_3166_country_code (iso, name, printable_name, iso3, numcode, ec, flag_url) VALUES ('HT', 'HAITI', 'Haiti', 'HTI', 332, NULL, '/img/flags/ht.png');
INSERT INTO usr_iso_3166_country_code (iso, name, printable_name, iso3, numcode, ec, flag_url) VALUES ('HM', 'HEARD ISLAND AND MCDONALD ISLANDS', 'Heard Island and Mcdonald Islands', NULL, NULL, NULL, '/img/flags/hm.png');
INSERT INTO usr_iso_3166_country_code (iso, name, printable_name, iso3, numcode, ec, flag_url) VALUES ('VA', 'HOLY SEE (VATICAN CITY STATE)', 'Holy See (Vatican City State)', 'VAT', 336, NULL, '/img/flags/va.png');
INSERT INTO usr_iso_3166_country_code (iso, name, printable_name, iso3, numcode, ec, flag_url) VALUES ('HN', 'HONDURAS', 'Honduras', 'HND', 340, NULL, '/img/flags/hn.png');
INSERT INTO usr_iso_3166_country_code (iso, name, printable_name, iso3, numcode, ec, flag_url) VALUES ('HK', 'HONG KONG', 'Hong Kong', 'HKG', 344, NULL, '/img/flags/hk.png');
INSERT INTO usr_iso_3166_country_code (iso, name, printable_name, iso3, numcode, ec, flag_url) VALUES ('IS', 'ICELAND', 'Iceland', 'ISL', 352, NULL, '/img/flags/is.png');
INSERT INTO usr_iso_3166_country_code (iso, name, printable_name, iso3, numcode, ec, flag_url) VALUES ('IN', 'INDIA', 'India', 'IND', 356, NULL, '/img/flags/in.png');
INSERT INTO usr_iso_3166_country_code (iso, name, printable_name, iso3, numcode, ec, flag_url) VALUES ('ID', 'INDONESIA', 'Indonesia', 'IDN', 360, NULL, '/img/flags/id.png');
INSERT INTO usr_iso_3166_country_code (iso, name, printable_name, iso3, numcode, ec, flag_url) VALUES ('IR', 'IRAN, ISLAMIC REPUBLIC OF', 'Iran, Islamic Republic of', 'IRN', 364, NULL, '/img/flags/ir.png');
INSERT INTO usr_iso_3166_country_code (iso, name, printable_name, iso3, numcode, ec, flag_url) VALUES ('IQ', 'IRAQ', 'Iraq', 'IRQ', 368, NULL, '/img/flags/iq.png');
INSERT INTO usr_iso_3166_country_code (iso, name, printable_name, iso3, numcode, ec, flag_url) VALUES ('IL', 'ISRAEL', 'Israel', 'ISR', 376, NULL, '/img/flags/il.png');
INSERT INTO usr_iso_3166_country_code (iso, name, printable_name, iso3, numcode, ec, flag_url) VALUES ('JM', 'JAMAICA', 'Jamaica', 'JAM', 388, NULL, '/img/flags/jm.png');
INSERT INTO usr_iso_3166_country_code (iso, name, printable_name, iso3, numcode, ec, flag_url) VALUES ('JP', 'JAPAN', 'Japan', 'JPN', 392, NULL, '/img/flags/jp.png');
INSERT INTO usr_iso_3166_country_code (iso, name, printable_name, iso3, numcode, ec, flag_url) VALUES ('JO', 'JORDAN', 'Jordan', 'JOR', 400, NULL, '/img/flags/jo.png');
INSERT INTO usr_iso_3166_country_code (iso, name, printable_name, iso3, numcode, ec, flag_url) VALUES ('KZ', 'KAZAKHSTAN', 'Kazakhstan', 'KAZ', 398, NULL, '/img/flags/kz.png');
INSERT INTO usr_iso_3166_country_code (iso, name, printable_name, iso3, numcode, ec, flag_url) VALUES ('KE', 'KENYA', 'Kenya', 'KEN', 404, NULL, '/img/flags/ke.png');
INSERT INTO usr_iso_3166_country_code (iso, name, printable_name, iso3, numcode, ec, flag_url) VALUES ('KI', 'KIRIBATI', 'Kiribati', 'KIR', 296, NULL, '/img/flags/ki.png');
INSERT INTO usr_iso_3166_country_code (iso, name, printable_name, iso3, numcode, ec, flag_url) VALUES ('KP', 'KOREA, DEMOCRATIC PEOPLE''S REPUBLIC OF', 'Korea, Democratic People''s Republic of', 'PRK', 408, NULL, '/img/flags/kp.png');
INSERT INTO usr_iso_3166_country_code (iso, name, printable_name, iso3, numcode, ec, flag_url) VALUES ('KR', 'KOREA, REPUBLIC OF', 'Korea, Republic of', 'KOR', 410, NULL, '/img/flags/kr.png');
INSERT INTO usr_iso_3166_country_code (iso, name, printable_name, iso3, numcode, ec, flag_url) VALUES ('KW', 'KUWAIT', 'Kuwait', 'KWT', 414, NULL, '/img/flags/kw.png');
INSERT INTO usr_iso_3166_country_code (iso, name, printable_name, iso3, numcode, ec, flag_url) VALUES ('KG', 'KYRGYZSTAN', 'Kyrgyzstan', 'KGZ', 417, NULL, '/img/flags/kg.png');
INSERT INTO usr_iso_3166_country_code (iso, name, printable_name, iso3, numcode, ec, flag_url) VALUES ('LA', 'LAO PEOPLE''S DEMOCRATIC REPUBLIC', 'Lao People''s Democratic Republic', 'LAO', 418, NULL, '/img/flags/la.png');
INSERT INTO usr_iso_3166_country_code (iso, name, printable_name, iso3, numcode, ec, flag_url) VALUES ('LB', 'LEBANON', 'Lebanon', 'LBN', 422, NULL, '/img/flags/lb.png');
INSERT INTO usr_iso_3166_country_code (iso, name, printable_name, iso3, numcode, ec, flag_url) VALUES ('LS', 'LESOTHO', 'Lesotho', 'LSO', 426, NULL, '/img/flags/ls.png');
INSERT INTO usr_iso_3166_country_code (iso, name, printable_name, iso3, numcode, ec, flag_url) VALUES ('LR', 'LIBERIA', 'Liberia', 'LBR', 430, NULL, '/img/flags/lr.png');
INSERT INTO usr_iso_3166_country_code (iso, name, printable_name, iso3, numcode, ec, flag_url) VALUES ('LY', 'LIBYAN ARAB JAMAHIRIYA', 'Libyan Arab Jamahiriya', 'LBY', 434, NULL, '/img/flags/ly.png');
INSERT INTO usr_iso_3166_country_code (iso, name, printable_name, iso3, numcode, ec, flag_url) VALUES ('LI', 'LIECHTENSTEIN', 'Liechtenstein', 'LIE', 438, NULL, '/img/flags/li.png');
INSERT INTO usr_iso_3166_country_code (iso, name, printable_name, iso3, numcode, ec, flag_url) VALUES ('MO', 'MACAO', 'Macao', 'MAC', 446, NULL, '/img/flags/mo.png');
INSERT INTO usr_iso_3166_country_code (iso, name, printable_name, iso3, numcode, ec, flag_url) VALUES ('MK', 'MACEDONIA, THE FORMER YUGOSLAV REPUBLIC OF', 'Macedonia, the Former Yugoslav Republic of', 'MKD', 807, NULL, '/img/flags/mk.png');
INSERT INTO usr_iso_3166_country_code (iso, name, printable_name, iso3, numcode, ec, flag_url) VALUES ('MG', 'MADAGASCAR', 'Madagascar', 'MDG', 450, NULL, '/img/flags/mg.png');
INSERT INTO usr_iso_3166_country_code (iso, name, printable_name, iso3, numcode, ec, flag_url) VALUES ('MW', 'MALAWI', 'Malawi', 'MWI', 454, NULL, '/img/flags/mw.png');
INSERT INTO usr_iso_3166_country_code (iso, name, printable_name, iso3, numcode, ec, flag_url) VALUES ('MY', 'MALAYSIA', 'Malaysia', 'MYS', 458, NULL, '/img/flags/my.png');
INSERT INTO usr_iso_3166_country_code (iso, name, printable_name, iso3, numcode, ec, flag_url) VALUES ('MV', 'MALDIVES', 'Maldives', 'MDV', 462, NULL, '/img/flags/mv.png');
INSERT INTO usr_iso_3166_country_code (iso, name, printable_name, iso3, numcode, ec, flag_url) VALUES ('ML', 'MALI', 'Mali', 'MLI', 466, NULL, '/img/flags/ml.png');
INSERT INTO usr_iso_3166_country_code (iso, name, printable_name, iso3, numcode, ec, flag_url) VALUES ('MH', 'MARSHALL ISLANDS', 'Marshall Islands', 'MHL', 584, NULL, '/img/flags/mh.png');
INSERT INTO usr_iso_3166_country_code (iso, name, printable_name, iso3, numcode, ec, flag_url) VALUES ('MQ', 'MARTINIQUE', 'Martinique', 'MTQ', 474, NULL, '/img/flags/mq.png');
INSERT INTO usr_iso_3166_country_code (iso, name, printable_name, iso3, numcode, ec, flag_url) VALUES ('MR', 'MAURITANIA', 'Mauritania', 'MRT', 478, NULL, '/img/flags/mr.png');
INSERT INTO usr_iso_3166_country_code (iso, name, printable_name, iso3, numcode, ec, flag_url) VALUES ('MU', 'MAURITIUS', 'Mauritius', 'MUS', 480, NULL, '/img/flags/mu.png');
INSERT INTO usr_iso_3166_country_code (iso, name, printable_name, iso3, numcode, ec, flag_url) VALUES ('YT', 'MAYOTTE', 'Mayotte', NULL, NULL, NULL, '/img/flags/yt.png');
INSERT INTO usr_iso_3166_country_code (iso, name, printable_name, iso3, numcode, ec, flag_url) VALUES ('MX', 'MEXICO', 'Mexico', 'MEX', 484, NULL, '/img/flags/mx.png');
INSERT INTO usr_iso_3166_country_code (iso, name, printable_name, iso3, numcode, ec, flag_url) VALUES ('FM', 'MICRONESIA, FEDERATED STATES OF', 'Micronesia, Federated States of', 'FSM', 583, NULL, '/img/flags/fm.png');
INSERT INTO usr_iso_3166_country_code (iso, name, printable_name, iso3, numcode, ec, flag_url) VALUES ('MD', 'MOLDOVA, REPUBLIC OF', 'Moldova, Republic of', 'MDA', 498, NULL, '/img/flags/md.png');
INSERT INTO usr_iso_3166_country_code (iso, name, printable_name, iso3, numcode, ec, flag_url) VALUES ('MC', 'MONACO', 'Monaco', 'MCO', 492, NULL, '/img/flags/mc.png');
INSERT INTO usr_iso_3166_country_code (iso, name, printable_name, iso3, numcode, ec, flag_url) VALUES ('MN', 'MONGOLIA', 'Mongolia', 'MNG', 496, NULL, '/img/flags/mn.png');
INSERT INTO usr_iso_3166_country_code (iso, name, printable_name, iso3, numcode, ec, flag_url) VALUES ('MS', 'MONTSERRAT', 'Montserrat', 'MSR', 500, NULL, '/img/flags/ms.png');
INSERT INTO usr_iso_3166_country_code (iso, name, printable_name, iso3, numcode, ec, flag_url) VALUES ('MA', 'MOROCCO', 'Morocco', 'MAR', 504, NULL, '/img/flags/ma.png');
INSERT INTO usr_iso_3166_country_code (iso, name, printable_name, iso3, numcode, ec, flag_url) VALUES ('MZ', 'MOZAMBIQUE', 'Mozambique', 'MOZ', 508, NULL, '/img/flags/mz.png');
INSERT INTO usr_iso_3166_country_code (iso, name, printable_name, iso3, numcode, ec, flag_url) VALUES ('MM', 'MYANMAR', 'Myanmar', 'MMR', 104, NULL, '/img/flags/mm.png');
INSERT INTO usr_iso_3166_country_code (iso, name, printable_name, iso3, numcode, ec, flag_url) VALUES ('NA', 'NAMIBIA', 'Namibia', 'NAM', 516, NULL, '/img/flags/na.png');
INSERT INTO usr_iso_3166_country_code (iso, name, printable_name, iso3, numcode, ec, flag_url) VALUES ('NR', 'NAURU', 'Nauru', 'NRU', 520, NULL, '/img/flags/nr.png');
INSERT INTO usr_iso_3166_country_code (iso, name, printable_name, iso3, numcode, ec, flag_url) VALUES ('NP', 'NEPAL', 'Nepal', 'NPL', 524, NULL, '/img/flags/np.png');
INSERT INTO usr_iso_3166_country_code (iso, name, printable_name, iso3, numcode, ec, flag_url) VALUES ('AN', 'NETHERLANDS ANTILLES', 'Netherlands Antilles', 'ANT', 530, NULL, '/img/flags/an.png');
INSERT INTO usr_iso_3166_country_code (iso, name, printable_name, iso3, numcode, ec, flag_url) VALUES ('NC', 'NEW CALEDONIA', 'New Caledonia', 'NCL', 540, NULL, '/img/flags/nc.png');
INSERT INTO usr_iso_3166_country_code (iso, name, printable_name, iso3, numcode, ec, flag_url) VALUES ('NZ', 'NEW ZEALAND', 'New Zealand', 'NZL', 554, NULL, '/img/flags/nz.png');
INSERT INTO usr_iso_3166_country_code (iso, name, printable_name, iso3, numcode, ec, flag_url) VALUES ('NI', 'NICARAGUA', 'Nicaragua', 'NIC', 558, NULL, '/img/flags/ni.png');
INSERT INTO usr_iso_3166_country_code (iso, name, printable_name, iso3, numcode, ec, flag_url) VALUES ('NE', 'NIGER', 'Niger', 'NER', 562, NULL, '/img/flags/ne.png');
INSERT INTO usr_iso_3166_country_code (iso, name, printable_name, iso3, numcode, ec, flag_url) VALUES ('NG', 'NIGERIA', 'Nigeria', 'NGA', 566, NULL, '/img/flags/ng.png');
INSERT INTO usr_iso_3166_country_code (iso, name, printable_name, iso3, numcode, ec, flag_url) VALUES ('NU', 'NIUE', 'Niue', 'NIU', 570, NULL, '/img/flags/nu.png');
INSERT INTO usr_iso_3166_country_code (iso, name, printable_name, iso3, numcode, ec, flag_url) VALUES ('NF', 'NORFOLK ISLAND', 'Norfolk Island', 'NFK', 574, NULL, '/img/flags/nf.png');
INSERT INTO usr_iso_3166_country_code (iso, name, printable_name, iso3, numcode, ec, flag_url) VALUES ('MP', 'NORTHERN MARIANA ISLANDS', 'Northern Mariana Islands', 'MNP', 580, NULL, '/img/flags/mp.png');
INSERT INTO usr_iso_3166_country_code (iso, name, printable_name, iso3, numcode, ec, flag_url) VALUES ('NO', 'NORWAY', 'Norway', 'NOR', 578, NULL, '/img/flags/no.png');
INSERT INTO usr_iso_3166_country_code (iso, name, printable_name, iso3, numcode, ec, flag_url) VALUES ('OM', 'OMAN', 'Oman', 'OMN', 512, NULL, '/img/flags/om.png');
INSERT INTO usr_iso_3166_country_code (iso, name, printable_name, iso3, numcode, ec, flag_url) VALUES ('PK', 'PAKISTAN', 'Pakistan', 'PAK', 586, NULL, '/img/flags/pk.png');
INSERT INTO usr_iso_3166_country_code (iso, name, printable_name, iso3, numcode, ec, flag_url) VALUES ('PW', 'PALAU', 'Palau', 'PLW', 585, NULL, '/img/flags/pw.png');
INSERT INTO usr_iso_3166_country_code (iso, name, printable_name, iso3, numcode, ec, flag_url) VALUES ('PS', 'PALESTINIAN TERRITORY, OCCUPIED', 'Palestinian Territory, Occupied', NULL, NULL, NULL, '/img/flags/ps.png');
INSERT INTO usr_iso_3166_country_code (iso, name, printable_name, iso3, numcode, ec, flag_url) VALUES ('PA', 'PANAMA', 'Panama', 'PAN', 591, NULL, '/img/flags/pa.png');
INSERT INTO usr_iso_3166_country_code (iso, name, printable_name, iso3, numcode, ec, flag_url) VALUES ('PG', 'PAPUA NEW GUINEA', 'Papua New Guinea', 'PNG', 598, NULL, '/img/flags/pg.png');
INSERT INTO usr_iso_3166_country_code (iso, name, printable_name, iso3, numcode, ec, flag_url) VALUES ('PY', 'PARAGUAY', 'Paraguay', 'PRY', 600, NULL, '/img/flags/py.png');
INSERT INTO usr_iso_3166_country_code (iso, name, printable_name, iso3, numcode, ec, flag_url) VALUES ('PE', 'PERU', 'Peru', 'PER', 604, NULL, '/img/flags/pe.png');
INSERT INTO usr_iso_3166_country_code (iso, name, printable_name, iso3, numcode, ec, flag_url) VALUES ('PH', 'PHILIPPINES', 'Philippines', 'PHL', 608, NULL, '/img/flags/ph.png');
INSERT INTO usr_iso_3166_country_code (iso, name, printable_name, iso3, numcode, ec, flag_url) VALUES ('PN', 'PITCAIRN', 'Pitcairn', 'PCN', 612, NULL, '/img/flags/pn.png');
INSERT INTO usr_iso_3166_country_code (iso, name, printable_name, iso3, numcode, ec, flag_url) VALUES ('PR', 'PUERTO RICO', 'Puerto Rico', 'PRI', 630, NULL, '/img/flags/pr.png');
INSERT INTO usr_iso_3166_country_code (iso, name, printable_name, iso3, numcode, ec, flag_url) VALUES ('QA', 'QATAR', 'Qatar', 'QAT', 634, NULL, '/img/flags/qa.png');
INSERT INTO usr_iso_3166_country_code (iso, name, printable_name, iso3, numcode, ec, flag_url) VALUES ('RE', 'REUNION', 'Reunion', 'REU', 638, NULL, '/img/flags/re.png');
INSERT INTO usr_iso_3166_country_code (iso, name, printable_name, iso3, numcode, ec, flag_url) VALUES ('RU', 'RUSSIAN FEDERATION', 'Russian Federation', 'RUS', 643, NULL, '/img/flags/ru.png');
INSERT INTO usr_iso_3166_country_code (iso, name, printable_name, iso3, numcode, ec, flag_url) VALUES ('RW', 'RWANDA', 'Rwanda', 'RWA', 646, NULL, '/img/flags/rw.png');
INSERT INTO usr_iso_3166_country_code (iso, name, printable_name, iso3, numcode, ec, flag_url) VALUES ('SH', 'SAINT HELENA', 'Saint Helena', 'SHN', 654, NULL, '/img/flags/sh.png');
INSERT INTO usr_iso_3166_country_code (iso, name, printable_name, iso3, numcode, ec, flag_url) VALUES ('KN', 'SAINT KITTS AND NEVIS', 'Saint Kitts and Nevis', 'KNA', 659, NULL, '/img/flags/kn.png');
INSERT INTO usr_iso_3166_country_code (iso, name, printable_name, iso3, numcode, ec, flag_url) VALUES ('LC', 'SAINT LUCIA', 'Saint Lucia', 'LCA', 662, NULL, '/img/flags/lc.png');
INSERT INTO usr_iso_3166_country_code (iso, name, printable_name, iso3, numcode, ec, flag_url) VALUES ('PM', 'SAINT PIERRE AND MIQUELON', 'Saint Pierre and Miquelon', 'SPM', 666, NULL, '/img/flags/pm.png');
INSERT INTO usr_iso_3166_country_code (iso, name, printable_name, iso3, numcode, ec, flag_url) VALUES ('VC', 'SAINT VINCENT AND THE GRENADINES', 'Saint Vincent and the Grenadines', 'VCT', 670, NULL, '/img/flags/vc.png');
INSERT INTO usr_iso_3166_country_code (iso, name, printable_name, iso3, numcode, ec, flag_url) VALUES ('WS', 'SAMOA', 'Samoa', 'WSM', 882, NULL, '/img/flags/ws.png');
INSERT INTO usr_iso_3166_country_code (iso, name, printable_name, iso3, numcode, ec, flag_url) VALUES ('SM', 'SAN MARINO', 'San Marino', 'SMR', 674, NULL, '/img/flags/sm.png');
INSERT INTO usr_iso_3166_country_code (iso, name, printable_name, iso3, numcode, ec, flag_url) VALUES ('ST', 'SAO TOME AND PRINCIPE', 'Sao Tome and Principe', 'STP', 678, NULL, '/img/flags/st.png');
INSERT INTO usr_iso_3166_country_code (iso, name, printable_name, iso3, numcode, ec, flag_url) VALUES ('SA', 'SAUDI ARABIA', 'Saudi Arabia', 'SAU', 682, NULL, '/img/flags/sa.png');
INSERT INTO usr_iso_3166_country_code (iso, name, printable_name, iso3, numcode, ec, flag_url) VALUES ('SN', 'SENEGAL', 'Senegal', 'SEN', 686, NULL, '/img/flags/sn.png');
INSERT INTO usr_iso_3166_country_code (iso, name, printable_name, iso3, numcode, ec, flag_url) VALUES ('CS', 'SERBIA AND MONTENEGRO', 'Serbia and Montenegro', NULL, NULL, NULL, '/img/flags/cs.png');
INSERT INTO usr_iso_3166_country_code (iso, name, printable_name, iso3, numcode, ec, flag_url) VALUES ('SC', 'SEYCHELLES', 'Seychelles', 'SYC', 690, NULL, '/img/flags/sc.png');
INSERT INTO usr_iso_3166_country_code (iso, name, printable_name, iso3, numcode, ec, flag_url) VALUES ('SL', 'SIERRA LEONE', 'Sierra Leone', 'SLE', 694, NULL, '/img/flags/sl.png');
INSERT INTO usr_iso_3166_country_code (iso, name, printable_name, iso3, numcode, ec, flag_url) VALUES ('SG', 'SINGAPORE', 'Singapore', 'SGP', 702, NULL, '/img/flags/sg.png');
INSERT INTO usr_iso_3166_country_code (iso, name, printable_name, iso3, numcode, ec, flag_url) VALUES ('SB', 'SOLOMON ISLANDS', 'Solomon Islands', 'SLB', 90, NULL, '/img/flags/sb.png');
INSERT INTO usr_iso_3166_country_code (iso, name, printable_name, iso3, numcode, ec, flag_url) VALUES ('SO', 'SOMALIA', 'Somalia', 'SOM', 706, NULL, '/img/flags/so.png');
INSERT INTO usr_iso_3166_country_code (iso, name, printable_name, iso3, numcode, ec, flag_url) VALUES ('ZA', 'SOUTH AFRICA', 'South Africa', 'ZAF', 710, NULL, '/img/flags/za.png');
INSERT INTO usr_iso_3166_country_code (iso, name, printable_name, iso3, numcode, ec, flag_url) VALUES ('GS', 'SOUTH GEORGIA AND THE SOUTH SANDWICH ISLANDS', 'South Georgia and the South Sandwich Islands', NULL, NULL, NULL, '/img/flags/gs.png');
INSERT INTO usr_iso_3166_country_code (iso, name, printable_name, iso3, numcode, ec, flag_url) VALUES ('LK', 'SRI LANKA', 'Sri Lanka', 'LKA', 144, NULL, '/img/flags/lk.png');
INSERT INTO usr_iso_3166_country_code (iso, name, printable_name, iso3, numcode, ec, flag_url) VALUES ('SD', 'SUDAN', 'Sudan', 'SDN', 736, NULL, '/img/flags/sd.png');
INSERT INTO usr_iso_3166_country_code (iso, name, printable_name, iso3, numcode, ec, flag_url) VALUES ('SR', 'SURINAME', 'Suriname', 'SUR', 740, NULL, '/img/flags/sr.png');
INSERT INTO usr_iso_3166_country_code (iso, name, printable_name, iso3, numcode, ec, flag_url) VALUES ('SJ', 'SVALBARD AND JAN MAYEN', 'Svalbard and Jan Mayen', 'SJM', 744, NULL, '/img/flags/sj.png');
INSERT INTO usr_iso_3166_country_code (iso, name, printable_name, iso3, numcode, ec, flag_url) VALUES ('SZ', 'SWAZILAND', 'Swaziland', 'SWZ', 748, NULL, '/img/flags/sz.png');
INSERT INTO usr_iso_3166_country_code (iso, name, printable_name, iso3, numcode, ec, flag_url) VALUES ('CH', 'SWITZERLAND', 'Switzerland', 'CHE', 756, NULL, '/img/flags/ch.png');
INSERT INTO usr_iso_3166_country_code (iso, name, printable_name, iso3, numcode, ec, flag_url) VALUES ('SY', 'SYRIAN ARAB REPUBLIC', 'Syrian Arab Republic', 'SYR', 760, NULL, '/img/flags/sy.png');
INSERT INTO usr_iso_3166_country_code (iso, name, printable_name, iso3, numcode, ec, flag_url) VALUES ('TW', 'TAIWAN, PROVINCE OF CHINA', 'Taiwan, Province of China', 'TWN', 158, NULL, '/img/flags/tw.png');
INSERT INTO usr_iso_3166_country_code (iso, name, printable_name, iso3, numcode, ec, flag_url) VALUES ('TJ', 'TAJIKISTAN', 'Tajikistan', 'TJK', 762, NULL, '/img/flags/tj.png');
INSERT INTO usr_iso_3166_country_code (iso, name, printable_name, iso3, numcode, ec, flag_url) VALUES ('TZ', 'TANZANIA, UNITED REPUBLIC OF', 'Tanzania, United Republic of', 'TZA', 834, NULL, '/img/flags/tz.png');
INSERT INTO usr_iso_3166_country_code (iso, name, printable_name, iso3, numcode, ec, flag_url) VALUES ('TH', 'THAILAND', 'Thailand', 'THA', 764, NULL, '/img/flags/th.png');
INSERT INTO usr_iso_3166_country_code (iso, name, printable_name, iso3, numcode, ec, flag_url) VALUES ('TL', 'TIMOR-LESTE', 'Timor-Leste', NULL, NULL, NULL, '/img/flags/tl.png');
INSERT INTO usr_iso_3166_country_code (iso, name, printable_name, iso3, numcode, ec, flag_url) VALUES ('TG', 'TOGO', 'Togo', 'TGO', 768, NULL, '/img/flags/tg.png');
INSERT INTO usr_iso_3166_country_code (iso, name, printable_name, iso3, numcode, ec, flag_url) VALUES ('TK', 'TOKELAU', 'Tokelau', 'TKL', 772, NULL, '/img/flags/tk.png');
INSERT INTO usr_iso_3166_country_code (iso, name, printable_name, iso3, numcode, ec, flag_url) VALUES ('TO', 'TONGA', 'Tonga', 'TON', 776, NULL, '/img/flags/to.png');
INSERT INTO usr_iso_3166_country_code (iso, name, printable_name, iso3, numcode, ec, flag_url) VALUES ('TT', 'TRINIDAD AND TOBAGO', 'Trinidad and Tobago', 'TTO', 780, NULL, '/img/flags/tt.png');
INSERT INTO usr_iso_3166_country_code (iso, name, printable_name, iso3, numcode, ec, flag_url) VALUES ('TN', 'TUNISIA', 'Tunisia', 'TUN', 788, NULL, '/img/flags/tn.png');
INSERT INTO usr_iso_3166_country_code (iso, name, printable_name, iso3, numcode, ec, flag_url) VALUES ('TR', 'TURKEY', 'Turkey', 'TUR', 792, NULL, '/img/flags/tr.png');
INSERT INTO usr_iso_3166_country_code (iso, name, printable_name, iso3, numcode, ec, flag_url) VALUES ('TM', 'TURKMENISTAN', 'Turkmenistan', 'TKM', 795, NULL, '/img/flags/tm.png');
INSERT INTO usr_iso_3166_country_code (iso, name, printable_name, iso3, numcode, ec, flag_url) VALUES ('TC', 'TURKS AND CAICOS ISLANDS', 'Turks and Caicos Islands', 'TCA', 796, NULL, '/img/flags/tc.png');
INSERT INTO usr_iso_3166_country_code (iso, name, printable_name, iso3, numcode, ec, flag_url) VALUES ('TV', 'TUVALU', 'Tuvalu', 'TUV', 798, NULL, '/img/flags/tv.png');
INSERT INTO usr_iso_3166_country_code (iso, name, printable_name, iso3, numcode, ec, flag_url) VALUES ('UG', 'UGANDA', 'Uganda', 'UGA', 800, NULL, '/img/flags/ug.png');
INSERT INTO usr_iso_3166_country_code (iso, name, printable_name, iso3, numcode, ec, flag_url) VALUES ('UA', 'UKRAINE', 'Ukraine', 'UKR', 804, NULL, '/img/flags/ua.png');
INSERT INTO usr_iso_3166_country_code (iso, name, printable_name, iso3, numcode, ec, flag_url) VALUES ('AE', 'UNITED ARAB EMIRATES', 'United Arab Emirates', 'ARE', 784, NULL, '/img/flags/ae.png');
INSERT INTO usr_iso_3166_country_code (iso, name, printable_name, iso3, numcode, ec, flag_url) VALUES ('US', 'UNITED STATES', 'United States', 'USA', 840, NULL, '/img/flags/us.png');
INSERT INTO usr_iso_3166_country_code (iso, name, printable_name, iso3, numcode, ec, flag_url) VALUES ('UM', 'UNITED STATES MINOR OUTLYING ISLANDS', 'United States Minor Outlying Islands', NULL, NULL, NULL, '/img/flags/um.png');
INSERT INTO usr_iso_3166_country_code (iso, name, printable_name, iso3, numcode, ec, flag_url) VALUES ('UY', 'URUGUAY', 'Uruguay', 'URY', 858, NULL, '/img/flags/uy.png');
INSERT INTO usr_iso_3166_country_code (iso, name, printable_name, iso3, numcode, ec, flag_url) VALUES ('UZ', 'UZBEKISTAN', 'Uzbekistan', 'UZB', 860, NULL, '/img/flags/uz.png');
INSERT INTO usr_iso_3166_country_code (iso, name, printable_name, iso3, numcode, ec, flag_url) VALUES ('VU', 'VANUATU', 'Vanuatu', 'VUT', 548, NULL, '/img/flags/vu.png');
INSERT INTO usr_iso_3166_country_code (iso, name, printable_name, iso3, numcode, ec, flag_url) VALUES ('VE', 'VENEZUELA', 'Venezuela', 'VEN', 862, NULL, '/img/flags/ve.png');
INSERT INTO usr_iso_3166_country_code (iso, name, printable_name, iso3, numcode, ec, flag_url) VALUES ('VN', 'VIET NAM', 'Viet Nam', 'VNM', 704, NULL, '/img/flags/vn.png');
INSERT INTO usr_iso_3166_country_code (iso, name, printable_name, iso3, numcode, ec, flag_url) VALUES ('VG', 'VIRGIN ISLANDS, BRITISH', 'Virgin Islands, British', 'VGB', 92, NULL, '/img/flags/vg.png');
INSERT INTO usr_iso_3166_country_code (iso, name, printable_name, iso3, numcode, ec, flag_url) VALUES ('VI', 'VIRGIN ISLANDS, U.S.', 'Virgin Islands, U.s.', 'VIR', 850, NULL, '/img/flags/vi.png');
INSERT INTO usr_iso_3166_country_code (iso, name, printable_name, iso3, numcode, ec, flag_url) VALUES ('WF', 'WALLIS AND FUTUNA', 'Wallis and Futuna', 'WLF', 876, NULL, '/img/flags/wf.png');
INSERT INTO usr_iso_3166_country_code (iso, name, printable_name, iso3, numcode, ec, flag_url) VALUES ('EH', 'WESTERN SAHARA', 'Western Sahara', 'ESH', 732, NULL, '/img/flags/eh.png');
INSERT INTO usr_iso_3166_country_code (iso, name, printable_name, iso3, numcode, ec, flag_url) VALUES ('YE', 'YEMEN', 'Yemen', 'YEM', 887, NULL, '/img/flags/ye.png');
INSERT INTO usr_iso_3166_country_code (iso, name, printable_name, iso3, numcode, ec, flag_url) VALUES ('ZM', 'ZAMBIA', 'Zambia', 'ZMB', 894, NULL, '/img/flags/zm.png');
INSERT INTO usr_iso_3166_country_code (iso, name, printable_name, iso3, numcode, ec, flag_url) VALUES ('ZW', 'ZIMBABWE', 'Zimbabwe', 'ZWE', 716, NULL, '/img/flags/zw.png');
INSERT INTO usr_iso_3166_country_code (iso, name, printable_name, iso3, numcode, ec, flag_url) VALUES ('AT', 'AUSTRIA', 'Austria', 'AUT', 40, true, '/img/flags/at.png');
INSERT INTO usr_iso_3166_country_code (iso, name, printable_name, iso3, numcode, ec, flag_url) VALUES ('BE', 'BELGIUM', 'Belgium', 'BEL', 56, true, '/img/flags/be.png');
INSERT INTO usr_iso_3166_country_code (iso, name, printable_name, iso3, numcode, ec, flag_url) VALUES ('CY', 'CYPRUS', 'Cyprus', 'CYP', 196, true, '/img/flags/cy.png');
INSERT INTO usr_iso_3166_country_code (iso, name, printable_name, iso3, numcode, ec, flag_url) VALUES ('CZ', 'CZECH REPUBLIC', 'Czech Republic', 'CZE', 203, true, '/img/flags/cz.png');
INSERT INTO usr_iso_3166_country_code (iso, name, printable_name, iso3, numcode, ec, flag_url) VALUES ('DK', 'DENMARK', 'Denmark', 'DNK', 208, true, '/img/flags/dk.png');
INSERT INTO usr_iso_3166_country_code (iso, name, printable_name, iso3, numcode, ec, flag_url) VALUES ('EE', 'ESTONIA', 'Estonia', 'EST', 233, true, '/img/flags/ee.png');
INSERT INTO usr_iso_3166_country_code (iso, name, printable_name, iso3, numcode, ec, flag_url) VALUES ('FI', 'FINLAND', 'Finland', 'FIN', 246, true, '/img/flags/fi.png');
INSERT INTO usr_iso_3166_country_code (iso, name, printable_name, iso3, numcode, ec, flag_url) VALUES ('FR', 'FRANCE', 'France', 'FRA', 250, true, '/img/flags/fr.png');
INSERT INTO usr_iso_3166_country_code (iso, name, printable_name, iso3, numcode, ec, flag_url) VALUES ('DE', 'GERMANY', 'Germany', 'DEU', 276, true, '/img/flags/de.png');
INSERT INTO usr_iso_3166_country_code (iso, name, printable_name, iso3, numcode, ec, flag_url) VALUES ('HU', 'HUNGARY', 'Hungary', 'HUN', 348, true, '/img/flags/hu.png');
INSERT INTO usr_iso_3166_country_code (iso, name, printable_name, iso3, numcode, ec, flag_url) VALUES ('IE', 'IRELAND', 'Ireland', 'IRL', 372, true, '/img/flags/ie.png');
INSERT INTO usr_iso_3166_country_code (iso, name, printable_name, iso3, numcode, ec, flag_url) VALUES ('IT', 'ITALY', 'Italy', 'ITA', 380, true, '/img/flags/it.png');
INSERT INTO usr_iso_3166_country_code (iso, name, printable_name, iso3, numcode, ec, flag_url) VALUES ('LV', 'LATVIA', 'Latvia', 'LVA', 428, true, '/img/flags/lv.png');
INSERT INTO usr_iso_3166_country_code (iso, name, printable_name, iso3, numcode, ec, flag_url) VALUES ('LT', 'LITHUANIA', 'Lithuania', 'LTU', 440, true, '/img/flags/lt.png');
INSERT INTO usr_iso_3166_country_code (iso, name, printable_name, iso3, numcode, ec, flag_url) VALUES ('LU', 'LUXEMBOURG', 'Luxembourg', 'LUX', 442, true, '/img/flags/lu.png');
INSERT INTO usr_iso_3166_country_code (iso, name, printable_name, iso3, numcode, ec, flag_url) VALUES ('MT', 'MALTA', 'Malta', 'MLT', 470, true, '/img/flags/mt.png');
INSERT INTO usr_iso_3166_country_code (iso, name, printable_name, iso3, numcode, ec, flag_url) VALUES ('NL', 'NETHERLANDS', 'Netherlands', 'NLD', 528, true, '/img/flags/nl.png');
INSERT INTO usr_iso_3166_country_code (iso, name, printable_name, iso3, numcode, ec, flag_url) VALUES ('PL', 'POLAND', 'Poland', 'POL', 616, true, '/img/flags/pl.png');
INSERT INTO usr_iso_3166_country_code (iso, name, printable_name, iso3, numcode, ec, flag_url) VALUES ('PT', 'PORTUGAL', 'Portugal', 'PRT', 620, true, '/img/flags/pt.png');
INSERT INTO usr_iso_3166_country_code (iso, name, printable_name, iso3, numcode, ec, flag_url) VALUES ('SK', 'SLOVAKIA', 'Slovakia', 'SVK', 703, true, '/img/flags/sk.png');
INSERT INTO usr_iso_3166_country_code (iso, name, printable_name, iso3, numcode, ec, flag_url) VALUES ('SI', 'SLOVENIA', 'Slovenia', 'SVN', 705, true, '/img/flags/si.png');
INSERT INTO usr_iso_3166_country_code (iso, name, printable_name, iso3, numcode, ec, flag_url) VALUES ('ES', 'SPAIN', 'Spain', 'ESP', 724, true, '/img/flags/es.png');
INSERT INTO usr_iso_3166_country_code (iso, name, printable_name, iso3, numcode, ec, flag_url) VALUES ('SE', 'SWEDEN', 'Sweden', 'SWE', 752, true, '/img/flags/se.png');
INSERT INTO usr_iso_3166_country_code (iso, name, printable_name, iso3, numcode, ec, flag_url) VALUES ('GB', 'UNITED KINGDOM', 'United Kingdom', 'GBR', 826, true, '/img/flags/gb.png');
INSERT INTO usr_iso_3166_country_code (iso, name, printable_name, iso3, numcode, ec, flag_url) VALUES ('RO', 'ROMANIA', 'Romania', 'ROM', 642, true, '/img/flags/ro.png');
INSERT INTO usr_iso_3166_country_code (iso, name, printable_name, iso3, numcode, ec, flag_url) VALUES ('BG', 'BULGARIA', 'Bulgaria', 'BGR', 100, true, '/img/flags/bg.png');


--
-- Data for Name: usr_person; Type: TABLE DATA; Schema: public; Owner: gazelle-tm
--



--
-- Data for Name: usr_person_function; Type: TABLE DATA; Schema: public; Owner: gazelle-tm
--

INSERT INTO usr_person_function (id, last_changed, last_modifier_id, name, description, is_billing) VALUES (1, NULL, NULL, 'Marketing/Commercial', 'This person possesses a marketing/Commercial function within the institution', false);
INSERT INTO usr_person_function (id, last_changed, last_modifier_id, name, description, is_billing) VALUES (2, NULL, NULL, 'Technical', 'This person has a technical function within the institution', false);
INSERT INTO usr_person_function (id, last_changed, last_modifier_id, name, description, is_billing) VALUES (998, NULL, NULL, 'Billing', 'This person possesses a financial function within the institution', true);


--
-- Data for Name: usr_persons_functions; Type: TABLE DATA; Schema: public; Owner: gazelle-tm
--



--
-- Data for Name: usr_role; Type: TABLE DATA; Schema: public; Owner: gazelle-tm
--

INSERT INTO usr_role (id, last_changed, last_modifier_id, name, description) VALUES (1, NULL, NULL, 'admin_role', 'Profile with Admin rights after Gazelle authentication');
INSERT INTO usr_role (id, last_changed, last_modifier_id, name, description) VALUES (3, NULL, NULL, 'monitor_role', 'Profile with Monitor rights after Gazelle authentication');
INSERT INTO usr_role (id, last_changed, last_modifier_id, name, description) VALUES (4, NULL, NULL, 'project-manager_role', 'Profile with Project Manager rights after Gazelle authentication');
INSERT INTO usr_role (id, last_changed, last_modifier_id, name, description) VALUES (5, NULL, NULL, 'accounting_role', 'Profile with Accounting rights after Gazelle authentication');
INSERT INTO usr_role (id, last_changed, last_modifier_id, name, description) VALUES (6, NULL, NULL, 'vendor_admin_role', 'Profile with Vendor Administrator rights after Gazelle authentication (eg. a vendor administrator, able to create users for his company)');
INSERT INTO usr_role (id, last_changed, last_modifier_id, name, description) VALUES (7, NULL, NULL, 'vendor_role', 'Profile with Vendor rights after Gazelle authentication (eg. an engineer working as vendor or a person working in a public institution)');
INSERT INTO usr_role (id, last_changed, last_modifier_id, name, description) VALUES (8, NULL, NULL, 'user_role', 'Profile with some simple user rights after Gazelle authentication (eg. a user who wants to perform search with his preferences). This role has low privileges');
INSERT INTO usr_role (id, last_changed, last_modifier_id, name, description) VALUES (9, NULL, NULL, 'tf_editor_role', 'Profile with Editor rights (allowed to update Technical Framework) after Gazelle authentication');
INSERT INTO usr_role (id, last_changed, last_modifier_id, name, description) VALUES (10, NULL, NULL, 'tests_editor_role', 'Profile with Editor rights (allowed to update Tests) after Gazelle authentication');
INSERT INTO usr_role (id, last_changed, last_modifier_id, name, description) VALUES (11, NULL, NULL, 'institutions_editor_role', 'Profile with Editor (allowed to update institutions) rights after Gazelle authentication');
INSERT INTO usr_role (id, last_changed, last_modifier_id, name, description) VALUES (12, NULL, NULL, 'systems_editor_role', 'Profile with Editor rights (allowed to update systems) after Gazelle authentication');


--
-- Data for Name: usr_user_role; Type: TABLE DATA; Schema: public; Owner: gazelle-tm
--

INSERT INTO usr_user_role (user_id, role_id) VALUES (2, 7);
INSERT INTO usr_user_role (user_id, role_id) VALUES (2, 6);
INSERT INTO usr_user_role (user_id, role_id) VALUES (6, 1);
INSERT INTO usr_user_role (user_id, role_id) VALUES (7, 7);
INSERT INTO usr_user_role (user_id, role_id) VALUES (7, 6);
INSERT INTO usr_user_role (user_id, role_id) VALUES (11, 7);
INSERT INTO usr_user_role (user_id, role_id) VALUES (11, 6);
INSERT INTO usr_user_role (user_id, role_id) VALUES (12, 7);
INSERT INTO usr_user_role (user_id, role_id) VALUES (12, 6);
INSERT INTO usr_user_role (user_id, role_id) VALUES (13, 7);
INSERT INTO usr_user_role (user_id, role_id) VALUES (13, 6);
INSERT INTO usr_user_role (user_id, role_id) VALUES (15, 1);
INSERT INTO usr_user_role (user_id, role_id) VALUES (15, 3);
INSERT INTO usr_user_role (user_id, role_id) VALUES (15, 4);
INSERT INTO usr_user_role (user_id, role_id) VALUES (16, 7);
INSERT INTO usr_user_role (user_id, role_id) VALUES (16, 6);
INSERT INTO usr_user_role (user_id, role_id) VALUES (17, 7);
INSERT INTO usr_user_role (user_id, role_id) VALUES (17, 6);
INSERT INTO usr_user_role (user_id, role_id) VALUES (5, 1);
INSERT INTO usr_user_role (user_id, role_id) VALUES (5, 7);
INSERT INTO usr_user_role (user_id, role_id) VALUES (18, 7);
INSERT INTO usr_user_role (user_id, role_id) VALUES (18, 6);
INSERT INTO usr_user_role (user_id, role_id) VALUES (21, 7);
INSERT INTO usr_user_role (user_id, role_id) VALUES (20, 6);
INSERT INTO usr_user_role (user_id, role_id) VALUES (22, 6);
INSERT INTO usr_user_role (user_id, role_id) VALUES (24, 7);
INSERT INTO usr_user_role (user_id, role_id) VALUES (25, 7);
INSERT INTO usr_user_role (user_id, role_id) VALUES (26, 7);
INSERT INTO usr_user_role (user_id, role_id) VALUES (27, 7);
INSERT INTO usr_user_role (user_id, role_id) VALUES (28, 7);
INSERT INTO usr_user_role (user_id, role_id) VALUES (29, 7);
INSERT INTO usr_user_role (user_id, role_id) VALUES (29, 6);
INSERT INTO usr_user_role (user_id, role_id) VALUES (30, 7);
INSERT INTO usr_user_role (user_id, role_id) VALUES (30, 6);
INSERT INTO usr_user_role (user_id, role_id) VALUES (31, 7);
INSERT INTO usr_user_role (user_id, role_id) VALUES (36, 7);
INSERT INTO usr_user_role (user_id, role_id) VALUES (36, 6);
INSERT INTO usr_user_role (user_id, role_id) VALUES (38, 7);
INSERT INTO usr_user_role (user_id, role_id) VALUES (38, 6);
INSERT INTO usr_user_role (user_id, role_id) VALUES (39, 7);
INSERT INTO usr_user_role (user_id, role_id) VALUES (39, 6);
INSERT INTO usr_user_role (user_id, role_id) VALUES (40, 6);
INSERT INTO usr_user_role (user_id, role_id) VALUES (40, 7);
INSERT INTO usr_user_role (user_id, role_id) VALUES (43, 7);
INSERT INTO usr_user_role (user_id, role_id) VALUES (44, 7);
INSERT INTO usr_user_role (user_id, role_id) VALUES (45, 7);
INSERT INTO usr_user_role (user_id, role_id) VALUES (45, 6);
INSERT INTO usr_user_role (user_id, role_id) VALUES (46, 7);
INSERT INTO usr_user_role (user_id, role_id) VALUES (47, 7);
INSERT INTO usr_user_role (user_id, role_id) VALUES (47, 6);
INSERT INTO usr_user_role (user_id, role_id) VALUES (37, 6);
INSERT INTO usr_user_role (user_id, role_id) VALUES (37, 7);
INSERT INTO usr_user_role (user_id, role_id) VALUES (23, 7);
INSERT INTO usr_user_role (user_id, role_id) VALUES (48, 7);
INSERT INTO usr_user_role (user_id, role_id) VALUES (48, 6);
INSERT INTO usr_user_role (user_id, role_id) VALUES (49, 7);
INSERT INTO usr_user_role (user_id, role_id) VALUES (49, 6);
INSERT INTO usr_user_role (user_id, role_id) VALUES (50, 7);
INSERT INTO usr_user_role (user_id, role_id) VALUES (50, 6);
INSERT INTO usr_user_role (user_id, role_id) VALUES (51, 7);
INSERT INTO usr_user_role (user_id, role_id) VALUES (51, 6);
INSERT INTO usr_user_role (user_id, role_id) VALUES (52, 7);
INSERT INTO usr_user_role (user_id, role_id) VALUES (52, 6);
INSERT INTO usr_user_role (user_id, role_id) VALUES (53, 7);
INSERT INTO usr_user_role (user_id, role_id) VALUES (53, 6);
INSERT INTO usr_user_role (user_id, role_id) VALUES (54, 7);
INSERT INTO usr_user_role (user_id, role_id) VALUES (54, 6);
INSERT INTO usr_user_role (user_id, role_id) VALUES (55, 7);
INSERT INTO usr_user_role (user_id, role_id) VALUES (55, 6);
INSERT INTO usr_user_role (user_id, role_id) VALUES (56, 7);
INSERT INTO usr_user_role (user_id, role_id) VALUES (56, 6);
INSERT INTO usr_user_role (user_id, role_id) VALUES (57, 7);
INSERT INTO usr_user_role (user_id, role_id) VALUES (57, 6);
INSERT INTO usr_user_role (user_id, role_id) VALUES (58, 7);
INSERT INTO usr_user_role (user_id, role_id) VALUES (59, 7);
INSERT INTO usr_user_role (user_id, role_id) VALUES (59, 6);


--
-- Data for Name: usr_users; Type: TABLE DATA; Schema: public; Owner: gazelle-tm
--

INSERT INTO usr_users (id, last_changed, last_modifier_id, username, password, name, email, is_institution_informations_entered, blocked, activated, activation_code, change_password_code, last_login, counter_logins, counter_failed_login_attempts, creation_date, institution_id) VALUES (5, '2009-08-27 17:05:35.301', 'jmeyer', 'jmeyer', '71b025e9993ba96d71c7c6be4cf512ba', 'jean-Baptiste MEYER Admin', 'jmeyer@irisa.fr', false, false, true, NULL, NULL, '2009-08-27 17:05:35.275', 4, 0, '2009-02-06 09:32:33.346', 1);
INSERT INTO usr_users (id, last_changed, last_modifier_id, username, password, name, email, is_institution_informations_entered, blocked, activated, activation_code, change_password_code, last_login, counter_logins, counter_failed_login_attempts, creation_date, institution_id) VALUES (56, '2009-11-09 21:34:58.067', 'emcosa', 'emcosa', '5f48bef7fcb1b7284f3335fc1ea54c73', 'Daniel Pack', 'pack_daniel@emc.com', false, false, true, NULL, NULL, '2009-11-09 21:34:58.064', 1, 0, '2009-11-09 21:34:44.743', 36);
INSERT INTO usr_users (id, last_changed, last_modifier_id, username, password, name, email, is_institution_informations_entered, blocked, activated, activation_code, change_password_code, last_login, counter_logins, counter_failed_login_attempts, creation_date, institution_id) VALUES (36, '2009-11-30 14:49:41.533', 'manuela.ghezzi', 'manuela.ghezzi', '868336ab7e642958859aca847885e5b6', 'Manuela Ghezzi', 'ma.ghezzi@reply.it', false, false, true, NULL, NULL, '2009-11-30 14:49:41.53', 2, 0, '2009-09-01 16:42:52.36', 19);
INSERT INTO usr_users (id, last_changed, last_modifier_id, username, password, name, email, is_institution_informations_entered, blocked, activated, activation_code, change_password_code, last_login, counter_logins, counter_failed_login_attempts, creation_date, institution_id) VALUES (52, '2009-11-20 21:18:06.049', 'kjekkmec', 'kjekkmec', '0d107d09f5bbe40cade3de5c71e9e9b7', 'Joshua Painter', 'joshua.painter@intel.com', false, false, true, NULL, NULL, '2009-11-20 21:18:06.046', 3, 0, '2009-10-29 20:08:40.024', 32);
INSERT INTO usr_users (id, last_changed, last_modifier_id, username, password, name, email, is_institution_informations_entered, blocked, activated, activation_code, change_password_code, last_login, counter_logins, counter_failed_login_attempts, creation_date, institution_id) VALUES (38, '2009-09-15 19:36:05.913', 'fganong20', 'fganong20', 'c953ef6978d4525b35620e9f70234aa9', 'Fred Ganong', 'fganong@dejarnette.com', false, false, true, NULL, NULL, '2009-09-15 19:36:05.907', 1, 0, '2009-09-15 19:35:56.095', 21);
INSERT INTO usr_users (id, last_changed, last_modifier_id, username, password, name, email, is_institution_informations_entered, blocked, activated, activation_code, change_password_code, last_login, counter_logins, counter_failed_login_attempts, creation_date, institution_id) VALUES (40, '2009-09-23 15:49:17.206', 'alert', 'alert', 'ee550a4c28b5d5252c63b1b1504dab8d', 'Nuno Pina Cabral', 'nuno.pina.cabral@alert.pt', false, false, true, NULL, NULL, '2009-09-23 15:49:17.203', 1, 0, '2009-09-23 13:52:27.707', 23);
INSERT INTO usr_users (id, last_changed, last_modifier_id, username, password, name, email, is_institution_informations_entered, blocked, activated, activation_code, change_password_code, last_login, counter_logins, counter_failed_login_attempts, creation_date, institution_id) VALUES (46, '2009-10-14 10:27:51.651', 'Nolte', 'Nolte', 'ff84094dd7fa26dc68a88d9f61a83871', 'Christiane Nolte', 'Christiane.Nolte@siemens.com', true, false, true, NULL, NULL, '2009-10-14 10:27:51.648', 1, 0, NULL, 14);
INSERT INTO usr_users (id, last_changed, last_modifier_id, username, password, name, email, is_institution_informations_entered, blocked, activated, activation_code, change_password_code, last_login, counter_logins, counter_failed_login_attempts, creation_date, institution_id) VALUES (15, '2009-10-30 11:39:00.762', 'jchatel', 'jchatel', 'f51360dfde9c35b0beaa32538d800d14', 'Jean-Renan Chatel', 'jchatel@irisa.fr', true, false, true, NULL, NULL, '2009-10-30 11:39:00.744', 15, 0, NULL, 1);
INSERT INTO usr_users (id, last_changed, last_modifier_id, username, password, name, email, is_institution_informations_entered, blocked, activated, activation_code, change_password_code, last_login, counter_logins, counter_failed_login_attempts, creation_date, institution_id) VALUES (51, '2009-10-29 01:46:32.731', 'AxolotlCorp', 'AxolotlCorp', 'e5f7ef7a86d85fb58460189fa64d190a', 'Veri Croce', 'vcroce@axolotl.com', false, false, true, NULL, NULL, '2009-10-29 01:46:32.728', 1, 0, '2009-10-29 01:46:25.379', 31);
INSERT INTO usr_users (id, last_changed, last_modifier_id, username, password, name, email, is_institution_informations_entered, blocked, activated, activation_code, change_password_code, last_login, counter_logins, counter_failed_login_attempts, creation_date, institution_id) VALUES (39, '2009-09-17 16:59:45.514', 'abanse', 'abanse', 'e10adc3949ba59abbe56e057f20f883e', 'Anne BANSE', 'ascardin@hotmail.com', false, false, true, NULL, NULL, '2009-09-17 16:59:45.49', 1, 0, '2009-09-17 16:59:32.171', 22);
INSERT INTO usr_users (id, last_changed, last_modifier_id, username, password, name, email, is_institution_informations_entered, blocked, activated, activation_code, change_password_code, last_login, counter_logins, counter_failed_login_attempts, creation_date, institution_id) VALUES (13, '2009-09-24 17:15:35.727', 'witting', 'witting', '915bac5182a07fa3562b8e782aa687e4', 'Karen Witting', 'witting@us.ibm.com', false, false, true, NULL, NULL, '2009-09-24 17:15:35.706', 4, 0, '2009-04-29 15:03:09.092', 11);
INSERT INTO usr_users (id, last_changed, last_modifier_id, username, password, name, email, is_institution_informations_entered, blocked, activated, activation_code, change_password_code, last_login, counter_logins, counter_failed_login_attempts, creation_date, institution_id) VALUES (37, '2009-10-14 10:39:37.474', 'epoiseau', 'fganong', 'c953ef6978d4525b35620e9f70234aa9', 'Fred Ganong', 'fgnaong@dejarnette.com', false, false, true, '9077f6253b17f19e6a55c5fb2a88715f', NULL, NULL, 0, 0, '2009-10-14 10:39:37.278', 20);
INSERT INTO usr_users (id, last_changed, last_modifier_id, username, password, name, email, is_institution_informations_entered, blocked, activated, activation_code, change_password_code, last_login, counter_logins, counter_failed_login_attempts, creation_date, institution_id) VALUES (7, '2009-02-26 21:09:30.333', 'kevino', 'kevino', 'e10adc3949ba59abbe56e057f20f883e', 'Kevin O''Donnell', 'epoiseau@inria.fr', false, false, true, NULL, NULL, '2009-02-26 21:09:30.328', 2, 0, '2009-02-26 18:39:47.935', 5);
INSERT INTO usr_users (id, last_changed, last_modifier_id, username, password, name, email, is_institution_informations_entered, blocked, activated, activation_code, change_password_code, last_login, counter_logins, counter_failed_login_attempts, creation_date, institution_id) VALUES (11, '2009-04-24 06:33:49.669', 'shagun.grover', 'shagun.grover', '1c7601e1522f8a400fd8d09be77fc930', 'Shagun Grover', 'sgrover@tsgintegrations.com', false, false, true, NULL, NULL, '2009-04-24 06:33:49.662', 1, 0, '2009-04-24 06:33:40.817', 9);
INSERT INTO usr_users (id, last_changed, last_modifier_id, username, password, name, email, is_institution_informations_entered, blocked, activated, activation_code, change_password_code, last_login, counter_logins, counter_failed_login_attempts, creation_date, institution_id) VALUES (12, '2009-04-27 22:06:27.285', 'jcolquitt', 'jcolquitt', '8247de8d12de9dfe26678453171cc027', 'Jason Colquitt', 'jasoncolquitt@greenwaymedical.com', false, false, true, NULL, NULL, '2009-04-27 22:06:27.28', 1, 0, '2009-04-27 22:06:13.144', 10);
INSERT INTO usr_users (id, last_changed, last_modifier_id, username, password, name, email, is_institution_informations_entered, blocked, activated, activation_code, change_password_code, last_login, counter_logins, counter_failed_login_attempts, creation_date, institution_id) VALUES (16, '2009-05-05 18:55:59.048', 'jwilliams', 'jwilliams', 'fa2ecfa508004bde8983e31eb710a793', 'Jill Williams', 'jwilliams@aami.org', false, false, true, NULL, NULL, '2009-05-05 18:55:59.044', 1, 0, '2009-05-05 18:55:38.203', 12);
INSERT INTO usr_users (id, last_changed, last_modifier_id, username, password, name, email, is_institution_informations_entered, blocked, activated, activation_code, change_password_code, last_login, counter_logins, counter_failed_login_attempts, creation_date, institution_id) VALUES (17, '2009-05-07 09:13:14.575', 'timmer', 'timmer', '15a0dee1fc49997bce7fa2afef82a1fe', 'Menno Timmer', 'mtimmer@delftdi.com', false, false, true, NULL, NULL, '2009-05-07 09:13:14.568', 1, 0, '2009-05-07 09:12:56.471', 13);
INSERT INTO usr_users (id, last_changed, last_modifier_id, username, password, name, email, is_institution_informations_entered, blocked, activated, activation_code, change_password_code, last_login, counter_logins, counter_failed_login_attempts, creation_date, institution_id) VALUES (27, '2009-08-04 20:49:11.174', NULL, 'fourquetc', '28b35e9e185b4c15bc236c6a5b00bed6', 'Lori Fourquet', 'cfourquet@sbcglobal.net', false, false, true, '9939bf69eafd6fed4e5ba57180e8ea23', NULL, NULL, 0, 0, NULL, 1);
INSERT INTO usr_users (id, last_changed, last_modifier_id, username, password, name, email, is_institution_informations_entered, blocked, activated, activation_code, change_password_code, last_login, counter_logins, counter_failed_login_attempts, creation_date, institution_id) VALUES (20, '2009-07-08 12:30:06.996', 'nikiwirsz', 'nikiwirsz', 'e0ebc3c409070d07f1df0f2f4132509e', 'Nikolaus Wirsz', 'nikolaus.wirsz@siemens.com', true, false, true, NULL, NULL, '2009-07-08 12:30:06.992', 2, 0, NULL, 14);
INSERT INTO usr_users (id, last_changed, last_modifier_id, username, password, name, email, is_institution_informations_entered, blocked, activated, activation_code, change_password_code, last_login, counter_logins, counter_failed_login_attempts, creation_date, institution_id) VALUES (29, '2009-08-06 19:45:27.22', 'laroccam', 'laroccam', '10edb7b9dda7acb7216630142c04f854', 'Michael LaRocca', 'michael.larocca@intersystems.com', false, false, true, NULL, NULL, '2009-08-06 19:45:27.213', 1, 0, '2009-08-06 19:45:20.471', 15);
INSERT INTO usr_users (id, last_changed, last_modifier_id, username, password, name, email, is_institution_informations_entered, blocked, activated, activation_code, change_password_code, last_login, counter_logins, counter_failed_login_attempts, creation_date, institution_id) VALUES (21, '2009-07-08 15:18:11.139', 'jchatel', 'johnrc', '69c9a959d9210bc45149e02b8bfe99e8', 'John R Chatel', 'jrcha.tel@gmail.com', true, false, true, 'd549e7e8a26209177d9fc0a797837ca1', NULL, NULL, 0, 0, '2009-07-08 15:18:11.127', 1);
INSERT INTO usr_users (id, last_changed, last_modifier_id, username, password, name, email, is_institution_informations_entered, blocked, activated, activation_code, change_password_code, last_login, counter_logins, counter_failed_login_attempts, creation_date, institution_id) VALUES (28, '2009-08-04 20:53:34.316', 'smoore', 'smoore', 'bf779e0933a882808585d19455cd7937', 'Steve Moore', 'moores@mir.wustl.edu', false, false, true, NULL, NULL, '2009-08-04 20:53:34.308', 1, 0, NULL, 1);
INSERT INTO usr_users (id, last_changed, last_modifier_id, username, password, name, email, is_institution_informations_entered, blocked, activated, activation_code, change_password_code, last_login, counter_logins, counter_failed_login_attempts, creation_date, institution_id) VALUES (24, '2009-08-04 20:42:14.379', NULL, 'yencha', 'ef76b7b1c6775a614132169d59947e7c', 'Bob Yencha', 'bob@alschulerassociates.com', false, false, true, 'ae2257425dbbcf7f69fe896bdcbf1a6d', NULL, NULL, 0, 0, NULL, 1);
INSERT INTO usr_users (id, last_changed, last_modifier_id, username, password, name, email, is_institution_informations_entered, blocked, activated, activation_code, change_password_code, last_login, counter_logins, counter_failed_login_attempts, creation_date, institution_id) VALUES (25, '2009-08-04 20:45:38.849', NULL, 'wisdom', 'a541714a17804ac281e6ddda5b707952', 'Theresa WIsdom', 'twisdom@himss.org', false, false, true, 'fde686298307db6b4d3f7ac1fbe7285e', NULL, NULL, 0, 0, NULL, 1);
INSERT INTO usr_users (id, last_changed, last_modifier_id, username, password, name, email, is_institution_informations_entered, blocked, activated, activation_code, change_password_code, last_login, counter_logins, counter_failed_login_attempts, creation_date, institution_id) VALUES (26, '2009-08-04 20:47:35.281', NULL, 'fourquetl', '28b35e9e185b4c15bc236c6a5b00bed6', 'Lori Fourquet', 'lori.forquet@sbcglobal.net', false, false, true, '34aa4cdadbcd41b9dd2f105b476af05d', NULL, NULL, 0, 0, NULL, 1);
INSERT INTO usr_users (id, last_changed, last_modifier_id, username, password, name, email, is_institution_informations_entered, blocked, activated, activation_code, change_password_code, last_login, counter_logins, counter_failed_login_attempts, creation_date, institution_id) VALUES (31, '2009-08-11 20:29:47.735', 'furst', 'furst', '19a537f40013e75f21c13bc53c4ea5d6', 'Manny Furst', 'smm7324@yahoo.com', false, false, true, NULL, NULL, '2009-08-11 20:29:47.707', 1, 0, NULL, 1);
INSERT INTO usr_users (id, last_changed, last_modifier_id, username, password, name, email, is_institution_informations_entered, blocked, activated, activation_code, change_password_code, last_login, counter_logins, counter_failed_login_attempts, creation_date, institution_id) VALUES (30, '2009-09-21 10:25:21.32', 'mindrayguowei', 'mindrayguowei', '68b9a01c2dcbf7f93fae8291f5ca8173', 'Wei Guo', 'guowei@mindray.com', false, false, true, NULL, NULL, '2009-09-21 10:25:21.316', 11, 0, '2009-08-11 03:31:02.718', 16);
INSERT INTO usr_users (id, last_changed, last_modifier_id, username, password, name, email, is_institution_informations_entered, blocked, activated, activation_code, change_password_code, last_login, counter_logins, counter_failed_login_attempts, creation_date, institution_id) VALUES (23, '2009-10-14 10:40:15.169', 'epoiseau', 'felhofer', '6e508415b2c15f03244803e262c4c4fc', 'Lynn Felhofer', 'felhofer@charter.net', false, false, true, '190d8234b73c679b31da3f28cc0eddbf', NULL, NULL, 0, 0, '2009-10-14 10:40:15.01', 1);
INSERT INTO usr_users (id, last_changed, last_modifier_id, username, password, name, email, is_institution_informations_entered, blocked, activated, activation_code, change_password_code, last_login, counter_logins, counter_failed_login_attempts, creation_date, institution_id) VALUES (2, '2009-10-12 13:08:14.159', 'BrunoL', 'BrunoL', 'e3928a3bc4be46516aa33a79bbdfdb08', 'Bruno Laffin', 'bruno.laffin@agfa.com', false, false, true, NULL, NULL, '2009-10-12 13:08:14.133', 5, 0, '2009-02-05 13:29:22.112', 3);
INSERT INTO usr_users (id, last_changed, last_modifier_id, username, password, name, email, is_institution_informations_entered, blocked, activated, activation_code, change_password_code, last_login, counter_logins, counter_failed_login_attempts, creation_date, institution_id) VALUES (18, '2009-09-23 12:31:16.772', 'peterkuenecke', 'peterkuenecke', '167cf249e009652f2f08063f3c95280e', 'Peter Künecke', 'peter.kuenecke@siemens.com', false, false, true, NULL, NULL, '2009-09-23 12:31:16.735', 6, 0, '2009-07-07 15:12:29.076', 14);
INSERT INTO usr_users (id, last_changed, last_modifier_id, username, password, name, email, is_institution_informations_entered, blocked, activated, activation_code, change_password_code, last_login, counter_logins, counter_failed_login_attempts, creation_date, institution_id) VALUES (43, '2009-09-24 17:39:04.254', 'pseifert', 'pseifert', '0e8d70b12a3274497e2c616296470332', 'Paul Seifert', 'paul.seifert@agfa.com', true, false, true, NULL, NULL, '2009-09-24 17:39:04.252', 1, 0, NULL, 3);
INSERT INTO usr_users (id, last_changed, last_modifier_id, username, password, name, email, is_institution_informations_entered, blocked, activated, activation_code, change_password_code, last_login, counter_logins, counter_failed_login_attempts, creation_date, institution_id) VALUES (57, '2009-11-26 12:34:20.908', 'forcare', 'forcare', 'da51b8d46cdbef85a1fe06e1356ba271', 'Mark Sinke', 'mark.sinke@forcare.nl', false, false, true, NULL, NULL, '2009-11-26 12:34:20.904', 3, 0, '2009-11-10 16:45:00.459', 37);
INSERT INTO usr_users (id, last_changed, last_modifier_id, username, password, name, email, is_institution_informations_entered, blocked, activated, activation_code, change_password_code, last_login, counter_logins, counter_failed_login_attempts, creation_date, institution_id) VALUES (45, '2009-09-24 20:48:34.738', 'dosetrac', 'dosetrac', '3ba6fabc183cdbd077d8758b8a3cd837', 'Scott Zaffrin', 'scott.zaffrin@bbraun.com', false, false, true, NULL, NULL, '2009-09-24 20:48:34.727', 1, 0, '2009-09-24 20:48:08.809', 26);
INSERT INTO usr_users (id, last_changed, last_modifier_id, username, password, name, email, is_institution_informations_entered, blocked, activated, activation_code, change_password_code, last_login, counter_logins, counter_failed_login_attempts, creation_date, institution_id) VALUES (47, '2009-11-27 18:32:12.547', 'karos', 'karos', '1330271c478286d40bf1f5ad7d6dea1f', 'Michel Pawlicz', 'michel.pawlicz@karoshealth.com', false, false, true, NULL, NULL, '2009-11-27 18:32:12.544', 3, 0, '2009-10-14 04:35:17.265', 27);
INSERT INTO usr_users (id, last_changed, last_modifier_id, username, password, name, email, is_institution_informations_entered, blocked, activated, activation_code, change_password_code, last_login, counter_logins, counter_failed_login_attempts, creation_date, institution_id) VALUES (48, '2009-10-15 08:28:28.699', 'crealife', 'crealife', 'caae7a9d0be5cd6b2242fce345317d45', 'crealife', 'zhaoyp@crealifemed.com', false, false, true, NULL, NULL, '2009-10-15 08:28:28.692', 1, 0, '2009-10-15 08:28:11.25', 28);
INSERT INTO usr_users (id, last_changed, last_modifier_id, username, password, name, email, is_institution_informations_entered, blocked, activated, activation_code, change_password_code, last_login, counter_logins, counter_failed_login_attempts, creation_date, institution_id) VALUES (50, '2009-10-28 17:13:23.85', 'bklaver', 'bklaver', '082c8fe64b66e35d707eef9dbc46e50c', 'Bill Klaver', 'bklaver@initiate.com', false, false, true, NULL, NULL, '2009-10-28 17:13:23.83', 1, 0, '2009-10-28 17:12:56.354', 30);
INSERT INTO usr_users (id, last_changed, last_modifier_id, username, password, name, email, is_institution_informations_entered, blocked, activated, activation_code, change_password_code, last_login, counter_logins, counter_failed_login_attempts, creation_date, institution_id) VALUES (49, '2009-11-04 19:09:28.67', 'esaote', 'esaote', '7dee8454e9c5bef6d24508970b9154bf', 'Luigi Pampana-Biancheri', 'luigi.pampana@esaote.com', false, false, true, NULL, NULL, '2009-11-04 19:09:28.667', 5, 0, '2009-10-26 09:53:58.683', 29);
INSERT INTO usr_users (id, last_changed, last_modifier_id, username, password, name, email, is_institution_informations_entered, blocked, activated, activation_code, change_password_code, last_login, counter_logins, counter_failed_login_attempts, creation_date, institution_id) VALUES (54, '2009-11-04 19:12:48.891', 'pkatzman', 'pkatzman', '592489e9203f664be68eac9480027572', 'Patricia Katzman', 'pkatzman@aware.com', false, false, true, NULL, NULL, '2009-11-04 19:12:48.888', 2, 0, '2009-11-04 18:31:12.551', 34);
INSERT INTO usr_users (id, last_changed, last_modifier_id, username, password, name, email, is_institution_informations_entered, blocked, activated, activation_code, change_password_code, last_login, counter_logins, counter_failed_login_attempts, creation_date, institution_id) VALUES (55, '2009-11-08 13:48:14.104', 'beunk', 'beunk', 'b15ab3f829f0f897fe507ef548741afb', 'Harold Beunk', 'harold.beunk@nl.nucletron.com', false, false, true, NULL, NULL, '2009-11-08 13:48:14.042', 1, 0, '2009-11-07 23:12:11.386', 35);
INSERT INTO usr_users (id, last_changed, last_modifier_id, username, password, name, email, is_institution_informations_entered, blocked, activated, activation_code, change_password_code, last_login, counter_logins, counter_failed_login_attempts, creation_date, institution_id) VALUES (53, '2009-11-06 04:44:55.876', 'sbajaj', 'sbajaj', '50e79f7fe067d5833b4289d582896f29', 'Shyam Bajaj', 'shyam.bajaj@oracle.com', false, false, true, NULL, NULL, '2009-11-06 04:44:55.841', 2, 0, '2009-11-03 05:14:39.427', 33);
INSERT INTO usr_users (id, last_changed, last_modifier_id, username, password, name, email, is_institution_informations_entered, blocked, activated, activation_code, change_password_code, last_login, counter_logins, counter_failed_login_attempts, creation_date, institution_id) VALUES (58, '2009-11-23 20:22:10.58', 'dnicholson', 'dnicholson', '08097c34f5dda5124cbac6db75cb9f31', 'Daren Nicholson', 'dnicholson@axolotl.com', false, false, true, NULL, NULL, '2009-11-23 20:22:10.577', 2, 0, '2009-11-17 07:04:05.695', 31);
INSERT INTO usr_users (id, last_changed, last_modifier_id, username, password, name, email, is_institution_informations_entered, blocked, activated, activation_code, change_password_code, last_login, counter_logins, counter_failed_login_attempts, creation_date, institution_id) VALUES (6, '2009-11-26 09:30:12.842', 'epoiseau', 'epoiseau', 'daf6407d7d5dd2e0dd83316ee724d931', 'Eric Poiseau', 'eric.poiseau@inria.fr', true, false, true, NULL, NULL, '2009-11-26 09:30:12.822', 69, 0, NULL, 1);
INSERT INTO usr_users (id, last_changed, last_modifier_id, username, password, name, email, is_institution_informations_entered, blocked, activated, activation_code, change_password_code, last_login, counter_logins, counter_failed_login_attempts, creation_date, institution_id) VALUES (22, '2009-11-30 08:35:42.242', 'MOberfell', 'MOberfell', '3701ae65f999f669e17b6091509efff2', 'Manfred Oberfell', 'manfred.oberfell@siemens.com', true, false, true, NULL, NULL, '2009-11-30 08:35:42.199', 21, 0, NULL, 14);
INSERT INTO usr_users (id, last_changed, last_modifier_id, username, password, name, email, is_institution_informations_entered, blocked, activated, activation_code, change_password_code, last_login, counter_logins, counter_failed_login_attempts, creation_date, institution_id) VALUES (44, '2009-11-23 15:56:58.793', 'pbuytaert', 'pbuytaert', '9b5506b4d2a862151deb5cf694c0eabc', 'Peter Buytaert', 'peter.buytaert@agfa.com', true, false, true, NULL, NULL, '2009-11-23 15:56:58.785', 5, 0, NULL, 3);
INSERT INTO usr_users (id, last_changed, last_modifier_id, username, password, name, email, is_institution_informations_entered, blocked, activated, activation_code, change_password_code, last_login, counter_logins, counter_failed_login_attempts, creation_date, institution_id) VALUES (59, '2009-11-19 17:01:08.139', 'barrybrown', 'barrybrown', '555a991cb9d0b89d6e67883131924199', 'Barry Brown', 'barry.brown@mortara.com', false, false, true, NULL, NULL, '2009-11-19 17:01:08.116', 1, 0, '2009-11-19 17:01:01.646', 38);


--
--

